09-03 11:42:37.769 193 193 I hwcomposer: update_to_display(): upd_data -- marker[7782] waveform_mode = 255, update_mode = 0, Rect[83 0 1789 1254]
09-03 11:42:37.933 1600 2888 W AppLoadRequest: Sort duration:1ms
09-03 11:42:38.051 193 193 I hwcomposer: update_to_display(): upd_data -- marker[7783] waveform_mode = 255, update_mode = 0, Rect[83 0 1789 1254]
09-03 11:42:40.046 557 598 D pms : Enter idle state
09-03 11:42:40.047 557 598 D pms : ######### Switching system power mode to [standby]
09-03 11:42:40.048 557 598 I pms : ========== Setup an [300000]s alarm for standby mode ==========
09-03 11:42:40.052 557 598 D pms :
09-03 11:42:40.052 557 598 D pms :
09-03 11:42:40.052 557 598 D pms : ************** Add alarm:onyx_standby_timeout
09-03 11:42:40.052 557 598 D pms :
09-03 11:42:40.066 557 557 D pms : set alarm:onyx_standby_timeout, now:1535946160058 [ 2018-09-03 11:42:40], wake:1535946460048 [2018-09-03 11:47:40]
09-03 11:42:42.106 193 193 I hwcomposer: update_to_display(): upd_data -- marker[7784] waveform_mode = 255, update_mode = 0, Rect[2 1156 79 79]
09-03 11:42:42.487 557 786 D pms : ######### Switching system power mode to [off]
09-03 11:42:42.488 557 557 D pms : ************** cancel alarm:onyx_standby_timeout
09-03 11:42:42.488 557 557 D pms : ************** cancel alarm:onyx_auto_poweroff
09-03 11:42:42.504 557 589 I ActivityManager: START u0 {act=android.intent.action.MAIN cat=[android.intent.category.LAUNCHER] flg=0x10000000 pkg=com.android.browser cmp=com.android.browser/.BrowserActivity} from uid 1000 on display 0
09-03 11:42:42.525 193 193 I hwcomposer: update_to_display(): upd_data -- marker[7785] waveform_mode = 255, update_mode = 0, Rect[0 0 1872 1404]
09-03 11:42:42.534 2613 2613 D WebViewTimersControl: onBrowserActivityResume
09-03 11:42:42.534 2613 2613 D WebViewTimersControl: Resuming webview timers, view=com.android.browser.BrowserWebView{2a06751 VFEDHVCL. .F....ID 0,0-1404,1579}
09-03 11:42:42.562 193 193 I hwcomposer: update_to_display(): upd_data -- marker[7786] waveform_mode = 255, update_mode = 0, Rect[0 0 1872 1404]
09-03 11:42:42.594 2613 2671 D Surface : Surface::final mReqUsage=a00
09-03 11:42:42.594 2613 2671 D mali_winsys: EGLint new_window_surface(egl_winsys_display*, void*, EGLSurface, EGLConfig, egl_winsys_surface**, egl_color_buffer_format*, EGLBoolean) returns 0x3000
09-03 11:42:42.800 193 193 I hwcomposer: update_to_display(): upd_data -- marker[7787] waveform_mode = 255, update_mode = 0, Rect[0 0 1872 1404]
09-03 11:42:42.911 193 193 I hwcomposer: update_to_display(): upd_data -- marker[7788] waveform_mode = 255, update_mode = 0, Rect[0 0 1872 1404]
09-03 11:42:42.955 193 193 I hwcomposer: update_to_display(): upd_data -- marker[7789] waveform_mode = 255, update_mode = 0, Rect[0 0 1872 1404]
09-03 11:42:43.033 193 193 I hwcomposer: update_to_display(): upd_data -- marker[7790] waveform_mode = 255, update_mode = 0, Rect[293 0 1579 1404]
09-03 11:42:43.097 193 193 I hwcomposer: update_to_display(): upd_data -- marker[7791] waveform_mode = 255, update_mode = 0, Rect[293 0 1579 1404]
09-03 11:42:43.154 193 193 I hwcomposer: update_to_display(): upd_data -- marker[7792] waveform_mode = 255, update_mode = 0, Rect[293 0 1579 1404]
09-03 11:42:43.214 193 193 I hwcomposer: update_to_display(): upd_data -- marker[7793] waveform_mode = 255, update_mode = 0, Rect[293 0 1579 1404]
09-03 11:42:43.269 193 193 I hwcomposer: update_to_display(): upd_data -- marker[7794] waveform_mode = 255, update_mode = 0, Rect[293 0 1579 1404]
09-03 11:42:43.304 193 193 I hwcomposer: update_to_display(): upd_data -- marker[7795] waveform_mode = 255, update_mode = 0, Rect[293 0 1579 1404]
09-03 11:42:43.349 193 193 I hwcomposer: update_to_display(): upd_data -- marker[7796] waveform_mode = 255, update_mode = 0, Rect[293 0 1579 1404]
09-03 11:42:43.391 193 193 I hwcomposer: update_to_display(): upd_data -- marker[7797] waveform_mode = 255, update_mode = 0, Rect[293 0 1579 1404]
09-03 11:42:43.455 193 193 I hwcomposer: update_to_display(): upd_data -- marker[7798] waveform_mode = 255, update_mode = 0, Rect[293 0 1579 1404]
09-03 11:42:43.511 193 193 I hwcomposer: update_to_display(): upd_data -- marker[7799] waveform_mode = 255, update_mode = 0, Rect[293 0 1579 1404]
09-03 11:42:43.602 193 193 I hwcomposer: update_to_display(): upd_data -- marker[7800] waveform_mode = 255, update_mode = 0, Rect[293 0 1579 1404]
09-03 11:42:43.671 193 193 I hwcomposer: update_to_display(): upd_data -- marker[7801] waveform_mode = 255, update_mode = 0, Rect[293 0 1579 1404]
09-03 11:42:43.730 193 193 I hwcomposer: update_to_display(): upd_data -- marker[7802] waveform_mode = 255, update_mode = 0, Rect[293 0 1579 1404]
09-03 11:42:43.796 193 193 I hwcomposer: update_to_display(): upd_data -- marker[7803] waveform_mode = 255, update_mode = 0, Rect[293 0 1579 1404]
09-03 11:42:43.859 193 193 I hwcomposer: update_to_display(): upd_data -- marker[7804] waveform_mode = 255, update_mode = 0, Rect[293 0 1579 1404]
09-03 11:42:43.920 193 193 I hwcomposer: update_to_display(): upd_data -- marker[7805] waveform_mode = 255, update_mode = 0, Rect[293 0 1579 1404]
09-03 11:42:43.959 193 193 I hwcomposer: update_to_display(): upd_data -- marker[7806] waveform_mode = 255, update_mode = 0, Rect[293 0 1579 1404]
09-03 11:42:44.004 193 193 I hwcomposer: update_to_display(): upd_data -- marker[7807] waveform_mode = 255, update_mode = 0, Rect[293 0 1579 1404]
09-03 11:42:44.036 193 193 I hwcomposer: update_to_display(): upd_data -- marker[7808] waveform_mode = 255, update_mode = 0, Rect[293 0 1579 1404]
09-03 11:42:44.073 193 193 I hwcomposer: update_to_display(): upd_data -- marker[7809] waveform_mode = 255, update_mode = 0, Rect[293 0 1579 1404]
09-03 11:42:44.110 193 193 I hwcomposer: update_to_display(): upd_data -- marker[7810] waveform_mode = 255, update_mode = 0, Rect[293 0 1579 1404]
09-03 11:42:44.148 193 193 I hwcomposer: update_to_display(): upd_data -- marker[7811] waveform_mode = 255, update_mode = 0, Rect[293 0 1579 1404]
09-03 11:42:44.188 193 193 I hwcomposer: update_to_display(): upd_data -- marker[7812] waveform_mode = 255, update_mode = 0, Rect[293 0 1579 1404]
09-03 11:42:44.225 193 193 I hwcomposer: update_to_display(): upd_data -- marker[7813] waveform_mode = 255, update_mode = 0, Rect[293 0 1579 1404]
09-03 11:42:44.262 193 193 I hwcomposer: update_to_display(): upd_data -- marker[7814] waveform_mode = 255, update_mode = 0, Rect[293 0 1579 1404]
09-03 11:42:44.300 193 193 I hwcomposer: update_to_display(): upd_data -- marker[7815] waveform_mode = 255, update_mode = 0, Rect[293 0 1579 1404]
09-03 11:42:44.338 193 193 I hwcomposer: update_to_display(): upd_data -- marker[7816] waveform_mode = 255, update_mode = 0, Rect[293 0 1579 1404]
09-03 11:42:44.375 193 193 I hwcomposer: update_to_display(): upd_data -- marker[7817] waveform_mode = 255, update_mode = 0, Rect[293 0 1579 1404]
09-03 11:42:44.414 193 193 I hwcomposer: update_to_display(): upd_data -- marker[7818] waveform_mode = 255, update_mode = 0, Rect[293 0 1579 1404]
09-03 11:42:44.455 193 193 I hwcomposer: update_to_display(): upd_data -- marker[7819] waveform_mode = 255, update_mode = 0, Rect[293 0 1579 1404]
09-03 11:42:44.496 193 193 I hwcomposer: update_to_display(): upd_data -- marker[7820] waveform_mode = 255, update_mode = 0, Rect[293 0 1579 1404]
09-03 11:42:44.541 193 193 I hwcomposer: update_to_display(): upd_data -- marker[7821] waveform_mode = 255, update_mode = 0, Rect[293 0 1579 1404]
09-03 11:42:44.585 193 193 I hwcomposer: update_to_display(): upd_data -- marker[7822] waveform_mode = 255, update_mode = 0, Rect[293 0 1579 1404]
09-03 11:42:44.630 193 193 I hwcomposer: update_to_display(): upd_data -- marker[7823] waveform_mode = 255, update_mode = 0, Rect[293 0 1579 1404]
09-03 11:42:44.671 193 193 I hwcomposer: update_to_display(): upd_data -- marker[7824] waveform_mode = 255, update_mode = 0, Rect[293 0 1579 1404]
09-03 11:42:44.716 193 193 I hwcomposer: update_to_display(): upd_data -- marker[7825] waveform_mode = 255, update_mode = 0, Rect[293 0 1579 1404]
09-03 11:42:44.772 193 193 I hwcomposer: update_to_display(): upd_data -- marker[7826] waveform_mode = 255, update_mode = 0, Rect[293 0 1579 1404]
09-03 11:42:44.816 193 193 I hwcomposer: update_to_display(): upd_data -- marker[7827] waveform_mode = 255, update_mode = 0, Rect[0 0 1872 1404]
09-03 11:42:44.859 193 193 I hwcomposer: update_to_display(): upd_data -- marker[7828] waveform_mode = 255, update_mode = 0, Rect[293 0 1579 1404]
09-03 11:42:44.911 193 193 I hwcomposer: update_to_display(): upd_data -- marker[7829] waveform_mode = 255, update_mode = 0, Rect[293 0 1579 1404]
09-03 11:42:44.963 193 193 I hwcomposer: update_to_display(): upd_data -- marker[7830] waveform_mode = 255, update_mode = 0, Rect[293 0 1579 1404]
09-03 11:42:44.972 557 796 D WifiStateMachine: starting scan for "DevTest"WPA_PSK with 2437
09-03 11:42:45.004 193 193 I hwcomposer: update_to_display(): upd_data -- marker[7831] waveform_mode = 255, update_mode = 0, Rect[293 0 1579 1404]
09-03 11:42:45.052 193 193 I hwcomposer: update_to_display(): upd_data -- marker[7832] waveform_mode = 255, update_mode = 0, Rect[293 0 1579 1404]
09-03 11:42:45.096 193 193 I hwcomposer: update_to_display(): upd_data -- marker[7833] waveform_mode = 255, update_mode = 0, Rect[293 0 1579 1404]
09-03 11:42:45.141 193 193 I hwcomposer: update_to_display(): upd_data -- marker[7834] waveform_mode = 255, update_mode = 0, Rect[293 0 1579 1404]
09-03 11:42:45.188 193 193 I hwcomposer: update_to_display(): upd_data -- marker[7835] waveform_mode = 255, update_mode = 0, Rect[293 0 1579 1404]
09-03 11:42:45.195 557 593 D Tethering: interfaceLinkStateChanged wlan0, true
09-03 11:42:45.195 557 593 D Tethering: interfaceStatusChanged wlan0, true
09-03 11:42:45.239 193 193 I hwcomposer: update_to_display(): upd_data -- marker[7836] waveform_mode = 255, update_mode = 0, Rect[293 0 1579 1404]
09-03 11:42:45.287 193 193 I hwcomposer: update_to_display(): upd_data -- marker[7837] waveform_mode = 255, update_mode = 0, Rect[293 0 1579 1404]
09-03 11:42:45.330 193 193 I hwcomposer: update_to_display(): upd_data -- marker[7838] waveform_mode = 255, update_mode = 0, Rect[293 0 1579 1404]
09-03 11:42:45.370 193 193 I hwcomposer: update_to_display(): upd_data -- marker[7839] waveform_mode = 255, update_mode = 0, Rect[293 0 1579 1404]
09-03 11:42:45.407 193 193 I hwcomposer: update_to_display(): upd_data -- marker[7840] waveform_mode = 255, update_mode = 0, Rect[293 0 1579 1404]
09-03 11:42:45.444 193 193 I hwcomposer: update_to_display(): upd_data -- marker[7841] waveform_mode = 255, update_mode = 0, Rect[293 0 1579 1404]
09-03 11:42:45.482 193 193 I hwcomposer: update_to_display(): upd_data -- marker[7842] waveform_mode = 255, update_mode = 0, Rect[293 0 1579 1404]
09-03 11:42:45.519 193 193 I hwcomposer: update_to_display(): upd_data -- marker[7843] waveform_mode = 255, update_mode = 0, Rect[293 0 1579 1404]
09-03 11:42:45.557 193 193 I hwcomposer: update_to_display(): upd_data -- marker[7844] waveform_mode = 255, update_mode = 0, Rect[293 0 1579 1404]
09-03 11:42:45.594 193 193 I hwcomposer: update_to_display(): upd_data -- marker[7845] waveform_mode = 255, update_mode = 0, Rect[293 0 1579 1404]
09-03 11:42:45.638 193 193 I hwcomposer: update_to_display(): upd_data -- marker[7846] waveform_mode = 255, update_mode = 0, Rect[293 0 1579 1404]
09-03 11:42:45.670 193 193 I hwcomposer: update_to_display(): upd_data -- marker[7847] waveform_mode = 255, update_mode = 0, Rect[293 0 1579 1404]
09-03 11:42:45.707 193 193 I hwcomposer: update_to_display(): upd_data -- marker[7848] waveform_mode = 255, update_mode = 0, Rect[293 0 1579 1404]
09-03 11:42:45.744 193 193 I hwcomposer: update_to_display(): upd_data -- marker[7849] waveform_mode = 255, update_mode = 0, Rect[293 0 1579 1404]
09-03 11:42:45.782 193 193 I hwcomposer: update_to_display(): upd_data -- marker[7850] waveform_mode = 255, update_mode = 0, Rect[293 0 1579 1404]
09-03 11:42:45.819 193 193 I hwcomposer: update_to_display(): upd_data -- marker[7851] waveform_mode = 255, update_mode = 0, Rect[293 0 1579 1404]
09-03 11:42:45.857 193 193 I hwcomposer: update_to_display(): upd_data -- marker[7852] waveform_mode = 255, update_mode = 0, Rect[293 0 1579 1404]
09-03 11:42:45.894 193 193 I hwcomposer: update_to_display(): upd_data -- marker[7853] waveform_mode = 255, update_mode = 0, Rect[293 0 1579 1404]
09-03 11:42:45.932 193 193 I hwcomposer: update_to_display(): upd_data -- marker[7854] waveform_mode = 255, update_mode = 0, Rect[293 0 1579 1404]
09-03 11:42:45.969 193 193 I hwcomposer: update_to_display(): upd_data -- marker[7855] waveform_mode = 255, update_mode = 0, Rect[293 0 1579 1404]
09-03 11:42:46.007 193 193 I hwcomposer: update_to_display(): upd_data -- marker[7856] waveform_mode = 255, update_mode = 0, Rect[293 0 1579 1404]
09-03 11:42:46.046 193 193 I hwcomposer: update_to_display(): upd_data -- marker[7857] waveform_mode = 255, update_mode = 0, Rect[293 0 1579 1404]
09-03 11:42:46.083 193 193 I hwcomposer: update_to_display(): upd_data -- marker[7858] waveform_mode = 255, update_mode = 0, Rect[293 0 1579 1404]
09-03 11:42:46.120 193 193 I hwcomposer: update_to_display(): upd_data -- marker[7859] waveform_mode = 255, update_mode = 0, Rect[293 0 1579 1404]
09-03 11:42:46.158 193 193 I hwcomposer: update_to_display(): upd_data -- marker[7860] waveform_mode = 255, update_mode = 0, Rect[293 0 1579 1404]
09-03 11:42:46.195 193 193 I hwcomposer: update_to_display(): upd_data -- marker[7861] waveform_mode = 255, update_mode = 0, Rect[293 0 1579 1404]
09-03 11:42:46.236 193 193 I hwcomposer: update_to_display(): upd_data -- marker[7862] waveform_mode = 255, update_mode = 0, Rect[293 0 1579 1404]
09-03 11:42:46.271 193 193 I hwcomposer: update_to_display(): upd_data -- marker[7863] waveform_mode = 255, update_mode = 0, Rect[293 0 1579 1404]
09-03 11:42:46.308 193 193 I hwcomposer: update_to_display(): upd_data -- marker[7864] waveform_mode = 255, update_mode = 0, Rect[293 0 1579 1404]
09-03 11:42:46.345 193 193 I hwcomposer: update_to_display(): upd_data -- marker[7865] waveform_mode = 255, update_mode = 0, Rect[293 0 1579 1404]
09-03 11:42:46.383 193 193 I hwcomposer: update_to_display(): upd_data -- marker[7866] waveform_mode = 255, update_mode = 0, Rect[293 0 1579 1404]
09-03 11:42:46.422 193 193 I hwcomposer: update_to_display(): upd_data -- marker[7867] waveform_mode = 255, update_mode = 0, Rect[293 0 1579 1404]
09-03 11:42:46.459 193 193 I hwcomposer: update_to_display(): upd_data -- marker[7868] waveform_mode = 255, update_mode = 0, Rect[293 0 1579 1404]
09-03 11:42:46.496 193 193 I hwcomposer: update_to_display(): upd_data -- marker[7869] waveform_mode = 255, update_mode = 0, Rect[293 0 1579 1404]
09-03 11:42:46.533 193 193 I hwcomposer: update_to_display(): upd_data -- marker[7870] waveform_mode = 255, update_mode = 0, Rect[293 0 1579 1404]
09-03 11:42:46.571 193 193 I hwcomposer: update_to_display(): upd_data -- marker[7871] waveform_mode = 255, update_mode = 0, Rect[293 0 1579 1404]
09-03 11:42:46.609 193 193 I hwcomposer: update_to_display(): upd_data -- marker[7872] waveform_mode = 255, update_mode = 0, Rect[293 0 1579 1404]
09-03 11:42:46.646 193 193 I hwcomposer: update_to_display(): upd_data -- marker[7873] waveform_mode = 255, update_mode = 0, Rect[293 0 1579 1404]
09-03 11:42:46.684 193 193 I hwcomposer: update_to_display(): upd_data -- marker[7874] waveform_mode = 255, update_mode = 0, Rect[293 0 1579 1404]
09-03 11:42:46.723 193 193 I hwcomposer: update_to_display(): upd_data -- marker[7875] waveform_mode = 255, update_mode = 0, Rect[293 0 1579 1404]
09-03 11:42:46.761 193 193 I hwcomposer: update_to_display(): upd_data -- marker[7876] waveform_mode = 255, update_mode = 0, Rect[293 0 1579 1404]
09-03 11:42:46.798 193 193 I hwcomposer: update_to_display(): upd_data -- marker[7877] waveform_mode = 255, update_mode = 0, Rect[293 0 1579 1404]
09-03 11:42:46.835 193 193 I hwcomposer: update_to_display(): upd_data -- marker[7878] waveform_mode = 255, update_mode = 0, Rect[293 0 1579 1404]
09-03 11:42:46.873 193 193 I hwcomposer: update_to_display(): upd_data -- marker[7879] waveform_mode = 255, update_mode = 0, Rect[293 0 1579 1404]
09-03 11:42:46.910 193 193 I hwcomposer: update_to_display(): upd_data -- marker[7880] waveform_mode = 255, update_mode = 0, Rect[293 0 1579 1404]
09-03 11:42:46.947 193 193 I hwcomposer: update_to_display(): upd_data -- marker[7881] waveform_mode = 255, update_mode = 0, Rect[293 0 1579 1404]
09-03 11:42:46.985 193 193 I hwcomposer: update_to_display(): upd_data -- marker[7882] waveform_mode = 255, update_mode = 0, Rect[293 0 1579 1404]
09-03 11:42:47.023 193 193 I hwcomposer: update_to_display(): upd_data -- marker[7883] waveform_mode = 255, update_mode = 0, Rect[293 0 1579 1404]
09-03 11:42:47.059 193 193 I hwcomposer: update_to_display(): upd_data -- marker[7884] waveform_mode = 255, update_mode = 0, Rect[293 0 1579 1404]
09-03 11:42:47.096 193 193 I hwcomposer: update_to_display(): upd_data -- marker[7885] waveform_mode = 255, update_mode = 0, Rect[293 0 1579 1404]
09-03 11:42:47.135 193 193 I hwcomposer: update_to_display(): upd_data -- marker[7886] waveform_mode = 255, update_mode = 0, Rect[293 0 1579 1404]
09-03 11:42:47.136 557 1334 I ActivityManager: moveTaskToBack: TaskRecord{58e547e #22 A=android.task.browser U=0 sz=1}
09-03 11:42:47.165 193 193 D Surface : Surface::final mReqUsage=333
09-03 11:42:47.190 193 193 I hwcomposer: update_to_display(): upd_data -- marker[7887] waveform_mode = 255, update_mode = 0, Rect[0 0 1872 1404]
09-03 11:42:47.214 2613 2613 D WebViewTimersControl: onBrowserActivityPause
09-03 11:42:47.217 2613 2613 D WebViewTimersControl: Pausing webview timers, view=com.android.browser.BrowserWebView{2a06751 VFEDHVCL. .F....ID 0,0-1404,1579}
09-03 11:42:47.243 193 193 I hwcomposer: update_to_display(): upd_data -- marker[7888] waveform_mode = 255, update_mode = 0, Rect[0 0 1872 1404]
09-03 11:42:47.246 1600 1600 W ContextImpl: Calling a method in the system process without a qualified user: android.app.ContextImpl.sendBroadcast:763 android.content.ContextWrapper.sendBroadcast:396 com.onyx.android.sdk.device.BaseDevice.a:479 com.onyx.android.sdk.device.BaseDevice.showSystemStatusBar:442 com.onyx.ContentBrowserApplication$2.onActivityResumed:196
09-03 11:42:47.252 1600 1600 D Surface : Surface::final mReqUsage=33
09-03 11:42:47.295 193 193 I hwcomposer: update_to_display(): upd_data -- marker[7889] waveform_mode = 255, update_mode = 0, Rect[293 0 1579 1404]
09-03 11:42:47.333 193 193 I hwcomposer: update_to_display(): upd_data -- marker[7890] waveform_mode = 255, update_mode = 0, Rect[0 0 1872 1404]
09-03 11:42:47.396 193 193 I hwcomposer: update_to_display(): upd_data -- marker[7891] waveform_mode = 255, update_mode = 0, Rect[0 0 1872 1404]
09-03 11:42:47.440 193 193 I hwcomposer: update_to_display(): upd_data -- marker[7892] waveform_mode = 255, update_mode = 0, Rect[0 0 1872 1404]
09-03 11:42:48.617 193 428 W SurfaceFlinger: Timed out waiting for hw vsync; faking it
09-03 11:42:48.624 193 426 W SurfaceFlinger: Timed out waiting for hw vsync; faking it
09-03 11:42:49.655 193 426 W SurfaceFlinger: Timed out waiting for hw vsync; faking it
09-03 11:42:49.677 557 927 D WindowStateAnimator: rk_debug2 com.android.systemui/com.android.systemui.recents.OnyxRecentsActivity_Force_To_Dual
09-03 11:42:49.696 935 1406 D Surface : Surface::final mReqUsage=a00
09-03 11:42:49.696 935 1406 D mali_winsys: EGLint new_window_surface(egl_winsys_display*, void*, EGLSurface, EGLConfig, egl_winsys_surface**, egl_color_buffer_format*, EGLBoolean) returns 0x3000
09-03 11:42:50.747 193 428 W SurfaceFlinger: Timed out waiting for hw vsync; faking it
09-03 11:42:51.850 193 428 W SurfaceFlinger: Timed out waiting for hw vsync; faking it
09-03 11:42:51.904 193 426 W SurfaceFlinger: Timed out waiting for hw vsync; faking it
09-03 11:42:51.928 557 588 D pms : Enter idle state
09-03 11:42:51.928 557 588 D pms : ######### Switching system power mode to [standby]
09-03 11:42:51.929 557 588 I pms : ========== Setup an [300000]s alarm for standby mode ==========
09-03 11:42:51.931 557 588 D pms :
09-03 11:42:51.931 557 588 D pms :
09-03 11:42:51.931 557 588 D pms : ************** Add alarm:onyx_standby_timeout
09-03 11:42:51.931 557 588 D pms :
09-03 11:42:51.943 557 557 D pms : set alarm:onyx_standby_timeout, now:1535946171936 [ 2018-09-03 11:42:51], wake:1535946471929 [2018-09-03 11:47:51]
09-03 11:42:51.975 193 193 I hwcomposer: update_to_display(): upd_data -- marker[7893] waveform_mode = 255, update_mode = 0, Rect[0 0 1872 1404]
09-03 11:42:55.223 557 786 D pms : ######### Switching system power mode to [off]
09-03 11:42:55.223 557 557 D pms : ************** cancel alarm:onyx_standby_timeout
09-03 11:42:55.224 557 557 D pms : ************** cancel alarm:onyx_auto_poweroff
09-03 11:42:55.261 193 193 I hwcomposer: update_to_display(): upd_data -- marker[7894] waveform_mode = 255, update_mode = 0, Rect[0 0 1872 1404]
09-03 11:42:55.280 2613 2613 D WebViewTimersControl: onBrowserActivityResume
09-03 11:42:55.280 2613 2613 D WebViewTimersControl: Resuming webview timers, view=com.android.browser.BrowserWebView{2a06751 VFEDHVCL. .F...... 0,0-1404,1579}
09-03 11:42:55.303 193 193 I hwcomposer: update_to_display(): upd_data -- marker[7895] waveform_mode = 255, update_mode = 0, Rect[0 0 1872 1404]
09-03 11:42:55.336 2613 2671 D Surface : Surface::final mReqUsage=a00
09-03 11:42:55.337 2613 2671 D mali_winsys: EGLint new_window_surface(egl_winsys_display*, void*, EGLSurface, EGLConfig, egl_winsys_surface**, egl_color_buffer_format*, EGLBoolean) returns 0x3000
09-03 11:42:55.344 193 193 I hwcomposer: update_to_display(): upd_data -- marker[7896] waveform_mode = 255, update_mode = 0, Rect[0 0 1872 1404]
09-03 11:42:55.575 193 193 I hwcomposer: update_to_display(): upd_data -- marker[7897] waveform_mode = 255, update_mode = 0, Rect[0 0 1872 1404]
09-03 11:42:55.661 193 193 I hwcomposer: update_to_display(): upd_data -- marker[7898] waveform_mode = 255, update_mode = 0, Rect[0 0 1872 1404]
09-03 11:42:55.707 193 193 I hwcomposer: update_to_display(): upd_data -- marker[7899] waveform_mode = 255, update_mode = 0, Rect[0 0 1872 1404]
09-03 11:42:55.748 193 193 I hwcomposer: update_to_display(): upd_data -- marker[7900] waveform_mode = 255, update_mode = 0, Rect[293 0 1579 1404]
09-03 11:42:55.788 193 193 I hwcomposer: update_to_display(): upd_data -- marker[7901] waveform_mode = 255, update_mode = 0, Rect[293 0 1579 1404]
09-03 11:42:55.831 193 193 I hwcomposer: update_to_display(): upd_data -- marker[7902] waveform_mode = 255, update_mode = 0, Rect[293 0 1579 1404]
09-03 11:42:55.866 193 193 I hwcomposer: update_to_display(): upd_data -- marker[7903] waveform_mode = 255, update_mode = 0, Rect[293 0 1579 1404]
09-03 11:42:55.911 193 193 I hwcomposer: update_to_display(): upd_data -- marker[7904] waveform_mode = 255, update_mode = 0, Rect[293 0 1579 1404]
09-03 11:42:55.957 193 193 I hwcomposer: update_to_display(): upd_data -- marker[7905] waveform_mode = 255, update_mode = 0, Rect[293 0 1579 1404]
09-03 11:42:56.008 193 193 I hwcomposer: update_to_display(): upd_data -- marker[7906] waveform_mode = 255, update_mode = 0, Rect[293 0 1579 1404]
09-03 11:42:56.075 193 193 I hwcomposer: update_to_display(): upd_data -- marker[7907] waveform_mode = 255, update_mode = 0, Rect[293 0 1579 1404]
09-03 11:42:56.142 193 193 I hwcomposer: update_to_display(): upd_data -- marker[7908] waveform_mode = 255, update_mode = 0, Rect[293 0 1579 1404]
09-03 11:42:56.204 193 193 I hwcomposer: update_to_display(): upd_data -- marker[7909] waveform_mode = 255, update_mode = 0, Rect[293 0 1579 1404]
09-03 11:42:56.267 193 193 I hwcomposer: update_to_display(): upd_data -- marker[7910] waveform_mode = 255, update_mode = 0, Rect[293 0 1579 1404]
09-03 11:42:56.336 193 193 I hwcomposer: update_to_display(): upd_data -- marker[7911] waveform_mode = 255, update_mode = 0, Rect[293 0 1579 1404]
09-03 11:42:56.413 193 193 I hwcomposer: update_to_display(): upd_data -- marker[7912] waveform_mode = 255, update_mode = 0, Rect[293 0 1579 1404]
09-03 11:42:56.472 193 193 I hwcomposer: update_to_display(): upd_data -- marker[7913] waveform_mode = 255, update_mode = 0, Rect[293 0 1579 1404]
09-03 11:42:56.521 193 193 I hwcomposer: update_to_display(): upd_data -- marker[7914] waveform_mode = 255, update_mode = 0, Rect[293 0 1579 1404]
09-03 11:42:56.566 193 193 I hwcomposer: update_to_display(): upd_data -- marker[7915] waveform_mode = 255, update_mode = 0, Rect[293 0 1579 1404]
09-03 11:42:56.599 193 193 I hwcomposer: update_to_display(): upd_data -- marker[7916] waveform_mode = 255, update_mode = 0, Rect[293 0 1579 1404]
09-03 11:42:56.636 193 193 I hwcomposer: update_to_display(): upd_data -- marker[7917] waveform_mode = 255, update_mode = 0, Rect[293 0 1579 1404]
09-03 11:42:56.673 193 193 I hwcomposer: update_to_display(): upd_data -- marker[7918] waveform_mode = 255, update_mode = 0, Rect[293 0 1579 1404]
09-03 11:42:56.710 193 193 I hwcomposer: update_to_display(): upd_data -- marker[7919] waveform_mode = 255, update_mode = 0, Rect[293 0 1579 1404]
09-03 11:42:56.749 193 193 I hwcomposer: update_to_display(): upd_data -- marker[7920] waveform_mode = 255, update_mode = 0, Rect[293 0 1579 1404]
09-03 11:42:56.786 193 193 I hwcomposer: update_to_display(): upd_data -- marker[7921] waveform_mode = 255, update_mode = 0, Rect[293 0 1579 1404]
09-03 11:42:56.823 193 193 I hwcomposer: update_to_display(): upd_data -- marker[7922] waveform_mode = 255, update_mode = 0, Rect[293 0 1579 1404]
09-03 11:42:56.861 193 193 I hwcomposer: update_to_display(): upd_data -- marker[7923] waveform_mode = 255, update_mode = 0, Rect[293 0 1579 1404]
09-03 11:42:56.899 193 193 I hwcomposer: update_to_display(): upd_data -- marker[7924] waveform_mode = 255, update_mode = 0, Rect[293 0 1579 1404]
09-03 11:42:56.936 193 193 I hwcomposer: update_to_display(): upd_data -- marker[7925] waveform_mode = 255, update_mode = 0, Rect[293 0 1579 1404]
09-03 11:42:56.973 193 193 I hwcomposer: update_to_display(): upd_data -- marker[7926] waveform_mode = 255, update_mode = 0, Rect[293 0 1579 1404]
09-03 11:42:57.011 193 193 I hwcomposer: update_to_display(): upd_data -- marker[7927] waveform_mode = 255, update_mode = 0, Rect[293 0 1579 1404]
09-03 11:42:57.049 193 193 I hwcomposer: update_to_display(): upd_data -- marker[7928] waveform_mode = 255, update_mode = 0, Rect[293 0 1579 1404]
09-03 11:42:57.086 193 193 I hwcomposer: update_to_display(): upd_data -- marker[7929] waveform_mode = 255, update_mode = 0, Rect[293 0 1579 1404]
09-03 11:42:57.124 193 193 I hwcomposer: update_to_display(): upd_data -- marker[7930] waveform_mode = 255, update_mode = 0, Rect[293 0 1579 1404]
09-03 11:42:57.162 193 193 I hwcomposer: update_to_display(): upd_data -- marker[7931] waveform_mode = 255, update_mode = 0, Rect[293 0 1579 1404]
09-03 11:42:57.204 193 193 I hwcomposer: update_to_display(): upd_data -- marker[7932] waveform_mode = 255, update_mode = 0, Rect[293 0 1579 1404]
09-03 11:42:57.284 193 193 I hwcomposer: update_to_display(): upd_data -- marker[7933] waveform_mode = 255, update_mode = 0, Rect[293 0 1579 1404]
09-03 11:42:57.327 193 193 I hwcomposer: update_to_display(): upd_data -- marker[7934] waveform_mode = 255, update_mode = 0, Rect[293 0 1579 1404]
09-03 11:42:57.368 193 193 I hwcomposer: update_to_display(): upd_data -- marker[7935] waveform_mode = 255, update_mode = 0, Rect[293 0 1579 1404]
09-03 11:42:57.413 193 193 I hwcomposer: update_to_display(): upd_data -- marker[7936] waveform_mode = 255, update_mode = 0, Rect[293 0 1579 1404]
09-03 11:42:57.453 193 193 I hwcomposer: update_to_display(): upd_data -- marker[7937] waveform_mode = 255, update_mode = 0, Rect[293 0 1579 1404]
09-03 11:42:57.501 193 193 I hwcomposer: update_to_display(): upd_data -- marker[7938] waveform_mode = 255, update_mode = 0, Rect[293 0 1579 1404]
09-03 11:42:57.568 193 193 I hwcomposer: update_to_display(): upd_data -- marker[7939] waveform_mode = 255, update_mode = 0, Rect[293 0 1579 1404]
09-03 11:42:57.629 193 193 I hwcomposer: update_to_display(): upd_data -- marker[7940] waveform_mode = 255, update_mode = 0, Rect[293 0 1579 1404]
09-03 11:42:57.679 193 193 I hwcomposer: update_to_display(): upd_data -- marker[7941] waveform_mode = 255, update_mode = 0, Rect[293 0 1579 1404]
09-03 11:42:57.726 193 193 I hwcomposer: update_to_display(): upd_data -- marker[7942] waveform_mode = 255, update_mode = 0, Rect[293 0 1579 1404]
09-03 11:42:57.773 193 193 I hwcomposer: update_to_display(): upd_data -- marker[7943] waveform_mode = 255, update_mode = 0, Rect[293 0 1579 1404]
09-03 11:42:57.827 193 193 I hwcomposer: update_to_display(): upd_data -- marker[7944] waveform_mode = 255, update_mode = 0, Rect[293 0 1579 1404]
09-03 11:42:57.867 193 193 I hwcomposer: update_to_display(): upd_data -- marker[7945] waveform_mode = 255, update_mode = 0, Rect[293 0 1579 1404]
09-03 11:42:57.922 193 193 I hwcomposer: update_to_display(): upd_data -- marker[7946] waveform_mode = 255, update_mode = 0, Rect[293 0 1579 1404]
09-03 11:42:57.962 193 193 I hwcomposer: update_to_display(): upd_data -- marker[7947] waveform_mode = 255, update_mode = 0, Rect[293 0 1579 1404]
09-03 11:42:58.007 193 193 I hwcomposer: update_to_display(): upd_data -- marker[7948] waveform_mode = 255, update_mode = 0, Rect[293 0 1579 1404]
09-03 11:42:58.055 193 193 I hwcomposer: update_to_display(): upd_data -- marker[7949] waveform_mode = 255, update_mode = 0, Rect[293 0 1579 1404]
09-03 11:42:58.098 193 193 I hwcomposer: update_to_display(): upd_data -- marker[7950] waveform_mode = 255, update_mode = 0, Rect[293 0 1579 1404]
09-03 11:42:58.145 193 193 I hwcomposer: update_to_display(): upd_data -- marker[7951] waveform_mode = 255, update_mode = 0, Rect[293 0 1579 1404]
09-03 11:42:58.184 193 193 I hwcomposer: update_to_display(): upd_data -- marker[7952] waveform_mode = 255, update_mode = 0, Rect[293 0 1579 1404]
09-03 11:42:58.221 193 193 I hwcomposer: update_to_display(): upd_data -- marker[7953] waveform_mode = 255, update_mode = 0, Rect[293 0 1579 1404]
09-03 11:42:58.260 193 193 I hwcomposer: update_to_display(): upd_data -- marker[7954] waveform_mode = 255, update_mode = 0, Rect[293 0 1579 1404]
09-03 11:42:58.296 193 193 I hwcomposer: update_to_display(): upd_data -- marker[7955] waveform_mode = 255, update_mode = 0, Rect[293 0 1579 1404]
09-03 11:42:58.334 193 193 I hwcomposer: update_to_display(): upd_data -- marker[7956] waveform_mode = 255, update_mode = 0, Rect[293 0 1579 1404]
09-03 11:42:58.373 193 193 I hwcomposer: update_to_display(): upd_data -- marker[7957] waveform_mode = 255, update_mode = 0, Rect[293 0 1579 1404]
09-03 11:42:58.409 193 193 I hwcomposer: update_to_display(): upd_data -- marker[7958] waveform_mode = 255, update_mode = 0, Rect[293 0 1579 1404]
09-03 11:42:58.451 193 193 I hwcomposer: update_to_display(): upd_data -- marker[7959] waveform_mode = 255, update_mode = 0, Rect[293 0 1579 1404]
09-03 11:42:58.490 193 193 I hwcomposer: update_to_display(): upd_data -- marker[7960] waveform_mode = 255, update_mode = 0, Rect[293 0 1579 1404]
09-03 11:42:58.524 193 193 I hwcomposer: update_to_display(): upd_data -- marker[7961] waveform_mode = 255, update_mode = 0, Rect[293 0 1579 1404]
09-03 11:42:58.562 193 193 I hwcomposer: update_to_display(): upd_data -- marker[7962] waveform_mode = 255, update_mode = 0, Rect[293 0 1579 1404]
09-03 11:42:58.601 193 193 I hwcomposer: update_to_display(): upd_data -- marker[7963] waveform_mode = 255, update_mode = 0, Rect[293 0 1579 1404]
09-03 11:42:58.642 193 193 I hwcomposer: update_to_display(): upd_data -- marker[7964] waveform_mode = 255, update_mode = 0, Rect[293 0 1579 1404]
09-03 11:42:58.674 193 193 I hwcomposer: update_to_display(): upd_data -- marker[7965] waveform_mode = 255, update_mode = 0, Rect[293 0 1579 1404]
09-03 11:42:58.712 193 193 I hwcomposer: update_to_display(): upd_data -- marker[7966] waveform_mode = 255, update_mode = 0, Rect[293 0 1579 1404]
09-03 11:42:58.750 193 193 I hwcomposer: update_to_display(): upd_data -- marker[7967] waveform_mode = 255, update_mode = 0, Rect[293 0 1579 1404]
09-03 11:42:58.787 193 193 I hwcomposer: update_to_display(): upd_data -- marker[7968] waveform_mode = 255, update_mode = 0, Rect[293 0 1579 1404]
09-03 11:42:58.824 193 193 I hwcomposer: update_to_display(): upd_data -- marker[7969] waveform_mode = 255, update_mode = 0, Rect[293 0 1579 1404]
09-03 11:42:58.862 193 193 I hwcomposer: update_to_display(): upd_data -- marker[7970] waveform_mode = 255, update_mode = 0, Rect[293 0 1579 1404]
09-03 11:42:58.899 193 193 I hwcomposer: update_to_display(): upd_data -- marker[7971] waveform_mode = 255, update_mode = 0, Rect[293 0 1579 1404]
09-03 11:42:58.936 193 193 I hwcomposer: update_to_display(): upd_data -- marker[7972] waveform_mode = 255, update_mode = 0, Rect[293 0 1579 1404]
09-03 11:42:58.974 193 193 I hwcomposer: update_to_display(): upd_data -- marker[7973] waveform_mode = 255, update_mode = 0, Rect[293 0 1579 1404]
09-03 11:42:59.012 193 193 I hwcomposer: update_to_display(): upd_data -- marker[7974] waveform_mode = 255, update_mode = 0, Rect[293 0 1579 1404]
09-03 11:42:59.050 193 193 I hwcomposer: update_to_display(): upd_data -- marker[7975] waveform_mode = 255, update_mode = 0, Rect[293 0 1579 1404]
09-03 11:42:59.087 193 193 I hwcomposer: update_to_display(): upd_data -- marker[7976] waveform_mode = 255, update_mode = 0, Rect[293 0 1579 1404]
09-03 11:42:59.125 193 193 I hwcomposer: update_to_display(): upd_data -- marker[7977] waveform_mode = 255, update_mode = 0, Rect[293 0 1579 1404]
09-03 11:42:59.162 193 193 I hwcomposer: update_to_display(): upd_data -- marker[7978] waveform_mode = 255, update_mode = 0, Rect[293 0 1579 1404]
09-03 11:42:59.199 193 193 I hwcomposer: update_to_display(): upd_data -- marker[7979] waveform_mode = 255, update_mode = 0, Rect[293 0 1579 1404]
09-03 11:42:59.237 193 193 I hwcomposer: update_to_display(): upd_data -- marker[7980] waveform_mode = 255, update_mode = 0, Rect[293 0 1579 1404]
09-03 11:42:59.277 193 193 I hwcomposer: update_to_display(): upd_data -- marker[7981] waveform_mode = 255, update_mode = 0, Rect[293 0 1579 1404]
09-03 11:42:59.277 193 193 I hwcomposer: update_to_display(): upd_data -- marker[7982] waveform_mode = 255, update_mode = 0, Rect[2 1235 79 79]
09-03 11:42:59.314 193 193 I hwcomposer: update_to_display(): upd_data -- marker[7983] waveform_mode = 255, update_mode = 0, Rect[293 0 1579 1404]
09-03 11:42:59.362 193 193 I hwcomposer: update_to_display(): upd_data -- marker[7984] waveform_mode = 255, update_mode = 0, Rect[293 0 1579 1404]
09-03 11:42:59.396 193 193 I hwcomposer: update_to_display(): upd_data -- marker[7985] waveform_mode = 255, update_mode = 0, Rect[0 0 1872 1404]
09-03 11:42:59.434 193 193 I hwcomposer: update_to_display(): upd_data -- marker[7986] waveform_mode = 255, update_mode = 0, Rect[293 0 1579 1404]
09-03 11:42:59.475 193 193 I hwcomposer: update_to_display(): upd_data -- marker[7987] waveform_mode = 255, update_mode = 0, Rect[293 0 1579 1404]
09-03 11:42:59.476 193 193 I hwcomposer: update_to_display(): upd_data -- marker[7988] waveform_mode = 255, update_mode = 0, Rect[2 1235 79 79]
09-03 11:42:59.483 557 1335 I ActivityManager: moveTaskToBack: TaskRecord{58e547e #22 A=android.task.browser U=0 sz=1}
09-03 11:42:59.489 557 1335 I ActivityManager: START u0 {act=android.intent.action.MAIN cat=[android.intent.category.HOME] flg=0x10000000 cmp=com.onyx/.StartupActivity} from uid 0 on display 0
09-03 11:42:59.520 193 193 D Surface : Surface::final mReqUsage=333
09-03 11:42:59.549 193 193 I hwcomposer: update_to_display(): upd_data -- marker[7989] waveform_mode = 255, update_mode = 0, Rect[293 0 1579 1404]
09-03 11:42:59.584 2613 2613 D WebViewTimersControl: onBrowserActivityPause
09-03 11:42:59.585 2613 2613 D WebViewTimersControl: Pausing webview timers, view=com.android.browser.BrowserWebView{2a06751 VFEDHVCL. .F....ID 0,0-1404,1579}
09-03 11:42:59.640 193 193 I hwcomposer: update_to_display(): upd_data -- marker[7990] waveform_mode = 255, update_mode = 0, Rect[293 0 1579 1404]
09-03 11:42:59.644 1600 1600 E For Debug #############: value of KEY_STARTUP_CONFIGURATION_FLAG: 3
09-03 11:42:59.645 557 1334 I ActivityManager: START u0 {cmp=com.onyx/.main.ui.MainActivity} from uid 1000 on display 0
09-03 11:42:59.693 193 193 I hwcomposer: update_to_display(): upd_data -- marker[7991] waveform_mode = 255, update_mode = 0, Rect[0 0 1872 1404]
09-03 11:42:59.704 557 596 D WindowStateAnimator: rk_debug2 Starting com.onyx_Force_To_Dual
09-03 11:42:59.716 1600 1600 W ContextImpl: Calling a method in the system process without a qualified user: android.app.ContextImpl.sendBroadcast:763 android.content.ContextWrapper.sendBroadcast:396 com.onyx.android.sdk.device.BaseDevice.a:479 com.onyx.android.sdk.device.BaseDevice.showSystemStatusBar:442 com.onyx.ContentBrowserApplication$2.onActivityResumed:196
09-03 11:42:59.750 193 193 I hwcomposer: update_to_display(): upd_data -- marker[7992] waveform_mode = 255, update_mode = 0, Rect[0 0 1872 1404]
09-03 11:42:59.801 557 596 D Surface : Surface::final mReqUsage=33
09-03 11:42:59.904 193 193 I hwcomposer: update_to_display(): upd_data -- marker[7993] waveform_mode = 255, update_mode = 0, Rect[0 0 1872 1404]
09-03 11:42:59.933 1600 1600 D Surface : Surface::final mReqUsage=33
09-03 11:42:59.960 193 193 I hwcomposer: update_to_display(): upd_data -- marker[7994] waveform_mode = 255, update_mode = 0, Rect[0 0 1872 1404]
09-03 11:43:00.011 557 596 I ActivityManager: Displayed com.onyx/.main.ui.MainActivity: +350ms (total +419ms)
09-03 11:43:00.014 1600 1600 E Debug : please call initStatusLayoutManager(contentView)!
09-03 11:43:00.030 193 193 I hwcomposer: update_to_display(): upd_data -- marker[7995] waveform_mode = 255, update_mode = 0, Rect[0 0 1872 1404]
09-03 11:43:00.082 193 193 I hwcomposer: update_to_display(): upd_data -- marker[7996] waveform_mode = 255, update_mode = 0, Rect[0 0 1872 1404]
09-03 11:43:00.131 193 193 I hwcomposer: update_to_display(): upd_data -- marker[7997] waveform_mode = 255, update_mode = 0, Rect[0 0 1872 1404]
09-03 11:43:00.310 1600 2895 W AppLoadRequest: Sort duration:1ms
09-03 11:43:00.444 193 193 I hwcomposer: update_to_display(): upd_data -- marker[7998] waveform_mode = 255, update_mode = 0, Rect[83 0 1789 1254]
09-03 11:43:02.257 557 598 D pms : Enter idle state
09-03 11:43:02.258 557 598 D pms : ######### Switching system power mode to [standby]
09-03 11:43:02.259 557 598 I pms : ========== Setup an [300000]s alarm for standby mode ==========
09-03 11:43:02.262 557 598 D pms :
09-03 11:43:02.262 557 598 D pms :
09-03 11:43:02.262 557 598 D pms : ************** Add alarm:onyx_standby_timeout
09-03 11:43:02.262 557 598 D pms :
09-03 11:43:02.278 557 557 D pms : set alarm:onyx_standby_timeout, now:1535946182268 [ 2018-09-03 11:43:02], wake:1535946482259 [2018-09-03 11:48:02]
09-03 11:43:06.011 557 796 D WifiStateMachine: starting scan for "DevTest"WPA_PSK with 2437
09-03 11:43:06.241 557 593 D Tethering: interfaceLinkStateChanged wlan0, true
09-03 11:43:06.242 557 593 D Tethering: interfaceStatusChanged wlan0, true
09-03 11:43:06.526 557 786 D pms : ######### Switching system power mode to [off]
09-03 11:43:06.527 557 557 D pms : ************** cancel alarm:onyx_standby_timeout
09-03 11:43:06.528 557 557 D pms : ************** cancel alarm:onyx_auto_poweroff
09-03 11:43:06.606 557 589 I ActivityManager: START u0 {act=android.intent.action.MAIN cat=[android.intent.category.LAUNCHER] flg=0x10000000 pkg=com.android.browser cmp=com.android.browser/.BrowserActivity} from uid 1000 on display 0
09-03 11:43:06.635 193 193 I hwcomposer: update_to_display(): upd_data -- marker[7999] waveform_mode = 255, update_mode = 0, Rect[0 0 1872 1404]
09-03 11:43:06.643 2613 2613 D WebViewTimersControl: onBrowserActivityResume
09-03 11:43:06.643 2613 2613 D WebViewTimersControl: Resuming webview timers, view=com.android.browser.BrowserWebView{2a06751 VFEDHVCL. .F...... 0,0-1404,1579}
09-03 11:43:06.673 193 193 I hwcomposer: update_to_display(): upd_data -- marker[8000] waveform_mode = 255, update_mode = 0, Rect[0 0 1872 1404]
09-03 11:43:06.705 2613 2671 D Surface : Surface::final mReqUsage=a00
09-03 11:43:06.705 2613 2671 D mali_winsys: EGLint new_window_surface(egl_winsys_display*, void*, EGLSurface, EGLConfig, egl_winsys_surface**, egl_color_buffer_format*, EGLBoolean) returns 0x3000
09-03 11:43:06.919 193 193 I hwcomposer: update_to_display(): upd_data -- marker[8001] waveform_mode = 255, update_mode = 0, Rect[0 0 1872 1404]
09-03 11:43:07.019 193 193 I hwcomposer: update_to_display(): upd_data -- marker[8002] waveform_mode = 255, update_mode = 0, Rect[0 0 1872 1404]
09-03 11:43:07.085 193 193 I hwcomposer: update_to_display(): upd_data -- marker[8003] waveform_mode = 255, update_mode = 0, Rect[0 0 1872 1404]
09-03 11:43:07.140 193 193 I hwcomposer: update_to_display(): upd_data -- marker[8004] waveform_mode = 255, update_mode = 0, Rect[293 0 1579 1404]
09-03 11:43:07.200 193 193 I hwcomposer: update_to_display(): upd_data -- marker[8005] waveform_mode = 255, update_mode = 0, Rect[293 0 1579 1404]
09-03 11:43:07.261 193 193 I hwcomposer: update_to_display(): upd_data -- marker[8006] waveform_mode = 255, update_mode = 0, Rect[293 0 1579 1404]
09-03 11:43:07.323 193 193 I hwcomposer: update_to_display(): upd_data -- marker[8007] waveform_mode = 255, update_mode = 0, Rect[293 0 1579 1404]
09-03 11:43:07.373 193 193 I hwcomposer: update_to_display(): upd_data -- marker[8008] waveform_mode = 255, update_mode = 0, Rect[293 0 1579 1404]
09-03 11:43:07.407 193 193 I hwcomposer: update_to_display(): upd_data -- marker[8009] waveform_mode = 255, update_mode = 0, Rect[293 0 1579 1404]
09-03 11:43:07.454 193 193 I hwcomposer: update_to_display(): upd_data -- marker[8010] waveform_mode = 255, update_mode = 0, Rect[293 0 1579 1404]
09-03 11:43:07.491 193 193 I hwcomposer: update_to_display(): upd_data -- marker[8011] waveform_mode = 255, update_mode = 0, Rect[293 0 1579 1404]
09-03 11:43:07.548 193 193 I hwcomposer: update_to_display(): upd_data -- marker[8012] waveform_mode = 255, update_mode = 0, Rect[293 0 1579 1404]
09-03 11:43:07.618 193 193 I hwcomposer: update_to_display(): upd_data -- marker[8013] waveform_mode = 255, update_mode = 0, Rect[293 0 1579 1404]
09-03 11:43:07.678 193 193 I hwcomposer: update_to_display(): upd_data -- marker[8014] waveform_mode = 255, update_mode = 0, Rect[293 0 1579 1404]
09-03 11:43:07.746 193 193 I hwcomposer: update_to_display(): upd_data -- marker[8015] waveform_mode = 255, update_mode = 0, Rect[293 0 1579 1404]
09-03 11:43:07.817 193 193 I hwcomposer: update_to_display(): upd_data -- marker[8016] waveform_mode = 255, update_mode = 0, Rect[293 0 1579 1404]
09-03 11:43:07.886 193 193 I hwcomposer: update_to_display(): upd_data -- marker[8017] waveform_mode = 255, update_mode = 0, Rect[293 0 1579 1404]
09-03 11:43:07.949 193 193 I hwcomposer: update_to_display(): upd_data -- marker[8018] waveform_mode = 255, update_mode = 0, Rect[293 0 1579 1404]
09-03 11:43:08.010 193 193 I hwcomposer: update_to_display(): upd_data -- marker[8019] waveform_mode = 255, update_mode = 0, Rect[293 0 1579 1404]
09-03 11:43:08.060 193 193 I hwcomposer: update_to_display(): upd_data -- marker[8020] waveform_mode = 255, update_mode = 0, Rect[293 0 1579 1404]
09-03 11:43:08.097 193 193 I hwcomposer: update_to_display(): upd_data -- marker[8021] waveform_mode = 255, update_mode = 0, Rect[293 0 1579 1404]
09-03 11:43:08.133 193 193 I hwcomposer: update_to_display(): upd_data -- marker[8022] waveform_mode = 255, update_mode = 0, Rect[293 0 1579 1404]
09-03 11:43:08.171 193 193 I hwcomposer: update_to_display(): upd_data -- marker[8023] waveform_mode = 255, update_mode = 0, Rect[293 0 1579 1404]
09-03 11:43:08.209 193 193 I hwcomposer: update_to_display(): upd_data -- marker[8024] waveform_mode = 255, update_mode = 0, Rect[293 0 1579 1404]
09-03 11:43:08.246 193 193 I hwcomposer: update_to_display(): upd_data -- marker[8025] waveform_mode = 255, update_mode = 0, Rect[293 0 1579 1404]
09-03 11:43:08.284 193 193 I hwcomposer: update_to_display(): upd_data -- marker[8026] waveform_mode = 255, update_mode = 0, Rect[293 0 1579 1404]
09-03 11:43:08.322 193 193 I hwcomposer: update_to_display(): upd_data -- marker[8027] waveform_mode = 255, update_mode = 0, Rect[293 0 1579 1404]
09-03 11:43:08.359 193 193 I hwcomposer: update_to_display(): upd_data -- marker[8028] waveform_mode = 255, update_mode = 0, Rect[293 0 1579 1404]
09-03 11:43:08.397 193 193 I hwcomposer: update_to_display(): upd_data -- marker[8029] waveform_mode = 255, update_mode = 0, Rect[293 0 1579 1404]
09-03 11:43:08.435 193 193 I hwcomposer: update_to_display(): upd_data -- marker[8030] waveform_mode = 255, update_mode = 0, Rect[293 0 1579 1404]
09-03 11:43:08.473 193 193 I hwcomposer: update_to_display(): upd_data -- marker[8031] waveform_mode = 255, update_mode = 0, Rect[293 0 1579 1404]
09-03 11:43:08.510 193 193 I hwcomposer: update_to_display(): upd_data -- marker[8032] waveform_mode = 255, update_mode = 0, Rect[293 0 1579 1404]
09-03 11:43:08.548 193 193 I hwcomposer: update_to_display(): upd_data -- marker[8033] waveform_mode = 255, update_mode = 0, Rect[293 0 1579 1404]
09-03 11:43:08.590 193 193 I hwcomposer: update_to_display(): upd_data -- marker[8034] waveform_mode = 255, update_mode = 0, Rect[293 0 1579 1404]
09-03 11:43:08.641 193 193 I hwcomposer: update_to_display(): upd_data -- marker[8035] waveform_mode = 255, update_mode = 0, Rect[293 0 1579 1404]
09-03 11:43:08.688 193 193 I hwcomposer: update_to_display(): upd_data -- marker[8036] waveform_mode = 255, update_mode = 0, Rect[293 0 1579 1404]
09-03 11:43:08.732 193 193 I hwcomposer: update_to_display(): upd_data -- marker[8037] waveform_mode = 255, update_mode = 0, Rect[293 0 1579 1404]
09-03 11:43:08.772 193 193 I hwcomposer: update_to_display(): upd_data -- marker[8038] waveform_mode = 255, update_mode = 0, Rect[293 0 1579 1404]
09-03 11:43:08.827 193 193 I hwcomposer: update_to_display(): upd_data -- marker[8039] waveform_mode = 255, update_mode = 0, Rect[293 0 1579 1404]
09-03 11:43:08.864 193 193 I hwcomposer: update_to_display(): upd_data -- marker[8040] waveform_mode = 255, update_mode = 0, Rect[293 0 1579 1404]
09-03 11:43:08.921 193 193 I hwcomposer: update_to_display(): upd_data -- marker[8041] waveform_mode = 255, update_mode = 0, Rect[293 0 1579 1404]
09-03 11:43:08.966 193 193 I hwcomposer: update_to_display(): upd_data -- marker[8042] waveform_mode = 255, update_mode = 0, Rect[0 0 1872 1404]
09-03 11:43:09.008 193 193 I hwcomposer: update_to_display(): upd_data -- marker[8043] waveform_mode = 255, update_mode = 0, Rect[293 0 1579 1404]
09-03 11:43:09.056 193 193 I hwcomposer: update_to_display(): upd_data -- marker[8044] waveform_mode = 255, update_mode = 0, Rect[293 0 1579 1404]
09-03 11:43:09.112 193 193 I hwcomposer: update_to_display(): upd_data -- marker[8045] waveform_mode = 255, update_mode = 0, Rect[293 0 1579 1404]
09-03 11:43:09.168 193 193 I hwcomposer: update_to_display(): upd_data -- marker[8046] waveform_mode = 255, update_mode = 0, Rect[293 0 1579 1404]
09-03 11:43:09.217 193 193 I hwcomposer: update_to_display(): upd_data -- marker[8047] waveform_mode = 4, update_mode = 0, Rect[0 0 1872 1404]
09-03 11:43:09.264 193 193 I hwcomposer: update_to_display(): upd_data -- marker[8048] waveform_mode = 4, update_mode = 0, Rect[0 0 1872 1404]
09-03 11:43:09.308 193 193 I hwcomposer: update_to_display(): upd_data -- marker[8049] waveform_mode = 4, update_mode = 0, Rect[0 0 1872 1404]
09-03 11:43:09.351 193 193 I hwcomposer: update_to_display(): upd_data -- marker[8050] waveform_mode = 4, update_mode = 0, Rect[0 0 1872 1404]
09-03 11:43:09.394 193 193 I hwcomposer: update_to_display(): upd_data -- marker[8051] waveform_mode = 4, update_mode = 0, Rect[0 0 1872 1404]
09-03 11:43:09.435 193 193 I hwcomposer: update_to_display(): upd_data -- marker[8052] waveform_mode = 4, update_mode = 0, Rect[0 0 1872 1404]
09-03 11:43:09.476 193 193 I hwcomposer: update_to_display(): upd_data -- marker[8053] waveform_mode = 4, update_mode = 0, Rect[0 0 1872 1404]
09-03 11:43:09.536 193 193 I hwcomposer: update_to_display(): upd_data -- marker[8054] waveform_mode = 4, update_mode = 0, Rect[0 0 1872 1404]
09-03 11:43:09.591 193 193 I hwcomposer: update_to_display(): upd_data -- marker[8055] waveform_mode = 4, update_mode = 0, Rect[0 0 1872 1404]
09-03 11:43:09.659 193 193 I hwcomposer: update_to_display(): upd_data -- marker[8056] waveform_mode = 4, update_mode = 0, Rect[0 0 1872 1404]
09-03 11:43:09.745 193 193 I hwcomposer: update_to_display(): upd_data -- marker[8057] waveform_mode = 4, update_mode = 0, Rect[0 0 1872 1404]
09-03 11:43:09.802 193 193 I hwcomposer: update_to_display(): upd_data -- marker[8058] waveform_mode = 4, update_mode = 0, Rect[0 0 1872 1404]
09-03 11:43:09.870 193 193 I hwcomposer: update_to_display(): upd_data -- marker[8059] waveform_mode = 4, update_mode = 0, Rect[0 0 1872 1404]
09-03 11:43:09.924 193 193 I hwcomposer: update_to_display(): upd_data -- marker[8060] waveform_mode = 4, update_mode = 0, Rect[0 0 1872 1404]
09-03 11:43:09.987 193 193 I hwcomposer: update_to_display(): upd_data -- marker[8061] waveform_mode = 4, update_mode = 0, Rect[0 0 1872 1404]
09-03 11:43:10.058 193 193 I hwcomposer: update_to_display(): upd_data -- marker[8062] waveform_mode = 4, update_mode = 0, Rect[0 0 1872 1404]
09-03 11:43:10.112 193 193 I hwcomposer: update_to_display(): upd_data -- marker[8063] waveform_mode = 4, update_mode = 0, Rect[0 0 1872 1404]
09-03 11:43:10.194 193 193 I hwcomposer: update_to_display(): upd_data -- marker[8064] waveform_mode = 4, update_mode = 0, Rect[0 0 1872 1404]
