09-03 11:31:32.064 557 927 W pms : [com.android.bluetooth] is not allowed to set wakeup alarm
09-03 11:31:32.075 557 928 W pms : [com.android.bluetooth] is not allowed to set wakeup alarm
09-03 11:31:32.086 557 835 W pms : [com.android.bluetooth] is not allowed to set wakeup alarm
09-03 11:31:32.097 557 588 W pms : [com.android.bluetooth] is not allowed to set wakeup alarm
09-03 11:31:32.108 557 926 W pms : [com.android.bluetooth] is not allowed to set wakeup alarm
09-03 11:31:32.119 557 589 W pms : [com.android.bluetooth] is not allowed to set wakeup alarm
09-03 11:31:32.130 557 925 W pms : [com.android.bluetooth] is not allowed to set wakeup alarm
09-03 11:31:32.141 557 1335 W pms : [com.android.bluetooth] is not allowed to set wakeup alarm
09-03 11:31:32.153 557 1334 W pms : [com.android.bluetooth] is not allowed to set wakeup alarm
09-03 11:31:32.164 557 1274 W pms : [com.android.bluetooth] is not allowed to set wakeup alarm
09-03 11:31:32.175 557 927 W pms : [com.android.bluetooth] is not allowed to set wakeup alarm
09-03 11:31:32.186 557 928 W pms : [com.android.bluetooth] is not allowed to set wakeup alarm
09-03 11:31:32.197 557 835 W pms : [com.android.bluetooth] is not allowed to set wakeup alarm
09-03 11:31:32.208 557 588 W pms : [com.android.bluetooth] is not allowed to set wakeup alarm
09-03 11:31:32.219 557 926 W pms : [com.android.bluetooth] is not allowed to set wakeup alarm
09-03 11:31:32.230 557 589 W pms : [com.android.bluetooth] is not allowed to set wakeup alarm
09-03 11:31:32.241 557 925 W pms : [com.android.bluetooth] is not allowed to set wakeup alarm
09-03 11:31:32.252 557 1335 W pms : [com.android.bluetooth] is not allowed to set wakeup alarm
09-03 11:31:32.263 557 1334 W pms : [com.android.bluetooth] is not allowed to set wakeup alarm
09-03 11:31:32.274 557 1274 W pms : [com.android.bluetooth] is not allowed to set wakeup alarm
09-03 11:31:32.285 557 927 W pms : [com.android.bluetooth] is not allowed to set wakeup alarm
09-03 11:31:32.296 557 928 W pms : [com.android.bluetooth] is not allowed to set wakeup alarm
09-03 11:31:32.307 557 835 W pms : [com.android.bluetooth] is not allowed to set wakeup alarm
09-03 11:31:32.318 557 588 W pms : [com.android.bluetooth] is not allowed to set wakeup alarm
09-03 11:31:32.329 557 926 W pms : [com.android.bluetooth] is not allowed to set wakeup alarm
09-03 11:31:32.340 557 589 W pms : [com.android.bluetooth] is not allowed to set wakeup alarm
09-03 11:31:32.353 557 925 W pms : [com.android.bluetooth] is not allowed to set wakeup alarm
09-03 11:31:32.364 557 1335 W pms : [com.android.bluetooth] is not allowed to set wakeup alarm
09-03 11:31:32.375 557 1334 W pms : [com.android.bluetooth] is not allowed to set wakeup alarm
09-03 11:31:32.386 557 1274 W pms : [com.android.bluetooth] is not allowed to set wakeup alarm
09-03 11:31:32.397 557 927 W pms : [com.android.bluetooth] is not allowed to set wakeup alarm
09-03 11:31:32.408 557 928 W pms : [com.android.bluetooth] is not allowed to set wakeup alarm
09-03 11:31:32.419 557 835 W pms : [com.android.bluetooth] is not allowed to set wakeup alarm
09-03 11:31:32.431 557 588 W pms : [com.android.bluetooth] is not allowed to set wakeup alarm
09-03 11:31:32.442 557 926 W pms : [com.android.bluetooth] is not allowed to set wakeup alarm
09-03 11:31:32.453 557 589 W pms : [com.android.bluetooth] is not allowed to set wakeup alarm
09-03 11:31:32.465 557 925 W pms : [com.android.bluetooth] is not allowed to set wakeup alarm
09-03 11:31:32.476 557 1335 W pms : [com.android.bluetooth] is not allowed to set wakeup alarm
09-03 11:31:32.487 557 1334 W pms : [com.android.bluetooth] is not allowed to set wakeup alarm
09-03 11:31:32.498 557 1274 W pms : [com.android.bluetooth] is not allowed to set wakeup alarm
09-03 11:31:32.509 557 927 W pms : [com.android.bluetooth] is not allowed to set wakeup alarm
09-03 11:31:32.520 557 928 W pms : [com.android.bluetooth] is not allowed to set wakeup alarm
09-03 11:31:32.530 557 835 W pms : [com.android.bluetooth] is not allowed to set wakeup alarm
09-03 11:31:32.541 557 588 W pms : [com.android.bluetooth] is not allowed to set wakeup alarm
09-03 11:31:32.551 557 926 W pms : [com.android.bluetooth] is not allowed to set wakeup alarm
09-03 11:31:32.562 557 589 W pms : [com.android.bluetooth] is not allowed to set wakeup alarm
09-03 11:31:32.573 557 925 W pms : [com.android.bluetooth] is not allowed to set wakeup alarm
09-03 11:31:32.583 557 1335 W pms : [com.android.bluetooth] is not allowed to set wakeup alarm
09-03 11:31:32.594 557 1334 W pms : [com.android.bluetooth] is not allowed to set wakeup alarm
09-03 11:31:32.605 557 1274 W pms : [com.android.bluetooth] is not allowed to set wakeup alarm
09-03 11:31:32.616 557 927 W pms : [com.android.bluetooth] is not allowed to set wakeup alarm
09-03 11:31:32.626 557 928 W pms : [com.android.bluetooth] is not allowed to set wakeup alarm
09-03 11:31:32.638 557 835 W pms : [com.android.bluetooth] is not allowed to set wakeup alarm
09-03 11:31:32.648 557 588 W pms : [com.android.bluetooth] is not allowed to set wakeup alarm
09-03 11:31:32.659 557 926 W pms : [com.android.bluetooth] is not allowed to set wakeup alarm
09-03 11:31:32.669 557 589 W pms : [com.android.bluetooth] is not allowed to set wakeup alarm
09-03 11:31:32.680 557 925 W pms : [com.android.bluetooth] is not allowed to set wakeup alarm
09-03 11:31:32.691 557 1335 W pms : [com.android.bluetooth] is not allowed to set wakeup alarm
09-03 11:31:32.701 557 1334 W pms : [com.android.bluetooth] is not allowed to set wakeup alarm
09-03 11:31:32.712 557 1274 W pms : [com.android.bluetooth] is not allowed to set wakeup alarm
09-03 11:31:32.723 557 927 W pms : [com.android.bluetooth] is not allowed to set wakeup alarm
09-03 11:31:32.733 557 928 W pms : [com.android.bluetooth] is not allowed to set wakeup alarm
09-03 11:31:32.744 557 835 W pms : [com.android.bluetooth] is not allowed to set wakeup alarm
09-03 11:31:32.755 557 588 W pms : [com.android.bluetooth] is not allowed to set wakeup alarm
09-03 11:31:32.766 557 926 W pms : [com.android.bluetooth] is not allowed to set wakeup alarm
09-03 11:31:32.776 557 589 W pms : [com.android.bluetooth] is not allowed to set wakeup alarm
09-03 11:31:32.787 557 925 W pms : [com.android.bluetooth] is not allowed to set wakeup alarm
09-03 11:31:32.798 557 1335 W pms : [com.android.bluetooth] is not allowed to set wakeup alarm
09-03 11:31:32.808 557 1334 W pms : [com.android.bluetooth] is not allowed to set wakeup alarm
09-03 11:31:32.819 557 1274 W pms : [com.android.bluetooth] is not allowed to set wakeup alarm
09-03 11:31:32.830 557 927 W pms : [com.android.bluetooth] is not allowed to set wakeup alarm
09-03 11:31:32.841 557 928 W pms : [com.android.bluetooth] is not allowed to set wakeup alarm
09-03 11:31:32.851 557 835 W pms : [com.android.bluetooth] is not allowed to set wakeup alarm
09-03 11:31:32.862 557 588 W pms : [com.android.bluetooth] is not allowed to set wakeup alarm
09-03 11:31:32.874 557 926 W pms : [com.android.bluetooth] is not allowed to set wakeup alarm
09-03 11:31:32.885 557 589 W pms : [com.android.bluetooth] is not allowed to set wakeup alarm
09-03 11:31:32.895 557 925 W pms : [com.android.bluetooth] is not allowed to set wakeup alarm
09-03 11:31:32.906 557 1335 W pms : [com.android.bluetooth] is not allowed to set wakeup alarm
09-03 11:31:32.917 557 1334 W pms : [com.android.bluetooth] is not allowed to set wakeup alarm
09-03 11:31:32.928 557 1274 W pms : [com.android.bluetooth] is not allowed to set wakeup alarm
09-03 11:31:32.938 557 927 W pms : [com.android.bluetooth] is not allowed to set wakeup alarm
09-03 11:31:32.949 557 928 W pms : [com.android.bluetooth] is not allowed to set wakeup alarm
09-03 11:31:32.959 557 835 W pms : [com.android.bluetooth] is not allowed to set wakeup alarm
09-03 11:31:32.970 557 588 W pms : [com.android.bluetooth] is not allowed to set wakeup alarm
09-03 11:31:32.980 557 926 W pms : [com.android.bluetooth] is not allowed to set wakeup alarm
09-03 11:31:32.990 557 589 W pms : [com.android.bluetooth] is not allowed to set wakeup alarm
09-03 11:31:33.002 557 925 W pms : [com.android.bluetooth] is not allowed to set wakeup alarm
09-03 11:31:33.012 557 1335 W pms : [com.android.bluetooth] is not allowed to set wakeup alarm
09-03 11:31:33.023 557 1334 W pms : [com.android.bluetooth] is not allowed to set wakeup alarm
09-03 11:31:33.034 557 1274 W pms : [com.android.bluetooth] is not allowed to set wakeup alarm
09-03 11:31:33.045 557 927 W pms : [com.android.bluetooth] is not allowed to set wakeup alarm
09-03 11:31:33.055 557 928 W pms : [com.android.bluetooth] is not allowed to set wakeup alarm
09-03 11:31:33.066 557 835 W pms : [com.android.bluetooth] is not allowed to set wakeup alarm
09-03 11:31:33.076 557 588 W pms : [com.android.bluetooth] is not allowed to set wakeup alarm
09-03 11:31:33.086 557 926 W pms : [com.android.bluetooth] is not allowed to set wakeup alarm
09-03 11:31:33.097 557 589 W pms : [com.android.bluetooth] is not allowed to set wakeup alarm
09-03 11:31:33.108 557 925 W pms : [com.android.bluetooth] is not allowed to set wakeup alarm
09-03 11:31:33.119 557 1335 W pms : [com.android.bluetooth] is not allowed to set wakeup alarm
09-03 11:31:33.130 557 1334 W pms : [com.android.bluetooth] is not allowed to set wakeup alarm
09-03 11:31:33.141 557 1274 W pms : [com.android.bluetooth] is not allowed to set wakeup alarm
09-03 11:31:33.151 557 927 W pms : [com.android.bluetooth] is not allowed to set wakeup alarm
09-03 11:31:33.161 557 928 W pms : [com.android.bluetooth] is not allowed to set wakeup alarm
09-03 11:31:33.172 557 835 W pms : [com.android.bluetooth] is not allowed to set wakeup alarm
09-03 11:31:33.183 557 588 W pms : [com.android.bluetooth] is not allowed to set wakeup alarm
09-03 11:31:33.184 2433 2456 I bt_hwcfg: bt vendor lib: set UART baud 115200
09-03 11:31:33.185 935 935 D InputEventConsistencyVerifier: TouchEvent: ACTION_DOWN but pointers are already down. Probably missing ACTION_UP from previous gesture.
09-03 11:31:33.185 935 935 D InputEventConsistencyVerifier: in android.view.ScaleGestureDetector@20828e
09-03 11:31:33.185 935 935 D InputEventConsistencyVerifier: 0: sent at 715327104000, MotionEvent { action=ACTION_DOWN, actionButton=0, id[0]=0, x[0]=1116.0, y[0]=270.0, toolType[0]=TOOL_TYPE_UNKNOWN, buttonState=0, metaState=0, flags=0x0, edgeFlags=0x0, pointerCount=1, historySize=0, eventTime=715327, downTime=715327, deviceId=1, source=0x5002 }
09-03 11:31:33.185 935 935 D InputEventConsistencyVerifier: -- recent events --
09-03 11:31:33.185 935 935 D InputEventConsistencyVerifier: 1: sent at 711089749000, MotionEvent { action=ACTION_DOWN, actionButton=0, id[0]=0, x[0]=858.0, y[0]=115.0, toolType[0]=TOOL_TYPE_UNKNOWN, buttonState=0, metaState=0, flags=0x80000000, edgeFlags=0x0, pointerCount=1, historySize=0, eventTime=711089, downTime=711089, deviceId=1, source=0x5002 }
09-03 11:31:33.185 935 935 D InputEventConsistencyVerifier: 2: sent at 711089749000, MotionEvent { action=ACTION_DOWN, actionButton=0, id[0]=0, x[0]=858.0, y[0]=115.0, toolType[0]=TOOL_TYPE_UNKNOWN, buttonState=0, metaState=0, flags=0x0, edgeFlags=0x0, pointerCount=1, historySize=0, eventTime=711089, downTime=711089, deviceId=1, source=0x5002 }
09-03 11:31:33.384 2433 2456 D bt_hwcfg: Settlement delay -- 200 ms
09-03 11:31:33.384 2433 2456 I bt_hwcfg: Setting fw settlement delay to 200
09-03 11:31:33.586 557 835 W pms : [com.android.bluetooth] is not allowed to set wakeup alarm
09-03 11:31:33.590 557 588 W pms : [com.android.bluetooth] is not allowed to set wakeup alarm
09-03 11:31:33.590 2433 2456 I bt_hwcfg: bt vendor lib: set UART baud 1500000
09-03 11:31:33.752 557 1334 I ActivityManager: START u0 {act=android.settings.BLUETOOTH_SETTINGS flg=0x14000000 cmp=com.android.settings/.Settings$BluetoothSettingsActivity} from uid 10012 on display 0
09-03 11:31:33.758 557 835 W InputMethodManagerService: Window already focused, ignoring focus gain of: com.android.internal.view.IInputMethodClient$Stub$Proxy@1361b4e attribute=null, token = android.os.BinderProxy@5fca4e2
09-03 11:31:33.790 2433 2456 I bt_hwcfg: Setting local bd addr to 22:22:1E:31:CE:20
09-03 11:31:33.793 557 835 W pms : [com.android.bluetooth] is not allowed to set wakeup alarm
09-03 11:31:33.794 2433 2456 I bt_hwcfg: vendor lib fwcfg completed
09-03 11:31:33.794 2433 2456 I bt_vendor: firmware callback
09-03 11:31:33.794 2433 2456 I bt_hci : firmware_config_callback
09-03 11:31:33.796 557 1334 W pms : [com.android.bluetooth] is not allowed to set wakeup alarm
09-03 11:31:33.804 2433 2458 I bt_btu : btu_task pending for preload complete event
09-03 11:31:33.804 2433 2458 I bt_btu_task: Bluetooth chip preload is complete
09-03 11:31:33.804 2433 2458 I bt_btu : btu_task received preload complete event
09-03 11:31:33.806 2433 2458 E PowerManager: WakeLock tag:bluedroid_timer from [com.android.bluetooth] is forbidden
09-03 11:31:33.812 2433 2458 I : BTE_InitTraceLevels -- TRC_HCI
09-03 11:31:33.812 2433 2458 I : BTE_InitTraceLevels -- TRC_L2CAP
09-03 11:31:33.812 2433 2458 I : BTE_InitTraceLevels -- TRC_RFCOMM
09-03 11:31:33.812 2433 2458 I : BTE_InitTraceLevels -- TRC_AVDT
09-03 11:31:33.812 2433 2458 I : BTE_InitTraceLevels -- TRC_AVRC
09-03 11:31:33.812 2433 2458 I : BTE_InitTraceLevels -- TRC_A2D
09-03 11:31:33.812 2433 2458 I : BTE_InitTraceLevels -- TRC_BNEP
09-03 11:31:33.812 2433 2458 I : BTE_InitTraceLevels -- TRC_BTM
09-03 11:31:33.812 2433 2458 I : BTE_InitTraceLevels -- TRC_GAP
09-03 11:31:33.812 2433 2458 I : BTE_InitTraceLevels -- TRC_PAN
09-03 11:31:33.812 2433 2458 I : BTE_InitTraceLevels -- TRC_SDP
09-03 11:31:33.812 2433 2458 I : BTE_InitTraceLevels -- TRC_GATT
09-03 11:31:33.812 2433 2458 I : BTE_InitTraceLevels -- TRC_SMP
09-03 11:31:33.812 2433 2458 I : BTE_InitTraceLevels -- TRC_BTAPP
09-03 11:31:33.812 2433 2458 I : BTE_InitTraceLevels -- TRC_BTIF
09-03 11:31:33.879 557 595 D BluetoothManagerService: Added callback: android.bluetooth.IBluetoothManagerCallback$Stub$Proxy@75a8bd:true
09-03 11:31:33.885 2433 2458 I bt_btm_sec: BTM_SecRegister p_cb_info->p_le_callback == 0x0x9ff3ae25
09-03 11:31:33.885 2433 2458 I bt_btm_sec: BTM_SecRegister btm_cb.api.p_le_callback = 0x0x9ff3ae25
09-03 11:31:33.904 935 935 D PhoneStatusBar: disable: < expand icons alerts system_info back home recent clock search quick_settings
> 09-03 11:31:33.923 1427 1427 D LocalBluetoothProfileManager: Adding local MAP profile
09-03 11:31:33.938 1427 1427 D BluetoothMap: Create BluetoothMap proxy object
09-03 11:31:33.987 935 1406 D Surface : Surface::final mReqUsage=a00
09-03 11:31:33.987 935 1406 D mali_winsys: EGLint new_window_surface(egl_winsys_display*, void*, EGLSurface, EGLConfig, egl_winsys_surface**, egl_color_buffer_format*, EGLBoolean) returns 0x3000
09-03 11:31:34.007 1427 1427 D LocalBluetoothProfileManager: LocalBluetoothProfileManager construction complete
09-03 11:31:34.024 2433 2451 I bt_btif_storage: btif_storage_get_adapter_property service_mask:0x20000000
09-03 11:31:34.026 2433 2451 D BluetoothAdapterProperties: Address is:22:22:1E:31:CE:20
09-03 11:31:34.030 2433 2451 D BluetoothAdapterProperties: Name is: BOOX Nova
09-03 11:31:34.031 2433 2451 D BluetoothAdapterProperties: Scan Mode:20
09-03 11:31:34.031 2433 2451 D BluetoothAdapterProperties: Discoverable Timeout:120
09-03 11:31:34.032 2433 2451 D bt_hci : do_postload posting postload work item
09-03 11:31:34.032 2433 2456 I bt_hci : event_postload
09-03 11:31:34.032 2433 2456 D bt_vendor: SCO config
09-03 11:31:34.032 2433 2456 I bt_vendor: sco_config_cb
09-03 11:31:34.032 2433 2456 I bt_hci : sco_config_callback postload finished.
09-03 11:31:34.040 2433 2456 I bt_vendor: low_power_mode_cb
09-03 11:31:34.043 2433 2451 D bt_bte_conf: Device ID record 1 : primary
09-03 11:31:34.043 2433 2451 D bt_bte_conf: vendorId = 000f
09-03 11:31:34.043 2433 2451 D bt_bte_conf: vendorIdSource = 0001
09-03 11:31:34.043 2433 2451 D bt_bte_conf: product = 1200
09-03 11:31:34.043 2433 2451 D bt_bte_conf: version = 1436
09-03 11:31:34.043 2433 2451 D bt_bte_conf: clientExecutableURL =
09-03 11:31:34.043 2433 2451 D bt_bte_conf: serviceDescription =
09-03 11:31:34.043 2433 2451 D bt_bte_conf: documentationURL =
09-03 11:31:34.043 2433 2451 D bt_bte_conf: bte_load_did_conf no section named DID2.
09-03 11:31:34.043 2433 2448 D bt_stack_manager: event_start_up_stack finished
09-03 11:31:34.044 2433 2447 D BluetoothAdapterState: Current state: PENDING_COMMAND, message: 3
09-03 11:31:34.044 2433 2447 D BluetoothAdapterProperties: Setting state to 15
09-03 11:31:34.044 2433 2447 I BluetoothAdapterState: Bluetooth adapter state changed: 14-> 15
09-03 11:31:34.050 2433 2447 I BluetoothAdapterState: Entering BleOnState
09-03 11:31:34.053 557 596 D WindowStateAnimator: rk_debug2 Starting com.android.settings_Force_To_Dual
09-03 11:31:34.064 2433 2447 D BluetoothAdapterState: Current state: BLE ON, message: 1
09-03 11:31:34.064 2433 2447 D BluetoothAdapterProperties: Setting state to 11
09-03 11:31:34.064 2433 2447 I BluetoothAdapterState: Bluetooth adapter state changed: 15-> 11
09-03 11:31:34.078 2433 2433 D BluetoothAdapterService: getAdapterService() - returning com.android.bluetooth.btservice.AdapterService@81c6a7d
09-03 11:31:34.080 2433 2433 D HeadsetService: Received start request. Starting profile...
09-03 11:31:34.115 2433 2433 I BluetoothHeadsetServiceJni: classInitNative: succeeds
09-03 11:31:34.116 2433 2433 D HeadsetStateMachine: make
09-03 11:31:34.152 2433 2447 I BluetoothAdapterState: Entering PendingCommandState
09-03 11:31:34.157 2433 2433 D HeadsetStateMachine: max_hf_connections = 1
09-03 11:31:34.157 2433 2433 I bt_bluedroid: get_profile_interface handsfree
09-03 11:31:34.159 2433 2451 I bt_btif_storage: btif_storage_get_adapter_property service_mask:0x20000040
09-03 11:31:34.160 2433 2451 E bt_btif : btif_hf_upstreams_evt: Invalid index -1
09-03 11:31:34.164 1427 1427 D LocalBluetoothManager: setting foreground activity to non-null context
09-03 11:31:34.215 557 596 D Surface : Surface::final mReqUsage=33
09-03 11:31:34.216 2433 2433 D BluetoothAdapterService: getAdapterService() - returning com.android.bluetooth.btservice.AdapterService@81c6a7d
09-03 11:31:34.217 557 557 D BluetoothA2dp: Proxy object connected
09-03 11:31:34.227 2433 2433 D A2dpService: Received start request. Starting profile...
09-03 11:31:34.244 2433 2433 I BluetoothAvrcpServiceJni: classInitNative: succeeds
09-03 11:31:34.245 2433 2433 I bt_bluedroid: get_profile_interface avrcp
09-03 11:31:34.274 2433 2433 E RemoteController: Cannot set synchronization mode on an unregistered RemoteController
09-03 11:31:34.278 2433 2433 I BluetoothA2dpServiceJni: classInitNative: succeeds
09-03 11:31:34.278 2433 2433 D A2dpStateMachine: make
09-03 11:31:34.279 2433 2433 I bt_bluedroid: get_profile_interface a2dp
09-03 11:31:34.280 2433 2451 I bt_btif_storage: btif_storage_get_adapter_property service_mask:0x20000048
09-03 11:31:34.289 2433 2469 D A2dpStateMachine: Enter Disconnected: -2
09-03 11:31:34.298 2433 2433 I BluetoothHidServiceJni: classInitNative: succeeds
09-03 11:31:34.301 2433 2433 D BluetoothAdapterService: getAdapterService() - returning com.android.bluetooth.btservice.AdapterService@81c6a7d
09-03 11:31:34.304 935 935 D BluetoothInputDevice: Proxy object connected
09-03 11:31:34.308 935 935 D HidProfile: Bluetooth service connected
09-03 11:31:34.313 2433 2433 D HidService: Received start request. Starting profile...
09-03 11:31:34.314 2433 2433 I bt_bluedroid: get_profile_interface hidhost
09-03 11:31:34.314 2433 2433 D HidService: setHidService(): set to: null
09-03 11:31:34.314 2433 2451 I bt_bta_hh: BTA_HhEnable sec_mask:0x36 p_cback:0x9ff1be15
09-03 11:31:34.314 2433 2451 I bt_btif_storage: btif_storage_get_adapter_property service_mask:0x20100048
09-03 11:31:34.338 1427 1970 D Surface : Surface::final mReqUsage=a00
09-03 11:31:34.338 1427 1970 D mali_winsys: EGLint new_window_surface(egl_winsys_display*, void*, EGLSurface, EGLConfig, egl_winsys_surface**, egl_color_buffer_format*, EGLBoolean) returns 0x3000
09-03 11:31:34.346 2433 2433 I BluetoothHealthServiceJni: classInitNative: succeeds
09-03 11:31:34.348 2433 2433 D BluetoothAdapterService: getAdapterService() - returning com.android.bluetooth.btservice.AdapterService@81c6a7d
09-03 11:31:34.349 2433 2433 D HealthService: Received start request. Starting profile...
09-03 11:31:34.362 2433 2433 I bt_bluedroid: get_profile_interface health
09-03 11:31:34.375 2433 2433 I BluetoothPanServiceJni: classInitNative(L105): succeeds
09-03 11:31:34.380 2433 2433 D BluetoothAdapterService: getAdapterService() - returning com.android.bluetooth.btservice.AdapterService@81c6a7d
09-03 11:31:34.383 935 935 D BluetoothPan: BluetoothPAN Proxy object connected
09-03 11:31:34.384 2433 2433 D PanService: Received start request. Starting profile...
09-03 11:31:34.384 2433 2433 D BluetoothPanServiceJni: initializeNative(L110): pan
09-03 11:31:34.384 2433 2433 I bt_bluedroid: get_profile_interface pan
09-03 11:31:34.385 2433 2451 D BluetoothPanServiceJni: control_state_callback(L61): state:0, local_role:3, ifname:bt-pan
09-03 11:31:34.397 935 935 D PanProfile: Bluetooth service connected
09-03 11:31:34.416 2433 2433 D BluetoothAdapterService: getAdapterService() - returning com.android.bluetooth.btservice.AdapterService@81c6a7d
09-03 11:31:34.418 935 935 D BluetoothMap: Proxy object connected
09-03 11:31:34.419 2433 2433 D BluetoothMapService: Received start request. Starting profile...
09-03 11:31:34.419 2433 2433 D BluetoothMapService: start()
09-03 11:31:34.420 935 935 D MapProfile: Bluetooth service connected
09-03 11:31:34.420 935 935 D BluetoothMap: getConnectedDevices()
09-03 11:31:34.421 935 935 D BluetoothMap: Bluetooth is Not enabled
09-03 11:31:34.427 2433 2433 D BluetoothMapAccountLoader: Found 0 application(s) with intent android.bluetooth.action.BLUETOOTH_MAP_PROVIDER
09-03 11:31:34.428 2433 2433 D BluetoothMapAccountLoader: Found 0 application(s) with intent android.bluetooth.action.BLUETOOTH_MAP_IM_PROVIDER
09-03 11:31:34.428 2433 2433 D BluetoothMapAppObserver: createReceiver()
09-03 11:31:34.430 2433 2433 D BluetoothMapAppObserver: initObservers()
09-03 11:31:34.430 2433 2433 D BluetoothMapAppObserver: getEnabledAccountItems()
09-03 11:31:34.435 2433 2433 V BluetoothAdapterState: isTurningOff()=false
09-03 11:31:34.435 2433 2433 V BluetoothAdapterState: isTurningOn()=true
09-03 11:31:34.435 2433 2433 V BluetoothAdapterState: isBleTurningOn()=false
09-03 11:31:34.435 2433 2433 V BluetoothAdapterState: isBleTurningOff()=false
09-03 11:31:34.436 2433 2466 D HeadsetPhoneState: sendDeviceStateChanged. mService=0 mSignal=0 mRoam=0 mBatteryCharge=4
09-03 11:31:34.446 2433 2433 V BluetoothAdapterState: isTurningOff()=false
09-03 11:31:34.446 2433 2433 V BluetoothAdapterState: isTurningOn()=true
09-03 11:31:34.446 2433 2433 V BluetoothAdapterState: isBleTurningOn()=false
09-03 11:31:34.446 2433 2433 V BluetoothAdapterState: isBleTurningOff()=false
09-03 11:31:34.447 2433 2433 V BluetoothAdapterState: isTurningOff()=false
09-03 11:31:34.447 2433 2433 V BluetoothAdapterState: isTurningOn()=true
09-03 11:31:34.447 2433 2433 V BluetoothAdapterState: isBleTurningOn()=false
09-03 11:31:34.447 2433 2433 V BluetoothAdapterState: isBleTurningOff()=false
09-03 11:31:34.448 2433 2433 V BluetoothAdapterState: isTurningOff()=false
09-03 11:31:34.448 2433 2433 V BluetoothAdapterState: isTurningOn()=true
09-03 11:31:34.448 2433 2433 V BluetoothAdapterState: isBleTurningOn()=false
09-03 11:31:34.448 2433 2433 V BluetoothAdapterState: isBleTurningOff()=false
09-03 11:31:34.448 2433 2433 V BluetoothAdapterState: isTurningOff()=false
09-03 11:31:34.449 2433 2433 V BluetoothAdapterState: isTurningOn()=true
09-03 11:31:34.449 2433 2433 V BluetoothAdapterState: isBleTurningOn()=false
09-03 11:31:34.449 2433 2433 V BluetoothAdapterState: isBleTurningOff()=false
09-03 11:31:34.449 2433 2433 V BluetoothAdapterState: isTurningOff()=false
09-03 11:31:34.449 2433 2433 V BluetoothAdapterState: isTurningOn()=true
09-03 11:31:34.449 2433 2433 V BluetoothAdapterState: isBleTurningOn()=false
09-03 11:31:34.449 2433 2433 V BluetoothAdapterState: isBleTurningOff()=false
09-03 11:31:34.450 2433 2447 D BluetoothAdapterState: Current state: PENDING_COMMAND, message: 2
09-03 11:31:34.450 2433 2447 D BluetoothAdapterProperties: ScanMode = 20
09-03 11:31:34.450 2433 2447 D BluetoothAdapterProperties: State = 11
09-03 11:31:34.452 2433 2451 D BluetoothAdapterProperties: Scan Mode:21
09-03 11:31:34.452 2433 2451 D BluetoothAdapterProperties: Discoverable Timeout:120
09-03 11:31:34.452 2433 2447 D BluetoothAdapterProperties: Setting state to 12
09-03 11:31:34.452 2433 2447 I BluetoothAdapterState: Bluetooth adapter state changed: 11-> 12
09-03 11:31:34.453 2433 2447 I BluetoothAdapterState: Entering OnState
09-03 11:31:34.453 557 595 D BluetoothHeadset: onBluetoothStateChange: up=true
09-03 11:31:34.473 935 2099 D BluetoothPan: onBluetoothStateChange on: true
09-03 11:31:34.473 2433 2433 D BluetoothMapMasInstance0: Map Service startRfcommSocketListener
09-03 11:31:34.474 557 595 D BluetoothHeadset: onBluetoothStateChange: up=true
09-03 11:31:34.475 1427 1972 D BluetoothInputDevice: onBluetoothStateChange: up=true
09-03 11:31:34.476 2433 2433 D ObexServerSockets: create(rfcomm = -2, l2capPsm = -2)
09-03 11:31:34.478 935 1337 D BluetoothInputDevice: onBluetoothStateChange: up=true
09-03 11:31:34.478 557 595 D BluetoothA2dp: onBluetoothStateChange: up=true
09-03 11:31:34.478 929 1405 D BluetoothHeadset: onBluetoothStateChange: up=true
09-03 11:31:34.479 1427 1440 D BluetoothMap: onBluetoothStateChange: up=true
09-03 11:31:34.482 2433 2433 W BluetoothAdapter: getBluetoothService() called with no BluetoothManagerCallback
09-03 11:31:34.483 1427 1972 D BluetoothPan: onBluetoothStateChange on: true
09-03 11:31:34.484 2433 2433 W BluetoothAdapter: getBluetoothService() called with no BluetoothManagerCallback
09-03 11:31:34.487 557 595 D BluetoothHeadset: onBluetoothStateChange: up=true
09-03 11:31:34.487 1427 1972 D BluetoothPbap: onBluetoothStateChange: up=true
09-03 11:31:34.491 935 1470 D BluetoothPbap: onBluetoothStateChange: up=true
09-03 11:31:34.494 2433 2433 D ObexServerSockets: Succeed to create listening sockets
09-03 11:31:34.494 2433 2433 D ObexServerSockets0: startAccept()
09-03 11:31:34.494 2433 2433 D ObexServerSockets0: prepareForNewConnect()
09-03 11:31:34.496 2433 2433 D BluetoothSdpJni: sdpCreateMapMasRecordNative:
09-03 11:31:34.496 2433 2433 D BluetoothSdpJni: SDP Create record success - handle: 0
09-03 11:31:34.499 935 955 D BluetoothMap: onBluetoothStateChange: up=true
09-03 11:31:34.504 557 557 I Telecom : BluetoothPhoneService: queryPhoneState
09-03 11:31:34.507 2433 2433 D BluetoothMapService: onReceive
09-03 11:31:34.507 2433 2433 D BluetoothMapService: onReceive: android.bluetooth.adapter.action.STATE_CHANGED
09-03 11:31:34.507 2433 2433 D BluetoothMapService: STATE_ON
09-03 11:31:34.518 557 596 I ActivityManager: Displayed com.android.settings/.Settings$BluetoothSettingsActivity: +753ms
09-03 11:31:34.519 2433 2476 D ObexServerSockets0: Accepting socket connection...
09-03 11:31:34.527 1427 1427 D LocalBluetoothProfileManager: Adding local A2DP profile
09-03 11:31:34.528 2433 2433 D BluetoothMapMasInstance0: Map Service startRfcommSocketListener
09-03 11:31:34.528 2433 2433 D ObexServerSockets0: prepareForNewConnect()
09-03 11:31:34.532 2433 2477 D ObexServerSockets0: Accepting socket connection...
09-03 11:31:34.535 1427 1427 D LocalBluetoothProfileManager: Adding local HEADSET profile
09-03 11:31:34.542 935 1363 D LocalBluetoothProfileManager: Adding local A2DP profile
09-03 11:31:34.558 935 1363 D LocalBluetoothProfileManager: Adding local HEADSET profile
09-03 11:31:34.558 935 935 D BluetoothA2dp: Proxy object connected
09-03 11:31:34.568 1427 1427 D BluetoothInputDevice: Proxy object connected
09-03 11:31:34.575 557 595 D BluetoothHeadset: Proxy object connected
09-03 11:31:34.577 1427 1427 D HidProfile: Bluetooth service connected
09-03 11:31:34.580 557 595 D BluetoothHeadset: Proxy object connected
09-03 11:31:34.589 1427 1427 D BluetoothPan: BluetoothPAN Proxy object connected
09-03 11:31:34.591 1427 1427 D PanProfile: Bluetooth service connected
09-03 11:31:34.592 1427 1427 D BluetoothMap: Proxy object connected
09-03 11:31:34.593 1427 1427 D MapProfile: Bluetooth service connected
09-03 11:31:34.593 1427 1427 D BluetoothMap: getConnectedDevices()
09-03 11:31:34.596 929 1413 D BluetoothHeadset: Proxy object connected
09-03 11:31:34.605 557 595 D BluetoothHeadset: Proxy object connected
09-03 11:31:34.666 1427 1972 D BluetoothHeadset: Proxy object connected
09-03 11:31:34.676 935 2097 D BluetoothHeadset: Proxy object connected
09-03 11:31:34.739 935 935 D HeadsetProfile: Bluetooth service connected
09-03 11:31:34.813 2433 2458 E bt_btif : bte_scan_filt_param_cfg_evt, 1
09-03 11:31:34.813 2433 2458 E bt_btif : bte_scan_filt_param_cfg_evt, 1
09-03 11:31:34.814 2433 2458 W bt_btif : bta_dm_check_av:0
09-03 11:31:34.859 2433 2451 D BluetoothAdapterProperties: Discoverable Timeout:120
09-03 11:31:34.860 2433 2451 D BluetoothAdapterProperties: Scan Mode:23
09-03 11:31:34.868 1427 1427 E PowerManager: WakeLock tag:StartingDockService from [com.android.settings] is forbidden
09-03 11:31:34.888 1427 1427 W ContextImpl: Calling a method in the system process without a qualified user: android.app.ContextImpl.startService:1221 android.content.ContextWrapper.startService:581 android.content.ContextWrapper.startService:581 com.android.settings.bluetooth.DockEventReceiver.beginStartingService:134 com.android.settings.bluetooth.DockEventReceiver.onReceive:115
09-03 11:31:34.894 1427 1427 D BluetoothA2dp: Proxy object connected
09-03 11:31:34.917 935 935 D BluetoothPbap: Proxy object connected
09-03 11:31:34.919 935 935 D PbapServerProfile: Bluetooth service connected
09-03 11:31:34.932 1427 1427 D HeadsetProfile: Bluetooth service connected
09-03 11:31:34.979 2433 2483 W BluetoothAdapter: getBluetoothService() called with no BluetoothManagerCallback
09-03 11:31:34.991 1427 2484 D Index : Deleting data for locale 'zh_CN' took 0 millis
09-03 11:31:35.010 1427 1427 D DockEventReceiver: finishStartingService: stopping service
09-03 11:31:35.010 1427 1427 E PowerManager: WakeLock under-locked: StartingDockService
09-03 11:31:35.018 1427 2484 D Index : Indexing locale 'zh_CN' took 27 millis
09-03 11:31:35.022 1427 1427 D BluetoothPbap: Proxy object connected
09-03 11:31:35.024 1427 1427 D PbapServerProfile: Bluetooth service connected
09-03 11:31:35.029 2433 2491 W BluetoothAdapter: getBluetoothService() called with no BluetoothManagerCallback
09-03 11:31:35.031 2433 2491 I BtOppRfcommListener: Accept thread started.
09-03 11:31:35.062 1427 1427 V BluetoothDiscoveryReceiver: Received: android.bluetooth.adapter.action.DISCOVERY_STARTED
09-03 11:31:35.390 2433 2451 W art : Method processed more than once: void com.android.bluetooth.btservice.RemoteDevices.devicePropertyChangedCallback(byte[], int[], byte[][])
09-03 11:31:35.465 935 1363 D BluetoothEventManager: DeviceFoundHandler created new CachedBluetoothDevice: 94:87:E0:DF:1A:9D
09-03 11:31:35.562 1427 1427 D BluetoothEventManager: DeviceFoundHandler created new CachedBluetoothDevice: 94:87:E0:DF:1A:9D
09-03 11:31:37.752 557 589 W pms : [com.android.bluetooth] is not allowed to set wakeup alarm
09-03 11:31:37.752 2433 2451 E PowerManager: WakeLock under-locked: bluedroid_timer
09-03 11:31:37.786 935 1363 D BluetoothEventManager: DeviceFoundHandler created new CachedBluetoothDevice: 44:03:2C:A2:C6:CC
09-03 11:31:37.839 1427 1427 D BluetoothEventManager: DeviceFoundHandler created new CachedBluetoothDevice: 44:03:2C:A2:C6:CC
09-03 11:31:39.964 557 588 W pms : [com.android.bluetooth] is not allowed to set wakeup alarm
09-03 11:31:39.966 557 925 W pms : [com.android.bluetooth] is not allowed to set wakeup alarm
09-03 11:31:39.988 935 1363 D BluetoothEventManager: DeviceFoundHandler created new CachedBluetoothDevice: 00:E0:4C:3B:67:D4
09-03 11:31:40.004 193 193 I chatty : uid=0(root) /system/bin/surfaceflinger expire 315 lines
09-03 11:31:40.059 1427 1427 D BluetoothEventManager: DeviceFoundHandler created new CachedBluetoothDevice: 00:E0:4C:3B:67:D4
09-03 11:31:43.770 557 591 D pms : Enter idle state
09-03 11:31:43.771 557 591 D pms : ######### Switching system power mode to [standby]
09-03 11:31:43.771 557 591 I pms : ========== Setup an [300000]s alarm for standby mode ==========
09-03 11:31:43.771 557 591 D pms :
09-03 11:31:43.771 557 591 D pms :
09-03 11:31:43.771 557 591 D pms : ************** Add alarm:onyx_standby_timeout
09-03 11:31:43.771 557 591 D pms :
09-03 11:31:43.773 557 557 D pms : set alarm:onyx_standby_timeout, now:1535945503772 [ 2018-09-03 11:31:43], wake:1535945803771 [2018-09-03 11:36:43]
09-03 11:31:47.068 2433 2458 W bt_btm_ble: btm_ble_process_adv_pkt_cont device is no longer discoverable so discarding advertising packet pkt
09-03 11:31:48.242 2433 2458 W bt_btm_ble: btm_ble_process_adv_pkt_cont device is no longer discoverable so discarding advertising packet pkt
09-03 11:31:48.242 2433 2458 W bt_btm_ble: btm_ble_process_adv_pkt_cont device is no longer discoverable so discarding advertising packet pkt
09-03 11:31:53.157 557 598 I pms : CurrentWakelockAvail: [0]
09-03 11:31:53.160 557 598 I pms : Kernel Wakelocks
09-03 11:31:53.160 557 598 I pms :
09-03 11:31:53.160 557 598 I pms : name active_count event_count wakeup_count expire_count active_since total_time max_time last_change prevent_suspend_time
09-03 11:31:53.160 557 598 I pms : PowerManagerService.Broadcasts 2 2 0 0 0 818 733 373252 0
09-03 11:31:53.160 557 598 I pms : PowerManagerService.WakeLocks 193 193 0 0 0 215837 30103 725983 2242
09-03 11:31:53.160 557 598 I pms : TrimTask 1 1 0 0 0 1171 1171 84504 0
09-03 11:31:53.160 557 598 I pms : event2 2 2 0 0 0 56 55 372530 44
09-03 11:31:53.160 557 598 I pms : event1 86 86 0 0 0 1204 406 702544 1113
09-03 11:31:53.160 557 598 I pms : event0 1982 1982 3 0 0 5194 297 715889 4899
09-03 11:31:53.160 557 598 I pms : eventpoll 2066 2070 0 0 0 9 0 715889 0
09-03 11:31:53.160 557 598 I pms : KeyEvents 1082 1082 0 0 0 606 229 719725 75
09-03 11:31:53.160 557 598 I pms : PowerManagerService.Display 97 97 39 0 0 663157 105953 725972 1291
09-03 11:31:53.160 557 598 I pms : NETLINK 74 74 0 0 0 197 176 712370 5
09-03 11:31:53.160 557 598 I pms : [timerfd] 0 0 0 0 0 0 0 4540 0
09-03 11:31:53.160 557 598 I pms : wlan_wd_wake 91 91 0 0 0 10644 606 602360 321
09-03 11:31:53.160 557 598 I pms : wlan_ctrl_wake 12 426 0 12 0 17764 2001 602800 778
09-03 11:31:53.160 557 598 I pms : wlan_rx_wake 0 0 0 0 0 0 0 3828 0
09-03 11:31:53.160 557 598 I pms : wlan_wake 500 500 0 0 0 3687 872 602309 6
09-03 11:31:53.160 557 598 I pms : binder 2 2 0 0 0 1 1 82069 0
09-03 11:31:53.160 557 598 I pms : eventpoll 76 76 0 0 0 0 0 712370 0
09-03 11:31:53.160 557 598 I pms : onyx_epdc 2 3 0 2 0 6570 3567 375490 3959
09-03 11:31:53.160 557 598 I pms : epdc 449 449 0 0 0 331063 2605 722975 5402
09-03 11:31:53.160 557 598 I pms : rfkill_rk_irq_wl 6 6 3 5 216 5180 994 731707 5180
09-03 11:31:53.160 557 598 I pms : rfkill_wlan_wake 0 0 0 0 0 0 0 2999 0
09-03 11:31:53.160 557 598 I pms : key.37 0 0 0 0 0 0 0 1865 0
09-03 11:31:53.160 557 598 I pms : rk29-keypad 21 776 0 21 0 26979 1936 703530 1120
09-03 11:31:53.160 557 598 I pms : alarm 25 26 0 0 0 994 303 696968 900
09-03 11:31:53.160 557 598 I pms : mmc1_detect 1 1 0 1 0 499 499 4310 0
09-03 11:31:53.160 557 598 I pms : mmc0_detect 1 1 0 1 0 491 491 2350 0
09-03 11:31:53.160 557 598 I pms : 1-0024 35 105 3 35 0 7621 265 711300 4641
09-03 11:31:53.160 557 598 I pms : usb_pcd 1 1 0 0 0 35000 35000 49520 0
09-03 11:31:53.160 557 598 I pms : ff520000.usb 0 0 0 0 0 0 0 844 0
09-03 11:31:53.160 557 598 I pms : iep 0 0 0 0 0 0 0 664 0
09-03 11:31:53.160 557 598 I pms : alarmtimer 0 0 0 0 0 0 0 653 0
09-03 11:31:53.160 557 598 I pms : vpu 0 0 0 0 0 0 0 649 0
09-03 11:31:53.160 557 598 I pms : vpu 0 0 0 0 0 0 0 648 0
09-03 11:31:53.160 557 598 I pms : ac 4 4 0 0 0 0 0 49531 0
09-03 11:31:53.160 557 598 I pms : usb 4 4 0 0 0 0 0 49531 0
09-03 11:31:53.160 557 598 I pms : battery 7 7 0 0 0 7 3 418865 0
09-03 11:31:53.160 557 598 I pms : rk818_chg_lock 1 1 0 0 0 48947 48947 49530 0
09-03 11:31:53.160 557 598 I pms : rk818_bat_lock 0 0 0 0 0 0 0 536 0
09-03 11:31:53.160 557 598 I pms : rga 0 0 0 0 0 0 0 324 0
09-03 11:31:53.160 557 598 I pms : rk818-rtc 3 3 0 0 0 0 0 368072 0
09-03 11:31:53.160 557 598 I pms : rk818_irq_wake 739 739 0 0 0 1010 6 368073 6
09-03 11:31:53.160 557 598 I pms : serial-debug 1 1 0 0 0 500 500 640 0
09-03 11:31:53.160 557 598 I pms : autosleep 104 104 0 0 0 54 12 725972 54
09-03 11:31:53.160 557 598 I pms : Total Active Wakeup Source:1
09-03 11:32:00.071 1427 1432 W art : Compilation of int[] android.onyx.ViewUpdateHelper.flattenUpdateEntryList() took 294.077ms
09-03 11:32:00.072 193 193 I chatty : uid=0(root) /system/bin/surfaceflinger expire 406 lines
09-03 11:32:01.179 2433 2458 W bt_btm_ble: btm_ble_process_adv_pkt_cont device is no longer discoverable so discarding advertising packet pkt
09-03 11:32:01.601 557 598 I pms : CurrentWakelockAvail: [0]
09-03 11:32:01.604 557 598 I pms : Kernel Wakelocks
09-03 11:32:01.604 557 598 I pms :
09-03 11:32:01.604 557 598 I pms : name active_count event_count wakeup_count expire_count active_since total_time max_time last_change prevent_suspend_time
09-03 11:32:01.604 557 598 I pms : PowerManagerService.Broadcasts 2 2 0 0 0 818 733 373252 0
09-03 11:32:01.604 557 598 I pms : PowerManagerService.WakeLocks 194 194 0 0 0 215905 30103 736465 2311
09-03 11:32:01.604 557 598 I pms : TrimTask 1 1 0 0 0 1171 1171 84504 0
09-03 11:32:01.604 557 598 I pms : event2 2 2 0 0 0 56 55 372530 44
09-03 11:32:01.604 557 598 I pms : event1 86 86 0 0 0 1204 406 702544 1113
09-03 11:32:01.604 557 598 I pms : event0 1982 1982 3 0 0 5194 297 715889 4899
09-03 11:32:01.604 557 598 I pms : eventpoll 2066 2070 0 0 0 9 0 715889 0
09-03 11:32:01.604 557 598 I pms : KeyEvents 1082 1082 0 0 0 606 229 719725 75
09-03 11:32:01.604 557 598 I pms : PowerManagerService.Display 97 97 39 0 0 663157 105953 725972 1291
09-03 11:32:01.604 557 598 I pms : NETLINK 74 74 0 0 0 197 176 712370 5
09-03 11:32:01.604 557 598 I pms : [timerfd] 0 0 0 0 0 0 0 4540 0
09-03 11:32:01.604 557 598 I pms : wlan_wd_wake 91 91 0 0 0 10644 606 602360 321
09-03 11:32:01.604 557 598 I pms : wlan_ctrl_wake 12 426 0 12 0 17764 2001 602800 778
09-03 11:32:01.604 557 598 I pms : wlan_rx_wake 0 0 0 0 0 0 0 3828 0
09-03 11:32:01.604 557 598 I pms : wlan_wake 500 500 0 0 0 3687 872 602309 6
09-03 11:32:01.604 557 598 I pms : binder 2 2 0 0 0 1 1 82069 0
09-03 11:32:01.604 557 598 I pms : eventpoll 76 76 0 0 0 0 0 712370 0
09-03 11:32:01.604 557 598 I pms : onyx_epdc 2 3 0 2 0 6570 3567 375490 3959
09-03 11:32:01.604 557 598 I pms : epdc 450 450 0 0 0 331637 2605 737191 5976
09-03 11:32:01.604 557 598 I pms : rfkill_rk_irq_wl 11 11 5 10 552 10481 994 737374 10481
09-03 11:32:01.604 557 598 I pms : rfkill_wlan_wake 0 0 0 0 0 0 0 2999 0
09-03 11:32:01.604 557 598 I pms : key.37 0 0 0 0 0 0 0 1865 0
09-03 11:32:01.604 557 598 I pms : rk29-keypad 21 776 0 21 0 26979 1936 703530 1120
09-03 11:32:01.604 557 598 I pms : alarm 26 27 0 0 0 1063 303 736397 969
09-03 11:32:01.604 557 598 I pms : mmc1_detect 1 1 0 1 0 499 499 4310 0
09-03 11:32:01.604 557 598 I pms : mmc0_detect 1 1 0 1 0 491 491 2350 0
09-03 11:32:01.604 557 598 I pms : 1-0024 35 105 3 35 0 7621 265 711300 4641
09-03 11:32:01.604 557 598 I pms : usb_pcd 1 1 0 0 0 35000 35000 49520 0
09-03 11:32:01.604 557 598 I pms : ff520000.usb 0 0 0 0 0 0 0 844 0
09-03 11:32:01.604 557 598 I pms : iep 0 0 0 0 0 0 0 664 0
09-03 11:32:01.604 557 598 I pms : alarmtimer 0 0 0 0 0 0 0 653 0
09-03 11:32:01.604 557 598 I pms : vpu 0 0 0 0 0 0 0 649 0
09-03 11:32:01.604 557 598 I pms : vpu 0 0 0 0 0 0 0 648 0
09-03 11:32:01.604 557 598 I pms : ac 4 4 0 0 0 0 0 49531 0
09-03 11:32:01.604 557 598 I pms : usb 4 4 0 0 0 0 0 49531 0
09-03 11:32:01.604 557 598 I pms : battery 7 7 0 0 0 7 3 418865 0
09-03 11:32:01.604 557 598 I pms : rk818_chg_lock 1 1 0 0 0 48947 48947 49530 0
09-03 11:32:01.604 557 598 I pms : rk818_bat_lock 0 0 0 0 0 0 0 536 0
09-03 11:32:01.604 557 598 I pms : rga 0 0 0 0 0 0 0 324 0
09-03 11:32:01.604 557 598 I pms : rk818-rtc 3 3 0 0 0 0 0 368072 0
09-03 11:32:01.604 557 598 I pms : rk818_irq_wake 739 739 0 0 0 1010 6 368073 6
09-03 11:32:01.604 557 598 I pms : serial-debug 1 1 0 0 0 500 500 640 0
09-03 11:32:01.604 557 598 I pms : autosleep 104 104 0 0 0 54 12 725972 54
09-03 11:32:01.604 557 598 I pms : Total Active Wakeup Source:1
09-03 11:32:08.139 557 598 I pms : CurrentWakelockAvail: [0]
09-03 11:32:08.143 557 598 I pms : Kernel Wakelocks
09-03 11:32:08.143 557 598 I pms :
09-03 11:32:08.143 557 598 I pms : name active_count event_count wakeup_count expire_count active_since total_time max_time last_change prevent_suspend_time
09-03 11:32:08.143 557 598 I pms : PowerManagerService.Broadcasts 2 2 0 0 0 818 733 373252 0
09-03 11:32:08.143 557 598 I pms : PowerManagerService.WakeLocks 194 194 0 0 0 215905 30103 736465 2311
09-03 11:32:08.143 557 598 I pms : TrimTask 1 1 0 0 0 1171 1171 84504 0
09-03 11:32:08.143 557 598 I pms : event2 2 2 0 0 0 56 55 372530 44
09-03 11:32:08.143 557 598 I pms : event1 86 86 0 0 0 1204 406 702544 1113
09-03 11:32:08.143 557 598 I pms : event0 1982 1982 3 0 0 5194 297 715889 4899
09-03 11:32:08.143 557 598 I pms : eventpoll 2066 2070 0 0 0 9 0 715889 0
09-03 11:32:08.143 557 598 I pms : KeyEvents 1082 1082 0 0 0 606 229 719725 75
09-03 11:32:08.143 557 598 I pms : PowerManagerService.Display 97 97 39 0 0 663157 105953 725972 1291
09-03 11:32:08.143 557 598 I pms : NETLINK 74 74 0 0 0 197 176 712370 5
09-03 11:32:08.143 557 598 I pms : [timerfd] 0 0 0 0 0 0 0 4540 0
09-03 11:32:08.143 557 598 I pms : wlan_wd_wake 91 91 0 0 0 10644 606 602360 321
09-03 11:32:08.143 557 598 I pms : wlan_ctrl_wake 12 426 0 12 0 17764 2001 602800 778
09-03 11:32:08.143 557 598 I pms : wlan_rx_wake 0 0 0 0 0 0 0 3828 0
09-03 11:32:08.143 557 598 I pms : wlan_wake 500 500 0 0 0 3687 872 602309 6
09-03 11:32:08.143 557 598 I pms : binder 2 2 0 0 0 1 1 82069 0
09-03 11:32:08.143 557 598 I pms : eventpoll 76 76 0 0 0 0 0 712370 0
09-03 11:32:08.143 557 598 I pms : onyx_epdc 2 3 0 2 0 6570 3567 375490 3959
09-03 11:32:08.143 557 598 I pms : epdc 450 450 0 0 0 331637 2605 737191 5976
09-03 11:32:08.143 557 598 I pms : rfkill_rk_irq_wl 17 17 9 16 84 15972 995 743921 15972
09-03 11:32:08.143 557 598 I pms : rfkill_wlan_wake 0 0 0 0 0 0 0 2999 0
09-03 11:32:08.143 557 598 I pms : key.37 0 0 0 0 0 0 0 1865 0
09-03 11:32:08.143 557 598 I pms : rk29-keypad 21 776 0 21 0 26979 1936 703530 1120
09-03 11:32:08.143 557 598 I pms : alarm 26 27 0 0 0 1063 303 736397 969
09-03 11:32:08.143 557 598 I pms : mmc1_detect 1 1 0 1 0 499 499 4310 0
09-03 11:32:08.143 557 598 I pms : mmc0_detect 1 1 0 1 0 491 491 2350 0
09-03 11:32:08.143 557 598 I pms : 1-0024 35 105 3 35 0 7621 265 711300 4641
09-03 11:32:08.143 557 598 I pms : usb_pcd 1 1 0 0 0 35000 35000 49520 0
09-03 11:32:08.143 557 598 I pms : ff520000.usb 0 0 0 0 0 0 0 844 0
09-03 11:32:08.143 557 598 I pms : iep 0 0 0 0 0 0 0 664 0
09-03 11:32:08.143 557 598 I pms : alarmtimer 0 0 0 0 0 0 0 653 0
09-03 11:32:08.143 557 598 I pms : vpu 0 0 0 0 0 0 0 649 0
09-03 11:32:08.143 557 598 I pms : vpu 0 0 0 0 0 0 0 648 0
09-03 11:32:08.143 557 598 I pms : ac 4 4 0 0 0 0 0 49531 0
09-03 11:32:08.143 557 598 I pms : usb 4 4 0 0 0 0 0 49531 0
09-03 11:32:08.143 557 598 I pms : battery 7 7 0 0 0 7 3 418865 0
09-03 11:32:08.143 557 598 I pms : rk818_chg_lock 1 1 0 0 0 48947 48947 49530 0
09-03 11:32:08.143 557 598 I pms : rk818_bat_lock 0 0 0 0 0 0 0 536 0
09-03 11:32:08.143 557 598 I pms : rga 0 0 0 0 0 0 0 324 0
09-03 11:32:08.143 557 598 I pms : rk818-rtc 3 3 0 0 0 0 0 368072 0
09-03 11:32:08.143 557 598 I pms : rk818_irq_wake 739 739 0 0 0 1010 6 368073 6
09-03 11:32:08.143 557 598 I pms : serial-debug 1 1 0 0 0 500 500 640 0
09-03 11:32:08.143 557 598 I pms : autosleep 104 104 0 0 0 54 12 725972 54
09-03 11:32:08.143 557 598 I pms : Total Active Wakeup Source:1
09-03 11:32:16.824 557 598 I pms : CurrentWakelockAvail: [0]
09-03 11:32:16.835 557 598 I pms : Kernel Wakelocks
09-03 11:32:16.835 557 598 I pms :
09-03 11:32:16.835 557 598 I pms : name active_count event_count wakeup_count expire_count active_since total_time max_time last_change prevent_suspend_time
09-03 11:32:16.835 557 598 I pms : PowerManagerService.Broadcasts 2 2 0 0 0 818 733 373252 0
09-03 11:32:16.835 557 598 I pms : PowerManagerService.WakeLocks 194 194 0 0 0 215905 30103 736465 2311
09-03 11:32:16.835 557 598 I pms : TrimTask 1 1 0 0 0 1171 1171 84504 0
09-03 11:32:16.835 557 598 I pms : event2 2 2 0 0 0 56 55 372530 44
09-03 11:32:16.835 557 598 I pms : event1 86 86 0 0 0 1204 406 702544 1113
09-03 11:32:16.835 557 598 I pms : event0 1982 1982 3 0 0 5194 297 715889 4899
09-03 11:32:16.835 557 598 I pms : eventpoll 2066 2070 0 0 0 9 0 715889 0
09-03 11:32:16.835 557 598 I pms : KeyEvents 1083 1083 0 0 0 606 229 749725 75
09-03 11:32:16.835 557 598 I pms : PowerManagerService.Display 97 97 39 0 0 663157 105953 725972 1291
09-03 11:32:16.835 557 598 I pms : NETLINK 74 74 0 0 0 197 176 712370 5
09-03 11:32:16.835 557 598 I pms : [timerfd] 0 0 0 0 0 0 0 4540 0
09-03 11:32:16.835 557 598 I pms : wlan_wd_wake 91 91 0 0 0 10644 606 602360 321
09-03 11:32:16.835 557 598 I pms : wlan_ctrl_wake 12 426 0 12 0 17764 2001 602800 778
09-03 11:32:16.835 557 598 I pms : wlan_rx_wake 0 0 0 0 0 0 0 3828 0
09-03 11:32:16.835 557 598 I pms : wlan_wake 500 500 0 0 0 3687 872 602309 6
09-03 11:32:16.835 557 598 I pms : binder 2 2 0 0 0 1 1 82069 0
09-03 11:32:16.835 557 598 I pms : eventpoll 76 76 0 0 0 0 0 712370 0
09-03 11:32:16.835 557 598 I pms : onyx_epdc 2 3 0 2 0 6570 3567 375490 3959
09-03 11:32:16.835 557 598 I pms : epdc 450 450 0 0 0 331637 2605 737191 5976
09-03 11:32:16.835 557 598 I pms : rfkill_rk_irq_wl 22 22 12 21 547 21404 998 749463 21404
09-03 11:32:16.835 557 598 I pms : rfkill_wlan_wake 0 0 0 0 0 0 0 2999 0
09-03 11:32:16.835 557 598 I pms : key.37 0 0 0 0 0 0 0 1865 0
09-03 11:32:16.835 557 598 I pms : rk29-keypad 21 776 0 21 0 26979 1936 703530 1120
09-03 11:32:16.835 557 598 I pms : alarm 26 27 0 0 0 1063 303 736397 969
09-03 11:32:16.835 557 598 I pms : mmc1_detect 1 1 0 1 0 499 499 4310 0
09-03 11:32:16.835 557 598 I pms : mmc0_detect 1 1 0 1 0 491 491 2350 0
09-03 11:32:16.835 557 598 I pms : 1-0024 35 105 3 35 0 7621 265 711300 4641
09-03 11:32:16.835 557 598 I pms : usb_pcd 1 1 0 0 0 35000 35000 49520 0
09-03 11:32:16.835 557 598 I pms : ff520000.usb 0 0 0 0 0 0 0 844 0
09-03 11:32:16.835 557 598 I pms : iep 0 0 0 0 0 0 0 664 0
09-03 11:32:16.835 557 598 I pms : alarmtimer 0 0 0 0 0 0 0 653 0
09-03 11:32:16.835 557 598 I pms : vpu 0 0 0 0 0 0 0 649 0
09-03 11:32:16.835 557 598 I pms : vpu 0 0 0 0 0 0 0 648 0
09-03 11:32:16.835 557 598 I pms : ac 4 4 0 0 0 0 0 49531 0
09-03 11:32:16.835 557 598 I pms : usb 4 4 0 0 0 0 0 49531 0
09-03 11:32:16.835 557 598 I pms : battery 7 7 0 0 0 7 3 418865 0
09-03 11:32:16.835 557 598 I pms : rk818_chg_lock 1 1 0 0 0 48947 48947 49530 0
09-03 11:32:16.835 557 598 I pms : rk818_bat_lock 0 0 0 0 0 0 0 536 0
09-03 11:32:16.835 557 598 I pms : rga 0 0 0 0 0 0 0 324 0
09-03 11:32:16.835 557 598 I pms : rk818-rtc 3 3 0 0 0 0 0 368072 0
09-03 11:32:16.835 557 598 I pms : rk818_irq_wake 739 739 0 0 0 1010 6 368073 6
09-03 11:32:16.835 557 598 I pms : serial-debug 1 1 0 0 0 500 500 640 0
09-03 11:32:16.835 557 598 I pms : autosleep 104 104 0 0 0 54 12 725972 54
09-03 11:32:16.835 557 598 I pms : Total Active Wakeup Source:1
09-03 11:32:23.459 557 598 I pms : CurrentWakelockAvail: [0]
09-03 11:32:23.462 557 598 I pms : Kernel Wakelocks
09-03 11:32:23.462 557 598 I pms :
09-03 11:32:23.462 557 598 I pms : name active_count event_count wakeup_count expire_count active_since total_time max_time last_change prevent_suspend_time
09-03 11:32:23.462 557 598 I pms : PowerManagerService.Broadcasts 2 2 0 0 0 818 733 373252 0
09-03 11:32:23.462 557 598 I pms : PowerManagerService.WakeLocks 194 194 0 0 0 215905 30103 736465 2311
09-03 11:32:23.462 557 598 I pms : TrimTask 1 1 0 0 0 1171 1171 84504 0
09-03 11:32:23.462 557 598 I pms : event2 2 2 0 0 0 56 55 372530 44
09-03 11:32:23.462 557 598 I pms : event1 86 86 0 0 0 1204 406 702544 1113
09-03 11:32:23.462 557 598 I pms : event0 1982 1982 3 0 0 5194 297 715889 4899
09-03 11:32:23.462 557 598 I pms : eventpoll 2066 2070 0 0 0 9 0 715889 0
09-03 11:32:23.462 557 598 I pms : KeyEvents 1083 1083 0 0 0 606 229 749725 75
09-03 11:32:23.462 557 598 I pms : PowerManagerService.Display 97 97 39 0 0 663157 105953 725972 1291
09-03 11:32:23.462 557 598 I pms : NETLINK 74 74 0 0 0 197 176 712370 5
09-03 11:32:23.462 557 598 I pms : [timerfd] 0 0 0 0 0 0 0 4540 0
09-03 11:32:23.462 557 598 I pms : wlan_wd_wake 91 91 0 0 0 10644 606 602360 321
09-03 11:32:23.462 557 598 I pms : wlan_ctrl_wake 12 426 0 12 0 17764 2001 602800 778
09-03 11:32:23.462 557 598 I pms : wlan_rx_wake 0 0 0 0 0 0 0 3828 0
09-03 11:32:23.462 557 598 I pms : wlan_wake 500 500 0 0 0 3687 872 602309 6
09-03 11:32:23.462 557 598 I pms : binder 2 2 0 0 0 1 1 82069 0
09-03 11:32:23.462 557 598 I pms : eventpoll 76 76 0 0 0 0 0 712370 0
09-03 11:32:23.462 557 598 I pms : onyx_epdc 2 3 0 2 0 6570 3567 375490 3959
09-03 11:32:23.462 557 598 I pms : epdc 450 450 0 0 0 331637 2605 737191 5976
09-03 11:32:23.462 557 598 I pms : rfkill_rk_irq_wl 28 28 16 27 128 26951 998 756007 26951
09-03 11:32:23.462 557 598 I pms : rfkill_wlan_wake 0 0 0 0 0 0 0 2999 0
09-03 11:32:23.462 557 598 I pms : key.37 0 0 0 0 0 0 0 1865 0
09-03 11:32:23.462 557 598 I pms : rk29-keypad 21 776 0 21 0 26979 1936 703530 1120
