09-03 11:40:27.163 557 598 I pms : alarmtimer 1 1 1 1 0 1992 1992 809520 1992
09-03 11:40:27.163 557 598 I pms : vpu 0 0 0 0 0 0 0 649 0
09-03 11:40:27.163 557 598 I pms : vpu 0 0 0 0 0 0 0 648 0
09-03 11:40:27.163 557 598 I pms : ac 4 4 0 0 0 0 0 49531 0
09-03 11:40:27.163 557 598 I pms : usb 4 4 0 0 0 0 0 49531 0
09-03 11:40:27.163 557 598 I pms : battery 9 9 0 0 0 10 3 1053564 0
09-03 11:40:27.163 557 598 I pms : rk818_chg_lock 1 1 0 0 0 48947 48947 49530 0
09-03 11:40:27.163 557 598 I pms : rk818_bat_lock 0 0 0 0 0 0 0 536 0
09-03 11:40:27.163 557 598 I pms : rga 0 0 0 0 0 0 0 324 0
09-03 11:40:27.163 557 598 I pms : rk818-rtc 4 4 1 0 0 0 0 809353 0
09-03 11:40:27.163 557 598 I pms : rk818_irq_wake 740 740 1 0 0 1014 6 809354 10
09-03 11:40:27.163 557 598 I pms : serial-debug 1 1 0 0 0 500 500 640 0
09-03 11:40:27.163 557 598 I pms : autosleep 134 134 1 0 0 89 12 1097722 89
09-03 11:40:27.163 557 598 I pms : Total Active Wakeup Source:1
09-03 11:40:28.096 557 786 D pms : ######### Switching system power mode to [off]
09-03 11:40:28.097 557 557 D pms : ************** cancel alarm:onyx_standby_timeout
09-03 11:40:28.098 557 557 D pms : ************** cancel alarm:onyx_auto_poweroff
09-03 11:40:40.520 557 796 D WifiStateMachine: starting scan for "DevTest"WPA_PSK with 2437
09-03 11:40:40.547 193 193 I chatty : uid=0(root) /system/bin/surfaceflinger expire 284 lines
09-03 11:40:40.747 557 593 D Tethering: interfaceLinkStateChanged wlan0, true
09-03 11:40:40.747 557 593 D Tethering: interfaceStatusChanged wlan0, true
09-03 11:40:43.472 557 598 D pms : Enter idle state
09-03 11:40:43.472 557 598 D pms : ######### Switching system power mode to [standby]
09-03 11:40:43.473 557 598 I pms : ========== Setup an [300000]s alarm for standby mode ==========
09-03 11:40:43.473 557 598 D pms :
09-03 11:40:43.473 557 598 D pms :
09-03 11:40:43.473 557 598 D pms : ************** Add alarm:onyx_standby_timeout
09-03 11:40:43.473 557 598 D pms :
09-03 11:40:43.475 557 557 D pms : set alarm:onyx_standby_timeout, now:1535946043474 [ 2018-09-03 11:40:43], wake:1535946343473 [2018-09-03 11:45:43]
09-03 11:40:51.069 557 598 I pms : CurrentWakelockAvail: [0]
09-03 11:40:51.072 557 598 I pms : Kernel Wakelocks
09-03 11:40:51.072 557 598 I pms :
09-03 11:40:51.072 557 598 I pms : name active_count event_count wakeup_count expire_count active_since total_time max_time last_change prevent_suspend_time
09-03 11:40:51.072 557 598 I pms : PowerManagerService.Broadcasts 2 2 0 0 0 818 733 373252 0
09-03 11:40:51.072 557 598 I pms : PowerManagerService.WakeLocks 257 257 1 0 0 338070 30103 1119782 9040
09-03 11:40:51.072 557 598 I pms : TrimTask 1 1 0 0 0 1171 1171 84504 0
09-03 11:40:51.072 557 598 I pms : event2 2 2 0 0 0 56 55 372530 44
09-03 11:40:51.072 557 598 I pms : event1 114 114 0 0 0 1251 406 885903 1113
09-03 11:40:51.072 557 598 I pms : event0 7234 7234 5 0 0 8392 297 1112672 6517
09-03 11:40:51.072 557 598 I pms : eventpoll 7346 7350 0 0 0 45 0 1112672 0
09-03 11:40:51.072 557 598 I pms : KeyEvents 3735 3735 0 0 0 1567 229 1115052 81
09-03 11:40:51.072 557 598 I pms : PowerManagerService.Display 128 128 45 0 0 922469 105953 1119786 1426
09-03 11:40:51.072 557 598 I pms : NETLINK 78 78 0 0 0 199 176 1053566 6
09-03 11:40:51.072 557 598 I pms : [timerfd] 0 0 0 0 0 0 0 4540 0
09-03 11:40:51.072 557 598 I pms : wlan_wd_wake 663 663 4 0 2 58949 931 1125893 11692
09-03 11:40:51.072 557 598 I pms : wlan_ctrl_wake 27 1018 0 27 0 34463 2086 1117500 3557
09-03 11:40:51.072 557 598 I pms : wlan_rx_wake 186 1725 4 185 2 154279 8188 1125893 33833
09-03 11:40:51.072 557 598 I pms : wlan_wake 3439 3439 4 0 0 8491 872 1125893 946
09-03 11:40:51.072 557 598 I pms : binder 2 2 0 0 0 1 1 82069 0
09-03 11:40:51.072 557 598 I pms : eventpoll 80 80 0 0 0 0 0 1053566 0
09-03 11:40:51.072 557 598 I pms : onyx_epdc 2 3 0 2 0 6570 3567 375490 3959
09-03 11:40:51.072 557 598 I pms : epdc 536 536 1 0 0 549135 30188 1116645 25506
09-03 11:40:51.072 557 598 I pms : rfkill_rk_irq_wl 66 66 40 66 0 65602 999 816350 65602
09-03 11:40:51.072 557 598 I pms : rfkill_wlan_wake 0 0 0 0 0 0 0 2999 0
09-03 11:40:51.072 557 598 I pms : key.37 0 0 0 0 0 0 0 1865 0
09-03 11:40:51.072 557 598 I pms : rk29-keypad 27 812 0 27 0 35605 2488 886890 1120
09-03 11:40:51.072 557 598 I pms : alarm 35 36 2 1 0 6219 5004 1077117 6116
09-03 11:40:51.072 557 598 I pms : mmc1_detect 1 1 0 1 0 499 499 4310 0
09-03 11:40:51.072 557 598 I pms : mmc0_detect 1 1 0 1 0 491 491 2350 0
09-03 11:40:51.072 557 598 I pms : 1-0024 46 153 4 46 0 10235 265 1104440 6119
09-03 11:40:51.072 557 598 I pms : usb_pcd 1 1 0 0 0 35000 35000 49520 0
09-03 11:40:51.072 557 598 I pms : ff520000.usb 0 0 0 0 0 0 0 844 0
09-03 11:40:51.072 557 598 I pms : iep 0 0 0 0 0 0 0 664 0
09-03 11:40:51.072 557 598 I pms : alarmtimer 1 1 1 1 0 1992 1992 809520 1992
09-03 11:40:51.072 557 598 I pms : vpu 0 0 0 0 0 0 0 649 0
09-03 11:40:51.072 557 598 I pms : vpu 0 0 0 0 0 0 0 648 0
09-03 11:40:51.072 557 598 I pms : ac 4 4 0 0 0 0 0 49531 0
09-03 11:40:51.072 557 598 I pms : usb 4 4 0 0 0 0 0 49531 0
09-03 11:40:51.072 557 598 I pms : battery 9 9 0 0 0 10 3 1053564 0
09-03 11:40:51.072 557 598 I pms : rk818_chg_lock 1 1 0 0 0 48947 48947 49530 0
09-03 11:40:51.072 557 598 I pms : rk818_bat_lock 0 0 0 0 0 0 0 536 0
09-03 11:40:51.072 557 598 I pms : rga 0 0 0 0 0 0 0 324 0
09-03 11:40:51.072 557 598 I pms : rk818-rtc 4 4 1 0 0 0 0 809353 0
09-03 11:40:51.072 557 598 I pms : rk818_irq_wake 740 740 1 0 0 1014 6 809354 10
09-03 11:40:51.072 557 598 I pms : serial-debug 1 1 0 0 0 500 500 640 0
09-03 11:40:51.072 557 598 I pms : autosleep 136 136 1 0 0 89 12 1119781 89
09-03 11:40:51.072 557 598 I pms : Total Active Wakeup Source:2
09-03 11:40:53.681 557 786 D pms : ######### Switching system power mode to [off]
09-03 11:40:53.681 557 557 D pms : ************** cancel alarm:onyx_standby_timeout
09-03 11:40:53.682 557 557 D pms : ************** cancel alarm:onyx_auto_poweroff
09-03 11:40:57.468 2613 2613 W BindingManager: Cannot call determinedVisibility() - never saw a connection for the pid: 2613
09-03 11:40:57.547 193 193 I chatty : uid=0(root) /system/bin/surfaceflinger expire 270 lines
09-03 11:40:57.617 2613 2779 W art : Method processed more than once: java.lang.String com.android.okhttp.okio.ByteString.hex()
09-03 11:41:02.394 557 796 D WifiStateMachine: starting scan for "DevTest"WPA_PSK with 2437
09-03 11:41:02.605 557 593 D Tethering: interfaceLinkStateChanged wlan0, true
09-03 11:41:02.605 557 593 D Tethering: interfaceStatusChanged wlan0, true
09-03 11:41:10.645 557 598 D pms : Enter idle state
09-03 11:41:10.645 557 598 D pms : ######### Switching system power mode to [standby]
09-03 11:41:10.645 557 598 I pms : ========== Setup an [300000]s alarm for standby mode ==========
09-03 11:41:10.645 557 598 D pms :
09-03 11:41:10.645 557 598 D pms :
09-03 11:41:10.645 557 598 D pms : ************** Add alarm:onyx_standby_timeout
09-03 11:41:10.645 557 598 D pms :
09-03 11:41:10.647 557 557 D pms : set alarm:onyx_standby_timeout, now:1535946070646 [ 2018-09-03 11:41:10], wake:1535946370645 [2018-09-03 11:46:10]
09-03 11:41:15.510 557 786 D pms : ######### Switching system power mode to [off]
09-03 11:41:15.510 557 557 D pms : ************** cancel alarm:onyx_standby_timeout
09-03 11:41:15.511 557 557 D pms : ************** cancel alarm:onyx_auto_poweroff
09-03 11:41:15.701 2613 2613 W BindingManager: Cannot call determinedVisibility() - never saw a connection for the pid: 2613
09-03 11:41:15.716 193 193 I chatty : uid=0(root) /system/bin/surfaceflinger expire 204 lines
09-03 11:41:15.730 2613 2613 E browser : Console: Error while parsing the 'sandbox' attribute: 'allow-popups-to-escape-sandbox', 'allow-modals' are invalid sandbox flags. https://www.baidu.com/#iact=wiseindex%2Ftabs%2Fnews%2Factivity%2Fnewsdetail%3D%257B%2522linkData%2522%253A%257B%2522name%2522%253A%2522iframe%252Fmib-iframe%2522%252C%2522id%2522%253A%2522feed%2522%252C%2522index%2522%253A0%252C%2522url%2522%253A%2522https%253A%252F%252Fmbd.baidu.com%252Fnewspage%252Fdata%252Flandingpage%253Fs_type%253Dnews%2526dsp%253Dwise%2526context%253D%25257B%252522nid%252522%25253A%252522news_8952190726444534941%252522%25257D%2526pageType%253D1%2526n_type%253D1%2526p_from%253D-1%2526innerIframe%253D1%2522%252C%2522isThird%2522%253Afalse%252C%2522title%2522%253Anull%257D%257D:0
09-03 11:41:15.761 2613 2613 E browser : Console: Error while parsing the 'sandbox' attribute: 'allow-popups-to-escape-sandbox', 'allow-modals' are invalid sandbox flags. https://www.baidu.com/#iact=wiseindex%2Ftabs%2Fnews%2Factivity%2Fnewsdetail%3D%257B%2522linkData%2522%253A%257B%2522name%2522%253A%2522iframe%252Fmib-iframe%2522%252C%2522id%2522%253A%2522feed%2522%252C%2522index%2522%253A0%252C%2522url%2522%253A%2522https%253A%252F%252Fmbd.baidu.com%252Fnewspage%252Fdata%252Flandingpage%253Fs_type%253Dnews%2526dsp%253Dwise%2526context%253D%25257B%252522nid%252522%25253A%252522news_8952190726444534941%252522%25257D%2526pageType%253D1%2526n_type%253D1%2526p_from%253D-1%2526innerIframe%253D1%2522%252C%2522isThird%2522%253Afalse%252C%2522title%2522%253Anull%257D%257D:0
09-03 11:41:18.275 2613 2613 E browser : Console: [Report Only] Refused to load the image 'http://fc-feed.cdn.bcebos.com/0/pic/9a37965fd75b3ace12c0d2d27a46677b.jpg' because it violates the following Content Security Policy directive: "default-src https: 'unsafe-inline' 'unsafe-eval' data: blob: ". Note that 'img-src' was not explicitly set, so 'default-src' is used as a fallback.
09-03 11:41:18.275 2613 2613 E browser : https://mbd.baidu.com/newspage/data/landingpage?s_type=news&dsp=wise&context=%7B%22nid%22%3A%22news_8952190726444534941%22%7D&pageType=1&n_type=1&p_from=-1&innerIframe=1#viewportType=virtual&paddingTop=54&pageType=&pageInfo=:0
09-03 11:41:18.280 2613 2613 W browser : Console: Mixed Content: The page at 'https://mbd.baidu.com/newspage/data/landingpage?s_type=news&dsp=wise&context=%7B%22nid%22%3A%22news_8952190726444534941%22%7D&pageType=1&n_type=1&p_from=-1&innerIframe=1#viewportType=virtual&paddingTop=54&pageType=&pageInfo=' was loaded over HTTPS, but requested an insecure image 'http://fc-feed.cdn.bcebos.com/0/pic/9a37965fd75b3ace12c0d2d27a46677b.jpg'. This content should also be served over HTTPS. https://mbd.baidu.com/newspage/data/landingpage?s_type=news&dsp=wise&context=%7B%22nid%22%3A%22news_8952190726444534941%22%7D&pageType=1&n_type=1&p_from=-1&innerIframe=1#viewportType=virtual&paddingTop=54&pageType=&pageInfo=:0
09-03 11:41:18.318 2613 2613 E browser : Console: [Report Only] Refused to load the image 'http://fc-feed.cdn.bcebos.com/0/pic/6fdb7f183400bed47b50fd8a1d104fca.png' because it violates the following Content Security Policy directive: "default-src https: 'unsafe-inline' 'unsafe-eval' data: blob: ". Note that 'img-src' was not explicitly set, so 'default-src' is used as a fallback.
09-03 11:41:18.318 2613 2613 E browser : https://mbd.baidu.com/newspage/data/landingpage?s_type=news&dsp=wise&context=%7B%22nid%22%3A%22news_8952190726444534941%22%7D&pageType=1&n_type=1&p_from=-1&innerIframe=1#viewportType=virtual&paddingTop=54&pageType=&pageInfo=:0
09-03 11:41:18.319 2613 2613 W browser : Console: Mixed Content: The page at 'https://mbd.baidu.com/newspage/data/landingpage?s_type=news&dsp=wise&context=%7B%22nid%22%3A%22news_8952190726444534941%22%7D&pageType=1&n_type=1&p_from=-1&innerIframe=1#viewportType=virtual&paddingTop=54&pageType=&pageInfo=' was loaded over HTTPS, but requested an insecure image 'http://fc-feed.cdn.bcebos.com/0/pic/6fdb7f183400bed47b50fd8a1d104fca.png'. This content should also be served over HTTPS. https://mbd.baidu.com/newspage/data/landingpage?s_type=news&dsp=wise&context=%7B%22nid%22%3A%22news_8952190726444534941%22%7D&pageType=1&n_type=1&p_from=-1&innerIframe=1#viewportType=virtual&paddingTop=54&pageType=&pageInfo=:0
09-03 11:41:18.320 2613 2613 E browser : Console: [Report Only] Refused to load the image 'http://fc-feed.cdn.bcebos.com/0/pic/3f63f55cc007a14752c765b98b0371ea.jpg' because it violates the following Content Security Policy directive: "default-src https: 'unsafe-inline' 'unsafe-eval' data: blob: ". Note that 'img-src' was not explicitly set, so 'default-src' is used as a fallback.
09-03 11:41:18.320 2613 2613 E browser : https://mbd.baidu.com/newspage/data/landingpage?s_type=news&dsp=wise&context=%7B%22nid%22%3A%22news_8952190726444534941%22%7D&pageType=1&n_type=1&p_from=-1&innerIframe=1#viewportType=virtual&paddingTop=54&pageType=&pageInfo=:0
09-03 11:41:18.322 2613 2613 W browser : Console: Mixed Content: The page at 'https://mbd.baidu.com/newspage/data/landingpage?s_type=news&dsp=wise&context=%7B%22nid%22%3A%22news_8952190726444534941%22%7D&pageType=1&n_type=1&p_from=-1&innerIframe=1#viewportType=virtual&paddingTop=54&pageType=&pageInfo=' was loaded over HTTPS, but requested an insecure image 'http://fc-feed.cdn.bcebos.com/0/pic/3f63f55cc007a14752c765b98b0371ea.jpg'. This content should also be served over HTTPS. https://mbd.baidu.com/newspage/data/landingpage?s_type=news&dsp=wise&context=%7B%22nid%22%3A%22news_8952190726444534941%22%7D&pageType=1&n_type=1&p_from=-1&innerIframe=1#viewportType=virtual&paddingTop=54&pageType=&pageInfo=:0
09-03 11:41:30.041 2613 2613 W BindingManager: Cannot call determinedVisibility() - never saw a connection for the pid: 2613
09-03 11:41:30.153 193 193 I chatty : uid=0(root) /system/bin/surfaceflinger expire 208 lines
09-03 11:41:34.714 557 598 D pms : Enter idle state
09-03 11:41:34.715 557 598 D pms : ######### Switching system power mode to [standby]
09-03 11:41:34.715 557 598 I pms : ========== Setup an [300000]s alarm for standby mode ==========
09-03 11:41:34.716 557 598 D pms :
09-03 11:41:34.716 557 598 D pms :
09-03 11:41:34.716 557 598 D pms : ************** Add alarm:onyx_standby_timeout
09-03 11:41:34.716 557 598 D pms :
09-03 11:41:34.717 557 557 D pms : set alarm:onyx_standby_timeout, now:1535946094717 [ 2018-09-03 11:41:34], wake:1535946394715 [2018-09-03 11:46:34]
09-03 11:41:37.263 557 786 D pms : ######### Switching system power mode to [off]
09-03 11:41:37.264 557 557 D pms : ************** cancel alarm:onyx_standby_timeout
09-03 11:41:37.264 557 557 D pms : ************** cancel alarm:onyx_auto_poweroff
09-03 11:41:42.622 557 1334 I ActivityManager: moveTaskToBack: TaskRecord{58e547e #22 A=android.task.browser U=0 sz=1}
09-03 11:41:42.702 1334 1334 I Binder_9: type=1400 audit(0.0:124): avc: denied { read } for name="lib" dev="mmcblk0p13" ino=13 scontext=u:r:system_server:s0 tcontext=u:object_r:unlabeled:s0 tclass=lnk_file permissive=1
09-03 11:41:42.702 193 193 I chatty : uid=0(root) /system/bin/surfaceflinger expire 89 lines
09-03 11:41:42.761 557 590 I UsageStatsService: Time changed in UsageStats by 3 seconds
09-03 11:41:42.761 557 590 I UsageStatsService: User[0] Flushing usage stats to disk
09-03 11:41:42.771 2613 2613 D WebViewTimersControl: onBrowserActivityPause
09-03 11:41:42.771 2613 2613 D WebViewTimersControl: Pausing webview timers, view=com.android.browser.BrowserWebView{2a06751 VFEDHVCL. .F....ID 0,0-1404,1358}
09-03 11:41:42.864 1600 1600 W ContextImpl: Calling a method in the system process without a qualified user: android.app.ContextImpl.sendBroadcast:763 android.content.ContextWrapper.sendBroadcast:396 com.onyx.android.sdk.device.BaseDevice.a:479 com.onyx.android.sdk.device.BaseDevice.showSystemStatusBar:442 com.onyx.ContentBrowserApplication$2.onActivityResumed:196
09-03 11:41:42.939 1600 1600 D Surface : Surface::final mReqUsage=33
09-03 11:41:43.105 557 590 I UsageStatsDatabase: Time changed by +3s195ms. files deleted: 0 files moved: 4
09-03 11:41:43.409 557 796 D WifiStateMachine: starting scan for "DevTest"WPA_PSK with 2437
09-03 11:41:43.606 557 590 I UsageStatsService: User[0] Rollover scheduled @ 2018-09-04 08:00:00(1536019200000)
09-03 11:41:43.622 557 593 D Tethering: interfaceLinkStateChanged wlan0, true
09-03 11:41:43.622 557 593 D Tethering: interfaceStatusChanged wlan0, true
09-03 11:41:43.953 557 928 D WindowStateAnimator: rk_debug2 com.android.systemui/com.android.systemui.recents.OnyxRecentsActivity_Force_To_Dual
09-03 11:41:43.962 935 1406 D Surface : Surface::final mReqUsage=a00
09-03 11:41:43.962 935 1406 D mali_winsys: EGLint new_window_surface(egl_winsys_display*, void*, EGLSurface, EGLConfig, egl_winsys_surface**, egl_color_buffer_format*, EGLBoolean) returns 0x3000
09-03 11:41:44.532 1406 1406 I RenderThread: type=1400 audit(0.0:126): avc: denied { read } for name="lib" dev="mmcblk0p13" ino=13 scontext=u:r:platform_app:s0:c512,c768 tcontext=u:object_r:unlabeled:s0 tclass=lnk_file permissive=1
09-03 11:41:47.815 557 598 D pms : Enter idle state
09-03 11:41:47.816 557 598 D pms : ######### Switching system power mode to [standby]
09-03 11:41:47.817 557 598 I pms : ========== Setup an [300000]s alarm for standby mode ==========
09-03 11:41:47.821 557 598 D pms :
09-03 11:41:47.821 557 598 D pms :
09-03 11:41:47.821 557 598 D pms : ************** Add alarm:onyx_standby_timeout
09-03 11:41:47.821 557 598 D pms :
09-03 11:41:47.836 557 557 D pms : set alarm:onyx_standby_timeout, now:1535946107827 [ 2018-09-03 11:41:47], wake:1535946407817 [2018-09-03 11:46:47]
09-03 11:41:49.775 557 786 D pms : ######### Switching system power mode to [off]
09-03 11:41:49.775 557 557 D pms : ************** cancel alarm:onyx_standby_timeout
09-03 11:41:49.776 557 557 D pms : ************** cancel alarm:onyx_auto_poweroff
09-03 11:41:50.028 2613 2613 D WebViewTimersControl: onBrowserActivityResume
09-03 11:41:50.029 2613 2613 D WebViewTimersControl: Resuming webview timers, view=com.android.browser.BrowserWebView{2a06751 VFEDHVCL. .F...... 0,0-1404,1358}
09-03 11:41:50.076 2613 2671 D Surface : Surface::final mReqUsage=a00
09-03 11:41:50.078 2613 2671 D mali_winsys: EGLint new_window_surface(egl_winsys_display*, void*, EGLSurface, EGLConfig, egl_winsys_surface**, egl_color_buffer_format*, EGLBoolean) returns 0x3000
09-03 11:41:50.437 557 557 D OnyxDeviceService: ============ mOldTransmit : 0 mNewTransmit : 478421 perMinTransmit: 95684 transmitLimit : 20000
09-03 11:41:50.437 557 557 D OnyxDeviceService: ===== over limit, schedule alarm again
09-03 11:41:53.501 557 1335 I ActivityManager: moveTaskToBack: TaskRecord{58e547e #22 A=android.task.browser U=0 sz=1}
09-03 11:41:53.510 557 1335 I ActivityManager: START u0 {act=android.intent.action.MAIN cat=[android.intent.category.HOME] flg=0x10000000 cmp=com.onyx/.StartupActivity} from uid 0 on display 0
09-03 11:41:53.590 2613 2613 D WebViewTimersControl: onBrowserActivityPause
09-03 11:41:53.591 2613 2613 D WebViewTimersControl: Pausing webview timers, view=com.android.browser.BrowserWebView{2a06751 VFEDHVCL. .F....ID 0,0-1404,1358}
09-03 11:41:53.620 193 193 I chatty : uid=0(root) /system/bin/surfaceflinger expire 174 lines
09-03 11:41:53.642 1600 1600 E For Debug #############: value of KEY_STARTUP_CONFIGURATION_FLAG: 3
09-03 11:41:53.643 557 925 I ActivityManager: START u0 {cmp=com.onyx/.main.ui.MainActivity} from uid 1000 on display 0
09-03 11:41:53.703 1600 1600 W ContextImpl: Calling a method in the system process without a qualified user: android.app.ContextImpl.sendBroadcast:763 android.content.ContextWrapper.sendBroadcast:396 com.onyx.android.sdk.device.BaseDevice.a:479 com.onyx.android.sdk.device.BaseDevice.showSystemStatusBar:442 com.onyx.ContentBrowserApplication$2.onActivityResumed:196
09-03 11:41:53.728 557 596 D WindowStateAnimator: rk_debug2 Starting com.onyx_Force_To_Dual
09-03 11:41:53.770 1600 1600 D Surface : Surface::final mReqUsage=33
09-03 11:41:53.777 557 596 D Surface : Surface::final mReqUsage=33
09-03 11:41:53.838 557 596 I ActivityManager: Displayed com.onyx/.main.ui.MainActivity: +175ms (total +242ms)
09-03 11:41:53.978 1600 1600 E Debug : please call initStatusLayoutManager(contentView)!
09-03 11:41:54.280 2874 2874 I Thread-221: type=1400 audit(0.0:127): avc: denied { read } for name="verify_books" dev="mmcblk0p13" ino=16 scontext=u:r:system_app:s0 tcontext=u:object_r:unlabeled:s0 tclass=file permissive=1
09-03 11:41:54.280 2874 2874 I Thread-221: type=1400 audit(0.0:128): avc: denied { open } for path="/vendor/verify_books" dev="mmcblk0p13" ino=16 scontext=u:r:system_app:s0 tcontext=u:object_r:unlabeled:s0 tclass=file permissive=1
09-03 11:41:54.280 2874 2874 I Thread-221: type=1400 audit(0.0:129): avc: denied { getattr } for path="/vendor/verify_books" dev="mmcblk0p13" ino=16 scontext=u:r:system_app:s0 tcontext=u:object_r:unlabeled:s0 tclass=file permissive=1
09-03 11:41:54.280 1600 2874 W AppLoadRequest: Sort duration:1ms
09-03 11:41:54.643 557 1274 D WindowStateAnimator: rk_debug2 com.android.systemui/com.android.systemui.recents.OnyxRecentsActivity_Force_To_Dual
09-03 11:41:54.647 935 1406 D Surface : Surface::final mReqUsage=a00
09-03 11:41:54.647 935 1406 D mali_winsys: EGLint new_window_surface(egl_winsys_display*, void*, EGLSurface, EGLConfig, egl_winsys_surface**, egl_color_buffer_format*, EGLBoolean) returns 0x3000
09-03 11:41:57.179 2613 2613 D WebViewTimersControl: onBrowserActivityResume
09-03 11:41:57.179 2613 2613 D WebViewTimersControl: Resuming webview timers, view=com.android.browser.BrowserWebView{2a06751 VFEDHVCL. .F...... 0,0-1404,1358}
09-03 11:41:57.219 2613 2671 D Surface : Surface::final mReqUsage=a00
09-03 11:41:57.219 2613 2671 D mali_winsys: EGLint new_window_surface(egl_winsys_display*, void*, EGLSurface, EGLConfig, egl_winsys_surface**, egl_color_buffer_format*, EGLBoolean) returns 0x3000
09-03 11:41:59.473 557 928 I ActivityManager: moveTaskToBack: TaskRecord{58e547e #22 A=android.task.browser U=0 sz=1}
09-03 11:41:59.531 557 589 W InputMethodManagerService: Window already focused, ignoring focus gain of: com.android.internal.view.IInputMethodClient$Stub$Proxy@ea41e8d attribute=null, token = android.os.BinderProxy@eb6015b
09-03 11:42:03.609 557 1335 I ActivityManager: moveTaskToBack: TaskRecord{58e547e #22 A=android.task.browser U=0 sz=1}
09-03 11:42:03.656 557 1274 W InputMethodManagerService: Window already focused, ignoring focus gain of: com.android.internal.view.IInputMethodClient$Stub$Proxy@ec77053 attribute=null, token = android.os.BinderProxy@eb6015b
09-03 11:42:04.314 557 593 D Tethering: interfaceLinkStateChanged wlan0, true
09-03 11:42:04.315 557 593 D Tethering: interfaceStatusChanged wlan0, true
09-03 11:42:04.322 193 193 I chatty : uid=0(root) /system/bin/surfaceflinger expire 454 lines
09-03 11:42:05.387 557 1335 I ActivityManager: moveTaskToBack: TaskRecord{58e547e #22 A=android.task.browser U=0 sz=1}
09-03 11:42:05.422 557 928 W InputMethodManagerService: Window already focused, ignoring focus gain of: com.android.internal.view.IInputMethodClient$Stub$Proxy@7c11689 attribute=null, token = android.os.BinderProxy@eb6015b
09-03 11:42:06.467 557 835 I ActivityManager: moveTaskToBack: TaskRecord{58e547e #22 A=android.task.browser U=0 sz=1}
09-03 11:42:06.526 557 927 W InputMethodManagerService: Window already focused, ignoring focus gain of: com.android.internal.view.IInputMethodClient$Stub$Proxy@e4ebeaf attribute=null, token = android.os.BinderProxy@eb6015b
09-03 11:42:07.196 557 926 I ActivityManager: moveTaskToBack: TaskRecord{58e547e #22 A=android.task.browser U=0 sz=1}
09-03 11:42:07.249 557 1335 W InputMethodManagerService: Window already focused, ignoring focus gain of: com.android.internal.view.IInputMethodClient$Stub$Proxy@99b9245 attribute=null, token = android.os.BinderProxy@eb6015b
09-03 11:42:08.434 557 928 I ActivityManager: moveTaskToBack: TaskRecord{58e547e #22 A=android.task.browser U=0 sz=1}
09-03 11:42:08.473 557 589 W InputMethodManagerService: Window already focused, ignoring focus gain of: com.android.internal.view.IInputMethodClient$Stub$Proxy@45296cb attribute=null, token = android.os.BinderProxy@eb6015b
09-03 11:42:09.537 557 835 I ActivityManager: moveTaskToBack: TaskRecord{58e547e #22 A=android.task.browser U=0 sz=1}
09-03 11:42:09.586 557 1334 W InputMethodManagerService: Window already focused, ignoring focus gain of: com.android.internal.view.IInputMethodClient$Stub$Proxy@ae80dc1 attribute=null, token = android.os.BinderProxy@eb6015b
09-03 11:42:10.293 2613 2671 D Surface : Surface::final mReqUsage=a00
09-03 11:42:10.294 2613 2671 D mali_winsys: EGLint new_window_surface(egl_winsys_display*, void*, EGLSurface, EGLConfig, egl_winsys_surface**, egl_color_buffer_format*, EGLBoolean) returns 0x3000
09-03 11:42:10.387 2613 2671 V RenderScript: 0xb8e99df8 Launching thread(s), CPUs 4
09-03 11:42:12.136 557 927 I ActivityManager: moveTaskToBack: TaskRecord{58e547e #22 A=android.task.browser U=0 sz=1}
09-03 11:42:12.167 557 925 W InputMethodManagerService: Window already focused, ignoring focus gain of: com.android.internal.view.IInputMethodClient$Stub$Proxy@c3525f2 attribute=null, token = android.os.BinderProxy@eb6015b
09-03 11:42:13.338 557 928 I ActivityManager: moveTaskToBack: TaskRecord{58e547e #22 A=android.task.browser U=0 sz=1}
09-03 11:42:13.390 557 927 W InputMethodManagerService: Window already focused, ignoring focus gain of: com.android.internal.view.IInputMethodClient$Stub$Proxy@5a03ac0 attribute=null, token = android.os.BinderProxy@eb6015b
09-03 11:42:13.909 557 1274 I ActivityManager: moveTaskToBack: TaskRecord{58e547e #22 A=android.task.browser U=0 sz=1}
09-03 11:42:13.970 557 928 W InputMethodManagerService: Window already focused, ignoring focus gain of: com.android.internal.view.IInputMethodClient$Stub$Proxy@3ae42ec attribute=null, token = android.os.BinderProxy@eb6015b
09-03 11:42:14.359 557 925 I ActivityManager: moveTaskToBack: TaskRecord{58e547e #22 A=android.task.browser U=0 sz=1}
09-03 11:42:14.410 557 1274 W InputMethodManagerService: Window already focused, ignoring focus gain of: com.android.internal.view.IInputMethodClient$Stub$Proxy@bef814a attribute=null, token = android.os.BinderProxy@eb6015b
09-03 11:42:14.906 557 1335 I ActivityManager: moveTaskToBack: TaskRecord{58e547e #22 A=android.task.browser U=0 sz=1}
09-03 11:42:14.952 557 1334 W InputMethodManagerService: Window already focused, ignoring focus gain of: com.android.internal.view.IInputMethodClient$Stub$Proxy@1b2a1d8 attribute=null, token = android.os.BinderProxy@eb6015b
09-03 11:42:15.443 557 926 I ActivityManager: moveTaskToBack: TaskRecord{58e547e #22 A=android.task.browser U=0 sz=1}
09-03 11:42:15.490 557 1335 W InputMethodManagerService: Window already focused, ignoring focus gain of: com.android.internal.view.IInputMethodClient$Stub$Proxy@62c6816 attribute=null, token = android.os.BinderProxy@eb6015b
09-03 11:42:15.813 557 927 I ActivityManager: moveTaskToBack: TaskRecord{58e547e #22 A=android.task.browser U=0 sz=1}
09-03 11:42:15.852 557 925 W InputMethodManagerService: Window already focused, ignoring focus gain of: com.android.internal.view.IInputMethodClient$Stub$Proxy@c9c0384 attribute=null, token = android.os.BinderProxy@eb6015b
09-03 11:42:16.781 557 835 I ActivityManager: moveTaskToBack: TaskRecord{58e547e #22 A=android.task.browser U=0 sz=1}
09-03 11:42:16.835 557 589 W InputMethodManagerService: Window already focused, ignoring focus gain of: com.android.internal.view.IInputMethodClient$Stub$Proxy@b7eefa2 attribute=null, token = android.os.BinderProxy@eb6015b
09-03 11:42:17.396 557 926 I ActivityManager: moveTaskToBack: TaskRecord{58e547e #22 A=android.task.browser U=0 sz=1}
09-03 11:42:17.440 557 1334 W InputMethodManagerService: Window already focused, ignoring focus gain of: com.android.internal.view.IInputMethodClient$Stub$Proxy@f97d3f0 attribute=null, token = android.os.BinderProxy@eb6015b
09-03 11:42:17.936 557 588 I ActivityManager: moveTaskToBack: TaskRecord{58e547e #22 A=android.task.browser U=0 sz=1}
09-03 11:42:17.991 557 589 W InputMethodManagerService: Window already focused, ignoring focus gain of: com.android.internal.view.IInputMethodClient$Stub$Proxy@c8063ee attribute=null, token = android.os.BinderProxy@eb6015b
09-03 11:42:18.369 557 1335 I ActivityManager: moveTaskToBack: TaskRecord{58e547e #22 A=android.task.browser U=0 sz=1}
09-03 11:42:18.430 557 835 W InputMethodManagerService: Window already focused, ignoring focus gain of: com.android.internal.view.IInputMethodClient$Stub$Proxy@93e3f1c attribute=null, token = android.os.BinderProxy@eb6015b
09-03 11:42:21.096 557 598 D pms : Enter idle state
09-03 11:42:21.097 557 598 D pms : ######### Switching system power mode to [standby]
09-03 11:42:21.097 557 598 I pms : ========== Setup an [300000]s alarm for standby mode ==========
09-03 11:42:21.099 557 598 D pms :
09-03 11:42:21.099 557 598 D pms :
09-03 11:42:21.099 557 598 D pms : ************** Add alarm:onyx_standby_timeout
09-03 11:42:21.099 557 598 D pms :
09-03 11:42:21.101 557 557 D pms : set alarm:onyx_standby_timeout, now:1535946141100 [ 2018-09-03 11:42:21], wake:1535946441097 [2018-09-03 11:47:21]
09-03 11:42:24.007 557 796 D WifiStateMachine: starting scan for "DevTest"WPA_PSK with 2437
09-03 11:42:24.035 193 193 I chatty : uid=0(root) /system/bin/surfaceflinger expire 227 lines
09-03 11:42:24.217 557 593 D Tethering: interfaceLinkStateChanged wlan0, true
09-03 11:42:24.217 557 593 D Tethering: interfaceStatusChanged wlan0, true
09-03 11:42:28.195 557 598 I pms : CurrentWakelockAvail: [0]
09-03 11:42:28.198 557 598 I pms : Kernel Wakelocks
09-03 11:42:28.198 557 598 I pms :
09-03 11:42:28.198 557 598 I pms : name active_count event_count wakeup_count expire_count active_since total_time max_time last_change prevent_suspend_time
09-03 11:42:28.198 557 598 I pms : PowerManagerService.Broadcasts 2 2 0 0 0 818 733 373252 0
09-03 11:42:28.198 557 598 I pms : PowerManagerService.WakeLocks 271 271 6 0 0 379867 30103 1214565 9045
09-03 11:42:28.198 557 598 I pms : TrimTask 1 1 0 0 0 1171 1171 84504 0
09-03 11:42:28.198 557 598 I pms : event2 2 2 0 0 0 56 55 372530 44
09-03 11:42:28.198 557 598 I pms : event1 174 174 44 0 0 1313 406 1209201 1113
09-03 11:42:28.198 557 598 I pms : event0 8179 8179 102 0 0 8743 297 1211661 6585
09-03 11:42:28.198 557 598 I pms : eventpoll 8351 8355 140 0 0 52 0 1211661 0
09-03 11:42:28.198 557 598 I pms : KeyEvents 4241 4241 71 0 0 1785 229 1211661 82
09-03 11:42:28.198 557 598 I pms : PowerManagerService.Display 136 136 48 0 0 1000749 105953 1214572 1453
09-03 11:42:28.198 557 598 I pms : NETLINK 78 78 0 0 0 199 176 1053566 6
09-03 11:42:28.198 557 598 I pms : [timerfd] 0 0 0 0 0 0 0 4540 0
09-03 11:42:28.198 557 598 I pms : wlan_wd_wake 914 914 90 0 0 78221 931 1220490 14259
09-03 11:42:28.198 557 598 I pms : wlan_ctrl_wake 31 1150 33 31 0 37750 2086 1217560 4248
09-03 11:42:28.198 557 598 I pms : wlan_rx_wake 273 2432 70 272 88 224029 8188 1220433 45306
09-03 11:42:28.198 557 598 I pms : wlan_wake 4516 4516 185 0 0 10096 872 1220433 1029
09-03 11:42:28.198 557 598 I pms : binder 2 2 0 0 0 1 1 82069 0
09-03 11:42:28.198 557 598 I pms : eventpoll 80 80 0 0 0 0 0 1053566 0
09-03 11:42:28.198 557 598 I pms : onyx_epdc 2 3 0 2 0 6570 3567 375490 3959
09-03 11:42:28.198 557 598 I pms : epdc 567 567 20 0 0 603290 30188 1212759 25506
09-03 11:42:28.198 557 598 I pms : rfkill_rk_irq_wl 66 66 40 66 0 65602 999 816350 65602
09-03 11:42:28.198 557 598 I pms : rfkill_wlan_wake 0 0 0 0 0 0 0 2999 0
09-03 11:42:28.198 557 598 I pms : key.37 0 0 0 0 0 0 0 1865 0
09-03 11:42:28.198 557 598 I pms : rk29-keypad 35 1954 783 35 0 50438 3713 1210190 1120
09-03 11:42:28.198 557 598 I pms : alarm 38 39 4 1 0 6236 5004 1193417 6116
09-03 11:42:28.198 557 598 I pms : mmc1_detect 1 1 0 1 0 499 499 4310 0
09-03 11:42:28.198 557 598 I pms : mmc0_detect 1 1 0 1 0 491 491 2350 0
09-03 11:42:28.198 557 598 I pms : 1-0024 46 153 4 46 0 10235 265 1104440 6119
09-03 11:42:28.198 557 598 I pms : usb_pcd 1 1 0 0 0 35000 35000 49520 0
09-03 11:42:28.198 557 598 I pms : ff520000.usb 0 0 0 0 0 0 0 844 0
09-03 11:42:28.198 557 598 I pms : iep 0 0 0 0 0 0 0 664 0
09-03 11:42:28.198 557 598 I pms : alarmtimer 2 2 2 2 0 3984 1992 1184900 2275
09-03 11:42:28.198 557 598 I pms : vpu 0 0 0 0 0 0 0 649 0
09-03 11:42:28.198 557 598 I pms : vpu 0 0 0 0 0 0 0 648 0
09-03 11:42:28.198 557 598 I pms : ac 4 4 0 0 0 0 0 49531 0
09-03 11:42:28.198 557 598 I pms : usb 4 4 0 0 0 0 0 49531 0
09-03 11:42:28.198 557 598 I pms : battery 9 9 0 0 0 10 3 1053564 0
09-03 11:42:28.198 557 598 I pms : rk818_chg_lock 1 1 0 0 0 48947 48947 49530 0
09-03 11:42:28.198 557 598 I pms : rk818_bat_lock 0 0 0 0 0 0 0 536 0
09-03 11:42:28.198 557 598 I pms : rga 0 0 0 0 0 0 0 324 0
09-03 11:42:28.198 557 598 I pms : rk818-rtc 5 5 2 0 0 1 0 1183765 0
09-03 11:42:28.198 557 598 I pms : rk818_irq_wake 741 741 2 0 0 1017 6 1183765 10
09-03 11:42:28.198 557 598 I pms : serial-debug 1 1 0 0 0 500 500 640 0
09-03 11:42:28.198 557 598 I pms : autosleep 144 144 3 0 0 90 12 1214565 90
09-03 11:42:28.198 557 598 I pms : Total Active Wakeup Source:1
09-03 11:42:31.073 557 786 D pms : ######### Switching system power mode to [off]
09-03 11:42:31.073 557 557 D pms : ************** cancel alarm:onyx_standby_timeout
09-03 11:42:31.074 557 557 D pms : ************** cancel alarm:onyx_auto_poweroff
09-03 11:42:31.311 557 588 I ActivityManager: moveTaskToBack: TaskRecord{58e547e #22 A=android.task.browser U=0 sz=1}
09-03 11:42:31.354 557 1335 W InputMethodManagerService: Window already focused, ignoring focus gain of: com.android.internal.view.IInputMethodClient$Stub$Proxy@812d0fa attribute=null, token = android.os.BinderProxy@eb6015b
09-03 11:42:31.787 557 925 I ActivityManager: moveTaskToBack: TaskRecord{58e547e #22 A=android.task.browser U=0 sz=1}
09-03 11:42:31.834 557 588 W InputMethodManagerService: Window already focused, ignoring focus gain of: com.android.internal.view.IInputMethodClient$Stub$Proxy@77e3108 attribute=null, token = android.os.BinderProxy@eb6015b
09-03 11:42:32.406 557 589 I ActivityManager: moveTaskToBack: TaskRecord{58e547e #22 A=android.task.browser U=0 sz=1}
09-03 11:42:32.454 557 1334 W InputMethodManagerService: Window already focused, ignoring focus gain of: com.android.internal.view.IInputMethodClient$Stub$Proxy@72d02c6 attribute=null, token = android.os.BinderProxy@eb6015b
09-03 11:42:32.797 557 927 I ActivityManager: moveTaskToBack: TaskRecord{58e547e #22 A=android.task.browser U=0 sz=1}
09-03 11:42:32.847 557 1335 W InputMethodManagerService: Window already focused, ignoring focus gain of: com.android.internal.view.IInputMethodClient$Stub$Proxy@64955b4 attribute=null, token = android.os.BinderProxy@eb6015b
09-03 11:42:33.955 557 926 I ActivityManager: moveTaskToBack: TaskRecord{58e547e #22 A=android.task.browser U=0 sz=1}
09-03 11:42:34.009 557 1334 W InputMethodManagerService: Window already focused, ignoring focus gain of: com.android.internal.view.IInputMethodClient$Stub$Proxy@9668552 attribute=null, token = android.os.BinderProxy@eb6015b
09-03 11:42:34.386 557 925 I ActivityManager: moveTaskToBack: TaskRecord{58e547e #22 A=android.task.browser U=0 sz=1}
09-03 11:42:34.445 557 928 W InputMethodManagerService: Window already focused, ignoring focus gain of: com.android.internal.view.IInputMethodClient$Stub$Proxy@f72a2d9 attribute=null, token = android.os.BinderProxy@eb6015b
09-03 11:42:34.625 557 588 I ActivityManager: moveTaskToBack: TaskRecord{58e547e #22 A=android.task.browser U=0 sz=1}
09-03 11:42:34.664 193 193 I hwcomposer: update_to_display(): upd_data -- marker[7709] waveform_mode = 255, update_mode = 0, Rect[293 0 1579 1404]
09-03 11:42:34.664 193 193 I hwcomposer: update_to_display(): upd_data -- marker[7710] waveform_mode = 255, update_mode = 0, Rect[2 1235 79 79]
09-03 11:42:34.720 193 193 I hwcomposer: update_to_display(): upd_data -- marker[7711] waveform_mode = 255, update_mode = 0, Rect[293 0 1579 1404]
09-03 11:42:34.767 193 193 I hwcomposer: update_to_display(): upd_data -- marker[7712] waveform_mode = 255, update_mode = 0, Rect[0 0 1872 1404]
09-03 11:42:34.809 193 193 I hwcomposer: update_to_display(): upd_data -- marker[7713] waveform_mode = 255, update_mode = 0, Rect[293 0 1579 1404]
09-03 11:42:34.814 557 926 I ActivityManager: moveTaskToBack: TaskRecord{58e547e #22 A=android.task.browser U=0 sz=1}
09-03 11:42:34.869 557 835 W InputMethodManagerService: Window already focused, ignoring focus gain of: com.android.internal.view.IInputMethodClient$Stub$Proxy@f296b7f attribute=null, token = android.os.BinderProxy@eb6015b
09-03 11:42:34.872 193 193 I hwcomposer: update_to_display(): upd_data -- marker[7714] waveform_mode = 255, update_mode = 0, Rect[293 0 1579 1404]
09-03 11:42:34.922 193 193 I hwcomposer: update_to_display(): upd_data -- marker[7715] waveform_mode = 255, update_mode = 0, Rect[293 0 1579 1404]
09-03 11:42:34.922 193 193 I hwcomposer: update_to_display(): upd_data -- marker[7716] waveform_mode = 255, update_mode = 0, Rect[2 1235 79 79]
09-03 11:42:34.962 193 193 I hwcomposer: update_to_display(): upd_data -- marker[7717] waveform_mode = 255, update_mode = 0, Rect[0 0 1872 1404]
09-03 11:42:34.997 193 193 I hwcomposer: update_to_display(): upd_data -- marker[7718] waveform_mode = 255, update_mode = 0, Rect[293 0 1579 1404]
09-03 11:42:35.028 557 835 I ActivityManager: moveTaskToBack: TaskRecord{58e547e #22 A=android.task.browser U=0 sz=1}
09-03 11:42:35.033 193 193 I hwcomposer: update_to_display(): upd_data -- marker[7719] waveform_mode = 255, update_mode = 0, Rect[0 0 1872 1404]
09-03 11:42:35.073 193 193 I hwcomposer: update_to_display(): upd_data -- marker[7720] waveform_mode = 255, update_mode = 0, Rect[293 0 1579 1404]
09-03 11:42:35.083 557 589 W InputMethodManagerService: Window already focused, ignoring focus gain of: com.android.internal.view.IInputMethodClient$Stub$Proxy@7416caa attribute=null, token = android.os.BinderProxy@eb6015b
09-03 11:42:35.113 193 193 I hwcomposer: update_to_display(): upd_data -- marker[7721] waveform_mode = 255, update_mode = 0, Rect[2 1235 79 79]
09-03 11:42:35.153 193 193 I hwcomposer: update_to_display(): upd_data -- marker[7722] waveform_mode = 255, update_mode = 0, Rect[293 0 1579 1404]
09-03 11:42:35.153 193 193 I hwcomposer: update_to_display(): upd_data -- marker[7723] waveform_mode = 255, update_mode = 0, Rect[2 1235 79 79]
09-03 11:42:35.188 193 193 I hwcomposer: update_to_display(): upd_data -- marker[7724] waveform_mode = 255, update_mode = 0, Rect[0 0 1872 1404]
09-03 11:42:35.231 557 588 I ActivityManager: moveTaskToBack: TaskRecord{58e547e #22 A=android.task.browser U=0 sz=1}
09-03 11:42:35.233 193 193 I hwcomposer: update_to_display(): upd_data -- marker[7725] waveform_mode = 255, update_mode = 0, Rect[0 0 1872 1404]
09-03 11:42:35.281 193 193 I hwcomposer: update_to_display(): upd_data -- marker[7726] waveform_mode = 255, update_mode = 0, Rect[293 0 1579 1404]
09-03 11:42:35.285 557 927 W InputMethodManagerService: Window already focused, ignoring focus gain of: com.android.internal.view.IInputMethodClient$Stub$Proxy@a3ec38 attribute=null, token = android.os.BinderProxy@eb6015b
09-03 11:42:35.327 193 193 I hwcomposer: update_to_display(): upd_data -- marker[7727] waveform_mode = 255, update_mode = 0, Rect[2 1235 79 79]
09-03 11:42:35.371 193 193 I hwcomposer: update_to_display(): upd_data -- marker[7728] waveform_mode = 255, update_mode = 0, Rect[0 0 1872 1404]
09-03 11:42:35.425 193 193 I hwcomposer: update_to_display(): upd_data -- marker[7729] waveform_mode = 255, update_mode = 0, Rect[0 0 1872 1404]
09-03 11:42:35.461 557 928 I ActivityManager: moveTaskToBack: TaskRecord{58e547e #22 A=android.task.browser U=0 sz=1}
09-03 11:42:35.462 193 193 I hwcomposer: update_to_display(): upd_data -- marker[7730] waveform_mode = 255, update_mode = 0, Rect[293 0 1579 1404]
09-03 11:42:35.513 193 193 I hwcomposer: update_to_display(): upd_data -- marker[7731] waveform_mode = 255, update_mode = 0, Rect[293 0 1579 1404]
09-03 11:42:35.513 193 193 I hwcomposer: update_to_display(): upd_data -- marker[7732] waveform_mode = 255, update_mode = 0, Rect[2 1235 79 79]
09-03 11:42:35.521 557 927 W InputMethodManagerService: Window already focused, ignoring focus gain of: com.android.internal.view.IInputMethodClient$Stub$Proxy@ea1a976 attribute=null, token = android.os.BinderProxy@eb6015b
09-03 11:42:35.560 193 193 I hwcomposer: update_to_display(): upd_data -- marker[7733] waveform_mode = 255, update_mode = 0, Rect[2 1235 79 79]
09-03 11:42:35.605 193 193 I hwcomposer: update_to_display(): upd_data -- marker[7734] waveform_mode = 255, update_mode = 0, Rect[293 0 1579 1404]
09-03 11:42:35.605 557 1334 I ActivityManager: moveTaskToBack: TaskRecord{58e547e #22 A=android.task.browser U=0 sz=1}
09-03 11:42:35.649 193 193 I hwcomposer: update_to_display(): upd_data -- marker[7735] waveform_mode = 255, update_mode = 0, Rect[0 0 1872 1404]
09-03 11:42:35.656 557 926 W InputMethodManagerService: Window already focused, ignoring focus gain of: com.android.internal.view.IInputMethodClient$Stub$Proxy@3bb4b77 attribute=null, token = android.os.BinderProxy@eb6015b
09-03 11:42:35.685 193 193 I hwcomposer: update_to_display(): upd_data -- marker[7736] waveform_mode = 255, update_mode = 0, Rect[0 0 1872 1404]
09-03 11:42:35.721 193 193 I hwcomposer: update_to_display(): upd_data -- marker[7737] waveform_mode = 255, update_mode = 0, Rect[293 0 1579 1404]
09-03 11:42:35.721 193 193 I hwcomposer: update_to_display(): upd_data -- marker[7738] waveform_mode = 255, update_mode = 0, Rect[2 1235 79 79]
09-03 11:42:35.757 193 193 I hwcomposer: update_to_display(): upd_data -- marker[7739] waveform_mode = 255, update_mode = 0, Rect[0 0 1872 1404]
09-03 11:42:35.803 193 193 I hwcomposer: update_to_display(): upd_data -- marker[7740] waveform_mode = 255, update_mode = 0, Rect[0 0 1872 1404]
09-03 11:42:35.847 193 193 I hwcomposer: update_to_display(): upd_data -- marker[7741] waveform_mode = 255, update_mode = 0, Rect[293 0 1579 1404]
09-03 11:42:35.888 193 193 I hwcomposer: update_to_display(): upd_data -- marker[7742] waveform_mode = 255, update_mode = 0, Rect[293 0 1579 1404]
09-03 11:42:35.934 193 193 I hwcomposer: update_to_display(): upd_data -- marker[7743] waveform_mode = 255, update_mode = 0, Rect[293 0 1579 1404]
09-03 11:42:35.981 193 193 I hwcomposer: update_to_display(): upd_data -- marker[7744] waveform_mode = 255, update_mode = 0, Rect[293 0 1579 1404]
09-03 11:42:35.981 193 193 I hwcomposer: update_to_display(): upd_data -- marker[7745] waveform_mode = 255, update_mode = 0, Rect[2 1235 79 79]
09-03 11:42:36.025 193 193 I hwcomposer: update_to_display(): upd_data -- marker[7746] waveform_mode = 255, update_mode = 0, Rect[293 0 1579 1404]
09-03 11:42:36.025 557 589 I ActivityManager: moveTaskToBack: TaskRecord{58e547e #22 A=android.task.browser U=0 sz=1}
09-03 11:42:36.068 193 193 I hwcomposer: update_to_display(): upd_data -- marker[7747] waveform_mode = 255, update_mode = 0, Rect[293 0 1579 1404]
09-03 11:42:36.079 557 1274 W InputMethodManagerService: Window already focused, ignoring focus gain of: com.android.internal.view.IInputMethodClient$Stub$Proxy@661a04d attribute=null, token = android.os.BinderProxy@eb6015b
09-03 11:42:36.123 193 193 I hwcomposer: update_to_display(): upd_data -- marker[7748] waveform_mode = 255, update_mode = 0, Rect[293 0 1579 1404]
09-03 11:42:36.172 193 193 I hwcomposer: update_to_display(): upd_data -- marker[7749] waveform_mode = 255, update_mode = 0, Rect[0 0 1872 1404]
09-03 11:42:36.218 193 193 I hwcomposer: update_to_display(): upd_data -- marker[7750] waveform_mode = 255, update_mode = 0, Rect[0 0 1872 1404]
09-03 11:42:36.257 193 193 I hwcomposer: update_to_display(): upd_data -- marker[7751] waveform_mode = 255, update_mode = 0, Rect[293 0 1579 1404]
09-03 11:42:36.257 193 193 I hwcomposer: update_to_display(): upd_data -- marker[7752] waveform_mode = 255, update_mode = 0, Rect[2 1235 79 79]
09-03 11:42:36.294 193 193 I hwcomposer: update_to_display(): upd_data -- marker[7753] waveform_mode = 255, update_mode = 0, Rect[293 0 1579 1404]
09-03 11:42:36.330 193 193 I hwcomposer: update_to_display(): upd_data -- marker[7754] waveform_mode = 255, update_mode = 0, Rect[293 0 1579 1404]
09-03 11:42:36.364 193 193 I hwcomposer: update_to_display(): upd_data -- marker[7755] waveform_mode = 255, update_mode = 0, Rect[293 0 1579 1404]
09-03 11:42:36.401 193 193 I hwcomposer: update_to_display(): upd_data -- marker[7756] waveform_mode = 255, update_mode = 0, Rect[293 0 1579 1404]
09-03 11:42:36.401 193 193 I hwcomposer: update_to_display(): upd_data -- marker[7757] waveform_mode = 255, update_mode = 0, Rect[2 1235 79 79]
09-03 11:42:36.444 193 193 I hwcomposer: update_to_display(): upd_data -- marker[7758] waveform_mode = 255, update_mode = 0, Rect[293 0 1579 1404]
09-03 11:42:36.481 557 926 I ActivityManager: moveTaskToBack: TaskRecord{58e547e #22 A=android.task.browser U=0 sz=1}
09-03 11:42:36.487 193 193 I hwcomposer: update_to_display(): upd_data -- marker[7759] waveform_mode = 255, update_mode = 0, Rect[293 0 1579 1404]
09-03 11:42:36.543 193 193 I hwcomposer: update_to_display(): upd_data -- marker[7760] waveform_mode = 255, update_mode = 0, Rect[293 0 1579 1404]
09-03 11:42:36.549 557 835 W InputMethodManagerService: Window already focused, ignoring focus gain of: com.android.internal.view.IInputMethodClient$Stub$Proxy@70f2813 attribute=null, token = android.os.BinderProxy@eb6015b
09-03 11:42:36.589 193 193 I hwcomposer: update_to_display(): upd_data -- marker[7761] waveform_mode = 255, update_mode = 0, Rect[293 0 1579 1404]
09-03 11:42:36.631 193 193 I hwcomposer: update_to_display(): upd_data -- marker[7762] waveform_mode = 255, update_mode = 0, Rect[0 0 1872 1404]
09-03 11:42:36.684 193 193 I hwcomposer: update_to_display(): upd_data -- marker[7763] waveform_mode = 255, update_mode = 0, Rect[293 0 1579 1404]
09-03 11:42:36.727 193 193 I hwcomposer: update_to_display(): upd_data -- marker[7764] waveform_mode = 255, update_mode = 0, Rect[0 0 1872 1404]
09-03 11:42:36.770 193 193 I hwcomposer: update_to_display(): upd_data -- marker[7765] waveform_mode = 255, update_mode = 0, Rect[293 0 1579 1404]
09-03 11:42:36.814 193 193 I hwcomposer: update_to_display(): upd_data -- marker[7766] waveform_mode = 255, update_mode = 0, Rect[293 0 1579 1404]
09-03 11:42:36.858 193 193 I hwcomposer: update_to_display(): upd_data -- marker[7767] waveform_mode = 255, update_mode = 0, Rect[293 0 1579 1404]
09-03 11:42:36.900 193 193 I hwcomposer: update_to_display(): upd_data -- marker[7768] waveform_mode = 255, update_mode = 0, Rect[293 0 1579 1404]
09-03 11:42:36.900 193 193 I hwcomposer: update_to_display(): upd_data -- marker[7769] waveform_mode = 255, update_mode = 0, Rect[2 1314 79 79]
09-03 11:42:36.934 193 193 I hwcomposer: update_to_display(): upd_data -- marker[7770] waveform_mode = 255, update_mode = 0, Rect[293 0 1579 1404]
09-03 11:42:36.969 193 193 I hwcomposer: update_to_display(): upd_data -- marker[7771] waveform_mode = 255, update_mode = 0, Rect[293 0 1579 1404]
09-03 11:42:37.021 193 193 I hwcomposer: update_to_display(): upd_data -- marker[7772] waveform_mode = 255, update_mode = 0, Rect[293 0 1579 1404]
09-03 11:42:37.050 557 786 I ActivityManager: START u0 {act=android.intent.action.MAIN cat=[android.intent.category.HOME] flg=0x10200000 cmp=com.onyx/.StartupActivity (has extras)} from uid 1000 on display 0
09-03 11:42:37.062 193 193 D Surface : Surface::final mReqUsage=333
09-03 11:42:37.088 193 193 I hwcomposer: update_to_display(): upd_data -- marker[7773] waveform_mode = 255, update_mode = 0, Rect[0 0 1872 1404]
09-03 11:42:37.184 2613 2613 D WebViewTimersControl: onBrowserActivityPause
09-03 11:42:37.188 2613 2613 D WebViewTimersControl: Pausing webview timers, view=com.android.browser.BrowserWebView{2a06751 VFEDHVCL. .F...... 0,0-1404,1579}
09-03 11:42:37.188 193 193 I hwcomposer: update_to_display(): upd_data -- marker[7774] waveform_mode = 255, update_mode = 0, Rect[293 0 1579 1404]
09-03 11:42:37.217 1600 1600 E For Debug #############: value of KEY_STARTUP_CONFIGURATION_FLAG: 3
09-03 11:42:37.218 557 589 I ActivityManager: START u0 {cmp=com.onyx/.main.ui.MainActivity} from uid 1000 on display 0
09-03 11:42:37.250 193 193 I hwcomposer: update_to_display(): upd_data -- marker[7775] waveform_mode = 255, update_mode = 0, Rect[0 0 1872 1404]
09-03 11:42:37.285 557 596 D WindowStateAnimator: rk_debug2 Starting com.onyx_Force_To_Dual
09-03 11:42:37.309 1600 1600 W ContextImpl: Calling a method in the system process without a qualified user: android.app.ContextImpl.sendBroadcast:763 android.content.ContextWrapper.sendBroadcast:396 com.onyx.android.sdk.device.BaseDevice.a:479 com.onyx.android.sdk.device.BaseDevice.showSystemStatusBar:442 com.onyx.ContentBrowserApplication$2.onActivityResumed:196
09-03 11:42:37.358 557 596 D Surface : Surface::final mReqUsage=33
09-03 11:42:37.406 1600 1600 D Surface : Surface::final mReqUsage=33
09-03 11:42:37.481 193 193 I hwcomposer: update_to_display(): upd_data -- marker[7776] waveform_mode = 255, update_mode = 0, Rect[0 0 1872 1404]
09-03 11:42:37.530 557 596 I ActivityManager: Displayed com.onyx/.main.ui.MainActivity: +293ms (total +335ms)
09-03 11:42:37.551 193 193 I hwcomposer: update_to_display(): upd_data -- marker[7777] waveform_mode = 255, update_mode = 0, Rect[0 0 1872 1404]
09-03 11:42:37.601 193 193 I hwcomposer: update_to_display(): upd_data -- marker[7778] waveform_mode = 255, update_mode = 0, Rect[0 0 1872 1404]
09-03 11:42:37.658 193 193 I hwcomposer: onyx_epdc_updates_submit --error hwc_epdc_llist: left=-1, top=1404, right=0, bottom=1405
09-03 11:42:37.658 193 193 I hwcomposer: update_to_display(): upd_data -- marker[7779] waveform_mode = 255, update_mode = 0, Rect[0 0 1872 1404]
09-03 11:42:37.673 1600 1600 E Debug : please call initStatusLayoutManager(contentView)!
09-03 11:42:37.716 193 193 I hwcomposer: update_to_display(): upd_data -- marker[7780] waveform_mode = 255, update_mode = 0, Rect[83 0 1789 1254]
09-03 11:42:37.716 193 193 I hwcomposer: update_to_display(): upd_data -- marker[7781] waveform_mode = 255, update_mode = 0, Rect[0 0 1872 1404]
