09-03 11:30:20.434 2038 2375 D LayoutProviderUtils: hit cache: true, [{"actualScale":1,"displayRect":{"bottom":1795,"empty":false,"left":0,"right":1404,"top":0},"name":"2","originHeight":1795,"originWidth":1404,"pageDisplayOrientation":0,"pageNumber":2,"position":"1354","positionRect":{"bottom":1795,"empty":false,"left":0,"right":1404,"top":0},"positionSafely":"1354","range":{"endPosition":"2177","startPosition":"1354"},"scaledHeight":1795,"scaledWidth":1404,"subPage":0,"textPage":true,"visibleRect":{"bottom":1795,"empty":false,"left":0,"right":1404,"top":0},"x":0,"y":0}]
09-03 11:30:20.435 2038 2375 D LayoutProviderUtils: rendering bitmap reference count: 1
09-03 11:30:20.435 2038 2375 D LayoutProviderUtils: updateReaderViewInfo
09-03 11:30:20.468 2038 2375 I neo_cropper: set reflow aborted: 0
09-03 11:30:20.477 2038 2375 D LayoutProviderUtils: hit cache: true, [{"actualScale":1,"displayRect":{"bottom":1795,"empty":false,"left":0,"right":1404,"top":0},"name":"2","originHeight":1795,"originWidth":1404,"pageDisplayOrientation":0,"pageNumber":2,"position":"1354","positionRect":{"bottom":1795,"empty":false,"left":0,"right":1404,"top":0},"positionSafely":"1354","range":{"endPosition":"2177","startPosition":"1354"},"scaledHeight":1795,"scaledWidth":1404,"subPage":0,"textPage":true,"visibleRect":{"bottom":1795,"empty":false,"left":0,"right":1404,"top":0},"x":0,"y":0}]
09-03 11:30:20.477 2038 2375 D LayoutProviderUtils: rendering bitmap reference count: 1
09-03 11:30:20.478 2038 2375 D LayoutProviderUtils: updateReaderViewInfo
09-03 11:30:20.521 2038 2375 I neo_cropper: set reflow aborted: 0
09-03 11:30:20.586 2038 2375 D LayoutProviderUtils: hit cache: true, [{"actualScale":1,"displayRect":{"bottom":1795,"empty":false,"left":0,"right":1404,"top":0},"name":"2","originHeight":1795,"originWidth":1404,"pageDisplayOrientation":0,"pageNumber":2,"position":"1354","positionRect":{"bottom":1795,"empty":false,"left":0,"right":1404,"top":0},"positionSafely":"1354","range":{"endPosition":"2177","startPosition":"1354"},"scaledHeight":1795,"scaledWidth":1404,"subPage":0,"textPage":true,"visibleRect":{"bottom":1795,"empty":false,"left":0,"right":1404,"top":0},"x":0,"y":0}]
09-03 11:30:20.588 2038 2375 D LayoutProviderUtils: rendering bitmap reference count: 1
09-03 11:30:20.588 2038 2375 D LayoutProviderUtils: updateReaderViewInfo
09-03 11:30:20.711 2038 2375 I neo_cropper: set reflow aborted: 0
09-03 11:30:20.796 2038 2077 I FileUtils: file /storage/emulated/0/Books/飘/飘-annotation.txt was scanned successfully: content://media/external/file/34
09-03 11:30:22.505 557 598 D pms : Enter idle state
09-03 11:30:22.506 557 598 D pms : ######### Switching system power mode to [standby]
09-03 11:30:22.507 557 598 I pms : ========== Setup an [300000]s alarm for standby mode ==========
09-03 11:30:22.511 557 598 D pms :
09-03 11:30:22.511 557 598 D pms :
09-03 11:30:22.511 557 598 D pms : ************** Add alarm:onyx_standby_timeout
09-03 11:30:22.511 557 598 D pms :
09-03 11:30:22.526 557 557 D pms : set alarm:onyx_standby_timeout, now:1535945422517 [ 2018-09-03 11:30:22], wake:1535945722507 [2018-09-03 11:35:22]
09-03 11:30:22.971 557 786 D pms : ######### Switching system power mode to [off]
09-03 11:30:22.971 557 557 D pms : ************** cancel alarm:onyx_standby_timeout
09-03 11:30:22.972 557 557 D pms : ************** cancel alarm:onyx_auto_poweroff
09-03 11:30:23.095 2038 2063 D Surface : Surface::final mReqUsage=a00
09-03 11:30:23.095 2038 2063 D mali_winsys: EGLint new_window_surface(egl_winsys_display*, void*, EGLSurface, EGLConfig, egl_winsys_surface**, egl_color_buffer_format*, EGLBoolean) returns 0x3000
09-03 11:30:24.818 2038 2038 D ShowReaderMenuAction: onMenuItemClicked: SETTINGS
09-03 11:30:24.856 557 835 I ActivityManager: START u0 {cmp=com.onyx.kreader/.ui.settings.MainSettingsActivity} from uid 10048 on display 0
09-03 11:30:24.926 2038 2038 D ReaderTab1Activity: onPause
09-03 11:30:25.016 557 596 D WindowStateAnimator: rk_debug2 Starting com.onyx.kreader_Force_To_Dual
09-03 11:30:25.089 1812 2109 D Surface : Surface::final mReqUsage=a00
09-03 11:30:25.089 1812 2109 D mali_winsys: EGLint new_window_surface(egl_winsys_display*, void*, EGLSurface, EGLConfig, egl_winsys_surface**, egl_color_buffer_format*, EGLBoolean) returns 0x3000
09-03 11:30:25.100 557 596 D Surface : Surface::final mReqUsage=33
09-03 11:30:25.176 2038 2038 D Debug : surfaceDestroyed
09-03 11:30:25.278 557 1335 W InputMethodManagerService: Starting input on non-focused client com.android.internal.view.IInputMethodClient$Stub$Proxy@2a3bd5 (uid=10048 pid=2038)
09-03 11:30:25.473 557 596 I ActivityManager: Displayed com.onyx.kreader/.ui.settings.MainSettingsActivity: +543ms
09-03 11:30:25.476 2038 2038 D ReaderTab1Activity: onSaveInstanceState
09-03 11:30:25.478 2038 2038 E ReaderTab1Activity: onDocumentDeactivated
09-03 11:30:25.480 2038 2038 D ReaderTab1Activity: onStop
09-03 11:30:25.658 2038 2375 I neo_cropper: set reflow aborted: 0
09-03 11:30:27.103 557 835 W ActivityManager: Finishing task with all activities already finished
09-03 11:30:27.103 557 835 W ActivityManager: Duplicate finish request for ActivityRecord{c8aa43a u0 com.onyx.kreader/.ui.settings.MainSettingsActivity t16 f}
09-03 11:30:27.109 2038 2038 D ReaderTab1Activity: onRestart
09-03 11:30:27.110 2038 2038 D ReaderTab1Activity: onStart
09-03 11:30:27.111 2038 2038 D ReaderTab1Activity: onResume
09-03 11:30:27.115 2038 2375 I neo_cropper: set reflow aborted: 0
09-03 11:30:27.118 193 1988 I chatty : uid=0(root) Binder_5 expire 2 lines
09-03 11:30:27.168 2038 2038 D Debug : surfaceCreated
09-03 11:30:27.168 2038 2038 D Debug : surfaceChanged: 4, 1404, 1795
09-03 11:30:27.168 2038 2038 D Surface : Surface::final mReqUsage=33
09-03 11:30:27.213 2038 2063 D Surface : Surface::final mReqUsage=a00
09-03 11:30:27.213 2038 2063 D mali_winsys: EGLint new_window_surface(egl_winsys_display*, void*, EGLSurface, EGLConfig, egl_winsys_surface**, egl_color_buffer_format*, EGLBoolean) returns 0x3000
09-03 11:30:27.240 2038 2375 I neo_cropper: set reflow aborted: 0
09-03 11:30:27.244 2038 2375 D LayoutProviderUtils: hit cache: true, [{"actualScale":1,"displayRect":{"bottom":1795,"empty":false,"left":0,"right":1404,"top":0},"name":"1","originHeight":1795,"originWidth":1404,"pageDisplayOrientation":0,"pageNumber":1,"position":"621","positionRect":{"bottom":1795,"empty":false,"left":0,"right":1404,"top":0},"positionSafely":"621","range":{"endPosition":"1353","startPosition":"621"},"scaledHeight":1795,"scaledWidth":1404,"subPage":0,"textPage":true,"visibleRect":{"bottom":1795,"empty":false,"left":0,"right":1404,"top":0},"x":0,"y":0}]
09-03 11:30:27.245 2038 2375 D LayoutProviderUtils: rendering bitmap reference count: 1
09-03 11:30:27.245 2038 2375 D LayoutProviderUtils: updateReaderViewInfo
09-03 11:30:27.300 2038 2375 I neo_cropper: set reflow aborted: 0
09-03 11:30:27.333 2038 2038 D ReaderDataHolder: onRenderRequestFinished: com.onyx.android.sdk.reader.host.request.RenderRequest@4ebcbc9
09-03 11:30:27.506 2038 2375 D LayoutProviderUtils: hit cache: true, [{"actualScale":1,"displayRect":{"bottom":1795,"empty":false,"left":0,"right":1404,"top":0},"name":"2","originHeight":1795,"originWidth":1404,"pageDisplayOrientation":0,"pageNumber":2,"position":"1354","positionRect":{"bottom":1795,"empty":false,"left":0,"right":1404,"top":0},"positionSafely":"1354","range":{"endPosition":"2177","startPosition":"1354"},"scaledHeight":1795,"scaledWidth":1404,"subPage":0,"textPage":true,"visibleRect":{"bottom":1795,"empty":false,"left":0,"right":1404,"top":0},"x":0,"y":0}]
09-03 11:30:27.507 2038 2375 D LayoutProviderUtils: rendering bitmap reference count: 1
09-03 11:30:27.507 2038 2375 D LayoutProviderUtils: updateReaderViewInfo
09-03 11:30:27.598 2038 2375 I neo_cropper: set reflow aborted: 0
09-03 11:30:28.610 2038 2038 W ViewRootImpl: Cancelling event due to no window focus: KeyEvent { action=ACTION_UP, keyCode=KEYCODE_BACK, scanCode=0, metaState=0, flags=0x20, repeatCount=0, eventTime=665444, downTime=665431, deviceId=-2023406815, source=0x12345678 }
09-03 11:30:28.610 2038 2038 W ViewRootImpl: Cancelling event due to no window focus: KeyEvent { action=ACTION_UP, keyCode=KEYCODE_BACK, scanCode=0, metaState=0, flags=0x20, repeatCount=0, eventTime=665444, downTime=665431, deviceId=-2023406815, source=0x12345678 }
09-03 11:30:28.610 2038 2038 W ViewRootImpl: Cancelling event due to no window focus: KeyEvent { action=ACTION_UP, keyCode=KEYCODE_BACK, scanCode=0, metaState=0, flags=0x20, repeatCount=0, eventTime=665444, downTime=665431, deviceId=-2023406815, source=0x12345678 }
09-03 11:30:28.611 2038 2038 D ReaderTab1Activity: onPause
09-03 11:30:28.624 2038 2038 W ViewRootImpl: Cancelling event due to no window focus: KeyEvent { action=ACTION_UP, keyCode=KEYCODE_BACK, scanCode=0, metaState=0, flags=0x20, repeatCount=0, eventTime=665444, downTime=665431, deviceId=-2023406815, source=0x12345678 }
09-03 11:30:28.624 2038 2038 W ViewRootImpl: Cancelling event due to no window focus: KeyEvent { action=ACTION_UP, keyCode=KEYCODE_BACK, scanCode=0, metaState=0, flags=0x20, repeatCount=0, eventTime=665444, downTime=665431, deviceId=-2023406815, source=0x12345678 }
09-03 11:30:28.624 2038 2038 W ViewRootImpl: Cancelling event due to no window focus: KeyEvent { action=ACTION_UP, keyCode=KEYCODE_BACK, scanCode=0, metaState=0, flags=0x20, repeatCount=0, eventTime=665444, downTime=665431, deviceId=-2023406815, source=0x12345678 }
09-03 11:30:28.625 2038 2038 W ViewRootImpl: Cancelling event due to no window focus: KeyEvent { action=ACTION_UP, keyCode=KEYCODE_BACK, scanCode=0, metaState=0, flags=0x20, repeatCount=0, eventTime=665444, downTime=665431, deviceId=-2023406815, source=0x12345678 }
09-03 11:30:28.625 2038 2038 W ViewRootImpl: Cancelling event due to no window focus: KeyEvent { action=ACTION_UP, keyCode=KEYCODE_BACK, scanCode=0, metaState=0, flags=0x20, repeatCount=0, eventTime=665444, downTime=665431, deviceId=-2023406815, source=0x12345678 }
09-03 11:30:28.625 2038 2038 W ViewRootImpl: Cancelling event due to no window focus: KeyEvent { action=ACTION_UP, keyCode=KEYCODE_BACK, scanCode=0, metaState=0, flags=0x20, repeatCount=0, eventTime=665444, downTime=665431, deviceId=-2023406815, source=0x12345678 }
09-03 11:30:28.627 1600 1600 W ContextImpl: Calling a method in the system process without a qualified user: android.app.ContextImpl.sendBroadcast:763 android.content.ContextWrapper.sendBroadcast:396 com.onyx.android.sdk.device.BaseDevice.a:479 com.onyx.android.sdk.device.BaseDevice.showSystemStatusBar:442 com.onyx.ContentBrowserApplication$2.onActivityResumed:196
09-03 11:30:28.655 1600 1600 D InputEventConsistencyVerifier: KeyEvent: ACTION_UP but key was not down.
09-03 11:30:28.655 1600 1600 D InputEventConsistencyVerifier: in android.view.ViewRootImpl@32ec3bb
09-03 11:30:28.655 1600 1600 D InputEventConsistencyVerifier: 0: sent at 665431000000, KeyEvent { action=ACTION_UP, keyCode=KEYCODE_BACK, scanCode=0, metaState=0, flags=0x0, repeatCount=0, eventTime=665431, downTime=665431, deviceId=-2023406815, source=0x12345678 }
09-03 11:30:28.655 1600 1600 D InputEventConsistencyVerifier: -- recent events --
09-03 11:30:28.655 1600 1600 D InputEventConsistencyVerifier: 1: sent at 625730823000, MotionEvent { action=ACTION_UP, actionButton=0, id[0]=0, x[0]=386.32666, y[0]=1025.98, toolType[0]=TOOL_TYPE_UNKNOWN, buttonState=0, metaState=0, flags=0x0, edgeFlags=0x0, pointerCount=1, historySize=0, eventTime=625730, downTime=624655, deviceId=1, source=0x5002 }
09-03 11:30:28.655 1600 1600 D InputEventConsistencyVerifier: 2: sent at 625723772624, MotionEvent { action=ACTION_MOVE, actionButton=0, id[0]=0, x[0]=386.32666, y[0]=1025.98, toolType[0]=TOOL_TYPE_UNKNOWN, buttonState=0, metaState=0, flags=0x0, edgeFlags=0x0, pointerCount=1, historySize=1, eventTime=625723, downTime=624655, deviceId=1, source=0x5002 }
09-03 11:30:28.655 1600 1600 D InputEventConsistencyVerifier: 3: sent at 625711884631, MotionEvent { action=ACTION_MOVE, actionButton=0, id[0]=0, x[0]=385.24164, y[0]=1022.7249, toolType[0]=TOOL_TYPE_UNKNOWN, buttonState=0, metaState=0, flags=0x0, edgeFlags=0x0, pointerCount=1, historySize=1, eventTime=625711, downTime=624655, deviceId=1, source=0x5002 }
09-03 11:30:28.655 1600 1600 D InputEventConsistencyVerifier: 4: sent at 625698475000, MotionEvent { action=ACTION_MOVE, actionButton=0, id[0]=0, x[0]=384.0, y[0]=1019.0, toolType[0]=TOOL_TYPE_UNKNOWN, buttonState=0, metaState=0, flags=0x0, edgeFlags=0x0, pointerCount=1, historySize=0, eventTime=625698, downTime=624655, deviceId=1, source=0x5002 }
09-03 11:30:28.655 1600 1600 D InputEventConsistencyVerifier: 5: sent at 625600696000, MotionEvent { action=ACTION_MOVE, actionButton=0, id[0]=0, x[0]=384.0, y[0]=1017.0, toolType[0]=TOOL_TYPE_UNKNOWN, buttonState=0, metaState=0, flags=0x0, edgeFlags=0x0, pointerCount=1, historySize=0, eventTime=625600, downTime=624655, deviceId=1, source=0x5002 }
09-03 11:30:28.656 1600 1600 W ViewRootImpl: Cancelling event due to no window focus: KeyEvent { action=ACTION_UP, keyCode=KEYCODE_BACK, scanCode=0, metaState=0, flags=0x80000020, repeatCount=0, eventTime=665431, downTime=665431, deviceId=-2023406815, source=0x12345678 }
09-03 11:30:28.656 1600 1600 W ViewRootImpl: Cancelling event due to no window focus: KeyEvent { action=ACTION_UP, keyCode=KEYCODE_BACK, scanCode=0, metaState=0, flags=0x80000020, repeatCount=0, eventTime=665431, downTime=665431, deviceId=-2023406815, source=0x12345678 }
09-03 11:30:28.657 1600 1600 W ViewRootImpl: Cancelling event due to no window focus: KeyEvent { action=ACTION_UP, keyCode=KEYCODE_BACK, scanCode=0, metaState=0, flags=0x80000020, repeatCount=0, eventTime=665431, downTime=665431, deviceId=-2023406815, source=0x12345678 }
09-03 11:30:28.657 1600 1600 W ViewRootImpl: Cancelling event due to no window focus: KeyEvent { action=ACTION_UP, keyCode=KEYCODE_BACK, scanCode=0, metaState=0, flags=0x80000020, repeatCount=0, eventTime=665431, downTime=665431, deviceId=-2023406815, source=0x12345678 }
09-03 11:30:28.657 1600 1600 W ViewRootImpl: Cancelling event due to no window focus: KeyEvent { action=ACTION_UP, keyCode=KEYCODE_BACK, scanCode=0, metaState=0, flags=0x80000020, repeatCount=0, eventTime=665431, downTime=665431, deviceId=-2023406815, source=0x12345678 }
09-03 11:30:28.658 1600 1600 W ViewRootImpl: Cancelling event due to no window focus: KeyEvent { action=ACTION_UP, keyCode=KEYCODE_BACK, scanCode=0, metaState=0, flags=0x80000020, repeatCount=0, eventTime=665431, downTime=665431, deviceId=-2023406815, source=0x12345678 }
09-03 11:30:28.659 1600 1600 W ViewRootImpl: Cancelling event due to no window focus: KeyEvent { action=ACTION_UP, keyCode=KEYCODE_BACK, scanCode=0, metaState=0, flags=0x80000020, repeatCount=0, eventTime=665431, downTime=665431, deviceId=-2023406815, source=0x12345678 }
09-03 11:30:28.659 193 193 I chatty : uid=0(root) /system/bin/surfaceflinger expire 33 lines
09-03 11:30:28.659 1600 1600 W ViewRootImpl: Cancelling event due to no window focus: KeyEvent { action=ACTION_UP, keyCode=KEYCODE_BACK, scanCode=0, metaState=0, flags=0x80000020, repeatCount=0, eventTime=665431, downTime=665431, deviceId=-2023406815, source=0x12345678 }
09-03 11:30:28.659 1600 1600 W ViewRootImpl: Cancelling event due to no window focus: KeyEvent { action=ACTION_UP, keyCode=KEYCODE_BACK, scanCode=0, metaState=0, flags=0x80000020, repeatCount=0, eventTime=665431, downTime=665431, deviceId=-2023406815, source=0x12345678 }
09-03 11:30:28.671 1600 1600 D Surface : Surface::final mReqUsage=33
09-03 11:30:28.842 2038 2038 D Debug : surfaceDestroyed
09-03 11:30:29.179 2038 2038 E ReaderTab1Activity: onDocumentDeactivated
09-03 11:30:29.180 2038 2038 D ReaderTab1Activity: onStop
09-03 11:30:29.183 2038 2038 D ReaderTab1Activity: onDestroy
09-03 11:30:29.184 2038 2038 D ReaderTab1Activity: forceCloseApplication
09-03 11:30:29.196 2038 2038 I neo_cropper: set reflow aborted: 1
09-03 11:30:29.444 2038 2375 I neo_cropper: set reflow aborted: 0
09-03 11:30:29.536 2038 2375 I neo_cropper: set reflow aborted: 0
09-03 11:30:30.825 1600 1600 W ContextImpl: Calling a method in the system process without a qualified user: android.app.ContextImpl.startService:1221 android.content.ContextWrapper.startService:581 com.onyx.common.utils.KReaderUtils.openDocByKReaderService:46 com.onyx.common.utils.KReaderUtils.openDocByKReaderService:34 com.onyx.common.action.FileOpenAction.a:150
09-03 11:30:30.830 1812 1812 D ReaderTabService: onCreate
09-03 11:30:30.831 1600 1600 I Benchmark: FileOpenAction /storage/emulated/0/Books/飘.txt ---> 12ms
09-03 11:30:30.832 1812 1812 D ReaderTabService: restoreReaderTabState
09-03 11:30:30.846 1812 2418 D ReaderTabService: onHandleIntent: android.intent.action.VIEW, file:///storage/emulated/0/Books/%E9%A3%98.txt
09-03 11:30:30.847 1812 2418 D ReaderTabService: openFile: /storage/emulated/0/Books/飘.txt
09-03 11:30:30.852 557 928 I ActivityManager: START u0 {act=android.intent.action.VIEW dat=file:///storage/emulated/0/Books/飘.txt flg=0x10000000 cmp=com.onyx.kreader/.ui.ReaderTab1Activity (has extras)} from uid 10048 on display 0
09-03 11:30:30.877 1812 1812 D ReaderTabService: onDestroy
09-03 11:30:30.877 1812 1812 D ReaderTabService: saveReaderTabState
09-03 11:30:30.879 2038 2038 D ReaderTab1Activity: onCreate
09-03 11:30:30.908 2038 2038 D ReaderTab1Activity: target window: 80, -1, -1
09-03 11:30:30.909 2038 2038 D ReaderTab1Activity: onStart
09-03 11:30:30.910 2038 2038 D ReaderTab1Activity: onResume
09-03 11:30:30.936 2038 2063 D Surface : Surface::final mReqUsage=a00
09-03 11:30:30.936 2038 2063 D mali_winsys: EGLint new_window_surface(egl_winsys_display*, void*, EGLSurface, EGLConfig, egl_winsys_surface**, egl_color_buffer_format*, EGLBoolean) returns 0x3000
09-03 11:30:30.938 2038 2038 D ReaderTab1Activity: handleActivityIntent: Intent { act=android.intent.action.VIEW dat=file:///storage/emulated/0/Books/飘.txt flg=0x10800000 cmp=com.onyx.kreader/.ui.ReaderTab1Activity (has extras) }
09-03 11:30:30.941 2038 2038 D Debug : rebuilding tab widget:
09-03 11:30:30.947 2038 2038 E ReaderActivity: onTabChanged: com.onyx.kreader.ui.ReaderTab1Activity
09-03 11:30:30.976 2038 2038 D Debug : surfaceCreated
09-03 11:30:30.976 2038 2038 D Debug : surfaceChanged: 4, 1404, 1795
09-03 11:30:30.976 2038 2038 D Surface : Surface::final mReqUsage=33
09-03 11:30:31.029 557 596 D WindowStateAnimator: rk_debug2 Starting com.onyx.kreader_Force_To_Dual
09-03 11:30:31.045 557 926 W InputMethodManagerService: Starting input on non-focused client com.android.internal.view.IInputMethodClient$Stub$Proxy@223927c (uid=1000 pid=1600)
09-03 11:30:31.066 2038 2038 D Debug : current orientation: 1, target orientation: 1
09-03 11:30:31.094 557 596 D Surface : Surface::final mReqUsage=33
09-03 11:30:31.120 2038 2063 D Surface : Surface::final mReqUsage=a00
09-03 11:30:31.120 2038 2063 D mali_winsys: EGLint new_window_surface(egl_winsys_display*, void*, EGLSurface, EGLConfig, egl_winsys_surface**, egl_color_buffer_format*, EGLBoolean) returns 0x3000
09-03 11:30:31.156 557 596 I ActivityManager: Displayed com.onyx.kreader/.ui.ReaderTab1Activity: +295ms
09-03 11:30:31.328 2038 2421 E zp0 : 1535945431328
09-03 11:30:31.328 2038 2421 E zp0 : 1535945431328
09-03 11:30:31.337 2038 2421 D DETECT CODE PAGE: GB18030
09-03 11:30:31.475 2038 2421 D LayoutProviderUtils: hit cache: false, [{"actualScale":1,"displayRect":{"bottom":1795,"empty":false,"left":0,"right":1404,"top":0},"name":"1","originHeight":1795,"originWidth":1404,"pageDisplayOrientation":0,"pageNumber":1,"position":"621","positionRect":{"bottom":1795,"empty":false,"left":0,"right":1404,"top":0},"positionSafely":"621","range":{"endPosition":"1029","startPosition":"621"},"scaledHeight":1795,"scaledWidth":1404,"subPage":0,"textPage":true,"visibleRect":{"bottom":1795,"empty":false,"left":0,"right":1404,"top":0},"x":0,"y":0}]
09-03 11:30:31.497 2038 2421 D LayoutProviderUtils: rendering bitmap reference count: 1
09-03 11:30:31.498 2038 2421 D LayoutProviderUtils: draw visible page: 1, scale: 1.0, bitmap: 1404, 1795, display rect: RectF(0.0, 0.0, 1404.0, 1795.0), position rect: RectF(0.0, 0.0, 1404.0, 1795.0), viewport: RectF(0.0, 0.0, 1404.0, 1795.0), page rect: RectF(0.0, 0.0, 1404.0, 1795.0), visible rect: RectF(0.0, 0.0, 1404.0, 1795.0)
09-03 11:30:31.611 2038 2421 I Benchmark: getPageBitmap ---> 113ms
09-03 11:30:31.612 2038 2421 D LayoutProviderUtils: updateReaderViewInfo
09-03 11:30:31.705 2038 2421 I neo_cropper: set reflow aborted: 0
09-03 11:30:31.738 2038 2038 D ReaderDataHolder: onRenderRequestFinished: com.onyx.android.sdk.reader.host.request.OpenAndRestoreRequest@13ef33
09-03 11:30:31.740 2038 2038 D Surface : Surface::final mReqUsage=33
09-03 11:30:31.863 2038 2038 D ReaderTab1Activity: postDocumentInitRendered: tab widget visible -> true
09-03 11:30:31.884 1812 1812 D ReaderTabService: onCreate
09-03 11:30:31.885 1812 1812 D ReaderTabService: restoreReaderTabState
09-03 11:30:31.893 1812 2423 D ReaderTabService: onHandleIntent: com.onyx.kreader.action.OPEN_DOCUMENT_SUCCESS, file:///storage/emulated/0/Books/%E9%A3%98.txt
09-03 11:30:31.894 1812 2423 D ReaderTabService: onFileOpened: /storage/emulated/0/Books/飘.txt, true
09-03 11:30:31.903 1812 1812 D ReaderTabService: onDestroy
09-03 11:30:31.904 1812 1812 D ReaderTabService: saveReaderTabState
09-03 11:30:32.331 2038 2421 I neo_cropper: set reflow aborted: 0
09-03 11:30:32.356 2038 2421 D LayoutProviderUtils: hit cache: false, [{"actualScale":1,"displayRect":{"bottom":1795,"empty":false,"left":0,"right":1404,"top":0},"name":"2","originHeight":1795,"originWidth":1404,"pageDisplayOrientation":0,"pageNumber":2,"position":"1354","positionRect":{"bottom":1795,"empty":false,"left":0,"right":1404,"top":0},"positionSafely":"1354","range":{"endPosition":"2177","startPosition":"1354"},"scaledHeight":1795,"scaledWidth":1404,"subPage":0,"textPage":true,"visibleRect":{"bottom":1795,"empty":false,"left":0,"right":1404,"top":0},"x":0,"y":0}]
09-03 11:30:32.383 2038 2421 D LayoutProviderUtils: rendering bitmap reference count: 1
09-03 11:30:32.384 2038 2421 D LayoutProviderUtils: draw visible page: 2, scale: 1.0, bitmap: 1404, 1795, display rect: RectF(0.0, 0.0, 1404.0, 1795.0), position rect: RectF(0.0, 0.0, 1404.0, 1795.0), viewport: RectF(0.0, 0.0, 1404.0, 1795.0), page rect: RectF(0.0, 0.0, 1404.0, 1795.0), visible rect: RectF(0.0, 0.0, 1404.0, 1795.0)
09-03 11:30:32.507 2038 2421 I Benchmark: getPageBitmap ---> 122ms
09-03 11:30:32.507 2038 2421 D LayoutProviderUtils: updateReaderViewInfo
09-03 11:30:32.579 2038 2421 I neo_cropper: set reflow aborted: 0
09-03 11:30:33.528 2038 2063 D Surface : Surface::final mReqUsage=a00
09-03 11:30:33.528 2038 2063 D mali_winsys: EGLint new_window_surface(egl_winsys_display*, void*, EGLSurface, EGLConfig, egl_winsys_surface**, egl_color_buffer_format*, EGLBoolean) returns 0x3000
09-03 11:30:36.218 2038 2038 D ShowReaderMenuAction: onMenuItemClicked: DIRECTORY_TOC
09-03 11:30:36.410 2038 2063 D Surface : Surface::final mReqUsage=a00
09-03 11:30:36.410 2038 2063 D mali_winsys: EGLint new_window_surface(egl_winsys_display*, void*, EGLSurface, EGLConfig, egl_winsys_surface**, egl_color_buffer_format*, EGLBoolean) returns 0x3000
09-03 11:30:36.472 2038 2421 I neo_cropper: set reflow aborted: 0
09-03 11:30:36.577 2038 2063 D Surface : Surface::final mReqUsage=a00
09-03 11:30:36.577 2038 2063 D mali_winsys: EGLint new_window_surface(egl_winsys_display*, void*, EGLSurface, EGLConfig, egl_winsys_surface**, egl_color_buffer_format*, EGLBoolean) returns 0x3000
09-03 11:30:36.648 193 1988 I chatty : uid=0(root) Binder_5 expire 1 line
09-03 11:30:36.717 193 860 I chatty : uid=0(root) Binder_3 expire 3 lines
09-03 11:30:36.719 2038 2421 I neo_cropper: set reflow aborted: 0
09-03 11:30:36.897 2038 2038 W View : requestLayout() improperly called by android.support.v7.widget.AppCompatTextView{281e577 V.ED..... ......I. 0,0-0,0 #7f090292 app:id/total} during layout: running second layout pass
09-03 11:30:40.674 2038 2038 W InputEventReceiver: Attempted to finish an input event but the input event receiver has already been disposed.
09-03 11:30:40.684 193 193 I chatty : uid=0(root) /system/bin/surfaceflinger expire 10 lines
09-03 11:31:00.863 557 927 D pms : Enter idle state
09-03 11:31:00.864 557 927 D pms : ######### Switching system power mode to [standby]
09-03 11:31:00.865 557 927 I pms : ========== Setup an [300000]s alarm for standby mode ==========
09-03 11:31:00.869 557 927 D pms :
09-03 11:31:00.869 557 927 D pms :
09-03 11:31:00.869 557 927 D pms : ************** Add alarm:onyx_standby_timeout
09-03 11:31:00.869 557 927 D pms :
09-03 11:31:00.880 557 557 D pms : set alarm:onyx_standby_timeout, now:1535945460875 [ 2018-09-03 11:31:00], wake:1535945760865 [2018-09-03 11:36:00]
09-03 11:31:10.069 557 786 D pms : ######### Switching system power mode to [off]
09-03 11:31:10.069 557 557 D pms : ************** cancel alarm:onyx_standby_timeout
09-03 11:31:10.069 557 557 D pms : ************** cancel alarm:onyx_auto_poweroff
09-03 11:31:10.082 2038 2421 D LayoutProviderUtils: hit cache: true, [{"actualScale":1,"displayRect":{"bottom":1795,"empty":false,"left":0,"right":1404,"top":0},"name":"2","originHeight":1795,"originWidth":1404,"pageDisplayOrientation":0,"pageNumber":2,"position":"1354","positionRect":{"bottom":1795,"empty":false,"left":0,"right":1404,"top":0},"positionSafely":"1354","range":{"endPosition":"2177","startPosition":"1354"},"scaledHeight":1795,"scaledWidth":1404,"subPage":0,"textPage":true,"visibleRect":{"bottom":1795,"empty":false,"left":0,"right":1404,"top":0},"x":0,"y":0}]
09-03 11:31:10.082 2038 2421 D LayoutProviderUtils: rendering bitmap reference count: 1
09-03 11:31:10.082 2038 2421 D LayoutProviderUtils: updateReaderViewInfo
09-03 11:31:10.110 2038 2421 I neo_cropper: set reflow aborted: 0
09-03 11:31:10.113 2038 2038 D ReaderDataHolder: onRenderRequestFinished: com.onyx.android.sdk.reader.host.request.NextScreenRequest@3a3765a
09-03 11:31:10.197 193 235 I chatty : uid=0(root) Binder_2 expire 1 line
09-03 11:31:10.234 2038 2051 W art : Suspending all threads took: 13.237ms
09-03 11:31:10.240 2038 2421 D LayoutProviderUtils: hit cache: false, [{"actualScale":1,"displayRect":{"bottom":1795,"empty":false,"left":0,"right":1404,"top":0},"name":"4","originHeight":1795,"originWidth":1404,"pageDisplayOrientation":0,"pageNumber":4,"position":"2178","positionRect":{"bottom":1795,"empty":false,"left":0,"right":1404,"top":0},"positionSafely":"2178","range":{"endPosition":"2925","startPosition":"2178"},"scaledHeight":1795,"scaledWidth":1404,"subPage":0,"textPage":true,"visibleRect":{"bottom":1795,"empty":false,"left":0,"right":1404,"top":0},"x":0,"y":0}]
09-03 11:31:10.257 2038 2051 I art : Background sticky concurrent mark sweep GC freed 11859(619KB) AllocSpace objects, 1(24KB) LOS objects, 0% free, 131MB/131MB, paused 14.142ms total 51.453ms
09-03 11:31:10.286 2038 2421 D LayoutProviderUtils: rendering bitmap reference count: 1
09-03 11:31:10.286 2038 2421 D LayoutProviderUtils: draw visible page: 4, scale: 1.0, bitmap: 1404, 1795, display rect: RectF(0.0, 0.0, 1404.0, 1795.0), position rect: RectF(0.0, 0.0, 1404.0, 1795.0), viewport: RectF(0.0, 0.0, 1404.0, 1795.0), page rect: RectF(0.0, 0.0, 1404.0, 1795.0), visible rect: RectF(0.0, 0.0, 1404.0, 1795.0)
09-03 11:31:10.390 2038 2421 I Benchmark: getPageBitmap ---> 103ms
09-03 11:31:10.390 2038 2421 D LayoutProviderUtils: updateReaderViewInfo
09-03 11:31:10.483 2038 2421 I neo_cropper: set reflow aborted: 0
09-03 11:31:11.361 2038 2063 D Surface : Surface::final mReqUsage=a00
09-03 11:31:11.361 2038 2063 D mali_winsys: EGLint new_window_surface(egl_winsys_display*, void*, EGLSurface, EGLConfig, egl_winsys_surface**, egl_color_buffer_format*, EGLBoolean) returns 0x3000
09-03 11:31:13.256 2038 2038 W InputEventReceiver: Attempted to finish an input event but the input event receiver has already been disposed.
09-03 11:31:14.500 2038 2038 W ViewRootImpl: Cancelling event due to no window focus: KeyEvent { action=ACTION_UP, keyCode=KEYCODE_BACK, scanCode=0, metaState=0, flags=0x20, repeatCount=0, eventTime=702558, downTime=702545, deviceId=-2023406815, source=0x12345678 }
09-03 11:31:14.500 2038 2038 W ViewRootImpl: Cancelling event due to no window focus: KeyEvent { action=ACTION_UP, keyCode=KEYCODE_BACK, scanCode=0, metaState=0, flags=0x20, repeatCount=0, eventTime=702558, downTime=702545, deviceId=-2023406815, source=0x12345678 }
09-03 11:31:14.501 2038 2038 W ViewRootImpl: Cancelling event due to no window focus: KeyEvent { action=ACTION_UP, keyCode=KEYCODE_BACK, scanCode=0, metaState=0, flags=0x20, repeatCount=0, eventTime=702558, downTime=702545, deviceId=-2023406815, source=0x12345678 }
09-03 11:31:14.501 2038 2038 D ReaderTab1Activity: onPause
09-03 11:31:14.520 2038 2038 W ViewRootImpl: Cancelling event due to no window focus: KeyEvent { action=ACTION_UP, keyCode=KEYCODE_BACK, scanCode=0, metaState=0, flags=0x20, repeatCount=0, eventTime=702558, downTime=702545, deviceId=-2023406815, source=0x12345678 }
09-03 11:31:14.521 2038 2038 W ViewRootImpl: Cancelling event due to no window focus: KeyEvent { action=ACTION_UP, keyCode=KEYCODE_BACK, scanCode=0, metaState=0, flags=0x20, repeatCount=0, eventTime=702558, downTime=702545, deviceId=-2023406815, source=0x12345678 }
09-03 11:31:14.521 2038 2038 W ViewRootImpl: Cancelling event due to no window focus: KeyEvent { action=ACTION_UP, keyCode=KEYCODE_BACK, scanCode=0, metaState=0, flags=0x20, repeatCount=0, eventTime=702558, downTime=702545, deviceId=-2023406815, source=0x12345678 }
09-03 11:31:14.522 2038 2038 W ViewRootImpl: Cancelling event due to no window focus: KeyEvent { action=ACTION_UP, keyCode=KEYCODE_BACK, scanCode=0, metaState=0, flags=0x20, repeatCount=0, eventTime=702558, downTime=702545, deviceId=-2023406815, source=0x12345678 }
09-03 11:31:14.522 2038 2038 W ViewRootImpl: Cancelling event due to no window focus: KeyEvent { action=ACTION_UP, keyCode=KEYCODE_BACK, scanCode=0, metaState=0, flags=0x20, repeatCount=0, eventTime=702558, downTime=702545, deviceId=-2023406815, source=0x12345678 }
09-03 11:31:14.522 2038 2038 W ViewRootImpl: Cancelling event due to no window focus: KeyEvent { action=ACTION_UP, keyCode=KEYCODE_BACK, scanCode=0, metaState=0, flags=0x20, repeatCount=0, eventTime=702558, downTime=702545, deviceId=-2023406815, source=0x12345678 }
09-03 11:31:14.524 1600 1600 W ContextImpl: Calling a method in the system process without a qualified user: android.app.ContextImpl.sendBroadcast:763 android.content.ContextWrapper.sendBroadcast:396 com.onyx.android.sdk.device.BaseDevice.a:479 com.onyx.android.sdk.device.BaseDevice.showSystemStatusBar:442 com.onyx.ContentBrowserApplication$2.onActivityResumed:196
09-03 11:31:14.578 1600 1600 D InputEventConsistencyVerifier: KeyEvent: ACTION_UP but key was not down.
09-03 11:31:14.578 1600 1600 D InputEventConsistencyVerifier: in android.view.ViewRootImpl@32ec3bb
09-03 11:31:14.578 1600 1600 D InputEventConsistencyVerifier: 0: sent at 702545000000, KeyEvent { action=ACTION_UP, keyCode=KEYCODE_BACK, scanCode=0, metaState=0, flags=0x0, repeatCount=0, eventTime=702545, downTime=702545, deviceId=-2023406815, source=0x12345678 }
09-03 11:31:14.578 1600 1600 D InputEventConsistencyVerifier: -- recent events --
09-03 11:31:14.578 1600 1600 D InputEventConsistencyVerifier: 1: sent at 667782260000, MotionEvent { action=ACTION_UP, actionButton=0, id[0]=0, x[0]=372.0, y[0]=479.0, toolType[0]=TOOL_TYPE_UNKNOWN, buttonState=0, metaState=0, flags=0x0, edgeFlags=0x0, pointerCount=1, historySize=0, eventTime=667782, downTime=667755, deviceId=1, source=0x5002 }
09-03 11:31:14.578 1600 1600 D InputEventConsistencyVerifier: 2: sent at 667773670000, MotionEvent { action=ACTION_MOVE, actionButton=0, id[0]=0, x[0]=372.0, y[0]=479.0, toolType[0]=TOOL_TYPE_UNKNOWN, buttonState=0, metaState=0, flags=0x0, edgeFlags=0x0, pointerCount=1, historySize=0, eventTime=667773, downTime=667755, deviceId=1, source=0x5002 }
09-03 11:31:14.578 1600 1600 D InputEventConsistencyVerifier: 3: sent at 667755996000, MotionEvent { action=ACTION_DOWN, actionButton=0, id[0]=0, x[0]=368.0, y[0]=479.0, toolType[0]=TOOL_TYPE_UNKNOWN, buttonState=0, metaState=0, flags=0x0, edgeFlags=0x0, pointerCount=1, historySize=0, eventTime=667755, downTime=667755, deviceId=1, source=0x5002 }
09-03 11:31:14.578 1600 1600 D InputEventConsistencyVerifier: 4: sent at 665431000000, KeyEvent { action=ACTION_UP, keyCode=KEYCODE_BACK, scanCode=0, metaState=0, flags=0x80000000, repeatCount=0, eventTime=665431, downTime=665431, deviceId=-2023406815, source=0x12345678 }
09-03 11:31:14.578 1600 1600 D InputEventConsistencyVerifier: 5: sent at 625730823000, MotionEvent { action=ACTION_UP, actionButton=0, id[0]=0, x[0]=386.32666, y[0]=1025.98, toolType[0]=TOOL_TYPE_UNKNOWN, buttonState=0, metaState=0, flags=0x0, edgeFlags=0x0, pointerCount=1, historySize=0, eventTime=625730, downTime=624655, deviceId=1, source=0x5002 }
09-03 11:31:14.584 1600 1600 W ViewRootImpl: Cancelling event due to no window focus: KeyEvent { action=ACTION_UP, keyCode=KEYCODE_BACK, scanCode=0, metaState=0, flags=0x80000020, repeatCount=0, eventTime=702545, downTime=702545, deviceId=-2023406815, source=0x12345678 }
09-03 11:31:14.584 1600 1600 W ViewRootImpl: Cancelling event due to no window focus: KeyEvent { action=ACTION_UP, keyCode=KEYCODE_BACK, scanCode=0, metaState=0, flags=0x80000020, repeatCount=0, eventTime=702545, downTime=702545, deviceId=-2023406815, source=0x12345678 }
09-03 11:31:14.585 1600 1600 W ViewRootImpl: Cancelling event due to no window focus: KeyEvent { action=ACTION_UP, keyCode=KEYCODE_BACK, scanCode=0, metaState=0, flags=0x80000020, repeatCount=0, eventTime=702545, downTime=702545, deviceId=-2023406815, source=0x12345678 }
09-03 11:31:14.585 1600 1600 W ViewRootImpl: Cancelling event due to no window focus: KeyEvent { action=ACTION_UP, keyCode=KEYCODE_BACK, scanCode=0, metaState=0, flags=0x80000020, repeatCount=0, eventTime=702545, downTime=702545, deviceId=-2023406815, source=0x12345678 }
09-03 11:31:14.585 1600 1600 W ViewRootImpl: Cancelling event due to no window focus: KeyEvent { action=ACTION_UP, keyCode=KEYCODE_BACK, scanCode=0, metaState=0, flags=0x80000020, repeatCount=0, eventTime=702545, downTime=702545, deviceId=-2023406815, source=0x12345678 }
09-03 11:31:14.585 1600 1600 W ViewRootImpl: Cancelling event due to no window focus: KeyEvent { action=ACTION_UP, keyCode=KEYCODE_BACK, scanCode=0, metaState=0, flags=0x80000020, repeatCount=0, eventTime=702545, downTime=702545, deviceId=-2023406815, source=0x12345678 }
09-03 11:31:14.586 1600 1600 W ViewRootImpl: Cancelling event due to no window focus: KeyEvent { action=ACTION_UP, keyCode=KEYCODE_BACK, scanCode=0, metaState=0, flags=0x80000020, repeatCount=0, eventTime=702545, downTime=702545, deviceId=-2023406815, source=0x12345678 }
09-03 11:31:14.586 1600 1600 W ViewRootImpl: Cancelling event due to no window focus: KeyEvent { action=ACTION_UP, keyCode=KEYCODE_BACK, scanCode=0, metaState=0, flags=0x80000020, repeatCount=0, eventTime=702545, downTime=702545, deviceId=-2023406815, source=0x12345678 }
09-03 11:31:14.586 1600 1600 W ViewRootImpl: Cancelling event due to no window focus: KeyEvent { action=ACTION_UP, keyCode=KEYCODE_BACK, scanCode=0, metaState=0, flags=0x80000020, repeatCount=0, eventTime=702545, downTime=702545, deviceId=-2023406815, source=0x12345678 }
09-03 11:31:14.639 1600 1600 D Surface : Surface::final mReqUsage=33
09-03 11:31:14.810 2038 2038 D Debug : surfaceDestroyed
09-03 11:31:14.832 193 193 I chatty : uid=0(root) /system/bin/surfaceflinger expire 12 lines
09-03 11:31:15.153 2038 2038 E ReaderTab1Activity: onDocumentDeactivated
09-03 11:31:15.154 2038 2038 D ReaderTab1Activity: onStop
09-03 11:31:15.156 2038 2038 D ReaderTab1Activity: onDestroy
09-03 11:31:15.156 2038 2038 D ReaderTab1Activity: forceCloseApplication
09-03 11:31:15.176 2038 2038 I neo_cropper: set reflow aborted: 1
09-03 11:31:15.336 2038 2421 I neo_cropper: set reflow aborted: 0
09-03 11:31:15.429 2038 2421 I neo_cropper: set reflow aborted: 0
09-03 11:31:19.493 935 935 D PhoneStatusBar: disable: < expand icons alerts system_info back home recent clock search quick_settings
> 09-03 11:31:19.521 935 1406 D Surface : Surface::final mReqUsage=a00
09-03 11:31:19.521 935 1406 D mali_winsys: EGLint new_window_surface(egl_winsys_display*, void*, EGLSurface, EGLConfig, egl_winsys_surface**, egl_color_buffer_format*, EGLBoolean) returns 0x3000
09-03 11:31:22.256 557 598 D pms : Enter idle state
09-03 11:31:22.257 557 598 D pms : ######### Switching system power mode to [standby]
09-03 11:31:22.258 557 598 I pms : ========== Setup an [300000]s alarm for standby mode ==========
09-03 11:31:22.262 557 598 D pms :
09-03 11:31:22.262 557 598 D pms :
09-03 11:31:22.262 557 598 D pms : ************** Add alarm:onyx_standby_timeout
09-03 11:31:22.262 557 598 D pms :
09-03 11:31:22.276 557 557 D pms : set alarm:onyx_standby_timeout, now:1535945482268 [ 2018-09-03 11:31:22], wake:1535945782258 [2018-09-03 11:36:22]
09-03 11:31:29.072 557 786 D pms : ######### Switching system power mode to [off]
09-03 11:31:29.075 557 557 D pms : ************** cancel alarm:onyx_standby_timeout
09-03 11:31:29.075 557 557 D pms : ************** cancel alarm:onyx_auto_poweroff
09-03 11:31:29.075 935 935 D InputEventConsistencyVerifier: TouchEvent: ACTION_DOWN but pointers are already down. Probably missing ACTION_UP from previous gesture.
09-03 11:31:29.075 935 935 D InputEventConsistencyVerifier: in android.view.ScaleGestureDetector@20828e
09-03 11:31:29.075 935 935 D InputEventConsistencyVerifier: 0: sent at 711089749000, MotionEvent { action=ACTION_DOWN, actionButton=0, id[0]=0, x[0]=858.0, y[0]=115.0, toolType[0]=TOOL_TYPE_UNKNOWN, buttonState=0, metaState=0, flags=0x0, edgeFlags=0x0, pointerCount=1, historySize=0, eventTime=711089, downTime=711089, deviceId=1, source=0x5002 }
09-03 11:31:29.075 935 935 D InputEventConsistencyVerifier: -- recent events --
09-03 11:31:29.075 935 935 D InputEventConsistencyVerifier: 1: sent at 711089749000, MotionEvent { action=ACTION_DOWN, actionButton=0, id[0]=0, x[0]=858.0, y[0]=115.0, toolType[0]=TOOL_TYPE_UNKNOWN, buttonState=0, metaState=0, flags=0x0, edgeFlags=0x0, pointerCount=1, historySize=0, eventTime=711089, downTime=711089, deviceId=1, source=0x5002 }
09-03 11:31:29.092 557 595 D pms : wakeUpNoUpdateLocked: !!!rejected!!! eventTime=711237, mLastSleepTime=368202, uid=1000, mWakefulness=1, reason=bt-wakelock
09-03 11:31:29.102 2433 2433 I droid.bluetoot: type=1400 audit(0.0:114): avc: denied { read } for name="lib" dev="mmcblk0p13" ino=13 scontext=u:r:bluetooth:s0 tcontext=u:object_r:unlabeled:s0 tclass=lnk_file permissive=1
09-03 11:31:29.111 2433 2433 I art : Late-enabling JIT
09-03 11:31:29.119 557 595 I ActivityManager: Start proc 2433:com.android.bluetooth/1002 for service com.android.bluetooth/.btservice.AdapterService
09-03 11:31:29.127 2433 2433 I art : JIT created with code_cache_capacity=2MB compile_threshold=1000
09-03 11:31:29.301 2433 2433 D AdapterServiceConfig: Adding HeadsetService
09-03 11:31:29.304 2433 2433 D AdapterServiceConfig: Adding A2dpService
09-03 11:31:29.306 2433 2433 D AdapterServiceConfig: Adding HidService
09-03 11:31:29.308 2433 2433 D AdapterServiceConfig: Adding HealthService
09-03 11:31:29.310 2433 2433 D AdapterServiceConfig: Adding PanService
09-03 11:31:29.312 2433 2433 D AdapterServiceConfig: Adding GattService
09-03 11:31:29.316 2433 2433 D AdapterServiceConfig: Adding BluetoothMapService
09-03 11:31:29.354 193 193 I chatty : uid=0(root) /system/bin/surfaceflinger expire 141 lines
09-03 11:31:29.369 557 595 D BluetoothManagerService: Added callback: android.bluetooth.IBluetoothManagerCallback$Stub$Proxy@e81c638:true
09-03 11:31:29.373 2433 2433 D BluetoothAdapterState: make() - Creating AdapterState
09-03 11:31:29.381 2433 2433 I bt_bluedroid: init
09-03 11:31:29.381 2433 2447 I BluetoothAdapterState: Entering OffState
09-03 11:31:29.382 2433 2448 I bt_bte_conf: bte_load_ble_conf attempt to load ble stack conf from /etc/bluetooth/ble_stack.conf
09-03 11:31:29.382 2433 2448 E bt_osi_config: config_new unable to open file '/etc/bluetooth/ble_stack.conf': No such file or directory
09-03 11:31:29.382 2433 2448 I bt_bte_conf: bte_load_ble_conf file >/etc/bluetooth/ble_stack.conf< not found
09-03 11:31:29.382 2433 2448 I bt_stack_config: init attempt to load stack conf from /etc/bluetooth/bt_stack.conf
09-03 11:31:29.383 2433 2448 E bt_btif : vendor_storage open fail
09-03 11:31:29.383 2433 2448 E bt_btif : Get local bdaddr from vflash
09-03 11:31:29.383 2433 2448 E bt_btif : btif_fetch_local_bdaddr, local bdaddr is stored in /data/misc/bluetooth/bdaddr
09-03 11:31:29.383 2433 2433 I bt_bluedroid: get_profile_interface socket
09-03 11:31:29.388 2433 2451 D BluetoothAdapterProperties: Address is:22:22:1E:31:CE:20
09-03 11:31:29.389 2433 2451 W art : Method processed more than once: void com.android.bluetooth.btservice.AdapterProperties.adapterPropertyChangedCallback(int[], byte[][])
09-03 11:31:29.393 2433 2451 D BluetoothAdapterProperties: Name is: BOOX Nova
09-03 11:31:29.397 2433 2433 I bt_bluedroid: get_profile_interface sdp
09-03 11:31:29.400 2433 2446 I bt_bluedroid: config_hci_snoop_log
09-03 11:31:29.405 557 595 D BluetoothManagerService: Broadcasting onBluetoothServiceUp() to 6 receivers.
09-03 11:31:29.422 2433 2447 D BluetoothAdapterState: Current state: OFF, message: 0
09-03 11:31:29.422 2433 2447 D BluetoothAdapterProperties: Setting state to 14
09-03 11:31:29.422 2433 2447 I BluetoothAdapterState: Bluetooth adapter state changed: 10-> 14
09-03 11:31:29.430 2433 2447 D BluetoothBondStateMachine: make
09-03 11:31:29.432 2433 2452 I BluetoothBondStateMachine: StableState(): Entering Off State
09-03 11:31:29.445 2433 2447 I BluetoothAdapterState: Entering PendingCommandState
09-03 11:31:29.472 2453 2453 I chatty : uid=0(root) /system/bin/rild expire 1 line
09-03 11:31:29.480 2433 2433 I BtGatt.JNI: classInitNative(L912): classInitNative: Success!
09-03 11:31:29.490 2433 2433 D BluetoothAdapterService: getAdapterService() - returning com.android.bluetooth.btservice.AdapterService@81c6a7d
09-03 11:31:29.491 2433 2433 D BtGatt.DebugUtils: handleDebugAction() action=null
09-03 11:31:29.492 2433 2433 D BtGatt.GattService: Received start request. Starting profile...
09-03 11:31:29.492 2433 2433 D BtGatt.GattService: start()
09-03 11:31:29.492 2433 2433 I bt_bluedroid: get_profile_interface gatt
09-03 11:31:29.499 2433 2433 D BluetoothAdapterService: getAdapterService() - returning com.android.bluetooth.btservice.AdapterService@81c6a7d
09-03 11:31:29.499 2433 2433 D BtGatt.AdvertiseManager: advertise manager created
09-03 11:31:29.541 2433 2433 V BluetoothAdapterState: isTurningOff()=false
09-03 11:31:29.542 2433 2433 V BluetoothAdapterState: isTurningOn()=false
09-03 11:31:29.542 2433 2433 V BluetoothAdapterState: isBleTurningOn()=true
09-03 11:31:29.542 2433 2433 V BluetoothAdapterState: isBleTurningOff()=false
09-03 11:31:29.543 2433 2447 D BluetoothAdapterState: Current state: PENDING_COMMAND, message: 4
09-03 11:31:29.546 2433 2447 I bt_bluedroid: bt_bluedroid
09-03 11:31:29.546 2433 2448 D bt_stack_manager: event_start_up_stack is bringing up the stack.
09-03 11:31:29.547 2433 2448 I bt_hci : start_up
09-03 11:31:29.554 557 1334 W pms : [com.android.bluetooth] is not allowed to set wakeup alarm
09-03 11:31:29.556 2433 2448 D WifiHW : check_wifi_chip_type_string: AP6212
09-03 11:31:29.556 2433 2448 D bt_vendor: vendor_open load libbt-vendor.so
09-03 11:31:29.560 2433 2448 I bt_vendor: alloc value 0x9ffbd055
09-03 11:31:29.560 2433 2448 I bt_vendor: init
09-03 11:31:29.560 2433 2448 I bt_vnd_conf: Attempt to load conf from /etc/bluetooth/bt_vendor.conf
09-03 11:31:29.561 2433 2448 I bt_hci : start_up bluetooth_rtk_h5_flag :0
09-03 11:31:29.584 2433 2448 D bt_upio : Delay 500ms for bluetooth power up
09-03 11:31:30.224 2433 2448 D bt_upio : Delay 500ms for bluetooth power up
09-03 11:31:30.925 2433 2448 D bt_hci : start_up starting async portion
09-03 11:31:30.926 2433 2456 I bt_hci : event_finish_startup
09-03 11:31:30.926 2433 2456 I bt_hci_h4: hal_open
09-03 11:31:30.926 2433 2456 I bt_userial_vendor: userial vendor open: opening /dev/ttyS0
09-03 11:31:30.927 2433 2456 I bt_userial_vendor: device fd = 52 open
09-03 11:31:30.946 557 925 W pms : [com.android.bluetooth] is not allowed to set wakeup alarm
09-03 11:31:30.966 557 1335 W pms : [com.android.bluetooth] is not allowed to set wakeup alarm
09-03 11:31:30.970 2433 2456 I bt_hwcfg: bt vendor lib: set UART baud 1500000
09-03 11:31:31.186 557 1334 W pms : [com.android.bluetooth] is not allowed to set wakeup alarm
09-03 11:31:31.190 2433 2456 D bt_hwcfg: Chipset BCM43430A1
09-03 11:31:31.191 2433 2456 D bt_hwcfg: Target name = [BCM43430A1]
09-03 11:31:31.191 2433 2456 I bt_hwcfg: Target HCD file name is: BCM43438A1.hcd
09-03 11:31:31.192 2433 2456 I bt_hwcfg: Found patchfile: /vendor/firmware//bcm43438a1.hcd
09-03 11:31:31.209 557 1274 W pms : [com.android.bluetooth] is not allowed to set wakeup alarm
09-03 11:31:31.281 557 927 W pms : [com.android.bluetooth] is not allowed to set wakeup alarm
09-03 11:31:31.300 557 928 W pms : [com.android.bluetooth] is not allowed to set wakeup alarm
09-03 11:31:31.320 557 835 W pms : [com.android.bluetooth] is not allowed to set wakeup alarm
09-03 11:31:31.339 557 588 W pms : [com.android.bluetooth] is not allowed to set wakeup alarm
09-03 11:31:31.359 557 926 W pms : [com.android.bluetooth] is not allowed to set wakeup alarm
09-03 11:31:31.378 557 589 W pms : [com.android.bluetooth] is not allowed to set wakeup alarm
09-03 11:31:31.398 557 925 W pms : [com.android.bluetooth] is not allowed to set wakeup alarm
09-03 11:31:31.417 557 1335 W pms : [com.android.bluetooth] is not allowed to set wakeup alarm
09-03 11:31:31.437 557 1334 W pms : [com.android.bluetooth] is not allowed to set wakeup alarm
09-03 11:31:31.457 557 1274 W pms : [com.android.bluetooth] is not allowed to set wakeup alarm
09-03 11:31:31.477 557 927 W pms : [com.android.bluetooth] is not allowed to set wakeup alarm
09-03 11:31:31.497 557 928 W pms : [com.android.bluetooth] is not allowed to set wakeup alarm
09-03 11:31:31.516 557 835 W pms : [com.android.bluetooth] is not allowed to set wakeup alarm
09-03 11:31:31.536 557 588 W pms : [com.android.bluetooth] is not allowed to set wakeup alarm
09-03 11:31:31.555 557 926 W pms : [com.android.bluetooth] is not allowed to set wakeup alarm
09-03 11:31:31.575 557 589 W pms : [com.android.bluetooth] is not allowed to set wakeup alarm
09-03 11:31:31.595 557 925 W pms : [com.android.bluetooth] is not allowed to set wakeup alarm
09-03 11:31:31.615 557 1335 W pms : [com.android.bluetooth] is not allowed to set wakeup alarm
09-03 11:31:31.635 557 1334 W pms : [com.android.bluetooth] is not allowed to set wakeup alarm
09-03 11:31:31.655 557 1274 W pms : [com.android.bluetooth] is not allowed to set wakeup alarm
09-03 11:31:31.675 557 927 W pms : [com.android.bluetooth] is not allowed to set wakeup alarm
09-03 11:31:31.696 557 928 W pms : [com.android.bluetooth] is not allowed to set wakeup alarm
09-03 11:31:31.716 557 835 W pms : [com.android.bluetooth] is not allowed to set wakeup alarm
09-03 11:31:31.736 557 588 W pms : [com.android.bluetooth] is not allowed to set wakeup alarm
09-03 11:31:31.756 557 926 W pms : [com.android.bluetooth] is not allowed to set wakeup alarm
09-03 11:31:31.776 557 589 W pms : [com.android.bluetooth] is not allowed to set wakeup alarm
09-03 11:31:31.792 557 925 W pms : [com.android.bluetooth] is not allowed to set wakeup alarm
09-03 11:31:31.803 557 1335 W pms : [com.android.bluetooth] is not allowed to set wakeup alarm
09-03 11:31:31.815 557 1334 W pms : [com.android.bluetooth] is not allowed to set wakeup alarm
09-03 11:31:31.826 557 1274 W pms : [com.android.bluetooth] is not allowed to set wakeup alarm
09-03 11:31:31.837 557 927 W pms : [com.android.bluetooth] is not allowed to set wakeup alarm
09-03 11:31:31.849 557 928 W pms : [com.android.bluetooth] is not allowed to set wakeup alarm
09-03 11:31:31.860 557 835 W pms : [com.android.bluetooth] is not allowed to set wakeup alarm
09-03 11:31:31.871 557 588 W pms : [com.android.bluetooth] is not allowed to set wakeup alarm
09-03 11:31:31.882 557 926 W pms : [com.android.bluetooth] is not allowed to set wakeup alarm
09-03 11:31:31.894 557 589 W pms : [com.android.bluetooth] is not allowed to set wakeup alarm
09-03 11:31:31.905 557 925 W pms : [com.android.bluetooth] is not allowed to set wakeup alarm
09-03 11:31:31.916 557 1335 W pms : [com.android.bluetooth] is not allowed to set wakeup alarm
09-03 11:31:31.928 557 1334 W pms : [com.android.bluetooth] is not allowed to set wakeup alarm
09-03 11:31:31.939 557 1274 W pms : [com.android.bluetooth] is not allowed to set wakeup alarm
09-03 11:31:31.951 557 927 W pms : [com.android.bluetooth] is not allowed to set wakeup alarm
09-03 11:31:31.962 557 928 W pms : [com.android.bluetooth] is not allowed to set wakeup alarm
09-03 11:31:31.974 557 835 W pms : [com.android.bluetooth] is not allowed to set wakeup alarm
09-03 11:31:31.985 557 588 W pms : [com.android.bluetooth] is not allowed to set wakeup alarm
09-03 11:31:31.997 557 926 W pms : [com.android.bluetooth] is not allowed to set wakeup alarm
09-03 11:31:32.008 557 589 W pms : [com.android.bluetooth] is not allowed to set wakeup alarm
09-03 11:31:32.020 557 925 W pms : [com.android.bluetooth] is not allowed to set wakeup alarm
09-03 11:31:32.031 557 1335 W pms : [com.android.bluetooth] is not allowed to set wakeup alarm
09-03 11:31:32.042 557 1334 W pms : [com.android.bluetooth] is not allowed to set wakeup alarm
09-03 11:31:32.053 557 1274 W pms : [com.android.bluetooth] is not allowed to set wakeup alarm
