09-03 11:05:46.603 557 1274 W ActivityManager: Wtf, activity ActivityRecord{b449841 u0 com.android.provision/.DefaultActivity t2 f} in proc activity list not using proc ProcessRecord{39aab18 1450:com.android.provision/u0a41}?!? Using null instead.
09-03 11:05:46.608 557 1334 W ActivityManager: Wtf, activity ActivityRecord{b449841 u0 com.android.provision/.DefaultActivity t2 f} in proc activity list not using proc ProcessRecord{39aab18 1450:com.android.provision/u0a41}?!? Using null instead.
09-03 11:05:46.633 557 835 W ActivityManager: Wtf, activity ActivityRecord{b449841 u0 com.android.provision/.DefaultActivity t2 f} in proc activity list not using proc ProcessRecord{39aab18 1450:com.android.provision/u0a41}?!? Using null instead.
09-03 11:05:46.633 557 589 W Telecom : : No account found for the calling user
09-03 11:05:46.684 557 1274 I Telecom : PhoneAccountRegistrar: [ComponentInfo{com.android.phone/com.android.services.telephony.TelephonyConnectionService}, [2be88ca4242c76e8253ac62474851065032d6833], UserHandle{0}(icon: Icon(typ=BITMAP size=36x45) -> Icon(typ=BITMAP size=36x45))]
09-03 11:05:46.689 557 928 W ActivityManager: Wtf, activity ActivityRecord{b449841 u0 com.android.provision/.DefaultActivity t2 f} in proc activity list not using proc ProcessRecord{39aab18 1450:com.android.provision/u0a41}?!? Using null instead.
09-03 11:05:46.699 557 1274 I Telecom : : Sending phone-account intent as user
09-03 11:05:46.700 557 591 W ActivityManager: Wtf, activity ActivityRecord{b449841 u0 com.android.provision/.DefaultActivity t2 f} in proc activity list not using proc ProcessRecord{39aab18 1450:com.android.provision/u0a41}?!? Using null instead.
09-03 11:05:46.712 557 927 W ActivityManager: Wtf, activity ActivityRecord{b449841 u0 com.android.provision/.DefaultActivity t2 f} in proc activity list not using proc ProcessRecord{39aab18 1450:com.android.provision/u0a41}?!? Using null instead.
09-03 11:05:46.713 557 927 W ActivityManager: Wtf, activity ActivityRecord{b449841 u0 com.android.provision/.DefaultActivity t2 f} in proc activity list not using proc ProcessRecord{39aab18 1450:com.android.provision/u0a41}?!? Using null instead.
09-03 11:05:46.784 557 588 W ActivityManager: Wtf, activity ActivityRecord{b449841 u0 com.android.provision/.DefaultActivity t2 f} in proc activity list not using proc ProcessRecord{39aab18 1450:com.android.provision/u0a41}?!? Using null instead.
09-03 11:05:46.793 557 589 W ActivityManager: Wtf, activity ActivityRecord{b449841 u0 com.android.provision/.DefaultActivity t2 f} in proc activity list not using proc ProcessRecord{39aab18 1450:com.android.provision/u0a41}?!? Using null instead.
09-03 11:05:46.803 557 835 W ActivityManager: Wtf, activity ActivityRecord{b449841 u0 com.android.provision/.DefaultActivity t2 f} in proc activity list not using proc ProcessRecord{39aab18 1450:com.android.provision/u0a41}?!? Using null instead.
09-03 11:05:46.819 557 926 W ActivityManager: Wtf, activity ActivityRecord{b449841 u0 com.android.provision/.DefaultActivity t2 f} in proc activity list not using proc ProcessRecord{39aab18 1450:com.android.provision/u0a41}?!? Using null instead.
09-03 11:05:46.825 557 1334 W ActivityManager: Wtf, activity ActivityRecord{b449841 u0 com.android.provision/.DefaultActivity t2 f} in proc activity list not using proc ProcessRecord{39aab18 1450:com.android.provision/u0a41}?!? Using null instead.
09-03 11:05:46.895 1600 1600 W ContextImpl: Calling a method in the system process without a qualified user: android.app.ContextImpl.sendBroadcast:763 android.content.ContextWrapper.sendBroadcast:396 com.onyx.android.sdk.device.BaseDevice.a:479 com.onyx.android.sdk.device.BaseDevice.showSystemStatusBar:442 com.onyx.ContentBrowserApplication$2.onActivityResumed:196
09-03 11:05:47.051 557 927 W ActivityManager: Wtf, activity ActivityRecord{b449841 u0 com.android.provision/.DefaultActivity t2 f} in proc activity list not using proc ProcessRecord{39aab18 1450:com.android.provision/u0a41}?!? Using null instead.
09-03 11:05:47.141 557 596 I WindowManager: Screen frozen for +878ms due to Window{8a41ef8 u0 com.onyx/com.onyx.main.ui.MainActivity}
09-03 11:05:47.163 557 925 W ActivityManager: Wtf, activity ActivityRecord{b449841 u0 com.android.provision/.DefaultActivity t2 f} in proc activity list not using proc ProcessRecord{39aab18 1450:com.android.provision/u0a41}?!? Using null instead.
09-03 11:05:47.226 557 589 I ActivityManager: Start proc 1888:com.onyx.latinime/u0a31 for service com.onyx.latinime/.latin.LatinIME
09-03 11:05:47.226 557 589 V InputMethodManagerService: Adding window token: android.os.Binder@56783c2
09-03 11:05:47.281 557 588 W ActivityManager: Wtf, activity ActivityRecord{b449841 u0 com.android.provision/.DefaultActivity t2 f} in proc activity list not using proc ProcessRecord{39aab18 1450:com.android.provision/u0a41}?!? Using null instead.
09-03 11:05:47.427 557 588 W ActivityManager: Wtf, activity ActivityRecord{b449841 u0 com.android.provision/.DefaultActivity t2 f} in proc activity list not using proc ProcessRecord{39aab18 1450:com.android.provision/u0a41}?!? Using null instead.
09-03 11:05:47.427 557 588 I ActivityManager: Killing 1450:com.android.provision/u0a41 (adj 15): empty #17
09-03 11:05:48.969 557 598 D pms : Enter idle state
09-03 11:05:48.970 557 598 D pms : ######### Switching system power mode to [standby]
09-03 11:05:48.970 557 598 I pms : ========== Setup an [300000]s alarm for standby mode ==========
09-03 11:05:48.974 557 598 D pms :
09-03 11:05:48.974 557 598 D pms :
09-03 11:05:48.974 557 598 D pms : ************** Add alarm:onyx_standby_timeout
09-03 11:05:48.974 557 598 D pms :
09-03 11:05:48.989 557 557 D pms : set alarm:onyx_standby_timeout, now:1535943948981 [ 2018-09-03 11:05:48], wake:1535944248970 [2018-09-03 11:10:48]
09-03 11:05:54.070 557 786 D pms : ######### Switching system power mode to [off]
09-03 11:05:54.072 557 557 D pms : ************** cancel alarm:onyx_standby_timeout
09-03 11:05:54.073 557 557 D pms : ************** cancel alarm:onyx_auto_poweroff
09-03 11:05:54.458 1600 1600 W ContextImpl: Calling a method in the system process without a qualified user: android.app.ContextImpl.sendBroadcast:763 android.content.ContextWrapper.sendBroadcast:396 com.onyx.android.sdk.device.BaseDevice.enableWifiDetect:475 com.onyx.android.sdk.device.BaseDevice.enableWifiDetect:469 com.onyx.android.sdk.utils.NetworkUtil.enableWifiOpenAndDetect:169
09-03 11:05:54.462 557 925 D WifiService: setWifiEnabled: true pid=1600, uid=1000
09-03 11:05:54.462 557 925 E WifiService: Invoking mWifiStateMachine.setWifiEnabled
09-03 11:05:54.486 1600 1600 W ContextImpl: Calling a method in the system process without a qualified user: android.app.ContextImpl.sendBroadcast:763 android.content.ContextWrapper.sendBroadcast:396 com.onyx.android.sdk.device.BaseDevice.enableWifiDetect:475 com.onyx.android.sdk.device.BaseDevice.enableWifiDetect:469 com.onyx.android.sdk.utils.NetworkUtil.enableWifiOpenAndDetect:169
09-03 11:05:54.488 557 1335 D WifiService: setWifiEnabled: true pid=1600, uid=1000
09-03 11:05:54.488 557 1335 E WifiService: Invoking mWifiStateMachine.setWifiEnabled
09-03 11:05:54.743 1600 1600 W ContextImpl: Calling a method in the system process without a qualified user: android.app.ContextImpl.sendBroadcast:763 android.content.ContextWrapper.sendBroadcast:396 com.onyx.android.sdk.device.BaseDevice.enableWifiDetect:475 com.onyx.android.sdk.device.BaseDevice.enableWifiDetect:469 com.onyx.android.sdk.utils.NetworkUtil.enableWifiOpenAndDetect:169
09-03 11:05:54.744 557 1274 D WifiService: setWifiEnabled: true pid=1600, uid=1000
09-03 11:05:54.744 557 1274 E WifiService: Invoking mWifiStateMachine.setWifiEnabled
09-03 11:05:55.748 557 795 E WifiP2pService: Unable to change interface settings: java.lang.IllegalStateException: command '34 interface setcfg p2p0 0.0.0.0 0 up' failed with '400 34 Failed to set address (No such device)'
09-03 11:06:01.767 557 835 I ActivityManager: START u0 {act=android.settings.WIFI_SETTINGS cat=[android.intent.category.DEFAULT] flg=0x10000000 cmp=com.android.settings/.Settings$WifiSettingsActivity} from uid 10012 on display 0
09-03 11:06:01.997 557 596 D WindowStateAnimator: rk_debug2 Starting com.android.settings_Force_To_Dual
09-03 11:06:02.042 557 797 D WifiService: New client listening to asynchronous messages
09-03 11:06:03.110 557 589 D pms : Enter idle state
09-03 11:06:03.110 557 589 D pms : ######### Switching system power mode to [standby]
09-03 11:06:03.110 557 589 I pms : ========== Setup an [300000]s alarm for standby mode ==========
09-03 11:06:03.115 557 589 D pms :
09-03 11:06:03.115 557 589 D pms :
09-03 11:06:03.115 557 589 D pms : ************** Add alarm:onyx_standby_timeout
09-03 11:06:03.115 557 589 D pms :
09-03 11:06:03.117 557 557 D pms : set alarm:onyx_standby_timeout, now:1535943963116 [ 2018-09-03 11:06:03], wake:1535944263110 [2018-09-03 11:11:03]
09-03 11:06:04.385 557 786 D pms : ######### Switching system power mode to [off]
09-03 11:06:04.386 557 557 D pms : ************** cancel alarm:onyx_standby_timeout
09-03 11:06:04.387 557 557 D pms : ************** cancel alarm:onyx_auto_poweroff
09-03 11:06:04.836 1600 1600 W ContextImpl: Calling a method in the system process without a qualified user: android.app.ContextImpl.sendBroadcast:763 android.content.ContextWrapper.sendBroadcast:396 com.onyx.android.sdk.device.BaseDevice.a:479 com.onyx.android.sdk.device.BaseDevice.showSystemStatusBar:442 com.onyx.ContentBrowserApplication$2.onActivityResumed:196
09-03 11:06:07.387 557 598 D pms : Enter idle state
09-03 11:06:07.388 557 598 D pms : ######### Switching system power mode to [standby]
09-03 11:06:07.389 557 598 I pms : ========== Setup an [300000]s alarm for standby mode ==========
09-03 11:06:07.392 557 598 D pms :
09-03 11:06:07.392 557 598 D pms :
09-03 11:06:07.392 557 598 D pms : ************** Add alarm:onyx_standby_timeout
09-03 11:06:07.392 557 598 D pms :
09-03 11:06:07.407 557 557 D pms : set alarm:onyx_standby_timeout, now:1535943967398 [ 2018-09-03 11:06:07], wake:1535944267389 [2018-09-03 11:11:07]
09-03 11:06:10.074 557 786 D pms : ######### Switching system power mode to [off]
09-03 11:06:10.075 557 557 D pms : ************** cancel alarm:onyx_standby_timeout
09-03 11:06:10.076 557 557 D pms : ************** cancel alarm:onyx_auto_poweroff
09-03 11:06:10.169 557 588 I ActivityManager: Config changes=2004 {1.0 ?mcc?mnc zh_CN ldltr sw748dp w748dp h954dp 300dpi xlrg port finger -keyb/v/h -nav/h s.6}
09-03 11:06:10.170 557 591 D CryptdConnector: SND -> {3 cryptfs setfield SystemLocale zh-CN}
09-03 11:06:10.171 192 212 I Ext4Crypt: ext4 crypto complete called on /data
09-03 11:06:10.171 192 212 I Ext4Crypt: No master key, so not ext4enc
09-03 11:06:10.171 557 790 D CryptdConnector: RCV <- {200 3 0}
09-03 11:06:10.426 557 557 I InputMethodManagerService: Default found, using com.onyx.latinime/.latin.LatinIME
09-03 11:06:10.439 557 557 W InputMethodManagerService: Illegal subtype state: old subtype = null, new subtype = android.view.inputmethod.InputMethodSubtype@c9194f98
09-03 11:06:10.544 557 1334 I Telecom : PhoneAccountRegistrar: [ComponentInfo{com.android.phone/com.android.services.telephony.TelephonyConnectionService}, [2be88ca4242c76e8253ac62474851065032d6833], UserHandle{0}(icon: Icon(typ=BITMAP size=36x45) -> Icon(typ=BITMAP size=36x45))]
09-03 11:06:10.556 557 1334 I Telecom : : Sending phone-account intent as user
09-03 11:06:10.595 557 588 W Telecom : : No account found for the calling user
09-03 11:06:10.639 557 927 I Telecom : PhoneAccountRegistrar: [ComponentInfo{com.android.phone/com.android.services.telephony.TelephonyConnectionService}, [2be88ca4242c76e8253ac62474851065032d6833], UserHandle{0}(icon: Icon(typ=BITMAP size=36x45) -> Icon(typ=BITMAP size=36x45))]
09-03 11:06:10.653 557 927 I Telecom : : Sending phone-account intent as user
09-03 11:06:10.918 1600 1600 W ContextImpl: Calling a method in the system process without a qualified user: android.app.ContextImpl.sendBroadcast:763 android.content.ContextWrapper.sendBroadcast:396 com.onyx.android.sdk.device.BaseDevice.a:479 com.onyx.android.sdk.device.BaseDevice.showSystemStatusBar:442 com.onyx.ContentBrowserApplication$2.onActivityResumed:196
09-03 11:06:11.122 557 596 I WindowManager: Screen frozen for +931ms due to Window{c42a9e2 u0 com.onyx/com.onyx.main.ui.MainActivity}
09-03 11:06:12.946 557 598 D pms : Enter idle state
09-03 11:06:12.947 557 598 D pms : ######### Switching system power mode to [standby]
09-03 11:06:12.947 557 598 I pms : ========== Setup an [300000]s alarm for standby mode ==========
09-03 11:06:12.951 557 598 D pms :
09-03 11:06:12.951 557 598 D pms :
09-03 11:06:12.951 557 598 D pms : ************** Add alarm:onyx_standby_timeout
09-03 11:06:12.951 557 598 D pms :
09-03 11:06:12.966 557 557 D pms : set alarm:onyx_standby_timeout, now:1535943972957 [ 2018-09-03 11:06:12], wake:1535944272947 [2018-09-03 11:11:12]
09-03 11:06:13.186 557 786 D pms : ######### Switching system power mode to [off]
09-03 11:06:13.187 557 557 D pms : ************** cancel alarm:onyx_standby_timeout
09-03 11:06:13.188 557 557 D pms : ************** cancel alarm:onyx_auto_poweroff
09-03 11:06:20.902 557 925 I ActivityManager: Config changes=2004 {1.0 ?mcc?mnc zh_TW ldltr sw748dp w748dp h954dp 300dpi xlrg port finger -keyb/v/h -nav/h s.7}
09-03 11:06:20.903 557 591 D CryptdConnector: SND -> {4 cryptfs setfield SystemLocale zh-TW}
09-03 11:06:20.904 192 212 I Ext4Crypt: ext4 crypto complete called on /data
09-03 11:06:20.904 192 212 I Ext4Crypt: No master key, so not ext4enc
09-03 11:06:20.904 557 790 D CryptdConnector: RCV <- {200 4 0}
09-03 11:06:21.100 557 1334 I Telecom : PhoneAccountRegistrar: [ComponentInfo{com.android.phone/com.android.services.telephony.TelephonyConnectionService}, [2be88ca4242c76e8253ac62474851065032d6833], UserHandle{0}(icon: Icon(typ=BITMAP size=36x45) -> Icon(typ=BITMAP size=36x45))]
09-03 11:06:21.112 557 557 I InputMethodManagerService: Default found, using com.onyx.latinime/.latin.LatinIME
09-03 11:06:21.118 557 557 W InputMethodManagerService: Illegal subtype state: old subtype = null, new subtype = android.view.inputmethod.InputMethodSubtype@c9194f98
09-03 11:06:21.120 557 1334 I Telecom : : Sending phone-account intent as user
09-03 11:06:21.159 557 1335 W Telecom : : No account found for the calling user
09-03 11:06:21.207 557 1274 I Telecom : PhoneAccountRegistrar: [ComponentInfo{com.android.phone/com.android.services.telephony.TelephonyConnectionService}, [2be88ca4242c76e8253ac62474851065032d6833], UserHandle{0}(icon: Icon(typ=BITMAP size=36x45) -> Icon(typ=BITMAP size=36x45))]
09-03 11:06:21.229 557 1274 I Telecom : : Sending phone-account intent as user
09-03 11:06:21.624 1600 1600 W ContextImpl: Calling a method in the system process without a qualified user: android.app.ContextImpl.sendBroadcast:763 android.content.ContextWrapper.sendBroadcast:396 com.onyx.android.sdk.device.BaseDevice.a:479 com.onyx.android.sdk.device.BaseDevice.showSystemStatusBar:442 com.onyx.ContentBrowserApplication$2.onActivityResumed:196
09-03 11:06:21.831 557 596 I WindowManager: Screen frozen for +914ms due to Window{3c1af8e u0 com.onyx/com.onyx.main.ui.MainActivity}
09-03 11:06:23.705 557 598 D pms : Enter idle state
09-03 11:06:23.706 557 598 D pms : ######### Switching system power mode to [standby]
09-03 11:06:23.706 557 598 I pms : ========== Setup an [300000]s alarm for standby mode ==========
09-03 11:06:23.710 557 598 D pms :
09-03 11:06:23.710 557 598 D pms :
09-03 11:06:23.710 557 598 D pms : ************** Add alarm:onyx_standby_timeout
09-03 11:06:23.710 557 598 D pms :
09-03 11:06:23.726 557 557 D pms : set alarm:onyx_standby_timeout, now:1535943983716 [ 2018-09-03 11:06:23], wake:1535944283706 [2018-09-03 11:11:23]
09-03 11:06:46.072 557 786 D pms : ######### Switching system power mode to [off]
09-03 11:06:46.072 557 557 D pms : ************** cancel alarm:onyx_standby_timeout
09-03 11:06:46.073 557 557 D pms : ************** cancel alarm:onyx_auto_poweroff
09-03 11:06:48.947 557 598 D pms : Enter idle state
09-03 11:06:48.948 557 598 D pms : ######### Switching system power mode to [standby]
09-03 11:06:48.948 557 598 I pms : ========== Setup an [300000]s alarm for standby mode ==========
09-03 11:06:48.952 557 598 D pms :
09-03 11:06:48.952 557 598 D pms :
09-03 11:06:48.952 557 598 D pms : ************** Add alarm:onyx_standby_timeout
09-03 11:06:48.952 557 598 D pms :
09-03 11:06:48.968 557 557 D pms : set alarm:onyx_standby_timeout, now:1535944008958 [ 2018-09-03 11:06:48], wake:1535944308949 [2018-09-03 11:11:48]
09-03 11:06:49.609 557 786 D pms : ######### Switching system power mode to [off]
09-03 11:06:49.609 557 557 D pms : ************** cancel alarm:onyx_standby_timeout
09-03 11:06:49.610 557 557 D pms : ************** cancel alarm:onyx_auto_poweroff
09-03 11:06:52.535 557 598 D pms : Enter idle state
09-03 11:06:52.535 557 598 D pms : ######### Switching system power mode to [standby]
09-03 11:06:52.535 557 598 I pms : ========== Setup an [300000]s alarm for standby mode ==========
09-03 11:06:52.536 557 598 D pms :
09-03 11:06:52.536 557 598 D pms :
09-03 11:06:52.536 557 598 D pms : ************** Add alarm:onyx_standby_timeout
09-03 11:06:52.536 557 598 D pms :
09-03 11:06:52.540 557 557 D pms : set alarm:onyx_standby_timeout, now:1535944012538 [ 2018-09-03 11:06:52], wake:1535944312535 [2018-09-03 11:11:52]
09-03 11:06:58.071 557 786 D pms : ######### Switching system power mode to [off]
09-03 11:06:58.073 557 557 D pms : ************** cancel alarm:onyx_standby_timeout
09-03 11:06:58.074 557 557 D pms : ************** cancel alarm:onyx_auto_poweroff
09-03 11:06:58.162 557 926 I ActivityManager: Config changes=2004 {1.0 ?mcc?mnc zh_CN ldltr sw748dp w748dp h954dp 300dpi xlrg port finger -keyb/v/h -nav/h s.8}
09-03 11:06:58.163 557 591 D CryptdConnector: SND -> {5 cryptfs setfield SystemLocale zh-CN}
09-03 11:06:58.164 192 212 I Ext4Crypt: ext4 crypto complete called on /data
09-03 11:06:58.164 192 212 I Ext4Crypt: No master key, so not ext4enc
09-03 11:06:58.164 557 790 D CryptdConnector: RCV <- {200 5 0}
09-03 11:06:58.379 557 557 I InputMethodManagerService: Default found, using com.onyx.latinime/.latin.LatinIME
09-03 11:06:58.388 557 557 W InputMethodManagerService: Illegal subtype state: old subtype = null, new subtype = android.view.inputmethod.InputMethodSubtype@c9194f98
09-03 11:06:58.399 557 1335 I Telecom : PhoneAccountRegistrar: [ComponentInfo{com.android.phone/com.android.services.telephony.TelephonyConnectionService}, [2be88ca4242c76e8253ac62474851065032d6833], UserHandle{0}(icon: Icon(typ=BITMAP size=36x45) -> Icon(typ=BITMAP size=36x45))]
09-03 11:06:58.446 557 1335 I Telecom : : Sending phone-account intent as user
09-03 11:06:58.496 557 1274 W Telecom : : No account found for the calling user
09-03 11:06:58.576 557 925 I Telecom : PhoneAccountRegistrar: [ComponentInfo{com.android.phone/com.android.services.telephony.TelephonyConnectionService}, [2be88ca4242c76e8253ac62474851065032d6833], UserHandle{0}(icon: Icon(typ=BITMAP size=36x45) -> Icon(typ=BITMAP size=36x45))]
09-03 11:06:58.611 557 925 I Telecom : : Sending phone-account intent as user
09-03 11:06:58.825 1600 1600 W ContextImpl: Calling a method in the system process without a qualified user: android.app.ContextImpl.sendBroadcast:763 android.content.ContextWrapper.sendBroadcast:396 com.onyx.android.sdk.device.BaseDevice.a:479 com.onyx.android.sdk.device.BaseDevice.showSystemStatusBar:442 com.onyx.ContentBrowserApplication$2.onActivityResumed:196
09-03 11:06:59.073 557 596 I WindowManager: Screen frozen for +885ms due to Window{e6409fa u0 com.onyx/com.onyx.main.ui.MainActivity}
09-03 11:07:00.946 557 598 D pms : Enter idle state
09-03 11:07:00.947 557 598 D pms : ######### Switching system power mode to [standby]
09-03 11:07:00.947 557 598 I pms : ========== Setup an [300000]s alarm for standby mode ==========
09-03 11:07:00.951 557 598 D pms :
09-03 11:07:00.951 557 598 D pms :
09-03 11:07:00.951 557 598 D pms : ************** Add alarm:onyx_standby_timeout
09-03 11:07:00.951 557 598 D pms :
09-03 11:07:00.966 557 557 D pms : set alarm:onyx_standby_timeout, now:1535944020957 [ 2018-09-03 11:07:00], wake:1535944320948 [2018-09-03 11:12:00]
09-03 11:07:03.071 557 786 D pms : ######### Switching system power mode to [off]
09-03 11:07:03.074 557 557 D pms : ************** cancel alarm:onyx_standby_timeout
09-03 11:07:03.075 557 557 D pms : ************** cancel alarm:onyx_auto_poweroff
09-03 11:07:09.451 557 598 D pms : Enter idle state
09-03 11:07:09.452 557 598 D pms : ######### Switching system power mode to [standby]
09-03 11:07:09.452 557 598 I pms : ========== Setup an [300000]s alarm for standby mode ==========
09-03 11:07:09.457 557 598 D pms :
09-03 11:07:09.457 557 598 D pms :
09-03 11:07:09.457 557 598 D pms : ************** Add alarm:onyx_standby_timeout
09-03 11:07:09.457 557 598 D pms :
09-03 11:07:09.472 557 557 D pms : set alarm:onyx_standby_timeout, now:1535944029462 [ 2018-09-03 11:07:09], wake:1535944329453 [2018-09-03 11:12:09]
09-03 11:07:13.070 557 786 D pms : ######### Switching system power mode to [off]
09-03 11:07:13.071 557 557 D pms : ************** cancel alarm:onyx_standby_timeout
09-03 11:07:13.072 557 557 D pms : ************** cancel alarm:onyx_auto_poweroff
09-03 11:07:27.454 557 598 D pms : Enter idle state
09-03 11:07:27.455 557 598 D pms : ######### Switching system power mode to [standby]
09-03 11:07:27.456 557 598 I pms : ========== Setup an [300000]s alarm for standby mode ==========
09-03 11:07:27.459 557 598 D pms :
09-03 11:07:27.459 557 598 D pms :
09-03 11:07:27.459 557 598 D pms : ************** Add alarm:onyx_standby_timeout
09-03 11:07:27.459 557 598 D pms :
09-03 11:07:27.475 557 557 D pms : set alarm:onyx_standby_timeout, now:1535944047466 [ 2018-09-03 11:07:27], wake:1535944347456 [2018-09-03 11:12:27]
09-03 11:09:43.070 557 786 D pms : ######### Switching system power mode to [off]
09-03 11:09:43.071 557 557 D pms : ************** cancel alarm:onyx_standby_timeout
09-03 11:09:43.072 557 557 D pms : ************** cancel alarm:onyx_auto_poweroff
09-03 11:09:45.904 1600 1600 W ContextImpl: Calling a method in the system process without a qualified user: android.app.ContextImpl.startService:1221 android.content.ContextWrapper.startService:581 com.onyx.common.utils.KReaderUtils.openDocByKReaderService:46 com.onyx.common.utils.KReaderUtils.openDocByKReaderService:34 com.onyx.common.action.FileOpenAction.a:150
09-03 11:09:46.153 557 835 I ActivityManager: START u0 {act=android.intent.action.VIEW dat=file:///storage/emulated/0/Books/西游记.pdf flg=0x10000000 cmp=com.onyx.kreader/.ui.ReaderTab1Activity (has extras)} from uid 10048 on display 0
09-03 11:09:46.188 557 925 I ActivityManager: Start proc 2038:com.onyx.kreader:reader_tab_1/u0a48 for activity com.onyx.kreader/.ui.ReaderTab1Activity
09-03 11:09:46.303 557 596 D WindowStateAnimator: rk_debug2 Starting com.onyx.kreader_Force_To_Dual
09-03 11:10:13.924 557 588 D WindowStateAnimator: rk_debug2 _Force_To_Dual
09-03 11:10:22.841 557 598 D pms : Enter idle state
09-03 11:10:22.842 557 598 D pms : ######### Switching system power mode to [standby]
09-03 11:10:22.843 557 598 I pms : ========== Setup an [300000]s alarm for standby mode ==========
09-03 11:10:22.847 557 598 D pms :
09-03 11:10:22.847 557 598 D pms :
09-03 11:10:22.847 557 598 D pms : ************** Add alarm:onyx_standby_timeout
09-03 11:10:22.847 557 598 D pms :
09-03 11:10:22.862 557 557 D pms : set alarm:onyx_standby_timeout, now:1535944222852 [ 2018-09-03 11:10:22], wake:1535944522843 [2018-09-03 11:15:22]
09-03 11:10:25.069 557 786 D pms : ######### Switching system power mode to [off]
09-03 11:10:25.071 557 557 D pms : ************** cancel alarm:onyx_standby_timeout
09-03 11:10:25.072 557 557 D pms : ************** cancel alarm:onyx_auto_poweroff
09-03 11:10:25.078 557 589 W AppOps : Finishing op nesting under-run: uid 10012 pkg com.android.systemui code 24 time=0 duration=0 nesting=0
09-03 11:10:25.083 557 927 W InputMethodManagerService: Window already focused, ignoring focus gain of: com.android.internal.view.IInputMethodClient$Stub$Proxy@7e62762 attribute=null, token = android.os.BinderProxy@5308905
09-03 11:10:25.086 935 935 W ViewRootImpl: Dropping event due to root view being removed: MotionEvent { action=ACTION_UP, actionButton=0, id[0]=0, x[0]=992.0, y[0]=328.0, toolType[0]=TOOL_TYPE_UNKNOWN, buttonState=0, metaState=0, flags=0x0, edgeFlags=0x0, pointerCount=1, historySize=0, eventTime=268482, downTime=268479, deviceId=1, source=0x5002 }
09-03 11:10:28.330 557 928 D WindowStateAnimator: rk_debug2 _Force_To_Dual
09-03 11:10:35.499 557 835 W AppOps : Finishing op nesting under-run: uid 10012 pkg com.android.systemui code 24 time=0 duration=0 nesting=0
09-03 11:10:35.505 557 926 W InputMethodManagerService: Window already focused, ignoring focus gain of: com.android.internal.view.IInputMethodClient$Stub$Proxy@bb140ba attribute=null, token = android.os.BinderProxy@5308905
09-03 11:10:44.131 557 598 D pms : Enter idle state
09-03 11:10:44.132 557 598 D pms : ######### Switching system power mode to [standby]
09-03 11:10:44.133 557 598 I pms : ========== Setup an [300000]s alarm for standby mode ==========
09-03 11:10:44.137 557 598 D pms :
09-03 11:10:44.137 557 598 D pms :
09-03 11:10:44.137 557 598 D pms : ************** Add alarm:onyx_standby_timeout
09-03 11:10:44.137 557 598 D pms :
09-03 11:10:44.152 557 557 D pms : set alarm:onyx_standby_timeout, now:1535944244143 [ 2018-09-03 11:10:44], wake:1535944544133 [2018-09-03 11:15:44]
09-03 11:10:45.071 557 786 D pms : ######### Switching system power mode to [off]
09-03 11:10:45.072 557 557 D pms : ************** cancel alarm:onyx_standby_timeout
09-03 11:10:45.073 557 557 D pms : ************** cancel alarm:onyx_auto_poweroff
09-03 11:10:55.678 557 591 D WifiService: setWifiEnabled: false pid=557, uid=1000
09-03 11:10:55.678 557 591 E WifiService: Invoking mWifiStateMachine.setWifiEnabled
09-03 11:10:55.810 557 1274 I ActivityManager: START u0 {cmp=com.onyx.kreader/.ui.settings.MainSettingsActivity} from uid 10048 on display 0
09-03 11:10:55.965 557 596 D WindowStateAnimator: rk_debug2 Starting com.onyx.kreader_Force_To_Dual
09-03 11:10:58.399 557 588 I ActivityManager: START u0 {cmp=com.onyx.kreader/.ui.settings.ScreenSettingsActivity} from uid 10048 on display 0
09-03 11:11:01.290 557 598 D pms : Enter idle state
09-03 11:11:01.291 557 598 D pms : ######### Switching system power mode to [standby]
09-03 11:11:01.291 557 598 I pms : ========== Setup an [300000]s alarm for standby mode ==========
09-03 11:11:01.295 557 598 D pms :
09-03 11:11:01.295 557 598 D pms :
09-03 11:11:01.295 557 598 D pms : ************** Add alarm:onyx_standby_timeout
09-03 11:11:01.295 557 598 D pms :
09-03 11:11:01.311 557 557 D pms : set alarm:onyx_standby_timeout, now:1535944261301 [ 2018-09-03 11:11:01], wake:1535944561291 [2018-09-03 11:16:01]
09-03 11:11:02.172 557 786 D pms : ######### Switching system power mode to [off]
09-03 11:11:02.172 557 557 D pms : ************** cancel alarm:onyx_standby_timeout
09-03 11:11:02.173 557 557 D pms : ************** cancel alarm:onyx_auto_poweroff
09-03 11:11:02.257 557 1334 W ActivityManager: Duplicate finish request for ActivityRecord{3504641 u0 com.onyx.kreader/.ui.settings.ScreenSettingsActivity t7 f}
09-03 11:11:04.268 1812 1812 W ViewRootImpl: Cancelling event due to no window focus: KeyEvent { action=ACTION_UP, keyCode=KEYCODE_BACK, scanCode=0, metaState=0, flags=0x20, repeatCount=0, eventTime=307703, downTime=307601, deviceId=-2023406815, source=0x12345678 }
09-03 11:11:04.268 1812 1812 W ViewRootImpl: Cancelling event due to no window focus: KeyEvent { action=ACTION_UP, keyCode=KEYCODE_BACK, scanCode=0, metaState=0, flags=0x20, repeatCount=0, eventTime=307703, downTime=307601, deviceId=-2023406815, source=0x12345678 }
09-03 11:11:04.268 1812 1812 W ViewRootImpl: Cancelling event due to no window focus: KeyEvent { action=ACTION_UP, keyCode=KEYCODE_BACK, scanCode=0, metaState=0, flags=0x20, repeatCount=0, eventTime=307703, downTime=307601, deviceId=-2023406815, source=0x12345678 }
09-03 11:11:04.269 1812 1812 W ViewRootImpl: Cancelling event due to no window focus: KeyEvent { action=ACTION_UP, keyCode=KEYCODE_BACK, scanCode=0, metaState=0, flags=0x20, repeatCount=0, eventTime=307703, downTime=307601, deviceId=-2023406815, source=0x12345678 }
09-03 11:11:04.269 1812 1812 W ViewRootImpl: Cancelling event due to no window focus: KeyEvent { action=ACTION_UP, keyCode=KEYCODE_BACK, scanCode=0, metaState=0, flags=0x20, repeatCount=0, eventTime=307703, downTime=307601, deviceId=-2023406815, source=0x12345678 }
09-03 11:11:04.269 1812 1812 W ViewRootImpl: Cancelling event due to no window focus: KeyEvent { action=ACTION_UP, keyCode=KEYCODE_BACK, scanCode=0, metaState=0, flags=0x20, repeatCount=0, eventTime=307703, downTime=307601, deviceId=-2023406815, source=0x12345678 }
09-03 11:11:04.365 2038 2038 W ViewRootImpl: Cancelling event due to no window focus: KeyEvent { action=ACTION_UP, keyCode=KEYCODE_BACK, scanCode=0, metaState=0, flags=0x80000020, repeatCount=0, eventTime=307601, downTime=307601, deviceId=-2023406815, source=0x12345678 }
09-03 11:11:04.365 2038 2038 W ViewRootImpl: Cancelling event due to no window focus: KeyEvent { action=ACTION_UP, keyCode=KEYCODE_BACK, scanCode=0, metaState=0, flags=0x80000020, repeatCount=0, eventTime=307601, downTime=307601, deviceId=-2023406815, source=0x12345678 }
09-03 11:11:04.366 2038 2038 W ViewRootImpl: Cancelling event due to no window focus: KeyEvent { action=ACTION_UP, keyCode=KEYCODE_BACK, scanCode=0, metaState=0, flags=0x80000020, repeatCount=0, eventTime=307601, downTime=307601, deviceId=-2023406815, source=0x12345678 }
09-03 11:11:04.366 2038 2038 W ViewRootImpl: Cancelling event due to no window focus: KeyEvent { action=ACTION_UP, keyCode=KEYCODE_BACK, scanCode=0, metaState=0, flags=0x80000020, repeatCount=0, eventTime=307601, downTime=307601, deviceId=-2023406815, source=0x12345678 }
09-03 11:11:04.368 2038 2038 W ViewRootImpl: Cancelling event due to no window focus: KeyEvent { action=ACTION_UP, keyCode=KEYCODE_BACK, scanCode=0, metaState=0, flags=0x80000020, repeatCount=0, eventTime=307601, downTime=307601, deviceId=-2023406815, source=0x12345678 }
09-03 11:11:04.370 2038 2038 W ViewRootImpl: Cancelling event due to no window focus: KeyEvent { action=ACTION_UP, keyCode=KEYCODE_BACK, scanCode=0, metaState=0, flags=0x80000020, repeatCount=0, eventTime=307601, downTime=307601, deviceId=-2023406815, source=0x12345678 }
09-03 11:11:04.373 2038 2038 W ViewRootImpl: Cancelling event due to no window focus: KeyEvent { action=ACTION_UP, keyCode=KEYCODE_BACK, scanCode=0, metaState=0, flags=0x80000020, repeatCount=0, eventTime=307601, downTime=307601, deviceId=-2023406815, source=0x12345678 }
09-03 11:11:04.374 2038 2038 W ViewRootImpl: Cancelling event due to no window focus: KeyEvent { action=ACTION_UP, keyCode=KEYCODE_BACK, scanCode=0, metaState=0, flags=0x80000020, repeatCount=0, eventTime=307601, downTime=307601, deviceId=-2023406815, source=0x12345678 }
09-03 11:11:04.374 2038 2038 W ViewRootImpl: Cancelling event due to no window focus: KeyEvent { action=ACTION_UP, keyCode=KEYCODE_BACK, scanCode=0, metaState=0, flags=0x80000020, repeatCount=0, eventTime=307601, downTime=307601, deviceId=-2023406815, source=0x12345678 }
09-03 11:11:34.862 557 598 D pms : Enter idle state
09-03 11:11:34.862 557 598 D pms : ######### Switching system power mode to [standby]
09-03 11:11:34.863 557 598 I pms : ========== Setup an [300000]s alarm for standby mode ==========
09-03 11:11:34.865 557 598 D pms :
09-03 11:11:34.865 557 598 D pms :
09-03 11:11:34.865 557 598 D pms : ************** Add alarm:onyx_standby_timeout
09-03 11:11:34.865 557 598 D pms :
09-03 11:11:34.877 557 557 D pms : set alarm:onyx_standby_timeout, now:1535944294869 [ 2018-09-03 11:11:34], wake:1535944594863 [2018-09-03 11:16:34]
09-03 11:11:35.286 557 786 D pms : ######### Switching system power mode to [off]
09-03 11:11:35.286 557 557 D pms : ************** cancel alarm:onyx_standby_timeout
09-03 11:11:35.287 557 557 D pms : ************** cancel alarm:onyx_auto_poweroff
09-03 11:11:58.971 557 1334 D pms : Enter idle state
09-03 11:11:58.971 557 1334 D pms : ######### Switching system power mode to [standby]
09-03 11:11:58.972 557 1334 I pms : ========== Setup an [300000]s alarm for standby mode ==========
09-03 11:11:58.973 557 1334 D pms :
09-03 11:11:58.973 557 1334 D pms :
09-03 11:11:58.973 557 1334 D pms : ************** Add alarm:onyx_standby_timeout
09-03 11:11:58.973 557 1334 D pms :
09-03 11:11:58.976 557 557 D pms : set alarm:onyx_standby_timeout, now:1535944318974 [ 2018-09-03 11:11:58], wake:1535944618972 [2018-09-03 11:16:58]
09-03 11:12:04.070 557 786 D pms : ######### Switching system power mode to [off]
09-03 11:12:04.075 557 557 D pms : ************** cancel alarm:onyx_standby_timeout
09-03 11:12:04.075 557 557 D pms : ************** cancel alarm:onyx_auto_poweroff
09-03 11:12:08.677 557 598 D pms : Enter idle state
09-03 11:12:08.677 557 598 D pms : ######### Switching system power mode to [standby]
09-03 11:12:08.677 557 598 I pms : ========== Setup an [300000]s alarm for standby mode ==========
09-03 11:12:08.678 557 598 D pms :
09-03 11:12:08.678 557 598 D pms :
09-03 11:12:08.678 557 598 D pms : ************** Add alarm:onyx_standby_timeout
09-03 11:12:08.678 557 598 D pms :
09-03 11:12:08.679 557 557 D pms : set alarm:onyx_standby_timeout, now:1535944328678 [ 2018-09-03 11:12:08], wake:1535944628677 [2018-09-03 11:17:08]
09-03 11:17:09.077 557 557 D pms :
09-03 11:17:09.077 557 557 D pms :
09-03 11:17:09.077 557 557 D pms :
09-03 11:17:09.077 557 557 D pms :
09-03 11:17:09.077 557 557 D pms : ################ onReceive:onyx_standby_timeout, now:1535944629076
09-03 11:17:09.077 557 557 D pms :
09-03 11:17:09.077 557 557 D pms : STANDBY_ALARM timeout,now:1535944629077
09-03 11:17:09.077 557 557 I pms : Going to sleep due to screen timeout (uid 1000)...
09-03 11:17:09.077 557 557 D pms : ######### Switching system power mode to [mem]
09-03 11:17:09.077 557 557 E pms : showSystemImage: index:0
09-03 11:17:09.085 557 557 I pms : ========== Setup an alarm for Auto Power Off mAutoPoweroffDelay:900000==========
09-03 11:17:09.085 557 557 D pms :
09-03 11:17:09.085 557 557 D pms :
09-03 11:17:09.085 557 557 D pms : ************** Add alarm:onyx_auto_poweroff
09-03 11:17:09.085 557 557 D pms :
09-03 11:17:09.086 557 557 E pms : ------------- wifiState:1 mWifiRunnableEnabling:false
09-03 11:17:09.654 557 598 I pms : Sleeping (uid 1000)...
09-03 11:17:09.658 557 557 D pms : set alarm:onyx_auto_poweroff, now:1535944629656 [ 2018-09-03 11:17:09], wake:1535945529085 [2018-09-03 11:32:09]
09-03 11:17:09.662 557 557 D pms : acquireWakeLockInternal: denial wakelock [ActivityManager-Sleep] acquire in mem mode
09-03 11:17:10.408 557 1334 V pms : Do no allowed [com.onyx.deskclock] to set action=[com.android.deskclock.ON_QUARTER_HOUR] in Mem mode
09-03 11:17:10.414 557 925 D pms : acquireWakeLockInternal: denial wakelock [SaveDocumentOptionsRequest] acquire in mem mode
09-03 11:17:10.522 557 596 I DisplayManagerService: Display device changed state: "内置屏幕", OFF
09-03 11:17:10.600 557 557 V pms : Do no allowed [android] to set action=[com.android.server.task.controllers.IdleController.ACTION_TRIGGER_IDLE] in Mem mode
09-03 11:17:10.635 557 796 D pms : acquireWakeLockInternal: denial wakelock [WifiSuspend] acquire in mem mode
09-03 11:22:48.311 557 787 D pms : acquireWakeLockInternal: denial wakelock [PhoneWindowManager.mPowerKeyWakeLock] acquire in mem mode
09-03 11:22:48.315 557 787 I pms : Waking up from sleep (uid 1000)... (PackageName[ android] reason[android.policy:POWER])
09-03 11:22:48.315 557 787 D pms : ######### Switching system power mode to [off]
09-03 11:22:48.315 557 787 E pms : showSystemImage: index:-1
09-03 11:22:48.360 557 557 D pms : ************** cancel alarm:onyx_standby_timeout
09-03 11:22:48.361 557 557 D pms : ************** cancel alarm:onyx_auto_poweroff
09-03 11:22:48.384 557 598 I DisplayPowerController: Blocking screen on until initial contents have been drawn.
09-03 11:22:48.901 557 596 I DisplayManagerService: Display device changed state: "内置屏幕", ON
09-03 11:22:48.902 557 591 W BroadcastQueue: Permission Denial: broadcasting Intent { act=android.intent.action.USER_PRESENT flg=0x24000010 } from com.android.systemui (pid=935, uid=10012) is not exported from uid 1000 due to receiver com.onyx/com.avos.avoscloud.AVBroadcastReceiver
09-03 11:22:49.053 557 598 I DisplayPowerController: Unblocked screen on after 669 ms
09-03 11:22:50.901 557 598 D pms : Enter idle state
09-03 11:22:50.902 557 598 D pms : ######### Switching system power mode to [standby]
09-03 11:22:50.903 557 598 I pms : ========== Setup an [300000]s alarm for standby mode ==========
09-03 11:22:50.907 557 598 D pms :
09-03 11:22:50.907 557 598 D pms :
09-03 11:22:50.907 557 598 D pms : ************** Add alarm:onyx_standby_timeout
09-03 11:22:50.907 557 598 D pms :
09-03 11:22:50.923 557 557 D pms : set alarm:onyx_standby_timeout, now:1535944970913 [ 2018-09-03 11:22:50], wake:1535945270903 [2018-09-03 11:27:50]
09-03 11:22:53.072 557 786 D pms : ######### Switching system power mode to [off]
09-03 11:22:53.072 557 557 D pms : ************** cancel alarm:onyx_standby_timeout
09-03 11:22:53.072 557 557 D pms : ************** cancel alarm:onyx_auto_poweroff
09-03 11:22:55.369 2038 2038 W ViewRootImpl: Cancelling event due to no window focus: KeyEvent { action=ACTION_UP, keyCode=KEYCODE_BACK, scanCode=0, metaState=0, flags=0x20, repeatCount=0, eventTime=378056, downTime=378001, deviceId=-2023406815, source=0x12345678 }
09-03 11:22:55.369 2038 2038 W ViewRootImpl: Cancelling event due to no window focus: KeyEvent { action=ACTION_UP, keyCode=KEYCODE_BACK, scanCode=0, metaState=0, flags=0x20, repeatCount=0, eventTime=378056, downTime=378001, deviceId=-2023406815, source=0x12345678 }
09-03 11:22:55.370 2038 2038 W ViewRootImpl: Cancelling event due to no window focus: KeyEvent { action=ACTION_UP, keyCode=KEYCODE_BACK, scanCode=0, metaState=0, flags=0x20, repeatCount=0, eventTime=378056, downTime=378001, deviceId=-2023406815, source=0x12345678 }
09-03 11:22:55.370 557 591 I ActivityManager: Killing 1492:com.android.keychain/1000 (adj 15): empty #17
09-03 11:22:55.370 2038 2038 W ViewRootImpl: Cancelling event due to no window focus: KeyEvent { action=ACTION_UP, keyCode=KEYCODE_BACK, scanCode=0, metaState=0, flags=0x20, repeatCount=0, eventTime=378056, downTime=378001, deviceId=-2023406815, source=0x12345678 }
09-03 11:22:55.371 2038 2038 W ViewRootImpl: Cancelling event due to no window focus: KeyEvent { action=ACTION_UP, keyCode=KEYCODE_BACK, scanCode=0, metaState=0, flags=0x20, repeatCount=0, eventTime=378056, downTime=378001, deviceId=-2023406815, source=0x12345678 }
09-03 11:22:55.371 2038 2038 W ViewRootImpl: Cancelling event due to no window focus: KeyEvent { action=ACTION_UP, keyCode=KEYCODE_BACK, scanCode=0, metaState=0, flags=0x20, repeatCount=0, eventTime=378056, downTime=378001, deviceId=-2023406815, source=0x12345678 }
09-03 11:22:55.433 1600 1600 W ContextImpl: Calling a method in the system process without a qualified user: android.app.ContextImpl.sendBroadcast:763 android.content.ContextWrapper.sendBroadcast:396 com.onyx.android.sdk.device.BaseDevice.a:479 com.onyx.android.sdk.device.BaseDevice.showSystemStatusBar:442 com.onyx.ContentBrowserApplication$2.onActivityResumed:196
09-03 11:22:55.477 1600 1600 W ViewRootImpl: Cancelling event due to no window focus: KeyEvent { action=ACTION_UP, keyCode=KEYCODE_BACK, scanCode=0, metaState=0, flags=0x80000020, repeatCount=0, eventTime=378001, downTime=378001, deviceId=-2023406815, source=0x12345678 }
09-03 11:22:55.477 1600 1600 W ViewRootImpl: Cancelling event due to no window focus: KeyEvent { action=ACTION_UP, keyCode=KEYCODE_BACK, scanCode=0, metaState=0, flags=0x80000020, repeatCount=0, eventTime=378001, downTime=378001, deviceId=-2023406815, source=0x12345678 }
09-03 11:22:55.477 1600 1600 W ViewRootImpl: Cancelling event due to no window focus: KeyEvent { action=ACTION_UP, keyCode=KEYCODE_BACK, scanCode=0, metaState=0, flags=0x80000020, repeatCount=0, eventTime=378001, downTime=378001, deviceId=-2023406815, source=0x12345678 }
09-03 11:22:55.477 1600 1600 W ViewRootImpl: Cancelling event due to no window focus: KeyEvent { action=ACTION_UP, keyCode=KEYCODE_BACK, scanCode=0, metaState=0, flags=0x80000020, repeatCount=0, eventTime=378001, downTime=378001, deviceId=-2023406815, source=0x12345678 }
09-03 11:22:55.478 1600 1600 W ViewRootImpl: Cancelling event due to no window focus: KeyEvent { action=ACTION_UP, keyCode=KEYCODE_BACK, scanCode=0, metaState=0, flags=0x80000020, repeatCount=0, eventTime=378001, downTime=378001, deviceId=-2023406815, source=0x12345678 }
09-03 11:22:55.478 1600 1600 W ViewRootImpl: Cancelling event due to no window focus: KeyEvent { action=ACTION_UP, keyCode=KEYCODE_BACK, scanCode=0, metaState=0, flags=0x80000020, repeatCount=0, eventTime=378001, downTime=378001, deviceId=-2023406815, source=0x12345678 }
09-03 11:22:55.480 1600 1600 W ViewRootImpl: Cancelling event due to no window focus: KeyEvent { action=ACTION_UP, keyCode=KEYCODE_BACK, scanCode=0, metaState=0, flags=0x80000020, repeatCount=0, eventTime=378001, downTime=378001, deviceId=-2023406815, source=0x12345678 }
09-03 11:22:55.481 1600 1600 W ViewRootImpl: Cancelling event due to no window focus: KeyEvent { action=ACTION_UP, keyCode=KEYCODE_BACK, scanCode=0, metaState=0, flags=0x80000020, repeatCount=0, eventTime=378001, downTime=378001, deviceId=-2023406815, source=0x12345678 }
09-03 11:22:55.482 1600 1600 W ViewRootImpl: Cancelling event due to no window focus: KeyEvent { action=ACTION_UP, keyCode=KEYCODE_BACK, scanCode=0, metaState=0, flags=0x80000020, repeatCount=0, eventTime=378001, downTime=378001, deviceId=-2023406815, source=0x12345678 }
09-03 11:22:56.284 557 1274 I ActivityManager: START u0 {act=android.intent.action.MAIN cat=[android.intent.category.HOME] flg=0x10000000 cmp=com.onyx/.StartupActivity} from uid 0 on display 0
09-03 11:22:56.319 557 926 I ActivityManager: START u0 {cmp=com.onyx/.main.ui.MainActivity} from uid 1000 on display 0
09-03 11:22:56.420 1600 1600 W ContextImpl: Calling a method in the system process without a qualified user: android.app.ContextImpl.sendBroadcast:763 android.content.ContextWrapper.sendBroadcast:396 com.onyx.android.sdk.device.BaseDevice.a:479 com.onyx.android.sdk.device.BaseDevice.showSystemStatusBar:442 com.onyx.ContentBrowserApplication$2.onActivityResumed:196
09-03 11:22:56.604 557 596 D WindowStateAnimator: rk_debug2 Starting com.onyx_Force_To_Dual
09-03 11:22:56.769 557 596 D WindowStateAnimator: rk_debug2 Starting com.onyx_Force_To_Dual
09-03 11:22:59.226 557 598 D pms : Enter idle state
09-03 11:22:59.227 557 598 D pms : ######### Switching system power mode to [standby]
09-03 11:22:59.228 557 598 I pms : ========== Setup an [300000]s alarm for standby mode ==========
09-03 11:22:59.232 557 598 D pms :
09-03 11:22:59.232 557 598 D pms :
09-03 11:22:59.232 557 598 D pms : ************** Add alarm:onyx_standby_timeout
09-03 11:22:59.232 557 598 D pms :
09-03 11:22:59.247 557 557 D pms : set alarm:onyx_standby_timeout, now:1535944979238 [ 2018-09-03 11:22:59], wake:1535945279228 [2018-09-03 11:27:59]
09-03 11:23:04.072 557 786 D pms : ######### Switching system power mode to [off]
09-03 11:23:04.072 557 557 D pms : ************** cancel alarm:onyx_standby_timeout
09-03 11:23:04.073 557 557 D pms : ************** cancel alarm:onyx_auto_poweroff
09-03 11:23:09.080 557 598 D pms : Enter idle state
09-03 11:23:09.080 557 598 D pms : ######### Switching system power mode to [standby]
09-03 11:23:09.081 557 598 I pms : ========== Setup an [300000]s alarm for standby mode ==========
09-03 11:23:09.085 557 598 D pms :
09-03 11:23:09.085 557 598 D pms :
09-03 11:23:09.085 557 598 D pms : ************** Add alarm:onyx_standby_timeout
09-03 11:23:09.085 557 598 D pms :
09-03 11:23:09.098 557 557 D pms : set alarm:onyx_standby_timeout, now:1535944989091 [ 2018-09-03 11:23:09], wake:1535945289081 [2018-09-03 11:28:09]
09-03 11:23:11.071 557 786 D pms : ######### Switching system power mode to [off]
09-03 11:23:11.072 557 557 D pms : ************** cancel alarm:onyx_standby_timeout
09-03 11:23:11.072 557 557 D pms : ************** cancel alarm:onyx_auto_poweroff
09-03 11:23:13.652 557 589 W InputMethodManagerService: Window already focused, ignoring focus gain of: com.android.internal.view.IInputMethodClient$Stub$Proxy@25c2ab6 attribute=null, token = android.os.BinderProxy@5fca4e2
09-03 11:23:16.448 557 598 D pms : Enter idle state
09-03 11:23:16.448 557 598 D pms : ######### Switching system power mode to [standby]
09-03 11:23:16.449 557 598 I pms : ========== Setup an [300000]s alarm for standby mode ==========
09-03 11:23:16.453 557 598 D pms :
09-03 11:23:16.453 557 598 D pms :
09-03 11:23:16.453 557 598 D pms : ************** Add alarm:onyx_standby_timeout
09-03 11:23:16.453 557 598 D pms :
09-03 11:23:16.465 557 557 D pms : set alarm:onyx_standby_timeout, now:1535944996459 [ 2018-09-03 11:23:16], wake:1535945296449 [2018-09-03 11:28:16]
09-03 11:23:25.069 557 786 D pms : ######### Switching system power mode to [off]
09-03 11:23:25.073 557 557 D pms : ************** cancel alarm:onyx_standby_timeout
09-03 11:23:25.073 557 557 D pms : ************** cancel alarm:onyx_auto_poweroff
09-03 11:23:27.948 557 598 D pms : Enter idle state
09-03 11:23:27.948 557 598 D pms : ######### Switching system power mode to [standby]
09-03 11:23:27.949 557 598 I pms : ========== Setup an [300000]s alarm for standby mode ==========
09-03 11:23:27.953 557 598 D pms :
09-03 11:23:27.953 557 598 D pms :
09-03 11:23:27.953 557 598 D pms : ************** Add alarm:onyx_standby_timeout
09-03 11:23:27.953 557 598 D pms :
09-03 11:23:27.965 557 557 D pms : set alarm:onyx_standby_timeout, now:1535945007959 [ 2018-09-03 11:23:27], wake:1535945307949 [2018-09-03 11:28:27]
09-03 11:23:32.069 557 786 D pms : ######### Switching system power mode to [off]
09-03 11:23:32.071 557 557 D pms : ************** cancel alarm:onyx_standby_timeout
09-03 11:23:32.071 557 557 D pms : ************** cancel alarm:onyx_auto_poweroff
09-03 11:23:33.404 557 1335 W InputMethodManagerService: Window already focused, ignoring focus gain of: com.android.internal.view.IInputMethodClient$Stub$Proxy@505d3b7 attribute=null, token = android.os.BinderProxy@5fca4e2
09-03 11:23:36.274 557 598 D pms : Enter idle state
09-03 11:23:36.275 557 598 D pms : ######### Switching system power mode to [standby]
09-03 11:23:36.276 557 598 I pms : ========== Setup an [300000]s alarm for standby mode ==========
09-03 11:23:36.279 557 598 D pms :
09-03 11:23:36.279 557 598 D pms :
09-03 11:23:36.279 557 598 D pms : ************** Add alarm:onyx_standby_timeout
09-03 11:23:36.279 557 598 D pms :
09-03 11:23:36.295 557 557 D pms : set alarm:onyx_standby_timeout, now:1535945016285 [ 2018-09-03 11:23:36], wake:1535945316276 [2018-09-03 11:28:36]
09-03 11:25:00.072 557 786 D pms : ######### Switching system power mode to [off]
09-03 11:25:00.073 557 557 D pms : ************** cancel alarm:onyx_standby_timeout
09-03 11:25:00.073 557 557 D pms : ************** cancel alarm:onyx_auto_poweroff
09-03 11:25:01.382 557 557 D ZenLog : disable_effects: -1|android|17040357|null|1000,booleanState
09-03 11:25:01.409 557 557 D ZenLog : disable_effects: -1|android|17040357|null|1000,booleanState
09-03 11:25:02.451 557 557 D ZenLog : disable_effects: -1|android|17040357|null|1000,booleanState --------- beginning of main
09-03 11:25:04.212 1888 1908 W art : Method processed more than once: java.util.ArrayList com.onyx.latinime.latin.BinaryDictionary.getSuggestionsWithSessionId(com.onyx.latinime.latin.WordComposer, java.lang.String, com.onyx.latinime.keyboard.ProximityInfo, boolean, int[], int)
09-03 11:25:16.768 557 598 D pms : Enter idle state
09-03 11:25:16.769 557 598 D pms : ######### Switching system power mode to [standby]
09-03 11:25:16.770 557 598 I pms : ========== Setup an [300000]s alarm for standby mode ==========
09-03 11:25:16.773 557 598 D pms :
09-03 11:25:16.773 557 598 D pms :
09-03 11:25:16.773 557 598 D pms : ************** Add alarm:onyx_standby_timeout
09-03 11:25:16.773 557 598 D pms :
09-03 11:25:16.786 557 557 D pms : set alarm:onyx_standby_timeout, now:1535945116779 [ 2018-09-03 11:25:16], wake:1535945416770 [2018-09-03 11:30:16]
09-03 11:25:26.069 557 786 D pms : ######### Switching system power mode to [off]
09-03 11:25:26.071 557 557 D pms : ************** cancel alarm:onyx_standby_timeout
09-03 11:25:26.072 557 557 D pms : ************** cancel alarm:onyx_auto_poweroff
09-03 11:25:26.204 1600 1611 I chatty : uid=1000(system) HeapTaskDaemon expire 2 lines
09-03 11:25:26.263 1600 1609 I chatty : uid=1000(system) FinalizerDaemon expire 4 lines
09-03 11:25:26.336 1600 1600 I chatty : uid=1000(system) com.onyx expire 2 lines
09-03 11:25:30.415 1600 1600 W ContextImpl: Calling a method in the system process without a qualified user: android.app.ContextImpl.startService:1221 android.content.ContextWrapper.startService:581 com.onyx.common.utils.KReaderUtils.openDocByKReaderService:46 com.onyx.common.utils.KReaderUtils.openDocByKReaderService:34 com.onyx.common.action.FileOpenWithAction$3.onApplicationSelected:115
09-03 11:25:30.435 1812 2183 I chatty : uid=10048(com.onyx.kreader) expire 2 lines
09-03 11:25:30.439 557 925 I ActivityManager: START u0 {act=android.intent.action.VIEW dat=file:///storage/emulated/0/Books/西游记.pdf flg=0x10000000 cmp=com.onyx.kreader/.ui.ReaderTab1Activity (has extras)} from uid 10048 on display 0
