09-03 11:43:42.167 193 193 I hwcomposer: update_to_display(): upd_data -- marker[8280] waveform_mode = 255, update_mode = 0, Rect[0 0 1872 1404]
09-03 11:43:42.233 193 193 I hwcomposer: update_to_display(): upd_data -- marker[8281] waveform_mode = 255, update_mode = 0, Rect[0 0 83 1404]
09-03 11:43:43.951 557 928 I ActivityManager: START u0 {act=android.intent.action.MAIN cat=[android.intent.category.LAUNCHER] flg=0x10000000 pkg=com.onyx.deskclock cmp=com.onyx.deskclock/.deskclock.DeskClock} from uid 1000 on display 0
09-03 11:43:44.068 193 193 I hwcomposer: update_to_display(): upd_data -- marker[8282] waveform_mode = 255, update_mode = 0, Rect[0 0 1872 1404]
09-03 11:43:44.113 557 596 D WindowStateAnimator: rk_debug2 Starting com.onyx.deskclock_Force_To_Dual
09-03 11:43:44.127 193 193 I hwcomposer: update_to_display(): upd_data -- marker[8283] waveform_mode = 255, update_mode = 0, Rect[0 0 1872 1404]
09-03 11:43:44.171 557 596 D Surface : Surface::final mReqUsage=33
09-03 11:43:44.220 193 193 I hwcomposer: update_to_display(): upd_data -- marker[8284] waveform_mode = 255, update_mode = 0, Rect[0 0 1872 1404]
09-03 11:43:44.257 193 193 I hwcomposer: update_to_display(): upd_data -- marker[8285] waveform_mode = 255, update_mode = 0, Rect[0 0 1872 1404]
09-03 11:43:44.299 1737 2937 D OpenGLRenderer: Use EGL_SWAP_BEHAVIOR_PRESERVED: true
09-03 11:43:44.387 1737 1746 W CursorWrapperInner: Cursor finalized without prior close()
09-03 11:43:44.395 1737 1746 W CursorWrapperInner: Cursor finalized without prior close()
09-03 11:43:44.398 1737 1746 W CursorWrapperInner: Cursor finalized without prior close()
09-03 11:43:44.401 1737 1746 W CursorWrapperInner: Cursor finalized without prior close()
09-03 11:43:44.402 1737 1746 W CursorWrapperInner: Cursor finalized without prior close()
09-03 11:43:44.404 1737 1746 W CursorWrapperInner: Cursor finalized without prior close()
09-03 11:43:44.405 1737 1746 W CursorWrapperInner: Cursor finalized without prior close()
09-03 11:43:44.406 1737 1746 W CursorWrapperInner: Cursor finalized without prior close()
09-03 11:43:44.408 1737 1746 W CursorWrapperInner: Cursor finalized without prior close()
09-03 11:43:44.409 1737 1746 W CursorWrapperInner: Cursor finalized without prior close()
09-03 11:43:44.410 1737 1746 W CursorWrapperInner: Cursor finalized without prior close()
09-03 11:43:44.977 193 193 I hwcomposer: update_to_display(): upd_data -- marker[8286] waveform_mode = 255, update_mode = 0, Rect[0 0 1872 1404]
09-03 11:43:44.977 1737 2937 I mali_so : [File] : hardware/arm/maliT760/driver/product/base/src/mali_base_kbase.c; [Line] : 928; [Func] : base_context_deal_with_version_affairs_rk_ext;
09-03 11:43:44.977 1737 2937 I mali_so : arm_release_ver of this mali_so is 'r12p0-04rel0', rk_so_ver is '12@0', built at '17:00:15', on 'Aug 16 2016'.
09-03 11:43:44.977 1737 2937 I mali_so : [File] : hardware/arm/maliT760/driver/product/base/src/mali_base_kbase.c; [Line] : 955; [Func] : base_context_deal_with_version_affairs_rk_ext;
09-03 11:43:44.977 1737 2937 I mali_so : mali_ver_property has been set to 'r12p0-04rel0-13-12@0', to return.
09-03 11:43:44.980 1737 2937 I OpenGLRenderer: Initialized EGL, version 1.4
09-03 11:43:44.992 1737 2937 D Surface : Surface::final mReqUsage=a00
09-03 11:43:44.993 1737 2937 D mali_winsys: EGLint new_window_surface(egl_winsys_display*, void*, EGLSurface, EGLConfig, egl_winsys_surface**, egl_color_buffer_format*, EGLBoolean) returns 0x3000
09-03 11:43:45.027 193 193 I hwcomposer: update_to_display(): upd_data -- marker[8287] waveform_mode = 255, update_mode = 0, Rect[0 0 1872 1404]
09-03 11:43:45.352 193 193 I hwcomposer: update_to_display(): upd_data -- marker[8288] waveform_mode = 255, update_mode = 0, Rect[0 0 1872 1404]
09-03 11:43:45.365 557 596 I ActivityManager: Displayed com.onyx.deskclock/.deskclock.DeskClock: +1s399ms
09-03 11:43:45.392 193 193 I hwcomposer: update_to_display(): upd_data -- marker[8289] waveform_mode = 255, update_mode = 0, Rect[0 0 1872 1404]
09-03 11:43:45.445 193 193 I hwcomposer: update_to_display(): upd_data -- marker[8290] waveform_mode = 255, update_mode = 0, Rect[0 0 1872 1404]
09-03 11:43:45.488 193 193 I hwcomposer: update_to_display(): upd_data -- marker[8291] waveform_mode = 255, update_mode = 0, Rect[0 0 1872 1404]
09-03 11:43:46.352 193 193 I hwcomposer: update_to_display(): upd_data -- marker[8292] waveform_mode = 255, update_mode = 0, Rect[0 0 1872 1404]
09-03 11:43:46.389 193 193 I hwcomposer: update_to_display(): upd_data -- marker[8293] waveform_mode = 255, update_mode = 0, Rect[0 0 1872 1404]
09-03 11:43:46.431 193 193 I hwcomposer: update_to_display(): upd_data -- marker[8294] waveform_mode = 255, update_mode = 0, Rect[83 218 1789 8]
09-03 11:43:46.467 193 193 I hwcomposer: update_to_display(): upd_data -- marker[8295] waveform_mode = 255, update_mode = 0, Rect[0 0 1872 1404]
09-03 11:43:46.504 193 193 I hwcomposer: update_to_display(): upd_data -- marker[8296] waveform_mode = 255, update_mode = 0, Rect[83 218 1789 8]
09-03 11:43:46.537 193 193 I hwcomposer: update_to_display(): upd_data -- marker[8297] waveform_mode = 255, update_mode = 0, Rect[83 218 1789 8]
09-03 11:43:46.568 193 193 I hwcomposer: update_to_display(): upd_data -- marker[8298] waveform_mode = 255, update_mode = 0, Rect[83 218 1789 8]
09-03 11:43:46.592 193 193 D Surface : Surface::final mReqUsage=333
09-03 11:43:46.613 193 193 I hwcomposer: update_to_display(): upd_data -- marker[8299] waveform_mode = 255, update_mode = 0, Rect[83 218 1789 8]
09-03 11:43:46.655 193 193 I hwcomposer: update_to_display(): upd_data -- marker[8300] waveform_mode = 255, update_mode = 0, Rect[0 0 1872 1404]
09-03 11:43:46.671 1600 1600 W ContextImpl: Calling a method in the system process without a qualified user: android.app.ContextImpl.sendBroadcast:763 android.content.ContextWrapper.sendBroadcast:396 com.onyx.android.sdk.device.BaseDevice.a:479 com.onyx.android.sdk.device.BaseDevice.showSystemStatusBar:442 com.onyx.ContentBrowserApplication$2.onActivityResumed:196
09-03 11:43:46.696 193 193 I hwcomposer: update_to_display(): upd_data -- marker[8301] waveform_mode = 255, update_mode = 0, Rect[0 0 1872 1404]
09-03 11:43:46.702 1600 1600 D Surface : Surface::final mReqUsage=33
09-03 11:43:46.743 193 193 I hwcomposer: update_to_display(): upd_data -- marker[8302] waveform_mode = 255, update_mode = 0, Rect[83 0 1789 1404]
09-03 11:43:46.810 193 193 I hwcomposer: update_to_display(): upd_data -- marker[8303] waveform_mode = 255, update_mode = 0, Rect[0 0 1872 1404]
09-03 11:43:46.855 193 193 I hwcomposer: update_to_display(): upd_data -- marker[8304] waveform_mode = 255, update_mode = 0, Rect[0 0 1872 1404]
09-03 11:43:46.895 193 193 I hwcomposer: update_to_display(): upd_data -- marker[8305] waveform_mode = 255, update_mode = 0, Rect[0 0 1872 1404]
09-03 11:43:47.153 557 593 D Tethering: interfaceLinkStateChanged wlan0, true
09-03 11:43:47.153 557 593 D Tethering: interfaceStatusChanged wlan0, true
09-03 11:43:47.731 557 1274 I ActivityManager: START u0 {act=android.intent.action.MAIN cat=[android.intent.category.LAUNCHER] flg=0x10000000 pkg=com.android.providers.downloads.ui cmp=com.android.providers.downloads.ui/.DownloadList} from uid 1000 on display 0
09-03 11:43:47.744 193 193 I hwcomposer: update_to_display(): upd_data -- marker[8306] waveform_mode = 255, update_mode = 0, Rect[0 0 1872 1404]
09-03 11:43:47.752 2948 2948 I dex2oat : type=1400 audit(0.0:130): avc: denied { read } for name="lib" dev="mmcblk0p13" ino=13 scontext=u:r:dex2oat:s0 tcontext=u:object_r:unlabeled:s0 tclass=lnk_file permissive=1
09-03 11:43:47.754 557 835 I PackageManager.DexOptimizer: Running dexopt (dex2oat) on: /system/app/DownloadProviderUi/DownloadProviderUi.apk pkg=com.android.providers.downloads.ui isa=arm vmSafeMode=false debuggable=false oatDir = null bootComplete=true
09-03 11:43:47.780 193 193 I hwcomposer: update_to_display(): upd_data -- marker[8307] waveform_mode = 255, update_mode = 0, Rect[0 0 1872 1404]
09-03 11:43:47.797 2948 2948 I dex2oat : /system/bin/dex2oat --compiler-filter=verify-at-runtime
09-03 11:43:47.829 2948 2948 I dex2oat : dex2oat took 32.304ms (threads: 4) arena alloc=0B java alloc=70KB native alloc=197KB free=94KB
09-03 11:43:47.837 1342 1342 W System : ClassLoader referenced unknown path: /system/app/DownloadProviderUi/lib/arm
09-03 11:43:47.851 557 927 I ActivityManager: START u0 {act=android.provider.action.MANAGE_ROOT dat=content://com.android.providers.downloads.documents/root/downloads cmp=com.android.documentsui/.DocumentsActivity} from uid 10004 on display 0
09-03 11:43:47.878 557 925 I ActivityManager: Start proc 2953:com.android.documentsui/u0a22 for activity com.android.documentsui/.DocumentsActivity
09-03 11:43:47.879 2953 2953 I art : Late-enabling JIT
09-03 11:43:47.888 2953 2953 I art : JIT created with code_cache_capacity=2MB compile_threshold=1000
09-03 11:43:47.920 557 1334 I PackageManager.DexOptimizer: Running dexopt (dex2oat) on: /system/app/DocumentsUI/DocumentsUI.apk pkg=com.android.documentsui isa=arm vmSafeMode=false debuggable=false oatDir = null bootComplete=true
09-03 11:43:47.955 2967 2967 I dex2oat : /system/bin/dex2oat --compiler-filter=verify-at-runtime
09-03 11:43:48.059 2967 2967 I dex2oat : dex2oat took 103.566ms (threads: 4) arena alloc=72B java alloc=721KB native alloc=697KB free=178KB
09-03 11:43:48.084 2953 2953 W System : ClassLoader referenced unknown path: /system/app/DocumentsUI/lib/arm
09-03 11:43:48.142 2973 2973 I externalstorag: type=1400 audit(0.0:131): avc: denied { read } for name="lib" dev="mmcblk0p13" ino=13 scontext=u:r:platform_app:s0:c512,c768 tcontext=u:object_r:unlabeled:s0 tclass=lnk_file permissive=1
09-03 11:43:48.149 2973 2973 I art : Late-enabling JIT
09-03 11:43:48.149 557 1334 I ActivityManager: Start proc 2973:com.android.externalstorage/u0a5 for content provider com.android.externalstorage/.ExternalStorageProvider
09-03 11:43:48.159 2973 2973 I art : JIT created with code_cache_capacity=2MB compile_threshold=1000
09-03 11:43:48.217 2973 2973 W System : ClassLoader referenced unknown path: /system/priv-app/ExternalStorageProvider/lib/arm
09-03 11:43:48.236 2973 2973 D ExternalStorage: After updating volumes, found 1 active roots
09-03 11:43:48.245 2953 2989 D OpenGLRenderer: Use EGL_SWAP_BEHAVIOR_PRESERVED: true
09-03 11:43:48.262 2953 2953 D Documents: update called before Search MenuItem installed.
09-03 11:43:48.430 2953 2972 D Documents: Update found 6 roots in 321ms
09-03 11:43:48.458 2953 2991 D Documents: Update found 6 roots in 191ms
09-03 11:43:48.478 193 193 I hwcomposer: update_to_display(): upd_data -- marker[8308] waveform_mode = 255, update_mode = 0, Rect[0 0 1872 1404]
09-03 11:43:48.480 2953 2989 I mali_so : [File] : hardware/arm/maliT760/driver/product/base/src/mali_base_kbase.c; [Line] : 928; [Func] : base_context_deal_with_version_affairs_rk_ext;
09-03 11:43:48.480 2953 2989 I mali_so : arm_release_ver of this mali_so is 'r12p0-04rel0', rk_so_ver is '12@0', built at '17:00:15', on 'Aug 16 2016'.
09-03 11:43:48.480 2953 2989 I mali_so : [File] : hardware/arm/maliT760/driver/product/base/src/mali_base_kbase.c; [Line] : 955; [Func] : base_context_deal_with_version_affairs_rk_ext;
09-03 11:43:48.480 2953 2989 I mali_so : mali_ver_property has been set to 'r12p0-04rel0-13-12@0', to return.
09-03 11:43:48.484 2953 2989 I OpenGLRenderer: Initialized EGL, version 1.4
09-03 11:43:48.495 2953 2989 D Surface : Surface::final mReqUsage=a00
09-03 11:43:48.495 2953 2989 D mali_winsys: EGLint new_window_surface(egl_winsys_display*, void*, EGLSurface, EGLConfig, egl_winsys_surface**, egl_color_buffer_format*, EGLBoolean) returns 0x3000
09-03 11:43:49.058 557 596 I ActivityManager: Displayed com.android.documentsui/.DocumentsActivity: +1s192ms (total +1s310ms)
09-03 11:43:49.076 193 193 I hwcomposer: update_to_display(): upd_data -- marker[8309] waveform_mode = 255, update_mode = 0, Rect[229 106 1497 1193]
09-03 11:43:49.121 557 1335 I ActivityManager: Killing 1576:com.android.onetimeinitializer/u0a7 (adj 15): empty #17
09-03 11:43:49.145 193 193 I hwcomposer: update_to_display(): upd_data -- marker[8310] waveform_mode = 255, update_mode = 0, Rect[229 106 1497 1193]
09-03 11:43:49.170 2953 3006 D Documents: userMode=0, userSortOrder=0 --> mode=1, sortOrder=2
09-03 11:43:49.171 193 193 E SurfaceFlinger: App die 1576 0
09-03 11:43:49.296 193 193 I hwcomposer: update_to_display(): upd_data -- marker[8311] waveform_mode = 255, update_mode = 0, Rect[0 0 1872 1404]
09-03 11:43:50.188 193 193 D Surface : Surface::final mReqUsage=333
09-03 11:43:50.251 1600 1600 W ContextImpl: Calling a method in the system process without a qualified user: android.app.ContextImpl.sendBroadcast:763 android.content.ContextWrapper.sendBroadcast:396 com.onyx.android.sdk.device.BaseDevice.a:479 com.onyx.android.sdk.device.BaseDevice.showSystemStatusBar:442 com.onyx.ContentBrowserApplication$2.onActivityResumed:196
09-03 11:43:50.295 193 193 I hwcomposer: update_to_display(): upd_data -- marker[8312] waveform_mode = 255, update_mode = 0, Rect[0 0 1872 1404]
09-03 11:43:50.330 193 193 I hwcomposer: update_to_display(): upd_data -- marker[8313] waveform_mode = 255, update_mode = 0, Rect[0 0 1872 1404]
09-03 11:43:50.406 557 928 I ActivityManager: Killing 1193:com.android.exchange/u0a24 (adj 15): empty #17
09-03 11:43:50.583 557 590 W art : Long monitor contention event with owner method=void com.android.server.am.ActivityManagerService.activityIdle(android.os.IBinder, android.content.res.Configuration, boolean) from ActivityManagerService.java:6501 waiters=0 for 260ms
09-03 11:43:50.584 557 592 W art : Long monitor contention event with owner method=void com.android.server.am.ActivityManagerService.activityIdle(android.os.IBinder, android.content.res.Configuration, boolean) from ActivityManagerService.java:6501 waiters=1 for 179ms
09-03 11:43:50.590 193 193 E SurfaceFlinger: App die 1193 0
09-03 11:43:50.624 193 193 I hwcomposer: update_to_display(): upd_data -- marker[8314] waveform_mode = 255, update_mode = 0, Rect[0 0 1872 1404]
09-03 11:43:51.642 1600 1600 I com.onyx: type=1400 audit(0.0:132): avc: denied { read } for name="lib" dev="mmcblk0p13" ino=13 scontext=u:r:system_app:s0 tcontext=u:object_r:unlabeled:s0 tclass=lnk_file permissive=1
09-03 11:43:51.664 557 589 I ActivityManager: START u0 {act=android.intent.action.MAIN cat=[android.intent.category.LAUNCHER] flg=0x10000000 pkg=com.onyx.music cmp=com.onyx.music/.MusicBrowserActivity} from uid 1000 on display 0
09-03 11:43:51.676 193 193 I hwcomposer: update_to_display(): upd_data -- marker[8315] waveform_mode = 255, update_mode = 0, Rect[0 0 1872 1404]
09-03 11:43:51.696 557 1335 I ActivityManager: Start proc 3007:com.onyx.music/u0a49 for activity com.onyx.music/.MusicBrowserActivity
09-03 11:43:51.696 3007 3007 I art : Late-enabling JIT
09-03 11:43:51.707 3007 3007 I art : JIT created with code_cache_capacity=2MB compile_threshold=1000
09-03 11:43:51.768 3007 3007 W System : ClassLoader referenced unknown path: /system/app/music-release/lib/arm
09-03 11:43:51.795 557 1334 I ActivityManager: START u0 {act=android.intent.action.PICK dat= typ=vnd.android.cursor.dir/artistalbum flg=0x4000000 cmp=com.onyx.music/.ArtistAlbumBrowserActivity (has extras)} from uid 10049 on display 0
09-03 11:43:51.802 193 193 I hwcomposer: update_to_display(): upd_data -- marker[8316] waveform_mode = 255, update_mode = 0, Rect[0 0 1872 1404]
09-03 11:43:51.862 557 596 D WindowStateAnimator: rk_debug2 Starting com.onyx.music_Force_To_Dual
09-03 11:43:51.872 193 193 I hwcomposer: update_to_display(): upd_data -- marker[8317] waveform_mode = 255, update_mode = 0, Rect[0 0 1872 1404]
09-03 11:43:51.931 557 596 D Surface : Surface::final mReqUsage=33
09-03 11:43:52.000 193 193 I hwcomposer: update_to_display(): upd_data -- marker[8318] waveform_mode = 255, update_mode = 0, Rect[0 0 1872 1404]
09-03 11:43:52.089 3007 3023 D OpenGLRenderer: Use EGL_SWAP_BEHAVIOR_PRESERVED: true
09-03 11:43:52.257 193 193 I hwcomposer: update_to_display(): upd_data -- marker[8319] waveform_mode = 255, update_mode = 0, Rect[0 0 1872 1404]
09-03 11:43:52.320 3007 3023 I mali_so : [File] : hardware/arm/maliT760/driver/product/base/src/mali_base_kbase.c; [Line] : 928; [Func] : base_context_deal_with_version_affairs_rk_ext;
09-03 11:43:52.320 3007 3023 I mali_so : arm_release_ver of this mali_so is 'r12p0-04rel0', rk_so_ver is '12@0', built at '17:00:15', on 'Aug 16 2016'.
09-03 11:43:52.320 3007 3023 I mali_so : [File] : hardware/arm/maliT760/driver/product/base/src/mali_base_kbase.c; [Line] : 955; [Func] : base_context_deal_with_version_affairs_rk_ext;
09-03 11:43:52.320 3007 3023 I mali_so : mali_ver_property has been set to 'r12p0-04rel0-13-12@0', to return.
09-03 11:43:52.325 3007 3023 I OpenGLRenderer: Initialized EGL, version 1.4
09-03 11:43:52.338 193 193 I hwcomposer: update_to_display(): upd_data -- marker[8320] waveform_mode = 255, update_mode = 0, Rect[0 0 1872 1404]
09-03 11:43:52.348 3007 3023 D Surface : Surface::final mReqUsage=a00
09-03 11:43:52.349 3007 3023 D mali_winsys: EGLint new_window_surface(egl_winsys_display*, void*, EGLSurface, EGLConfig, egl_winsys_surface**, egl_color_buffer_format*, EGLBoolean) returns 0x3000
09-03 11:43:52.639 193 193 I hwcomposer: update_to_display(): upd_data -- marker[8321] waveform_mode = 255, update_mode = 0, Rect[0 0 1872 1404]
09-03 11:43:52.640 557 596 I ActivityManager: Displayed com.onyx.music/.ArtistAlbumBrowserActivity: +827ms (total +957ms)
09-03 11:43:52.680 193 193 I hwcomposer: update_to_display(): upd_data -- marker[8322] waveform_mode = 255, update_mode = 0, Rect[0 0 1872 1404]
09-03 11:43:52.718 193 193 I hwcomposer: update_to_display(): upd_data -- marker[8323] waveform_mode = 255, update_mode = 0, Rect[0 0 1872 1404]
09-03 11:43:54.128 557 926 I WindowManager: Screenshot max retries 4 of Token{fefc684 ActivityRecord{eb02497 u0 com.onyx.music/.ArtistAlbumBrowserActivity t31 f}} appWin=Window{7efcc20 u0 com.onyx.music/com.onyx.music.ArtistAlbumBrowserActivity} drawState=4
09-03 11:43:54.181 1600 1600 W ContextImpl: Calling a method in the system process without a qualified user: android.app.ContextImpl.sendBroadcast:763 android.content.ContextWrapper.sendBroadcast:396 com.onyx.android.sdk.device.BaseDevice.a:479 com.onyx.android.sdk.device.BaseDevice.showSystemStatusBar:442 com.onyx.ContentBrowserApplication$2.onActivityResumed:196
09-03 11:43:54.213 1600 1600 D Surface : Surface::final mReqUsage=33
09-03 11:43:54.375 193 193 I hwcomposer: update_to_display(): upd_data -- marker[8324] waveform_mode = 255, update_mode = 0, Rect[0 0 1872 1404]
09-03 11:43:54.403 557 928 I MediaFocusControl: AudioFocus abandonAudioFocus() from android.media.AudioManager@90f30b7com.onyx.music.MediaPlaybackService$3@d9b024
09-03 11:43:54.408 557 926 I ActivityManager: Killing 1841:com.onyx.android.data/u0a30 (adj 15): empty #17
09-03 11:43:54.425 193 193 I hwcomposer: update_to_display(): upd_data -- marker[8325] waveform_mode = 255, update_mode = 0, Rect[0 0 1872 1404]
09-03 11:43:54.535 193 193 E SurfaceFlinger: App die 1841 0
09-03 11:43:55.444 557 588 I ActivityManager: START u0 {act=android.intent.action.MAIN cat=[android.intent.category.LAUNCHER] flg=0x10000000 pkg=com.onyx.appmarket cmp=com.onyx.appmarket/.activity.MainActivity} from uid 1000 on display 0
09-03 11:43:55.476 193 193 I hwcomposer: update_to_display(): upd_data -- marker[8326] waveform_mode = 255, update_mode = 0, Rect[0 0 1872 1404]
09-03 11:43:55.478 557 1334 I ActivityManager: Start proc 3037:com.onyx.appmarket/u0a44 for activity com.onyx.appmarket/.activity.MainActivity
09-03 11:43:55.482 3037 3037 I .onyx.appmarke: type=1400 audit(0.0:133): avc: denied { read } for name="lib" dev="mmcblk0p13" ino=13 scontext=u:r:untrusted_app:s0:c512,c768 tcontext=u:object_r:unlabeled:s0 tclass=lnk_file permissive=1
09-03 11:43:55.486 3037 3037 I art : Late-enabling JIT
09-03 11:43:55.496 3037 3037 I art : JIT created with code_cache_capacity=2MB compile_threshold=1000
09-03 11:43:55.546 557 588 I PackageManager.DexOptimizer: Running dexopt (dex2oat) on: /system/app/app-market-release/app-market-release.apk pkg=com.onyx.appmarket isa=arm vmSafeMode=false debuggable=false oatDir = null bootComplete=true
09-03 11:43:55.578 3051 3051 I dex2oat : /system/bin/dex2oat --compiler-filter=verify-at-runtime
09-03 11:43:55.584 193 193 I hwcomposer: update_to_display(): upd_data -- marker[8327] waveform_mode = 255, update_mode = 0, Rect[0 0 1872 1404]
09-03 11:43:55.626 557 596 D WindowStateAnimator: rk_debug2 Starting com.onyx.appmarket_Force_To_Dual
09-03 11:43:55.639 193 193 I hwcomposer: update_to_display(): upd_data -- marker[8328] waveform_mode = 255, update_mode = 0, Rect[0 0 1872 1404]
09-03 11:43:55.688 557 596 D Surface : Surface::final mReqUsage=33
09-03 11:43:56.185 3051 3053 W dex2oat : Before Android 4.1, method int android.support.v7.widget.n.lookForSelectablePosition(int, boolean) would have incorrectly overridden the package-private method in android.widget.ListView
09-03 11:43:56.266 3051 3054 W dex2oat : Before Android 4.1, method int android.support.v7.widget.MenuPopupWindow$MenuDropDownListView.lookForSelectablePosition(int, boolean) would have incorrectly overridden the package-private method in android.widget.ListView
09-03 11:43:56.862 3051 3051 I dex2oat : dex2oat took 1.283s (threads: 4) arena alloc=824B java alloc=11MB native alloc=3MB free=1283KB
09-03 11:43:56.924 557 591 W art : Long monitor contention event with owner method=void com.android.server.am.ActivityManagerService.attachApplication(android.app.IApplicationThread) from ActivityManagerService.java:6490 waiters=0 for 443ms
09-03 11:43:56.945 193 193 I hwcomposer: update_to_display(): upd_data -- marker[8329] waveform_mode = 255, update_mode = 0, Rect[0 0 1872 1404]
09-03 11:43:56.967 3037 3037 W System : ClassLoader referenced unknown path: /system/app/app-market-release/lib/arm
09-03 11:43:56.982 3037 3037 I MultiDex: VM with version 2.1.0 has multidex support
09-03 11:43:56.982 3037 3037 I MultiDex: Installing application
09-03 11:43:56.982 3037 3037 I MultiDex: VM has multidex support, MultiDex support library is disabled.
09-03 11:43:56.982 3037 3037 I MultiDex: Installing application
09-03 11:43:56.982 3037 3037 I MultiDex: VM has multidex support, MultiDex support library is disabled.
09-03 11:43:57.902 3037 3037 D RK32XXDevice: init device EINK_ONYX_GC_MASK.
09-03 11:43:57.941 3037 3065 D OpenGLRenderer: Use EGL_SWAP_BEHAVIOR_PRESERVED: true
09-03 11:43:57.983 193 193 I hwcomposer: update_to_display(): upd_data -- marker[8330] waveform_mode = 255, update_mode = 0, Rect[0 0 1872 1404]
09-03 11:43:57.984 3037 3065 I mali_so : [File] : hardware/arm/maliT760/driver/product/base/src/mali_base_kbase.c; [Line] : 928; [Func] : base_context_deal_with_version_affairs_rk_ext;
09-03 11:43:57.984 3037 3065 I mali_so : arm_release_ver of this mali_so is 'r12p0-04rel0', rk_so_ver is '12@0', built at '17:00:15', on 'Aug 16 2016'.
09-03 11:43:57.984 3037 3065 I mali_so : [File] : hardware/arm/maliT760/driver/product/base/src/mali_base_kbase.c; [Line] : 955; [Func] : base_context_deal_with_version_affairs_rk_ext;
09-03 11:43:57.984 3037 3065 I mali_so : mali_ver_property has been set to 'r12p0-04rel0-13-12@0', to return.
09-03 11:43:57.987 3037 3065 I OpenGLRenderer: Initialized EGL, version 1.4
09-03 11:43:57.997 3037 3065 D Surface : Surface::final mReqUsage=a00
09-03 11:43:57.997 3037 3065 D mali_winsys: EGLint new_window_surface(egl_winsys_display*, void*, EGLSurface, EGLConfig, egl_winsys_surface**, egl_color_buffer_format*, EGLBoolean) returns 0x3000
09-03 11:43:58.025 193 193 I hwcomposer: update_to_display(): upd_data -- marker[8331] waveform_mode = 255, update_mode = 0, Rect[0 0 1872 1404]
09-03 11:43:58.071 3037 3065 D Surface : Surface::final mReqUsage=a00
09-03 11:43:58.072 3037 3065 D mali_winsys: EGLint new_window_surface(egl_winsys_display*, void*, EGLSurface, EGLConfig, egl_winsys_surface**, egl_color_buffer_format*, EGLBoolean) returns 0x3000
09-03 11:43:58.077 193 193 I hwcomposer: update_to_display(): upd_data -- marker[8332] waveform_mode = 255, update_mode = 0, Rect[0 0 1872 1404]
09-03 11:43:58.169 3037 3064 W art : Method processed more than once: java.lang.String com.alibaba.fastjson.serializer.SerializeWriter.toString()
09-03 11:43:58.207 3037 3037 W art : Before Android 4.1, method int android.support.v7.widget.n.lookForSelectablePosition(int, boolean) would have incorrectly overridden the package-private method in android.widget.ListView
09-03 11:43:58.218 3037 3064 W art : Method processed more than once: java.lang.String okio.Buffer.readString(long, java.nio.charset.Charset)
09-03 11:43:58.458 557 596 I ActivityManager: Displayed com.onyx.appmarket/.activity.MainActivity: +2s999ms
09-03 11:43:58.490 193 193 I hwcomposer: update_to_display(): upd_data -- marker[8333] waveform_mode = 255, update_mode = 0, Rect[0 0 1872 1404]
09-03 11:43:58.527 193 193 I hwcomposer: update_to_display(): upd_data -- marker[8334] waveform_mode = 255, update_mode = 0, Rect[0 0 1872 1404]
09-03 11:43:58.592 3037 3064 W art : Method processed more than once: java.lang.String com.alibaba.fastjson.parser.SymbolTable.addSymbol(char[], int, int, int)
09-03 11:43:58.593 3037 3064 W art : Method processed more than once: java.lang.String com.alibaba.fastjson.parser.JSONLexer.subString(int, int)
09-03 11:43:58.636 3037 3064 W art : Method processed more than once: java.lang.String com.alibaba.fastjson.parser.JSONLexer.scanFieldString(long)
09-03 11:43:58.636 3037 3064 W art : Method processed more than once: java.lang.String com.alibaba.fastjson.parser.JSONLexer.readString(char[], int)
09-03 11:43:58.814 557 925 D pms : Enter idle state
09-03 11:43:58.814 557 925 D pms : ######### Switching system power mode to [standby]
09-03 11:43:58.814 557 925 I pms : ========== Setup an [300000]s alarm for standby mode ==========
09-03 11:43:58.814 557 925 D pms :
09-03 11:43:58.814 557 925 D pms :
09-03 11:43:58.814 557 925 D pms : ************** Add alarm:onyx_standby_timeout
09-03 11:43:58.814 557 925 D pms :
09-03 11:43:58.823 557 557 D pms : set alarm:onyx_standby_timeout, now:1535946238815 [ 2018-09-03 11:43:58], wake:1535946538814 [2018-09-03 11:48:58]
09-03 11:43:59.079 193 193 I hwcomposer: update_to_display(): upd_data -- marker[8335] waveform_mode = 255, update_mode = 0, Rect[0 0 1872 1404]
09-03 11:43:59.115 193 193 I hwcomposer: update_to_display(): upd_data -- marker[8336] waveform_mode = 255, update_mode = 0, Rect[0 0 1872 1404]
09-03 11:43:59.159 3037 3037 W Settings: Setting airplane_mode_on has moved from android.provider.Settings.System to android.provider.Settings.Global, returning read-only value.
09-03 11:43:59.212 3037 3087 W art : Method processed more than once: java.lang.String com.android.okhttp.okio.ByteString.hex()
09-03 11:43:59.312 3037 3088 W art : Method processed more than once: boolean com.squareup.picasso.u.c(java.io.InputStream)
09-03 11:43:59.312 3037 3087 W art : Method processed more than once: boolean com.squareup.picasso.u.c(java.io.InputStream)
09-03 11:43:59.630 193 193 I hwcomposer: update_to_display(): upd_data -- marker[8337] waveform_mode = 255, update_mode = 0, Rect[0 0 1872 1404]
09-03 11:43:59.703 193 193 I hwcomposer: update_to_display(): upd_data -- marker[8338] waveform_mode = 255, update_mode = 0, Rect[0 0 1872 1404]
09-03 11:43:59.754 193 193 I hwcomposer: update_to_display(): upd_data -- marker[8339] waveform_mode = 255, update_mode = 0, Rect[427 1212 1278 150]
09-03 11:43:59.798 193 193 I hwcomposer: update_to_display(): upd_data -- marker[8340] waveform_mode = 255, update_mode = 0, Rect[427 1212 1278 150]
09-03 11:43:59.874 193 193 I hwcomposer: update_to_display(): upd_data -- marker[8341] waveform_mode = 255, update_mode = 0, Rect[427 1212 1278 150]
09-03 11:43:59.920 193 193 I hwcomposer: update_to_display(): upd_data -- marker[8342] waveform_mode = 255, update_mode = 0, Rect[427 1212 1278 150]
09-03 11:44:00.045 193 193 I hwcomposer: update_to_display(): upd_data -- marker[8343] waveform_mode = 255, update_mode = 0, Rect[0 169 83 106]
09-03 11:44:02.561 557 787 D pms : ######### Switching system power mode to [off]
09-03 11:44:02.562 557 557 D pms : ************** cancel alarm:onyx_standby_timeout
09-03 11:44:02.566 557 557 D pms : ************** cancel alarm:onyx_auto_poweroff
09-03 11:44:02.982 1600 1600 I DeviceReceiver: Received[94]: android.intent.action.ACTION_POWER_CONNECTED data null
09-03 11:44:03.017 193 193 I hwcomposer: update_to_display(): upd_data -- marker[8344] waveform_mode = 255, update_mode = 0, Rect[2 1156 79 79]
09-03 11:44:03.339 557 557 D ZenLog : disable_effects: -1|android|17040354|null|1000,booleanState
09-03 11:44:03.350 1600 1600 I DeviceReceiver: Received[95]: android.hardware.usb.action.USB_STATE data null
09-03 11:44:03.359 557 557 D ZenLog : disable_effects: -1|android|17040349|null|1000,booleanState
09-03 11:44:03.360 557 557 D Tethering: ACTION_USB_STATE received, usbConnected=true, mRndisEnabled=false
09-03 11:44:03.397 557 557 D Tethering: ACTION_USB_STATE received, usbConnected=true, mRndisEnabled=false
09-03 11:44:03.398 1600 1600 I DeviceReceiver: Received[96]: android.hardware.usb.action.USB_STATE data null
09-03 11:44:03.446 1342 1342 D MtpService: starting MTP server in MTP mode
09-03 11:44:03.455 1342 1342 D MtpService: Adding MTP storage 0x10001 at /storage/emulated/0
09-03 11:44:03.531 193 193 I hwcomposer: update_to_display(): upd_data -- marker[8345] waveform_mode = 255, update_mode = 0, Rect[0 0 1872 1404]
09-03 11:44:04.572 3095 3095 I rild : type=1400 audit(0.0:134): avc: denied { read } for name="lib" dev="mmcblk0p13" ino=13 scontext=u:r:rild:s0 tcontext=u:object_r:unlabeled:s0 tclass=lnk_file permissive=1
09-03 11:44:06.737 557 796 D WifiStateMachine: starting scan for "DevTest"WPA_PSK with 2437
09-03 11:44:06.965 557 593 D Tethering: interfaceLinkStateChanged wlan0, true
09-03 11:44:06.965 557 593 D Tethering: interfaceStatusChanged wlan0, true
09-03 11:44:26.782 557 796 D WifiStateMachine: starting scan for "DevTest"WPA_PSK with 2437
09-03 11:44:27.015 557 593 D Tethering: interfaceLinkStateChanged wlan0, true
09-03 11:44:27.015 557 593 D Tethering: interfaceStatusChanged wlan0, true