09-03 11:43:10.253 193 193 I hwcomposer: update_to_display(): upd_data -- marker[8065] waveform_mode = 4, update_mode = 0, Rect[0 0 1872 1404]
09-03 11:43:10.327 193 193 I hwcomposer: update_to_display(): upd_data -- marker[8066] waveform_mode = 4, update_mode = 0, Rect[0 0 1872 1404]
09-03 11:43:10.433 193 193 I hwcomposer: update_to_display(): upd_data -- marker[8067] waveform_mode = 4, update_mode = 0, Rect[0 0 1872 1404]
09-03 11:43:10.498 2613 2613 W BindingManager: Cannot call determinedVisibility() - never saw a connection for the pid: 2613
09-03 11:43:10.515 193 193 I hwcomposer: update_to_display(): upd_data -- marker[8068] waveform_mode = 4, update_mode = 0, Rect[0 0 1872 1404]
09-03 11:43:10.563 2613 2613 E browser : Console: Error while parsing the 'sandbox' attribute: 'allow-popups-to-escape-sandbox', 'allow-modals' are invalid sandbox flags. https://www.baidu.com/#iact=wiseindex%2Ftabs%2Fnews%2Factivity%2Fnewsdetail%3D%257B%2522linkData%2522%253A%257B%2522name%2522%253A%2522iframe%252Fmib-iframe%2522%252C%2522id%2522%253A%2522feed%2522%252C%2522index%2522%253A0%252C%2522url%2522%253A%2522https%253A%252F%252Fmbd.baidu.com%252Fnewspage%252Fdata%252Flandingpage%253Fs_type%253Dnews%2526dsp%253Dwise%2526context%253D%25257B%252522nid%252522%25253A%252522news_9592997841396083588%252522%25257D%2526pageType%253D1%2526n_type%253D1%2526p_from%253D-1%2526innerIframe%253D1%2522%252C%2522isThird%2522%253Afalse%252C%2522title%2522%253Anull%257D%257D:0
09-03 11:43:10.621 193 193 I hwcomposer: update_to_display(): upd_data -- marker[8069] waveform_mode = 4, update_mode = 0, Rect[0 0 1872 1404]
09-03 11:43:10.626 2613 2613 E browser : Console: Error while parsing the 'sandbox' attribute: 'allow-popups-to-escape-sandbox', 'allow-modals' are invalid sandbox flags. https://www.baidu.com/#iact=wiseindex%2Ftabs%2Fnews%2Factivity%2Fnewsdetail%3D%257B%2522linkData%2522%253A%257B%2522name%2522%253A%2522iframe%252Fmib-iframe%2522%252C%2522id%2522%253A%2522feed%2522%252C%2522index%2522%253A0%252C%2522url%2522%253A%2522https%253A%252F%252Fmbd.baidu.com%252Fnewspage%252Fdata%252Flandingpage%253Fs_type%253Dnews%2526dsp%253Dwise%2526context%253D%25257B%252522nid%252522%25253A%252522news_9592997841396083588%252522%25257D%2526pageType%253D1%2526n_type%253D1%2526p_from%253D-1%2526innerIframe%253D1%2522%252C%2522isThird%2522%253Afalse%252C%2522title%2522%253Anull%257D%257D:0
09-03 11:43:10.700 193 193 I hwcomposer: update_to_display(): upd_data -- marker[8070] waveform_mode = 4, update_mode = 0, Rect[0 0 1872 1404]
09-03 11:43:10.796 193 193 I hwcomposer: update_to_display(): upd_data -- marker[8071] waveform_mode = 4, update_mode = 0, Rect[0 0 1872 1404]
09-03 11:43:10.888 193 193 I hwcomposer: update_to_display(): upd_data -- marker[8072] waveform_mode = 4, update_mode = 0, Rect[0 0 1872 1404]
09-03 11:43:10.980 193 193 I hwcomposer: update_to_display(): upd_data -- marker[8073] waveform_mode = 4, update_mode = 0, Rect[0 0 1872 1404]
09-03 11:43:11.050 193 193 I hwcomposer: update_to_display(): upd_data -- marker[8074] waveform_mode = 4, update_mode = 0, Rect[0 0 1872 1404]
09-03 11:43:11.158 193 193 I hwcomposer: update_to_display(): upd_data -- marker[8075] waveform_mode = 4, update_mode = 0, Rect[0 0 1872 1404]
09-03 11:43:11.268 193 193 I hwcomposer: update_to_display(): upd_data -- marker[8076] waveform_mode = 4, update_mode = 0, Rect[0 0 1872 1404]
09-03 11:43:11.367 193 193 I hwcomposer: update_to_display(): upd_data -- marker[8077] waveform_mode = 4, update_mode = 0, Rect[0 0 1872 1404]
09-03 11:43:11.460 193 193 I hwcomposer: update_to_display(): upd_data -- marker[8078] waveform_mode = 4, update_mode = 0, Rect[0 0 1872 1404]
09-03 11:43:11.532 193 193 I hwcomposer: update_to_display(): upd_data -- marker[8079] waveform_mode = 4, update_mode = 0, Rect[0 0 1872 1404]
09-03 11:43:11.592 193 193 I hwcomposer: update_to_display(): upd_data -- marker[8080] waveform_mode = 4, update_mode = 0, Rect[0 0 1872 1404]
09-03 11:43:11.673 193 193 I hwcomposer: update_to_display(): upd_data -- marker[8081] waveform_mode = 4, update_mode = 0, Rect[0 0 1872 1404]
09-03 11:43:11.743 193 193 I hwcomposer: update_to_display(): upd_data -- marker[8082] waveform_mode = 4, update_mode = 0, Rect[0 0 1872 1404]
09-03 11:43:11.892 193 193 I hwcomposer: update_to_display(): upd_data -- marker[8083] waveform_mode = 4, update_mode = 0, Rect[0 0 1872 1404]
09-03 11:43:11.970 193 193 I hwcomposer: update_to_display(): upd_data -- marker[8084] waveform_mode = 4, update_mode = 0, Rect[0 0 1872 1404]
09-03 11:43:12.069 193 193 I hwcomposer: update_to_display(): upd_data -- marker[8085] waveform_mode = 4, update_mode = 0, Rect[0 0 1872 1404]
09-03 11:43:12.138 193 193 I hwcomposer: update_to_display(): upd_data -- marker[8086] waveform_mode = 4, update_mode = 0, Rect[0 0 1872 1404]
09-03 11:43:12.277 193 193 I hwcomposer: update_to_display(): upd_data -- marker[8087] waveform_mode = 4, update_mode = 0, Rect[0 0 1872 1404]
09-03 11:43:12.370 193 193 I hwcomposer: update_to_display(): upd_data -- marker[8088] waveform_mode = 4, update_mode = 0, Rect[0 0 1872 1404]
09-03 11:43:12.441 193 193 I hwcomposer: update_to_display(): upd_data -- marker[8089] waveform_mode = 2, update_mode = 1, Rect[0 0 1872 1404]
09-03 11:43:12.505 193 193 I hwcomposer: update_to_display(): upd_data -- marker[8090] waveform_mode = 255, update_mode = 0, Rect[0 0 1872 1404]
09-03 11:43:13.397 2613 2613 W browser : Console: Mixed Content: The page at 'https://www.baidu.com/#iact=wiseindex%2Ftabs%2Fnews%2Factivity%2Fnewsdetail%3D%257B%2522linkData%2522%253A%257B%2522name%2522%253A%2522iframe%252Fmib-iframe%2522%252C%2522id%2522%253A%2522feed%2522%252C%2522index%2522%253A0%252C%2522url%2522%253A%2522https%253A%252F%252Fmbd.baidu.com%252Fnewspage%252Fdata%252Flandingpage%253Fs_type%253Dnews%2526dsp%253Dwise%2526context%253D%25257B%252522nid%252522%25253A%252522news_9592997841396083588%252522%25257D%2526pageType%253D1%2526n_type%253D1%2526p_from%253D-1%2526innerIframe%253D1%2522%252C%2522isThird%2522%253Afalse%252C%2522title%2522%253Anull%257D%257D' was loaded over HTTPS, but requested an insecure image 'http://b.hiphotos.baidu.com/news/pic/item/bf096b63f6246b609d442928e2f81a4c510fa220.jpg'. This content should also be served over HTTPS. https://www.baidu.com/#iact=wiseindex%2Ftabs%2Fnews%2Factivity%2Fnewsdetail%3D%257B%2522linkData%2522%253A%257B%2522name%2522%253A%2522iframe%252Fmib-iframe%2522%252C%2522id%2522%253A%2522feed%2522%252C%2522index%2522%253A0%252C%2522url%2522%253A%2522https%253A%252F%252Fmbd.baidu.com%252Fnewspage%252Fdata%252Flandingpage%253Fs_type%253Dnews%2526dsp%253Dwise%2526context%253D%25257B%252522nid%252522%25253A%252522news_9592997841396083588%252522%25257D%2526pageType%253D1%2526n_type%253D1%2526p_from%253D-1%2526innerIframe%253D1%2522%252C%2522isThird%2522%253Afalse%252C%2522title%2522%253Anull%257D%257D:0
09-03 11:43:13.398 193 193 I hwcomposer: update_to_display(): upd_data -- marker[8091] waveform_mode = 255, update_mode = 0, Rect[112 0 1760 1404]
09-03 11:43:13.479 193 193 I hwcomposer: update_to_display(): upd_data -- marker[8092] waveform_mode = 255, update_mode = 0, Rect[0 0 1872 1404]
09-03 11:43:13.554 193 193 I hwcomposer: update_to_display(): upd_data -- marker[8093] waveform_mode = 255, update_mode = 0, Rect[293 0 1579 1404]
09-03 11:43:13.606 193 193 I hwcomposer: update_to_display(): upd_data -- marker[8094] waveform_mode = 255, update_mode = 0, Rect[293 0 1579 1404]
09-03 11:43:13.717 193 193 I hwcomposer: update_to_display(): upd_data -- marker[8095] waveform_mode = 255, update_mode = 0, Rect[293 0 1579 1404]
09-03 11:43:13.775 193 193 I hwcomposer: update_to_display(): upd_data -- marker[8096] waveform_mode = 255, update_mode = 0, Rect[293 0 1579 1404]
09-03 11:43:13.926 193 193 I hwcomposer: update_to_display(): upd_data -- marker[8097] waveform_mode = 255, update_mode = 0, Rect[293 0 1579 1404]
09-03 11:43:13.975 2613 2613 E browser : Console: [Report Only] Refused to load the image 'http://fc-feed.cdn.bcebos.com/0/pic/8c38a165766168cdbb8d4b28d8563e8c.jpg' because it violates the following Content Security Policy directive: "default-src https: 'unsafe-inline' 'unsafe-eval' data: blob: ". Note that 'img-src' was not explicitly set, so 'default-src' is used as a fallback.
09-03 11:43:13.975 2613 2613 E browser : https://mbd.baidu.com/newspage/data/landingpage?s_type=news&dsp=wise&context=%7B%22nid%22%3A%22news_9592997841396083588%22%7D&pageType=1&n_type=1&p_from=-1&innerIframe=1#viewportType=virtual&paddingTop=54&pageType=&pageInfo=:0
09-03 11:43:13.982 2613 2613 W browser : Console: Mixed Content: The page at 'https://mbd.baidu.com/newspage/data/landingpage?s_type=news&dsp=wise&context=%7B%22nid%22%3A%22news_9592997841396083588%22%7D&pageType=1&n_type=1&p_from=-1&innerIframe=1#viewportType=virtual&paddingTop=54&pageType=&pageInfo=' was loaded over HTTPS, but requested an insecure image 'http://fc-feed.cdn.bcebos.com/0/pic/8c38a165766168cdbb8d4b28d8563e8c.jpg'. This content should also be served over HTTPS. https://mbd.baidu.com/newspage/data/landingpage?s_type=news&dsp=wise&context=%7B%22nid%22%3A%22news_9592997841396083588%22%7D&pageType=1&n_type=1&p_from=-1&innerIframe=1#viewportType=virtual&paddingTop=54&pageType=&pageInfo=:0
09-03 11:43:14.013 2613 2613 E browser : Console: [Report Only] Refused to load the image 'http://fc-feed.cdn.bcebos.com/0/pic/162d59fbc800257b468fc9c08094e501.jpg' because it violates the following Content Security Policy directive: "default-src https: 'unsafe-inline' 'unsafe-eval' data: blob: ". Note that 'img-src' was not explicitly set, so 'default-src' is used as a fallback.
09-03 11:43:14.013 2613 2613 E browser : https://mbd.baidu.com/newspage/data/landingpage?s_type=news&dsp=wise&context=%7B%22nid%22%3A%22news_9592997841396083588%22%7D&pageType=1&n_type=1&p_from=-1&innerIframe=1#viewportType=virtual&paddingTop=54&pageType=&pageInfo=:0
09-03 11:43:14.015 2613 2613 W browser : Console: Mixed Content: The page at 'https://mbd.baidu.com/newspage/data/landingpage?s_type=news&dsp=wise&context=%7B%22nid%22%3A%22news_9592997841396083588%22%7D&pageType=1&n_type=1&p_from=-1&innerIframe=1#viewportType=virtual&paddingTop=54&pageType=&pageInfo=' was loaded over HTTPS, but requested an insecure image 'http://fc-feed.cdn.bcebos.com/0/pic/162d59fbc800257b468fc9c08094e501.jpg'. This content should also be served over HTTPS. https://mbd.baidu.com/newspage/data/landingpage?s_type=news&dsp=wise&context=%7B%22nid%22%3A%22news_9592997841396083588%22%7D&pageType=1&n_type=1&p_from=-1&innerIframe=1#viewportType=virtual&paddingTop=54&pageType=&pageInfo=:0
09-03 11:43:14.016 2613 2613 E browser : Console: [Report Only] Refused to load the image 'http://fc-feed.cdn.bcebos.com/0/pic/df1378349fe90f76395edf3ed1ca2f3a.jpg' because it violates the following Content Security Policy directive: "default-src https: 'unsafe-inline' 'unsafe-eval' data: blob: ". Note that 'img-src' was not explicitly set, so 'default-src' is used as a fallback.
09-03 11:43:14.016 2613 2613 E browser : https://mbd.baidu.com/newspage/data/landingpage?s_type=news&dsp=wise&context=%7B%22nid%22%3A%22news_9592997841396083588%22%7D&pageType=1&n_type=1&p_from=-1&innerIframe=1#viewportType=virtual&paddingTop=54&pageType=&pageInfo=:0
09-03 11:43:14.017 2613 2613 W browser : Console: Mixed Content: The page at 'https://mbd.baidu.com/newspage/data/landingpage?s_type=news&dsp=wise&context=%7B%22nid%22%3A%22news_9592997841396083588%22%7D&pageType=1&n_type=1&p_from=-1&innerIframe=1#viewportType=virtual&paddingTop=54&pageType=&pageInfo=' was loaded over HTTPS, but requested an insecure image 'http://fc-feed.cdn.bcebos.com/0/pic/df1378349fe90f76395edf3ed1ca2f3a.jpg'. This content should also be served over HTTPS. https://mbd.baidu.com/newspage/data/landingpage?s_type=news&dsp=wise&context=%7B%22nid%22%3A%22news_9592997841396083588%22%7D&pageType=1&n_type=1&p_from=-1&innerIframe=1#viewportType=virtual&paddingTop=54&pageType=&pageInfo=:0
09-03 11:43:14.052 193 193 I hwcomposer: update_to_display(): upd_data -- marker[8098] waveform_mode = 255, update_mode = 0, Rect[293 0 1579 1404]
09-03 11:43:14.111 193 193 I hwcomposer: update_to_display(): upd_data -- marker[8099] waveform_mode = 255, update_mode = 0, Rect[293 0 1579 1404]
09-03 11:43:14.175 193 193 I hwcomposer: update_to_display(): upd_data -- marker[8100] waveform_mode = 255, update_mode = 0, Rect[0 0 1872 1404]
09-03 11:43:14.228 193 193 I hwcomposer: update_to_display(): upd_data -- marker[8101] waveform_mode = 255, update_mode = 0, Rect[293 0 1579 1404]
09-03 11:43:14.269 193 193 I hwcomposer: update_to_display(): upd_data -- marker[8102] waveform_mode = 255, update_mode = 0, Rect[293 0 1579 1404]
09-03 11:43:14.309 193 193 I hwcomposer: update_to_display(): upd_data -- marker[8103] waveform_mode = 255, update_mode = 0, Rect[293 0 1579 1404]
09-03 11:43:14.347 193 193 I hwcomposer: update_to_display(): upd_data -- marker[8104] waveform_mode = 255, update_mode = 0, Rect[293 0 1579 1404]
09-03 11:43:14.386 193 193 I hwcomposer: update_to_display(): upd_data -- marker[8105] waveform_mode = 255, update_mode = 0, Rect[293 0 1579 1404]
09-03 11:43:14.431 193 193 I hwcomposer: update_to_display(): upd_data -- marker[8106] waveform_mode = 255, update_mode = 0, Rect[293 0 1579 1404]
09-03 11:43:14.475 193 193 I hwcomposer: update_to_display(): upd_data -- marker[8107] waveform_mode = 255, update_mode = 0, Rect[0 0 1872 1404]
09-03 11:43:14.520 193 193 I hwcomposer: update_to_display(): upd_data -- marker[8108] waveform_mode = 255, update_mode = 0, Rect[293 0 1579 1404]
09-03 11:43:14.561 193 193 I hwcomposer: update_to_display(): upd_data -- marker[8109] waveform_mode = 255, update_mode = 0, Rect[112 0 1760 1404]
09-03 11:43:14.598 193 193 I hwcomposer: update_to_display(): upd_data -- marker[8110] waveform_mode = 255, update_mode = 0, Rect[293 0 1579 1404]
09-03 11:43:14.636 193 193 I hwcomposer: update_to_display(): upd_data -- marker[8111] waveform_mode = 255, update_mode = 0, Rect[293 0 1579 1404]
09-03 11:43:14.677 193 193 I hwcomposer: update_to_display(): upd_data -- marker[8112] waveform_mode = 255, update_mode = 0, Rect[0 0 1872 1404]
09-03 11:43:14.688 2613 2613 W BindingManager: Cannot call determinedVisibility() - never saw a connection for the pid: 2613
09-03 11:43:14.726 193 193 I hwcomposer: update_to_display(): upd_data -- marker[8113] waveform_mode = 255, update_mode = 0, Rect[293 0 1579 1404]
09-03 11:43:14.770 193 193 I hwcomposer: update_to_display(): upd_data -- marker[8114] waveform_mode = 255, update_mode = 0, Rect[293 0 1579 1404]
09-03 11:43:14.813 193 193 I hwcomposer: update_to_display(): upd_data -- marker[8115] waveform_mode = 255, update_mode = 0, Rect[112 0 1760 1404]
09-03 11:43:14.926 193 193 I hwcomposer: update_to_display(): upd_data -- marker[8116] waveform_mode = 255, update_mode = 0, Rect[112 976 181 428]
09-03 11:43:15.051 193 193 I hwcomposer: update_to_display(): upd_data -- marker[8117] waveform_mode = 255, update_mode = 0, Rect[293 0 1579 1404]
09-03 11:43:15.123 193 193 I hwcomposer: update_to_display(): upd_data -- marker[8118] waveform_mode = 255, update_mode = 0, Rect[293 0 1579 1404]
09-03 11:43:15.168 193 193 I hwcomposer: update_to_display(): upd_data -- marker[8119] waveform_mode = 255, update_mode = 0, Rect[293 0 1579 1404]
09-03 11:43:15.211 193 193 I hwcomposer: update_to_display(): upd_data -- marker[8120] waveform_mode = 255, update_mode = 0, Rect[293 0 1579 1404]
09-03 11:43:15.257 193 193 I hwcomposer: update_to_display(): upd_data -- marker[8121] waveform_mode = 255, update_mode = 0, Rect[293 0 1579 1404]
09-03 11:43:15.302 193 193 I hwcomposer: update_to_display(): upd_data -- marker[8122] waveform_mode = 255, update_mode = 0, Rect[293 0 1579 1404]
09-03 11:43:15.348 193 193 I hwcomposer: update_to_display(): upd_data -- marker[8123] waveform_mode = 255, update_mode = 0, Rect[293 0 1579 1404]
09-03 11:43:15.389 193 193 I hwcomposer: update_to_display(): upd_data -- marker[8124] waveform_mode = 255, update_mode = 0, Rect[0 0 1872 1404]
09-03 11:43:15.425 193 193 I hwcomposer: update_to_display(): upd_data -- marker[8125] waveform_mode = 255, update_mode = 0, Rect[293 0 1579 1404]
09-03 11:43:15.471 193 193 I hwcomposer: update_to_display(): upd_data -- marker[8126] waveform_mode = 255, update_mode = 0, Rect[293 0 1579 1404]
09-03 11:43:15.509 193 193 I hwcomposer: update_to_display(): upd_data -- marker[8127] waveform_mode = 255, update_mode = 0, Rect[293 0 1579 1404]
09-03 11:43:15.566 193 193 I hwcomposer: update_to_display(): upd_data -- marker[8128] waveform_mode = 255, update_mode = 0, Rect[293 0 1579 1404]
09-03 11:43:15.626 193 193 I hwcomposer: update_to_display(): upd_data -- marker[8129] waveform_mode = 255, update_mode = 0, Rect[293 0 1579 1404]
09-03 11:43:15.699 193 193 I hwcomposer: update_to_display(): upd_data -- marker[8130] waveform_mode = 255, update_mode = 0, Rect[293 0 1579 1404]
09-03 11:43:15.765 193 193 I hwcomposer: update_to_display(): upd_data -- marker[8131] waveform_mode = 255, update_mode = 0, Rect[293 0 1579 1404]
09-03 11:43:15.848 193 193 I hwcomposer: update_to_display(): upd_data -- marker[8132] waveform_mode = 255, update_mode = 0, Rect[293 0 1579 1404]
09-03 11:43:15.918 193 193 I hwcomposer: update_to_display(): upd_data -- marker[8133] waveform_mode = 255, update_mode = 0, Rect[293 0 1579 1404]
09-03 11:43:15.983 193 193 I hwcomposer: update_to_display(): upd_data -- marker[8134] waveform_mode = 255, update_mode = 0, Rect[293 0 1579 1404]
09-03 11:43:16.039 193 193 I hwcomposer: update_to_display(): upd_data -- marker[8135] waveform_mode = 255, update_mode = 0, Rect[293 0 1579 1404]
09-03 11:43:16.079 193 193 I hwcomposer: update_to_display(): upd_data -- marker[8136] waveform_mode = 255, update_mode = 0, Rect[293 0 1579 1404]
09-03 11:43:16.117 193 193 I hwcomposer: update_to_display(): upd_data -- marker[8137] waveform_mode = 255, update_mode = 0, Rect[293 0 1579 1404]
09-03 11:43:16.155 193 193 I hwcomposer: update_to_display(): upd_data -- marker[8138] waveform_mode = 255, update_mode = 0, Rect[293 0 1579 1404]
09-03 11:43:16.199 193 193 I hwcomposer: update_to_display(): upd_data -- marker[8139] waveform_mode = 255, update_mode = 0, Rect[293 0 1579 1404]
09-03 11:43:16.242 193 193 I hwcomposer: update_to_display(): upd_data -- marker[8140] waveform_mode = 255, update_mode = 0, Rect[293 0 1579 1404]
09-03 11:43:16.284 193 193 I hwcomposer: update_to_display(): upd_data -- marker[8141] waveform_mode = 255, update_mode = 0, Rect[293 0 1579 1404]
09-03 11:43:16.336 193 193 I hwcomposer: update_to_display(): upd_data -- marker[8142] waveform_mode = 255, update_mode = 0, Rect[293 0 1579 1404]
09-03 11:43:16.373 193 193 I hwcomposer: update_to_display(): upd_data -- marker[8143] waveform_mode = 255, update_mode = 0, Rect[293 0 1579 1404]
09-03 11:43:16.414 193 193 I hwcomposer: update_to_display(): upd_data -- marker[8144] waveform_mode = 255, update_mode = 0, Rect[293 0 1579 1404]
09-03 11:43:16.463 193 193 I hwcomposer: update_to_display(): upd_data -- marker[8145] waveform_mode = 255, update_mode = 0, Rect[293 0 1579 1404]
09-03 11:43:16.505 193 193 I hwcomposer: update_to_display(): upd_data -- marker[8146] waveform_mode = 255, update_mode = 0, Rect[293 0 1579 1404]
09-03 11:43:16.555 193 193 I hwcomposer: update_to_display(): upd_data -- marker[8147] waveform_mode = 255, update_mode = 0, Rect[293 0 1579 1404]
09-03 11:43:16.596 193 193 I hwcomposer: update_to_display(): upd_data -- marker[8148] waveform_mode = 255, update_mode = 0, Rect[293 0 1579 1404]
09-03 11:43:16.651 193 193 I hwcomposer: update_to_display(): upd_data -- marker[8149] waveform_mode = 255, update_mode = 0, Rect[293 0 1579 1404]
09-03 11:43:16.696 193 193 I hwcomposer: update_to_display(): upd_data -- marker[8150] waveform_mode = 255, update_mode = 0, Rect[293 0 1579 1404]
09-03 11:43:16.742 193 193 I hwcomposer: update_to_display(): upd_data -- marker[8151] waveform_mode = 255, update_mode = 0, Rect[293 0 1579 1404]
09-03 11:43:16.786 193 193 I hwcomposer: update_to_display(): upd_data -- marker[8152] waveform_mode = 255, update_mode = 0, Rect[293 0 1579 1404]
09-03 11:43:16.848 193 193 I hwcomposer: update_to_display(): upd_data -- marker[8153] waveform_mode = 255, update_mode = 0, Rect[293 0 1579 1404]
09-03 11:43:16.892 193 193 I hwcomposer: update_to_display(): upd_data -- marker[8154] waveform_mode = 255, update_mode = 0, Rect[0 0 1872 1404]
09-03 11:43:16.940 193 193 I hwcomposer: update_to_display(): upd_data -- marker[8155] waveform_mode = 255, update_mode = 0, Rect[293 0 1579 1404]
09-03 11:43:16.987 193 193 I hwcomposer: update_to_display(): upd_data -- marker[8156] waveform_mode = 255, update_mode = 0, Rect[293 0 1579 1404]
09-03 11:43:17.033 193 193 I hwcomposer: update_to_display(): upd_data -- marker[8157] waveform_mode = 255, update_mode = 0, Rect[293 0 1579 1404]
09-03 11:43:17.081 193 193 I hwcomposer: update_to_display(): upd_data -- marker[8158] waveform_mode = 255, update_mode = 0, Rect[293 0 1579 1404]
09-03 11:43:17.117 193 193 I hwcomposer: update_to_display(): upd_data -- marker[8159] waveform_mode = 255, update_mode = 0, Rect[293 0 1579 1404]
09-03 11:43:17.167 193 193 I hwcomposer: update_to_display(): upd_data -- marker[8160] waveform_mode = 255, update_mode = 0, Rect[293 0 1579 1404]
09-03 11:43:17.203 193 193 I hwcomposer: update_to_display(): upd_data -- marker[8161] waveform_mode = 255, update_mode = 0, Rect[0 0 1872 1404]
09-03 11:43:17.242 193 193 I hwcomposer: update_to_display(): upd_data -- marker[8162] waveform_mode = 255, update_mode = 0, Rect[293 0 1579 1404]
09-03 11:43:17.292 193 193 I hwcomposer: update_to_display(): upd_data -- marker[8163] waveform_mode = 255, update_mode = 0, Rect[293 0 1579 1404]
09-03 11:43:17.328 193 193 I hwcomposer: update_to_display(): upd_data -- marker[8164] waveform_mode = 255, update_mode = 0, Rect[0 0 1872 1404]
09-03 11:43:17.366 193 193 I hwcomposer: update_to_display(): upd_data -- marker[8165] waveform_mode = 255, update_mode = 0, Rect[293 0 1579 1404]
09-03 11:43:17.403 193 193 I hwcomposer: update_to_display(): upd_data -- marker[8166] waveform_mode = 255, update_mode = 0, Rect[293 0 1579 1404]
09-03 11:43:17.449 193 193 I hwcomposer: update_to_display(): upd_data -- marker[8167] waveform_mode = 255, update_mode = 0, Rect[293 0 1579 1404]
09-03 11:43:17.498 193 193 I hwcomposer: update_to_display(): upd_data -- marker[8168] waveform_mode = 255, update_mode = 0, Rect[293 0 1579 1404]
09-03 11:43:17.546 193 193 I hwcomposer: update_to_display(): upd_data -- marker[8169] waveform_mode = 255, update_mode = 0, Rect[293 0 1579 1404]
09-03 11:43:17.586 193 193 I hwcomposer: update_to_display(): upd_data -- marker[8170] waveform_mode = 255, update_mode = 0, Rect[293 0 1579 1404]
09-03 11:43:17.624 193 193 I hwcomposer: update_to_display(): upd_data -- marker[8171] waveform_mode = 255, update_mode = 0, Rect[293 0 1579 1404]
09-03 11:43:17.670 193 193 I hwcomposer: update_to_display(): upd_data -- marker[8172] waveform_mode = 255, update_mode = 0, Rect[293 0 1579 1404]
09-03 11:43:17.705 193 193 I hwcomposer: update_to_display(): upd_data -- marker[8173] waveform_mode = 255, update_mode = 0, Rect[293 0 1579 1404]
09-03 11:43:17.741 193 193 I hwcomposer: update_to_display(): upd_data -- marker[8174] waveform_mode = 255, update_mode = 0, Rect[293 0 1579 1404]
09-03 11:43:17.778 193 193 I hwcomposer: update_to_display(): upd_data -- marker[8175] waveform_mode = 255, update_mode = 0, Rect[293 0 1579 1404]
09-03 11:43:17.816 193 193 I hwcomposer: update_to_display(): upd_data -- marker[8176] waveform_mode = 255, update_mode = 0, Rect[293 0 1579 1404]
09-03 11:43:17.854 193 193 I hwcomposer: update_to_display(): upd_data -- marker[8177] waveform_mode = 255, update_mode = 0, Rect[293 0 1579 1404]
09-03 11:43:17.891 193 193 I hwcomposer: update_to_display(): upd_data -- marker[8178] waveform_mode = 255, update_mode = 0, Rect[293 0 1579 1404]
09-03 11:43:17.928 193 193 I hwcomposer: update_to_display(): upd_data -- marker[8179] waveform_mode = 255, update_mode = 0, Rect[293 0 1579 1404]
09-03 11:43:17.966 193 193 I hwcomposer: update_to_display(): upd_data -- marker[8180] waveform_mode = 255, update_mode = 0, Rect[293 0 1579 1404]
09-03 11:43:18.003 193 193 I hwcomposer: update_to_display(): upd_data -- marker[8181] waveform_mode = 255, update_mode = 0, Rect[293 0 1579 1404]
09-03 11:43:18.040 193 193 I hwcomposer: update_to_display(): upd_data -- marker[8182] waveform_mode = 255, update_mode = 0, Rect[293 0 1579 1404]
09-03 11:43:18.077 193 193 I hwcomposer: update_to_display(): upd_data -- marker[8183] waveform_mode = 255, update_mode = 0, Rect[293 0 1579 1404]
09-03 11:43:18.116 193 193 I hwcomposer: update_to_display(): upd_data -- marker[8184] waveform_mode = 255, update_mode = 0, Rect[293 0 1579 1404]
09-03 11:43:18.153 193 193 I hwcomposer: update_to_display(): upd_data -- marker[8185] waveform_mode = 255, update_mode = 0, Rect[293 0 1579 1404]
09-03 11:43:18.190 193 193 I hwcomposer: update_to_display(): upd_data -- marker[8186] waveform_mode = 255, update_mode = 0, Rect[293 0 1579 1404]
09-03 11:43:18.228 193 193 I hwcomposer: update_to_display(): upd_data -- marker[8187] waveform_mode = 255, update_mode = 0, Rect[293 0 1579 1404]
09-03 11:43:18.265 193 193 I hwcomposer: update_to_display(): upd_data -- marker[8188] waveform_mode = 255, update_mode = 0, Rect[293 0 1579 1404]
09-03 11:43:18.304 193 193 I hwcomposer: update_to_display(): upd_data -- marker[8189] waveform_mode = 255, update_mode = 0, Rect[293 0 1579 1404]
09-03 11:43:18.342 193 193 I hwcomposer: update_to_display(): upd_data -- marker[8190] waveform_mode = 255, update_mode = 0, Rect[293 0 1579 1404]
09-03 11:43:18.379 193 193 I hwcomposer: update_to_display(): upd_data -- marker[8191] waveform_mode = 255, update_mode = 0, Rect[293 0 1579 1404]
09-03 11:43:18.416 193 193 I hwcomposer: update_to_display(): upd_data -- marker[8192] waveform_mode = 255, update_mode = 0, Rect[293 0 1579 1404]
09-03 11:43:18.454 193 193 I hwcomposer: update_to_display(): upd_data -- marker[8193] waveform_mode = 255, update_mode = 0, Rect[293 0 1579 1404]
09-03 11:43:18.491 193 193 I hwcomposer: update_to_display(): upd_data -- marker[8194] waveform_mode = 255, update_mode = 0, Rect[293 0 1579 1404]
09-03 11:43:18.529 193 193 I hwcomposer: update_to_display(): upd_data -- marker[8195] waveform_mode = 255, update_mode = 0, Rect[293 0 1579 1404]
09-03 11:43:18.568 193 193 I hwcomposer: update_to_display(): upd_data -- marker[8196] waveform_mode = 255, update_mode = 0, Rect[293 0 1579 1404]
09-03 11:43:18.568 193 193 I hwcomposer: update_to_display(): upd_data -- marker[8197] waveform_mode = 255, update_mode = 0, Rect[2 1235 79 79]
09-03 11:43:18.607 193 193 I hwcomposer: update_to_display(): upd_data -- marker[8198] waveform_mode = 255, update_mode = 0, Rect[293 0 1579 1404]
09-03 11:43:18.643 193 193 I hwcomposer: update_to_display(): upd_data -- marker[8199] waveform_mode = 255, update_mode = 0, Rect[293 0 1579 1404]
09-03 11:43:18.681 193 193 I hwcomposer: update_to_display(): upd_data -- marker[8200] waveform_mode = 255, update_mode = 0, Rect[293 0 1579 1404]
09-03 11:43:18.716 193 193 I hwcomposer: update_to_display(): upd_data -- marker[8201] waveform_mode = 255, update_mode = 0, Rect[293 0 1579 1404]
09-03 11:43:18.757 193 193 I hwcomposer: update_to_display(): upd_data -- marker[8202] waveform_mode = 255, update_mode = 0, Rect[293 0 1579 1404]
09-03 11:43:18.799 557 589 I ActivityManager: moveTaskToBack: TaskRecord{58e547e #22 A=android.task.browser U=0 sz=1}
09-03 11:43:18.810 193 193 I hwcomposer: update_to_display(): upd_data -- marker[8203] waveform_mode = 255, update_mode = 0, Rect[293 0 1579 1404]
09-03 11:43:18.810 193 193 I hwcomposer: update_to_display(): upd_data -- marker[8204] waveform_mode = 255, update_mode = 0, Rect[2 1235 79 79]
09-03 11:43:18.845 193 193 D Surface : Surface::final mReqUsage=333
09-03 11:43:18.876 193 193 I hwcomposer: update_to_display(): upd_data -- marker[8205] waveform_mode = 255, update_mode = 0, Rect[293 0 1579 1404]
09-03 11:43:18.911 2613 2613 D WebViewTimersControl: onBrowserActivityPause
09-03 11:43:18.912 2613 2613 D WebViewTimersControl: Pausing webview timers, view=com.android.browser.BrowserWebView{2a06751 VFEDHVCL. .F....ID 0,0-1404,1579}
09-03 11:43:18.948 193 193 I hwcomposer: update_to_display(): upd_data -- marker[8206] waveform_mode = 255, update_mode = 0, Rect[0 0 1872 1404]
09-03 11:43:18.957 1600 1600 W ContextImpl: Calling a method in the system process without a qualified user: android.app.ContextImpl.sendBroadcast:763 android.content.ContextWrapper.sendBroadcast:396 com.onyx.android.sdk.device.BaseDevice.a:479 com.onyx.android.sdk.device.BaseDevice.showSystemStatusBar:442 com.onyx.ContentBrowserApplication$2.onActivityResumed:196
09-03 11:43:18.999 193 193 I hwcomposer: update_to_display(): upd_data -- marker[8207] waveform_mode = 2, update_mode = 1, Rect[0 0 1872 1404]
09-03 11:43:19.014 1600 1600 D Surface : Surface::final mReqUsage=33
09-03 11:43:19.064 193 193 I hwcomposer: update_to_display(): upd_data -- marker[8208] waveform_mode = 255, update_mode = 0, Rect[0 0 1872 1404]
09-03 11:43:19.144 193 193 I hwcomposer: update_to_display(): upd_data -- marker[8209] waveform_mode = 255, update_mode = 0, Rect[0 0 1872 1404]
09-03 11:43:19.206 193 193 I hwcomposer: update_to_display(): upd_data -- marker[8210] waveform_mode = 255, update_mode = 0, Rect[0 0 1872 1404]
09-03 11:43:21.543 557 598 D pms : Enter idle state
09-03 11:43:21.544 557 598 D pms : ######### Switching system power mode to [standby]
09-03 11:43:21.544 557 598 I pms : ========== Setup an [300000]s alarm for standby mode ==========
09-03 11:43:21.548 557 598 D pms :
09-03 11:43:21.548 557 598 D pms :
09-03 11:43:21.548 557 598 D pms : ************** Add alarm:onyx_standby_timeout
09-03 11:43:21.548 557 598 D pms :
09-03 11:43:21.564 557 557 D pms : set alarm:onyx_standby_timeout, now:1535946201554 [ 2018-09-03 11:43:21], wake:1535946501544 [2018-09-03 11:48:21]
09-03 11:43:22.491 557 786 D pms : ######### Switching system power mode to [off]
09-03 11:43:22.491 557 557 D pms : ************** cancel alarm:onyx_standby_timeout
09-03 11:43:22.492 557 557 D pms : ************** cancel alarm:onyx_auto_poweroff
09-03 11:43:22.584 557 1274 I ActivityManager: START u0 {act=android.intent.action.MAIN cat=[android.intent.category.LAUNCHER] flg=0x10000000 pkg=com.android.calendar cmp=com.android.calendar/.AllInOneActivity} from uid 1000 on display 0
09-03 11:43:22.619 1513 1513 D ExtensionsFactory: AllInOneMenuExtensions not found in properties file.
09-03 11:43:22.735 1513 1513 D ExtensionsFactory: AnalyticsLogger not found in properties file.
09-03 11:43:22.901 193 193 I hwcomposer: update_to_display(): upd_data -- marker[8211] waveform_mode = 255, update_mode = 0, Rect[0 0 1872 1404]
09-03 11:43:22.903 557 596 D WindowStateAnimator: rk_debug2 Starting com.android.calendar_Force_To_Dual
09-03 11:43:23.021 557 596 D Surface : Surface::final mReqUsage=33
09-03 11:43:23.104 193 193 I hwcomposer: update_to_display(): upd_data -- marker[8212] waveform_mode = 255, update_mode = 0, Rect[0 0 1872 1404]
09-03 11:43:23.183 193 193 I hwcomposer: update_to_display(): upd_data -- marker[8213] waveform_mode = 255, update_mode = 0, Rect[0 0 1872 1404]
09-03 11:43:23.206 1513 2915 D OpenGLRenderer: Use EGL_SWAP_BEHAVIOR_PRESERVED: true
09-03 11:43:23.259 193 193 I hwcomposer: update_to_display(): upd_data -- marker[8214] waveform_mode = 255, update_mode = 0, Rect[0 0 83 1404]
09-03 11:43:23.292 557 589 D AccountManagerService: bind attempt failed for Session: expectLaunch true, connected false, stats (0/0/0), lifetime 0.0, addAccount, accountType com.google, requiredFeatures null
09-03 11:43:23.338 193 193 I hwcomposer: update_to_display(): upd_data -- marker[8215] waveform_mode = 255, update_mode = 0, Rect[0 0 83 1404]
09-03 11:43:23.409 193 193 I hwcomposer: update_to_display(): upd_data -- marker[8216] waveform_mode = 255, update_mode = 0, Rect[0 0 1872 1404]
09-03 11:43:23.473 193 193 I hwcomposer: update_to_display(): upd_data -- marker[8217] waveform_mode = 255, update_mode = 0, Rect[0 0 83 1404]
09-03 11:43:23.553 1513 2915 I mali_so : [File] : hardware/arm/maliT760/driver/product/base/src/mali_base_kbase.c; [Line] : 928; [Func] : base_context_deal_with_version_affairs_rk_ext;
09-03 11:43:23.553 1513 2915 I mali_so : arm_release_ver of this mali_so is 'r12p0-04rel0', rk_so_ver is '12@0', built at '17:00:15', on 'Aug 16 2016'.
09-03 11:43:23.553 1513 2915 I mali_so : [File] : hardware/arm/maliT760/driver/product/base/src/mali_base_kbase.c; [Line] : 955; [Func] : base_context_deal_with_version_affairs_rk_ext;
09-03 11:43:23.553 1513 2915 I mali_so : mali_ver_property has been set to 'r12p0-04rel0-13-12@0', to return.
09-03 11:43:23.561 1513 2915 I OpenGLRenderer: Initialized EGL, version 1.4
09-03 11:43:23.572 193 193 I hwcomposer: update_to_display(): upd_data -- marker[8218] waveform_mode = 255, update_mode = 0, Rect[0 0 1872 1404]
09-03 11:43:23.583 1513 2915 D Surface : Surface::final mReqUsage=a00
09-03 11:43:23.583 1513 2915 D mali_winsys: EGLint new_window_surface(egl_winsys_display*, void*, EGLSurface, EGLConfig, egl_winsys_surface**, egl_color_buffer_format*, EGLBoolean) returns 0x3000
09-03 11:43:24.143 193 193 I hwcomposer: update_to_display(): upd_data -- marker[8219] waveform_mode = 255, update_mode = 0, Rect[0 0 1872 1404]
09-03 11:43:24.151 557 596 I ActivityManager: Displayed com.android.calendar/.AllInOneActivity: +1s555ms
09-03 11:43:24.181 193 193 I hwcomposer: update_to_display(): upd_data -- marker[8220] waveform_mode = 255, update_mode = 0, Rect[0 0 1872 1404]
09-03 11:43:24.232 193 193 I hwcomposer: update_to_display(): upd_data -- marker[8221] waveform_mode = 255, update_mode = 0, Rect[0 0 1872 1404]
09-03 11:43:24.285 193 193 I hwcomposer: update_to_display(): upd_data -- marker[8222] waveform_mode = 255, update_mode = 0, Rect[0 0 1872 1404]
09-03 11:43:24.555 193 193 I hwcomposer: update_to_display(): upd_data -- marker[8223] waveform_mode = 255, update_mode = 0, Rect[1339 0 533 773]
09-03 11:43:24.622 193 193 I hwcomposer: update_to_display(): upd_data -- marker[8224] waveform_mode = 255, update_mode = 0, Rect[0 0 1872 1404]
09-03 11:43:24.678 193 193 I hwcomposer: update_to_display(): upd_data -- marker[8225] waveform_mode = 255, update_mode = 0, Rect[1339 0 533 19]
09-03 11:43:24.742 193 193 I hwcomposer: update_to_display(): upd_data -- marker[8226] waveform_mode = 255, update_mode = 0, Rect[1339 0 533 19]
09-03 11:43:24.794 193 193 I hwcomposer: update_to_display(): upd_data -- marker[8227] waveform_mode = 255, update_mode = 0, Rect[1339 0 533 19]
09-03 11:43:24.843 193 193 I hwcomposer: update_to_display(): upd_data -- marker[8228] waveform_mode = 255, update_mode = 0, Rect[1339 0 533 19]
09-03 11:43:24.873 193 193 I hwcomposer: update_to_display(): upd_data -- marker[8229] waveform_mode = 255, update_mode = 0, Rect[1339 0 533 19]
09-03 11:43:24.902 193 193 I hwcomposer: update_to_display(): upd_data -- marker[8230] waveform_mode = 255, update_mode = 0, Rect[1339 0 533 19]
09-03 11:43:25.493 557 598 D pms : Enter idle state
09-03 11:43:25.493 557 598 D pms : ######### Switching system power mode to [standby]
09-03 11:43:25.494 557 598 I pms : ========== Setup an [300000]s alarm for standby mode ==========
09-03 11:43:25.498 557 598 D pms :
09-03 11:43:25.498 557 598 D pms :
09-03 11:43:25.498 557 598 D pms : ************** Add alarm:onyx_standby_timeout
09-03 11:43:25.498 557 598 D pms :
09-03 11:43:25.513 557 557 D pms : set alarm:onyx_standby_timeout, now:1535946205504 [ 2018-09-03 11:43:25], wake:1535946505494 [2018-09-03 11:48:25]
09-03 11:43:26.068 557 786 D pms : ######### Switching system power mode to [off]
09-03 11:43:26.070 557 557 D pms : ************** cancel alarm:onyx_standby_timeout
09-03 11:43:26.071 557 557 D pms : ************** cancel alarm:onyx_auto_poweroff
09-03 11:43:26.115 193 193 D Surface : Surface::final mReqUsage=333
09-03 11:43:26.216 1600 1600 W ContextImpl: Calling a method in the system process without a qualified user: android.app.ContextImpl.sendBroadcast:763 android.content.ContextWrapper.sendBroadcast:396 com.onyx.android.sdk.device.BaseDevice.a:479 com.onyx.android.sdk.device.BaseDevice.showSystemStatusBar:442 com.onyx.ContentBrowserApplication$2.onActivityResumed:196
09-03 11:43:26.235 557 796 D WifiStateMachine: starting scan for "DevTest"WPA_PSK with 2437
09-03 11:43:26.443 557 593 D Tethering: interfaceLinkStateChanged wlan0, true
09-03 11:43:26.443 557 593 D Tethering: interfaceStatusChanged wlan0, true
09-03 11:43:26.456 193 193 I hwcomposer: update_to_display(): upd_data -- marker[8231] waveform_mode = 255, update_mode = 0, Rect[0 0 1872 1404]
09-03 11:43:26.690 1600 1600 D Surface : Surface::final mReqUsage=33
09-03 11:43:26.710 193 193 I hwcomposer: update_to_display(): upd_data -- marker[8232] waveform_mode = 255, update_mode = 0, Rect[0 0 1872 1404]
09-03 11:43:27.195 193 193 I hwcomposer: update_to_display(): upd_data -- marker[8233] waveform_mode = 255, update_mode = 0, Rect[0 0 1872 1404]
09-03 11:43:27.386 193 193 I hwcomposer: update_to_display(): upd_data -- marker[8234] waveform_mode = 255, update_mode = 0, Rect[0 0 1872 1404]
09-03 11:43:27.447 193 193 I hwcomposer: update_to_display(): upd_data -- marker[8235] waveform_mode = 255, update_mode = 0, Rect[0 0 1872 1404]
09-03 11:43:27.526 193 193 I hwcomposer: update_to_display(): upd_data -- marker[8236] waveform_mode = 255, update_mode = 0, Rect[2 1235 79 79]
09-03 11:43:27.567 557 925 D WindowStateAnimator: rk_debug2 com.android.systemui/com.android.systemui.recents.OnyxRecentsActivity_Force_To_Dual
09-03 11:43:27.601 935 1406 D Surface : Surface::final mReqUsage=a00
09-03 11:43:27.601 935 1406 D mali_winsys: EGLint new_window_surface(egl_winsys_display*, void*, EGLSurface, EGLConfig, egl_winsys_surface**, egl_color_buffer_format*, EGLBoolean) returns 0x3000
09-03 11:43:27.958 193 193 I hwcomposer: update_to_display(): upd_data -- marker[8237] waveform_mode = 255, update_mode = 0, Rect[0 0 1872 1404]
09-03 11:43:29.559 193 193 I hwcomposer: update_to_display(): upd_data -- marker[8238] waveform_mode = 255, update_mode = 0, Rect[0 0 1872 1404]
09-03 11:43:29.683 557 588 I ActivityManager: START u0 {act=android.intent.action.MAIN cat=[android.intent.category.HOME] flg=0x10200000 cmp=com.onyx/.StartupActivity} from uid 10012 on display 0
09-03 11:43:29.702 193 193 I hwcomposer: update_to_display(): upd_data -- marker[8239] waveform_mode = 255, update_mode = 0, Rect[0 0 1872 1404]
09-03 11:43:29.722 1600 1600 E For Debug #############: value of KEY_STARTUP_CONFIGURATION_FLAG: 3
09-03 11:43:29.723 557 927 I ActivityManager: START u0 {cmp=com.onyx/.main.ui.MainActivity} from uid 1000 on display 0
09-03 11:43:29.791 1600 1600 W ContextImpl: Calling a method in the system process without a qualified user: android.app.ContextImpl.sendBroadcast:763 android.content.ContextWrapper.sendBroadcast:396 com.onyx.android.sdk.device.BaseDevice.a:479 com.onyx.android.sdk.device.BaseDevice.showSystemStatusBar:442 com.onyx.ContentBrowserApplication$2.onActivityResumed:196
09-03 11:43:29.818 193 193 I hwcomposer: update_to_display(): upd_data -- marker[8240] waveform_mode = 255, update_mode = 0, Rect[0 0 1872 1404]
09-03 11:43:29.869 1600 1600 D Surface : Surface::final mReqUsage=33
09-03 11:43:29.897 193 193 I hwcomposer: update_to_display(): upd_data -- marker[8241] waveform_mode = 255, update_mode = 0, Rect[0 0 1872 1404]
09-03 11:43:29.950 557 596 D WindowStateAnimator: rk_debug2 Starting com.onyx_Force_To_Dual
09-03 11:43:30.021 1600 1600 E Debug : please call initStatusLayoutManager(contentView)!
09-03 11:43:30.075 557 596 D WindowStateAnimator: rk_debug2 Starting com.onyx_Force_To_Dual
09-03 11:43:30.137 557 596 W WindowManager: Failed looking up window
09-03 11:43:30.137 557 596 W WindowManager: java.lang.IllegalArgumentException: Requested window android.view.ViewRootImpl$W@17be2d2 does not exist
09-03 11:43:30.137 557 596 W WindowManager: at com.android.server.wm.WindowManagerService.windowForClientLocked(WindowManagerService.java:8949)
09-03 11:43:30.137 557 596 W WindowManager: at com.android.server.wm.WindowManagerService.windowForClientLocked(WindowManagerService.java:8940)
09-03 11:43:30.137 557 596 W WindowManager: at com.android.server.wm.WindowManagerService.removeWindow(WindowManagerService.java:2769)
09-03 11:43:30.137 557 596 W WindowManager: at com.android.server.wm.Session.remove(Session.java:225)
09-03 11:43:30.137 557 596 W WindowManager: at android.view.ViewRootImpl.dispatchDetachedFromWindow(ViewRootImpl.java:3190)
09-03 11:43:30.137 557 596 W WindowManager: at android.view.ViewRootImpl.doDie(ViewRootImpl.java:5699)
09-03 11:43:30.137 557 596 W WindowManager: at android.view.ViewRootImpl$ViewRootHandler.handleMessage(ViewRootImpl.java:3502)
09-03 11:43:30.137 557 596 W WindowManager: at android.os.Handler.dispatchMessage(Handler.java:102)
09-03 11:43:30.137 557 596 W WindowManager: at android.os.Looper.loop(Looper.java:148)
09-03 11:43:30.137 557 596 W WindowManager: at android.os.HandlerThread.run(HandlerThread.java:61)
09-03 11:43:30.137 557 596 W WindowManager: at com.android.server.ServiceThread.run(ServiceThread.java:46)
09-03 11:43:30.143 557 596 D Surface : Surface::final mReqUsage=33
09-03 11:43:30.162 193 193 I hwcomposer: update_to_display(): upd_data -- marker[8242] waveform_mode = 255, update_mode = 0, Rect[0 0 1872 1404]
09-03 11:43:30.219 557 596 I ActivityManager: Displayed com.onyx/.main.ui.MainActivity: +480ms (total +522ms)
09-03 11:43:30.241 193 193 I hwcomposer: update_to_display(): upd_data -- marker[8243] waveform_mode = 255, update_mode = 0, Rect[0 0 1872 1404]
09-03 11:43:30.278 1600 2930 W AppLoadRequest: Sort duration:0ms
09-03 11:43:30.295 193 193 I hwcomposer: update_to_display(): upd_data -- marker[8244] waveform_mode = 255, update_mode = 0, Rect[0 0 1872 1404]
09-03 11:43:30.335 193 193 I hwcomposer: update_to_display(): upd_data -- marker[8245] waveform_mode = 255, update_mode = 0, Rect[0 0 1872 1404]
09-03 11:43:30.431 193 193 I hwcomposer: update_to_display(): upd_data -- marker[8246] waveform_mode = 255, update_mode = 0, Rect[83 0 1789 1254]
09-03 11:43:32.225 557 590 I UsageStatsService: User[0] Flushing usage stats to disk
09-03 11:43:32.672 557 598 D pms : Enter idle state
09-03 11:43:32.673 557 598 D pms : ######### Switching system power mode to [standby]
09-03 11:43:32.674 557 598 I pms : ========== Setup an [300000]s alarm for standby mode ==========
09-03 11:43:32.677 557 598 D pms :
09-03 11:43:32.677 557 598 D pms :
09-03 11:43:32.677 557 598 D pms : ************** Add alarm:onyx_standby_timeout
09-03 11:43:32.677 557 598 D pms :
09-03 11:43:32.693 557 557 D pms : set alarm:onyx_standby_timeout, now:1535946212683 [ 2018-09-03 11:43:32], wake:1535946512674 [2018-09-03 11:48:32]
09-03 11:43:33.168 557 786 D pms : ######### Switching system power mode to [off]
09-03 11:43:33.169 557 557 D pms : ************** cancel alarm:onyx_standby_timeout
09-03 11:43:33.170 557 557 D pms : ************** cancel alarm:onyx_auto_poweroff
09-03 11:43:33.431 193 193 I hwcomposer: update_to_display(): upd_data -- marker[8247] waveform_mode = 255, update_mode = 0, Rect[83 1256 1789 148]
09-03 11:43:35.019 193 193 I hwcomposer: update_to_display(): upd_data -- marker[8248] waveform_mode = 255, update_mode = 0, Rect[0 0 1872 1404]
09-03 11:43:35.060 193 193 I hwcomposer: update_to_display(): upd_data -- marker[8249] waveform_mode = 255, update_mode = 0, Rect[83 0 1789 1254]
09-03 11:43:35.119 1600 1600 E RecyclerView: No adapter attached; skipping layout
09-03 11:43:35.151 1600 1600 E Debug : please call initStatusLayoutManager(contentView)!
09-03 11:43:35.159 193 193 I hwcomposer: update_to_display(): upd_data -- marker[8250] waveform_mode = 255, update_mode = 0, Rect[0 0 1872 1404]
09-03 11:43:35.178 1600 2932 W FileUtils: Sort duration:0ms
09-03 11:43:35.225 193 193 I hwcomposer: update_to_display(): upd_data -- marker[8251] waveform_mode = 255, update_mode = 0, Rect[83 0 1789 1254]
09-03 11:43:35.374 193 193 I hwcomposer: update_to_display(): upd_data -- marker[8252] waveform_mode = 255, update_mode = 0, Rect[83 0 1789 1254]
09-03 11:43:36.661 193 193 I hwcomposer: update_to_display(): upd_data -- marker[8253] waveform_mode = 255, update_mode = 0, Rect[0 0 1872 1404]
09-03 11:43:36.718 193 193 I hwcomposer: update_to_display(): upd_data -- marker[8254] waveform_mode = 2, update_mode = 1, Rect[0 0 1872 1404]
09-03 11:43:38.732 557 925 I ActivityManager: START u0 {act=android.intent.action.MAIN cat=[android.intent.category.LAUNCHER] flg=0x10000000 pkg=com.android.calendar cmp=com.android.calendar/.AllInOneActivity} from uid 1000 on display 0
09-03 11:43:38.907 557 927 D AccountManagerService: bind attempt failed for Session: expectLaunch true, connected false, stats (0/0/0), lifetime 0.001, addAccount, accountType com.google, requiredFeatures null
09-03 11:43:38.979 193 193 I hwcomposer: update_to_display(): upd_data -- marker[8255] waveform_mode = 255, update_mode = 0, Rect[0 0 1872 1404]
09-03 11:43:38.985 1513 2915 D Surface : Surface::final mReqUsage=a00
09-03 11:43:38.985 1513 2915 D mali_winsys: EGLint new_window_surface(egl_winsys_display*, void*, EGLSurface, EGLConfig, egl_winsys_surface**, egl_color_buffer_format*, EGLBoolean) returns 0x3000
09-03 11:43:39.070 557 596 D WindowStateAnimator: rk_debug2 Starting com.android.calendar_Force_To_Dual
09-03 11:43:39.072 193 193 I hwcomposer: update_to_display(): upd_data -- marker[8256] waveform_mode = 255, update_mode = 0, Rect[0 0 1872 1404]
09-03 11:43:39.108 193 193 I hwcomposer: update_to_display(): upd_data -- marker[8257] waveform_mode = 255, update_mode = 0, Rect[0 0 1872 1404]
09-03 11:43:39.209 557 596 D Surface : Surface::final mReqUsage=33
09-03 11:43:39.216 557 1274 W InputMethodManagerService: Starting input on non-focused client com.android.internal.view.IInputMethodClient$Stub$Proxy@223927c (uid=1000 pid=1600)
09-03 11:43:39.299 193 193 I hwcomposer: update_to_display(): upd_data -- marker[8258] waveform_mode = 255, update_mode = 0, Rect[0 0 1872 1404]
09-03 11:43:39.351 193 193 I hwcomposer: update_to_display(): upd_data -- marker[8259] waveform_mode = 255, update_mode = 0, Rect[0 0 1872 1404]
09-03 11:43:39.412 193 193 I hwcomposer: update_to_display(): upd_data -- marker[8260] waveform_mode = 255, update_mode = 0, Rect[0 0 83 1404]
09-03 11:43:39.417 557 596 I ActivityManager: Displayed com.android.calendar/.AllInOneActivity: +674ms
09-03 11:43:39.451 193 193 I hwcomposer: update_to_display(): upd_data -- marker[8261] waveform_mode = 255, update_mode = 0, Rect[0 0 1872 1404]
09-03 11:43:39.511 193 193 I hwcomposer: update_to_display(): upd_data -- marker[8262] waveform_mode = 255, update_mode = 0, Rect[0 0 1872 1404]
09-03 11:43:39.565 193 193 I hwcomposer: update_to_display(): upd_data -- marker[8263] waveform_mode = 255, update_mode = 0, Rect[0 0 83 1404]
09-03 11:43:39.616 193 193 I hwcomposer: update_to_display(): upd_data -- marker[8264] waveform_mode = 255, update_mode = 0, Rect[0 0 83 1404]
09-03 11:43:40.149 193 193 I hwcomposer: update_to_display(): upd_data -- marker[8265] waveform_mode = 255, update_mode = 0, Rect[1339 0 533 773]
09-03 11:43:40.214 193 193 I hwcomposer: update_to_display(): upd_data -- marker[8266] waveform_mode = 255, update_mode = 0, Rect[1339 0 533 19]
09-03 11:43:40.276 193 193 I hwcomposer: update_to_display(): upd_data -- marker[8267] waveform_mode = 255, update_mode = 0, Rect[0 0 1872 1404]
09-03 11:43:40.344 193 193 I hwcomposer: update_to_display(): upd_data -- marker[8268] waveform_mode = 255, update_mode = 0, Rect[1339 0 533 19]
09-03 11:43:40.410 193 193 I hwcomposer: update_to_display(): upd_data -- marker[8269] waveform_mode = 255, update_mode = 0, Rect[0 0 1872 1404]
09-03 11:43:40.476 193 193 I hwcomposer: update_to_display(): upd_data -- marker[8270] waveform_mode = 255, update_mode = 0, Rect[1339 0 533 19]
09-03 11:43:40.531 193 193 I hwcomposer: update_to_display(): upd_data -- marker[8271] waveform_mode = 255, update_mode = 0, Rect[1339 0 533 19]
09-03 11:43:40.560 193 193 I hwcomposer: update_to_display(): upd_data -- marker[8272] waveform_mode = 255, update_mode = 0, Rect[1339 0 533 19]
09-03 11:43:41.677 193 193 D Surface : Surface::final mReqUsage=333
09-03 11:43:41.712 193 193 I hwcomposer: update_to_display(): upd_data -- marker[8273] waveform_mode = 255, update_mode = 0, Rect[0 0 1872 1404]
09-03 11:43:41.758 1600 1600 W ContextImpl: Calling a method in the system process without a qualified user: android.app.ContextImpl.sendBroadcast:763 android.content.ContextWrapper.sendBroadcast:396 com.onyx.android.sdk.device.BaseDevice.a:479 com.onyx.android.sdk.device.BaseDevice.showSystemStatusBar:442 com.onyx.ContentBrowserApplication$2.onActivityResumed:196
09-03 11:43:41.774 193 193 I hwcomposer: update_to_display(): upd_data -- marker[8274] waveform_mode = 255, update_mode = 0, Rect[0 0 1872 1404]
09-03 11:43:41.782 1600 1600 D Surface : Surface::final mReqUsage=33
09-03 11:43:41.922 193 193 I hwcomposer: update_to_display(): upd_data -- marker[8275] waveform_mode = 255, update_mode = 0, Rect[0 0 1872 1404]
09-03 11:43:41.968 193 193 I hwcomposer: update_to_display(): upd_data -- marker[8276] waveform_mode = 255, update_mode = 0, Rect[0 0 1872 1404]
09-03 11:43:42.017 193 193 I hwcomposer: update_to_display(): upd_data -- marker[8277] waveform_mode = 255, update_mode = 0, Rect[0 0 1872 1404]
09-03 11:43:42.051 193 193 I hwcomposer: update_to_display(): upd_data -- marker[8278] waveform_mode = 255, update_mode = 0, Rect[0 0 83 1404]
09-03 11:43:42.100 193 193 I hwcomposer: update_to_display(): upd_data -- marker[8279] waveform_mode = 255, update_mode = 0, Rect[0 0 83 1404]
