09-03 11:36:31.137 557 598 D pms : ######### Switching system power mode to [standby]
09-03 11:36:31.137 557 598 I pms : ========== Setup an [300000]s alarm for standby mode ==========
09-03 11:36:31.141 557 598 D pms :
09-03 11:36:31.141 557 598 D pms :
09-03 11:36:31.141 557 598 D pms : ************** Add alarm:onyx_standby_timeout
09-03 11:36:31.141 557 598 D pms :
09-03 11:36:31.156 557 557 D pms : set alarm:onyx_standby_timeout, now:1535945791147 [ 2018-09-03 11:36:31], wake:1535946091138 [2018-09-03 11:41:31]
09-03 11:36:33.069 557 786 D pms : ######### Switching system power mode to [off]
09-03 11:36:33.069 557 557 D pms : ************** cancel alarm:onyx_standby_timeout
09-03 11:36:33.070 557 557 D pms : ************** cancel alarm:onyx_auto_poweroff
09-03 11:36:33.075 557 928 I ActivityManager: START u0 {act=android.intent.action.MAIN cat=[android.intent.category.LAUNCHER] flg=0x10000000 pkg=com.android.email cmp=com.android.email/.activity.Welcome} from uid 1000 on display 0
09-03 11:36:33.232 557 596 D WindowStateAnimator: rk_debug2 Starting com.android.email_Force_To_Dual
09-03 11:36:33.271 1253 1253 I AppCompatViewInflater: app:theme is now deprecated. Please move to using android:theme instead.
09-03 11:36:33.293 557 596 D Surface : Surface::final mReqUsage=33
09-03 11:36:33.493 1253 1253 V NFC : this device does not have NFC support
09-03 11:36:33.507 557 835 W ActivityManager: Unable to start service Intent { cmp=com.android.email/.service.AttachmentService } U=0: not found
09-03 11:36:33.509 1253 1253 E Email : FLF.setSelectedAccount(null) called! Destroying existing loader.
09-03 11:36:33.564 1253 2566 D OpenGLRenderer: Use EGL_SWAP_BEHAVIOR_PRESERVED: true
09-03 11:36:33.586 1253 1253 D StrictMode: StrictMode policy violation; ~duration=89 ms: android.os.StrictMode$StrictModeDiskReadViolation: policy=65543 violation=2
09-03 11:36:33.586 1253 1253 D StrictMode: at android.os.StrictMode$AndroidBlockGuardPolicy.onReadFromDisk(StrictMode.java:1263)
09-03 11:36:33.586 1253 1253 D StrictMode: at libcore.io.BlockGuardOs.access(BlockGuardOs.java:67)
09-03 11:36:33.586 1253 1253 D StrictMode: at java.io.File.doAccess(File.java:281)
09-03 11:36:33.586 1253 1253 D StrictMode: at java.io.File.exists(File.java:361)
09-03 11:36:33.586 1253 1253 D StrictMode: at android.app.ContextImpl.createFilesDirLocked(ContextImpl.java:418)
09-03 11:36:33.586 1253 1253 D StrictMode: at android.app.ContextImpl.getCacheDir(ContextImpl.java:503)
09-03 11:36:33.586 1253 1253 D StrictMode: at android.content.ContextWrapper.getCacheDir(ContextWrapper.java:233)
09-03 11:36:33.586 1253 1253 D StrictMode: at com.android.emailcommon.TempDirectory.setTempDirectory(TempDirectory.java:31)
09-03 11:36:33.586 1253 1253 D StrictMode: at com.android.email2.ui.MailActivityEmail.onCreate(MailActivityEmail.java:83)
09-03 11:36:33.586 1253 1253 D StrictMode: at android.app.Activity.performCreate(Activity.java:6266)
09-03 11:36:33.586 1253 1253 D StrictMode: at android.app.Instrumentation.callActivityOnCreate(Instrumentation.java:1107)
09-03 11:36:33.586 1253 1253 D StrictMode: at android.app.ActivityThread.performLaunchActivity(ActivityThread.java:2369)
09-03 11:36:33.586 1253 1253 D StrictMode: at android.app.ActivityThread.handleLaunchActivity(ActivityThread.java:2476)
09-03 11:36:33.586 1253 1253 D StrictMode: at android.app.ActivityThread.-wrap11(ActivityThread.java)
09-03 11:36:33.586 1253 1253 D StrictMode: at android.app.ActivityThread$H.handleMessage(ActivityThread.java:1344)
09-03 11:36:33.586 1253 1253 D StrictMode: at android.os.Handler.dispatchMessage(Handler.java:102)
09-03 11:36:33.586 1253 1253 D StrictMode: at android.os.Looper.loop(Looper.java:148)
09-03 11:36:33.586 1253 1253 D StrictMode: at android.app.ActivityThread.main(ActivityThread.java:5417)
09-03 11:36:33.586 1253 1253 D StrictMode: at java.lang.reflect.Method.invoke(Native Method)
09-03 11:36:33.586 1253 1253 D StrictMode: at com.android.internal.os.ZygoteInit$MethodAndArgsCaller.run(ZygoteInit.java:772)
09-03 11:36:33.586 1253 1253 D StrictMode: at com.android.internal.os.ZygoteInit.main(ZygoteInit.java:662)
09-03 11:36:33.586 1253 1253 D StrictMode: StrictMode policy violation; ~duration=38 ms: android.os.StrictMode$StrictModeDiskReadViolation: policy=4259847 violation=2
09-03 11:36:33.586 1253 1253 D StrictMode: at android.os.StrictMode$AndroidBlockGuardPolicy.onReadFromDisk(StrictMode.java:1263)
09-03 11:36:33.586 1253 1253 D StrictMode: at libcore.io.BlockGuardOs.open(BlockGuardOs.java:182)
09-03 11:36:33.586 1253 1253 D StrictMode: at libcore.io.IoBridge.open(IoBridge.java:438)
09-03 11:36:33.586 1253 1253 D StrictMode: at java.io.FileInputStream.(FileInputStream.java:76)
09-03 11:36:33.586 1253 1253 D StrictMode: at java.io.FileInputStream.(FileInputStream.java:103)
09-03 11:36:33.586 1253 1253 D StrictMode: at com.android.server.wm.Session.(Session.java:107)
09-03 11:36:33.586 1253 1253 D StrictMode: at com.android.server.wm.WindowManagerService.openSession(WindowManagerService.java:8511)
09-03 11:36:33.586 1253 1253 D StrictMode: at android.view.IWindowManager$Stub.onTransact(IWindowManager.java:85)
09-03 11:36:33.586 1253 1253 D StrictMode: at com.android.server.wm.WindowManagerService.onTransact(WindowManagerService.java:1083)
09-03 11:36:33.586 1253 1253 D StrictMode: at android.os.Binder.execTransact(Binder.java:453)
09-03 11:36:33.586 1253 1253 D StrictMode: # via Binder call with stack:
09-03 11:36:33.586 1253 1253 D StrictMode: android.os.StrictMode$LogStackTrace
09-03 11:36:33.586 1253 1253 D StrictMode: at android.os.StrictMode.readAndHandleBinderCallViolations(StrictMode.java:1911)
09-03 11:36:33.586 1253 1253 D StrictMode: at android.os.Parcel.readExceptionCode(Parcel.java:1601)
09-03 11:36:33.586 1253 1253 D StrictMode: at android.os.Parcel.readException(Parcel.java:1570)
09-03 11:36:33.586 1253 1253 D StrictMode: at android.view.IWindowManager$Stub$Proxy.openSession(IWindowManager.java:1115)
09-03 11:36:33.586 1253 1253 D StrictMode: at android.view.WindowManagerGlobal.getWindowSession(WindowManagerGlobal.java:156)
09-03 11:36:33.586 1253 1253 D StrictMode: at android.view.ViewRootImpl.(ViewRootImpl.java:367)
09-03 11:36:33.586 1253 1253 D StrictMode: at android.view.WindowManagerGlobal.addView(WindowManagerGlobal.java:301)
09-03 11:36:33.586 1253 1253 D StrictMode: at android.view.WindowManagerImpl.addView(WindowManagerImpl.java:85)
09-03 11:36:33.586 1253 1253 D StrictMode: at android.app.ActivityThread.handleResumeActivity(ActivityThread.java:3169)
09-03 11:36:33.586 1253 1253 D StrictMode: at android.app.ActivityThread.handleLaunchActivity(ActivityThread.java:2481)
09-03 11:36:33.586 1253 1253 D StrictMode: at android.app.ActivityThread.-wrap11(ActivityThread.java)
09-03 11:36:33.586 1253 1253 D StrictMode: at android.app.ActivityThread$H.handleMessage(ActivityThread.java:1344)
09-03 11:36:33.586 1253 1253 D StrictMode: at android.os.Handler.dispatchMessage(Handler.java:102)
09-03 11:36:33.586 1253 1253 D StrictMode: at android.os.Looper.loop(Looper.java:148)
09-03 11:36:33.586 1253 1253 D StrictMode: at android.app.ActivityThread.main(ActivityThread.java:5417)
09-03 11:36:33.586 1253 1253 D StrictMode: at java.lang.reflect.Method.invoke(Native Method)
09-03 11:36:33.586 1253 1253 D StrictMode: at com.android.internal.os.ZygoteInit$MethodAndArgsCaller.run(ZygoteInit.java:772)
09-03 11:36:33.586 1253 1253 D StrictMode: at com.android.internal.os.ZygoteInit.main(ZygoteInit.java:662)
09-03 11:36:33.586 1253 1253 D StrictMode: StrictMode policy violation; ~duration=36 ms: android.os.StrictMode$StrictModeDiskReadViolation: policy=4259847 violation=2
09-03 11:36:33.586 1253 1253 D StrictMode: at android.os.StrictMode$AndroidBlockGuardPolicy.onReadFromDisk(StrictMode.java:1263)
09-03 11:36:33.586 1253 1253 D StrictMode: at libcore.io.BlockGuardOs.fstat(BlockGuardOs.java:132)
09-03 11:36:33.586 1253 1253 D StrictMode: at libcore.io.IoBridge.open(IoBridge.java:441)
09-03 11:36:33.586 1253 1253 D StrictMode: at java.io.FileInputStream.(FileInputStream.java:76)
09-03 11:36:33.586 1253 1253 D StrictMode: at java.io.FileInputStream.(FileInputStream.java:103)
09-03 11:36:33.586 1253 1253 D StrictMode: at com.android.server.wm.Session.(Session.java:107)
09-03 11:36:33.586 1253 1253 D StrictMode: at com.android.server.wm.WindowManagerService.openSession(WindowManagerService.java:8511)
09-03 11:36:33.586 1253 1253 D StrictMode: at android.view.IWindowManager$Stub.onTransact(IWindowManager.java:85)
09-03 11:36:33.586 1253 1253 D StrictMode: at com.android.server.wm.WindowManagerService.onTransact(WindowManagerService.java:1083)
09-03 11:36:33.586 1253 1253 D StrictMode: at android.os.Binder.execTransact(Binder.java:453)
09-03 11:36:33.586 1253 1253 D StrictMode: # via Binder call with stack:
09-03 11:36:33.586 1253 1253 D StrictMode: android.os.StrictMode$LogStackTrace
09-03 11:36:33.586 1253 1253 D StrictMode: at android.os.StrictMode.readAndHandleBinderCallViolations(StrictMode.java:1911)
09-03 11:36:33.586 1253 1253 D StrictMode: at android.os.Parcel.readExceptionCode(Parcel.java:1601)
09-03 11:36:33.586 1253 1253 D StrictMode: at android.os.Parcel.readException(Parcel.java:1570)
09-03 11:36:33.586 1253 1253 D StrictMode: at android.view.IWindowManager$Stub$Proxy.openSession(IWindowManager.java:1115)
09-03 11:36:33.586 1253 1253 D StrictMode: at android.view.WindowManagerGlobal.getWindowSession(WindowManagerGlobal.java:156)
09-03 11:36:33.586 1253 1253 D StrictMode: at android.view.ViewRootImpl.(ViewRootImpl.java:367)
09-03 11:36:33.586 1253 1253 D StrictMode: at android.view.WindowManagerGlobal.addView(WindowManagerGlobal.java:301)
09-03 11:36:33.586 1253 1253 D StrictMode: at android.view.WindowManagerImpl.addView(WindowManagerImpl.java:85)
09-03 11:36:33.586 1253 1253 D StrictMode: at android.app.ActivityThread.handleResumeActivity(ActivityThread.java:3169)
09-03 11:36:33.586 1253 1253 D StrictMode: at android.app.ActivityThread.handleLaunchActivity(ActivityThread.java:2481)
09-03 11:36:33.586 1253 1253 D StrictMode: at android.app.ActivityThread.-wrap11(ActivityThread.java)
09-03 11:36:33.586 1253 1253 D StrictMode: at android.app.ActivityThread$H.handleMessage(ActivityThread.java:1344)
09-03 11:36:33.586 1253 1253 D StrictMode: at android.os.Handler.dispatchMessage(Handler.java:102)
09-03 11:36:33.586 1253 1253 D StrictMode: at android.os.Looper.loop(Looper.java:148)
09-03 11:36:33.586 1253 1253 D StrictMode: at android.app.ActivityThread.main(ActivityThread.java:5417)
09-03 11:36:33.586 1253 1253 D StrictMode: at java.lang.reflect.Method.invoke(Native Method)
09-03 11:36:33.586 1253 1253 D StrictMode: at com.android.internal.os.ZygoteInit$MethodAndArgsCaller.run(ZygoteInit.java:772)
09-03 11:36:33.586 1253 1253 D StrictMode: at com.android.internal.os.ZygoteInit.main(ZygoteInit.java:662)
09-03 11:36:33.586 1253 1253 D StrictMode: StrictMode policy violation; ~duration=35 ms: android.os.StrictMode$StrictModeDiskReadViolation: policy=4259847 violation=2
09-03 11:36:33.586 1253 1253 D StrictMode: at android.os.StrictMode$AndroidBlockGuardPolicy.onReadFromDisk(StrictMode.java:1263)
09-03 11:36:33.586 1253 1253 D StrictMode: at libcore.io.BlockGuardOs.read(BlockGuardOs.java:229)
09-03 11:36:33.586 1253 1253 D StrictMode: at libcore.io.IoBridge.read(IoBridge.java:468)
09-03 11:36:33.586 1253 1253 D StrictMode: at java.io.FileInputStream.read(FileInputStream.java:177)
09-03 11:36:33.586 1253 1253 D StrictMode: at java.io.InputStreamReader.read(InputStreamReader.java:233)
09-03 11:36:33.586 1253 1253 D StrictMode: at java.io.BufferedReader.fillBuf(BufferedReader.java:145)
09-03 11:36:33.586 1253 1253 D StrictMode: at java.io.BufferedReader.readLine(BufferedReader.java:397)
09-03 11:36:33.586 1253 1253 D StrictMode: at com.android.server.wm.Session.(Session.java:110)
09-03 11:36:33.586 1253 1253 D StrictMode: at com.android.server.wm.WindowManagerService.openSession(WindowManagerService.java:8511)
09-03 11:36:33.586 1253 1253 D StrictMode: at android.view.IWindowManager$Stub.onTransact(IWindowManager.java:85)
09-03 11:36:33.586 1253 1253 D StrictMode: at com.android.server.wm.WindowManagerService.onTransact(WindowManagerService.java:1083)
09-03 11:36:33.586 1253 1253 D StrictMode: at android.os.Binder.execTransact(Binder.java:453)
09-03 11:36:33.586 1253 1253 D StrictMode: # via Binder call with stack:
09-03 11:36:33.586 1253 1253 D StrictMode: android.os.StrictMode$LogStackTrace
09-03 11:36:33.586 1253 1253 D StrictMode: at android.os.StrictMode.readAndHandleBinderCallViolations(StrictMode.java:1911)
09-03 11:36:33.586 1253 1253 D StrictMode: at android.os.Parcel.readExceptionCode(Parcel.java:1601)
09-03 11:36:33.586 1253 1253 D StrictMode: at android.os.Parcel.readException(Parcel.java:1570)
09-03 11:36:33.586 1253 1253 D StrictMode: at android.view.IWindowManager$Stub$Proxy.openSession(IWindowManager.java:1115)
09-03 11:36:33.586 1253 1253 D StrictMode: at android.view.WindowManagerGlobal.getWindowSession(WindowManagerGlobal.java:156)
09-03 11:36:33.586 1253 1253 D StrictMode: at android.view.ViewRootImpl.(ViewRootImpl.java:367)
09-03 11:36:33.586 1253 1253 D StrictMode: at android.view.WindowManagerGlobal.addView(WindowManagerGlobal.java:301)
09-03 11:36:33.586 1253 1253 D StrictMode: at android.view.WindowManagerImpl.addView(WindowManagerImpl.java:85)
09-03 11:36:33.586 1253 1253 D StrictMode: at android.app.ActivityThread.handleResumeActivity(ActivityThread.java:3169)
09-03 11:36:33.586 1253 1253 D StrictMode: at android.app.ActivityThread.handleLaunchActivity(ActivityThread.java:2481)
09-03 11:36:33.586 1253 1253 D StrictMode: at android.app.ActivityThread.-wrap11(ActivityThread.java)
09-03 11:36:33.586 1253 1253 D StrictMode: at android.app.ActivityThread$H.handleMessage(ActivityThread.java:1344)
09-03 11:36:33.586 1253 1253 D StrictMode: at android.os.Handler.dispatchMessage(Handler.java:102)
09-03 11:36:33.586 1253 1253 D StrictMode: at android.os.Looper.loop(Looper.java:148)
09-03 11:36:33.586 1253 1253 D StrictMode: at android.app.ActivityThread.main(ActivityThread.java:5417)
09-03 11:36:33.586 1253 1253 D StrictMode: at java.lang.reflect.Method.invoke(Native Method)
09-03 11:36:33.586 1253 1253 D StrictMode: at com.android.internal.os.ZygoteInit$MethodAndArgsCaller.run(ZygoteInit.java:772)
09-03 11:36:33.586 1253 1253 D StrictMode: at com.android.internal.os.ZygoteInit.main(ZygoteInit.java:662)
09-03 11:36:33.595 557 835 I ActivityManager: START u0 {cmp=com.android.email/.activity.setup.AccountSetupFinal (has extras)} from uid 10023 on display 0
09-03 11:36:33.688 1253 2566 I mali_so : [File] : hardware/arm/maliT760/driver/product/base/src/mali_base_kbase.c; [Line] : 928; [Func] : base_context_deal_with_version_affairs_rk_ext;
09-03 11:36:33.688 1253 2566 I mali_so : arm_release_ver of this mali_so is 'r12p0-04rel0', rk_so_ver is '12@0', built at '17:00:15', on 'Aug 16 2016'.
09-03 11:36:33.689 1253 2566 I mali_so : [File] : hardware/arm/maliT760/driver/product/base/src/mali_base_kbase.c; [Line] : 955; [Func] : base_context_deal_with_version_affairs_rk_ext;
09-03 11:36:33.689 1253 2566 I mali_so : mali_ver_property has been set to 'r12p0-04rel0-13-12@0', to return.
09-03 11:36:33.693 1253 2566 I OpenGLRenderer: Initialized EGL, version 1.4
09-03 11:36:33.713 1253 2566 D Surface : Surface::final mReqUsage=a00
09-03 11:36:33.714 1253 2566 D mali_winsys: EGLint new_window_surface(egl_winsys_display*, void*, EGLSurface, EGLConfig, egl_winsys_surface**, egl_color_buffer_format*, EGLBoolean) returns 0x3000
09-03 11:36:34.218 1253 2566 D Surface : Surface::final mReqUsage=a00
09-03 11:36:34.218 1253 2566 D mali_winsys: EGLint new_window_surface(egl_winsys_display*, void*, EGLSurface, EGLConfig, egl_winsys_surface**, egl_color_buffer_format*, EGLBoolean) returns 0x3000
09-03 11:36:34.338 557 596 I ActivityManager: Displayed com.android.email/.activity.setup.AccountSetupFinal: +515ms (total +1s248ms)
09-03 11:36:34.855 2197 2206 W MediaPlayer-JNI: MediaPlayer finalized without being released
09-03 11:36:34.860 2197 2206 W MediaPlayer-JNI: MediaPlayer finalized without being released
09-03 11:36:35.753 1600 1600 W ContextImpl: Calling a method in the system process without a qualified user: android.app.ContextImpl.sendBroadcast:763 android.content.ContextWrapper.sendBroadcast:396 com.onyx.android.sdk.device.BaseDevice.a:479 com.onyx.android.sdk.device.BaseDevice.showSystemStatusBar:442 com.onyx.ContentBrowserApplication$2.onActivityResumed:196
09-03 11:36:35.845 1600 1600 D Surface : Surface::final mReqUsage=33
09-03 11:36:37.171 557 835 I ActivityManager: START u0 {act=android.intent.action.MAIN cat=[android.intent.category.LAUNCHER] flg=0x10000000 pkg=com.onyx.calculator cmp=com.onyx.calculator/.Calculator} from uid 1000 on display 0
09-03 11:36:37.204 557 925 I ActivityManager: Start proc 2579:com.onyx.calculator/u0a45 for activity com.onyx.calculator/.Calculator
09-03 11:36:37.205 2579 2579 I art : Late-enabling JIT
09-03 11:36:37.216 2579 2579 I art : JIT created with code_cache_capacity=2MB compile_threshold=1000
09-03 11:36:37.252 2593 2593 I dex2oat : type=1400 audit(0.0:118): avc: denied { read } for name="lib" dev="mmcblk0p13" ino=13 scontext=u:r:dex2oat:s0 tcontext=u:object_r:unlabeled:s0 tclass=lnk_file permissive=1
09-03 11:36:37.252 557 588 I PackageManager.DexOptimizer: Running dexopt (dex2oat) on: /system/app/calculator-release/calculator-release.apk pkg=com.onyx.calculator isa=arm vmSafeMode=false debuggable=false oatDir = null bootComplete=true
09-03 11:36:37.289 2593 2593 I dex2oat : /system/bin/dex2oat --compiler-filter=verify-at-runtime
09-03 11:36:37.358 557 596 D WindowStateAnimator: rk_debug2 Starting com.onyx.calculator_Force_To_Dual
09-03 11:36:37.417 557 596 D Surface : Surface::final mReqUsage=33
09-03 11:36:37.746 2593 2593 I dex2oat : dex2oat took 457.127ms (threads: 4) arena alloc=72B java alloc=4MB native alloc=1660KB free=495KB
09-03 11:36:37.803 2579 2579 W System : ClassLoader referenced unknown path: /system/app/calculator-release/lib/arm
09-03 11:36:38.126 2579 2598 D OpenGLRenderer: Use EGL_SWAP_BEHAVIOR_PRESERVED: true
09-03 11:36:38.257 2579 2598 I mali_so : [File] : hardware/arm/maliT760/driver/product/base/src/mali_base_kbase.c; [Line] : 928; [Func] : base_context_deal_with_version_affairs_rk_ext;
09-03 11:36:38.257 2579 2598 I mali_so : arm_release_ver of this mali_so is 'r12p0-04rel0', rk_so_ver is '12@0', built at '17:00:15', on 'Aug 16 2016'.
09-03 11:36:38.258 2579 2598 I mali_so : [File] : hardware/arm/maliT760/driver/product/base/src/mali_base_kbase.c; [Line] : 955; [Func] : base_context_deal_with_version_affairs_rk_ext;
09-03 11:36:38.258 2579 2598 I mali_so : mali_ver_property has been set to 'r12p0-04rel0-13-12@0', to return.
09-03 11:36:38.261 2579 2598 I OpenGLRenderer: Initialized EGL, version 1.4
09-03 11:36:38.280 2579 2598 D Surface : Surface::final mReqUsage=a00
09-03 11:36:38.280 2579 2598 D mali_winsys: EGLint new_window_surface(egl_winsys_display*, void*, EGLSurface, EGLConfig, egl_winsys_surface**, egl_color_buffer_format*, EGLBoolean) returns 0x3000
09-03 11:36:38.603 557 596 I ActivityManager: Displayed com.onyx.calculator/.Calculator: +1s417ms
09-03 11:36:43.343 1600 1600 W ContextImpl: Calling a method in the system process without a qualified user: android.app.ContextImpl.sendBroadcast:763 android.content.ContextWrapper.sendBroadcast:396 com.onyx.android.sdk.device.BaseDevice.a:479 com.onyx.android.sdk.device.BaseDevice.showSystemStatusBar:442 com.onyx.ContentBrowserApplication$2.onActivityResumed:196
09-03 11:36:43.406 557 835 W InputMethodManagerService: Window already focused, ignoring focus gain of: com.android.internal.view.IInputMethodClient$Stub$Proxy@461cab9 attribute=null, token = android.os.BinderProxy@5fca4e2
09-03 11:36:43.408 1600 1600 D Surface : Surface::final mReqUsage=33
09-03 11:36:43.414 193 193 I chatty : uid=0(root) /system/bin/surfaceflinger expire 84 lines
09-03 11:36:43.655 557 1274 I ActivityManager: Killing 1559:com.android.managedprovisioning/u0a6 (adj 15): empty #17
09-03 11:36:44.677 557 589 I ActivityManager: START u0 {act=android.intent.action.MAIN cat=[android.intent.category.LAUNCHER] flg=0x10000000 pkg=com.android.browser cmp=com.android.browser/.BrowserActivity} from uid 1000 on display 0
09-03 11:36:44.702 2613 2613 I android.browse: type=1400 audit(0.0:119): avc: denied { read } for name="lib" dev="mmcblk0p13" ino=13 scontext=u:r:untrusted_app:s0:c512,c768 tcontext=u:object_r:unlabeled:s0 tclass=lnk_file permissive=1
09-03 11:36:44.708 557 925 I ActivityManager: Start proc 2613:com.android.browser/u0a17 for activity com.android.browser/.BrowserActivity
09-03 11:36:44.708 2613 2613 I art : Late-enabling JIT
09-03 11:36:44.719 2613 2613 I art : JIT created with code_cache_capacity=2MB compile_threshold=1000
09-03 11:36:44.764 557 1334 I PackageManager.DexOptimizer: Running dexopt (dex2oat) on: /system/app/Browser/Browser.apk pkg=com.android.browser isa=arm vmSafeMode=false debuggable=false oatDir = null bootComplete=true
09-03 11:36:44.797 2627 2627 I dex2oat : /system/bin/dex2oat --compiler-filter=verify-at-runtime
09-03 11:36:44.895 557 596 D WindowStateAnimator: rk_debug2 Starting com.android.browser_Force_To_Dual
09-03 11:36:44.944 2627 2627 I dex2oat : dex2oat took 147.310ms (threads: 4) arena alloc=72B java alloc=1546KB native alloc=826KB free=217KB
09-03 11:36:44.964 557 596 D Surface : Surface::final mReqUsage=33
09-03 11:36:44.973 2613 2613 W System : ClassLoader referenced unknown path: /system/app/Browser/lib/arm
09-03 11:36:45.078 2613 2613 I WebViewFactory: Loading com.android.webview version 44.0.2403.119 (code 246011900)
09-03 11:36:45.124 2613 2613 W System : ClassLoader referenced unknown path: /system/app/webview/lib/arm
09-03 11:36:45.151 2613 2613 I LibraryLoader: Time to load native libraries: 12 ms (timestamps 7785-7797)
09-03 11:36:45.151 2613 2613 I LibraryLoader: Expected native library version number "",actual native library version number ""
09-03 11:36:45.179 2613 2613 V WebViewChromiumFactoryProvider: Binding Chromium to main looper Looper (main, tid 1) {81c6a7d}
09-03 11:36:45.183 2613 2613 I LibraryLoader: Expected native library version number "",actual native library version number ""
09-03 11:36:45.183 2613 2613 I chromium: [INFO:library_loader_hooks.cc(120)] Chromium logging enabled: level = 0, default verbosity = 0
09-03 11:36:45.226 2613 2613 I BrowserStartupController: Initializing chromium process, singleProcess=true
09-03 11:36:45.229 2613 2613 E SysUtils: ApplicationContext is null in ApplicationStatus
09-03 11:36:45.240 2613 2638 W chromium: [WARNING:dns_config_service_posix.cc(297)] Failed to read DnsConfig.
09-03 11:36:45.257 2613 2613 W chromium: [WARNING:resource_bundle.cc(285)] locale_file_path.empty()
09-03 11:36:45.264 2613 2613 E libEGL : validate_display:255 error 3008 (EGL_BAD_DISPLAY)
09-03 11:36:45.264 2613 2613 E libEGL : validate_display:255 error 3008 (EGL_BAD_DISPLAY)
09-03 11:36:45.266 2613 2613 I mali_so : [File] : hardware/arm/maliT760/driver/product/base/src/mali_base_kbase.c; [Line] : 928; [Func] : base_context_deal_with_version_affairs_rk_ext;
09-03 11:36:45.266 2613 2613 I mali_so : arm_release_ver of this mali_so is 'r12p0-04rel0', rk_so_ver is '12@0', built at '17:00:15', on 'Aug 16 2016'.
09-03 11:36:45.267 2613 2613 I mali_so : [File] : hardware/arm/maliT760/driver/product/base/src/mali_base_kbase.c; [Line] : 955; [Func] : base_context_deal_with_version_affairs_rk_ext;
09-03 11:36:45.267 2613 2613 I mali_so : mali_ver_property has been set to 'r12p0-04rel0-13-12@0', to return.
09-03 11:36:45.331 2613 2658 W AudioManagerAndroid: Requires BLUETOOTH permission
09-03 11:36:45.334 2613 2613 E DataReductionProxySettingListener: No DRP key due to exception:java.lang.ClassNotFoundException: com.android.webview.chromium.Drp
09-03 11:36:45.689 2613 2634 E ActivityThread: Failed to find provider info for com.google.settings
09-03 11:36:45.692 2613 2634 E ActivityThread: Failed to find provider info for com.google.settings
09-03 11:36:45.695 2613 2634 E ActivityThread: Failed to find provider info for com.google.settings
09-03 11:36:45.699 2613 2634 E ActivityThread: Failed to find provider info for com.google.settings
09-03 11:36:45.702 2613 2634 E ActivityThread: Failed to find provider info for com.google.settings
09-03 11:36:45.705 2613 2634 E ActivityThread: Failed to find provider info for com.google.settings
09-03 11:36:45.708 2613 2634 E ActivityThread: Failed to find provider info for com.google.settings
09-03 11:36:45.713 2613 2634 E ActivityThread: Failed to find provider info for com.google.settings
09-03 11:36:45.718 2613 2634 E ActivityThread: Failed to find provider info for com.google.settings
09-03 11:36:45.722 2613 2634 E ActivityThread: Failed to find provider info for com.google.settings
09-03 11:36:45.725 2613 2634 E ActivityThread: Failed to find provider info for com.google.settings
09-03 11:36:45.729 2613 2634 E ActivityThread: Failed to find provider info for com.google.settings
09-03 11:36:45.732 2613 2634 E ActivityThread: Failed to find provider info for com.google.settings
09-03 11:36:45.735 2613 2634 E ActivityThread: Failed to find provider info for com.google.settings
09-03 11:36:45.758 2613 2634 E SQLiteLog: (1) no such table: _sync_state_metadata
09-03 11:36:45.775 2613 2613 W AwContents: onDetachedFromWindow called when already detached. Ignoring
09-03 11:36:45.846 2613 2613 D WebViewTimersControl: onBrowserActivityResume
09-03 11:36:45.846 2613 2613 D WebViewTimersControl: Resuming webview timers, view=com.android.browser.BrowserWebView{2a06751 VFEDHVCL. .F....I. 0,0-0,0}
09-03 11:36:45.898 2613 2613 V NFC : this device does not have NFC support
09-03 11:36:45.904 2613 2671 D OpenGLRenderer: Use EGL_SWAP_BEHAVIOR_PRESERVED: true
09-03 11:36:45.916 2613 2656 W chromium: [WARNING:data_reduction_proxy_config.cc(423)] SPDY proxy OFF at startup
09-03 11:36:46.011 2613 2671 I OpenGLRenderer: Initialized EGL, version 1.4
09-03 11:36:46.020 2613 2671 D Surface : Surface::final mReqUsage=a00
09-03 11:36:46.021 2613 2671 D mali_winsys: EGLint new_window_surface(egl_winsys_display*, void*, EGLSurface, EGLConfig, egl_winsys_surface**, egl_color_buffer_format*, EGLBoolean) returns 0x3000
09-03 11:36:46.271 557 596 I ActivityManager: Displayed com.android.browser/.BrowserActivity: +1s581ms
09-03 11:36:46.587 2613 2613 W BindingManager: Cannot call determinedVisibility() - never saw a connection for the pid: 2613
09-03 11:36:46.657 2613 2613 W BindingManager: Cannot call determinedVisibility() - never saw a connection for the pid: 2613
09-03 11:36:46.674 2613 2613 E browser : Console: Not allowed to load local resource: file:///android_asset/webkit/android-weberror.png data:text/html,chromewebdata:0
09-03 11:36:47.591 2613 2671 D Surface : Surface::final mReqUsage=a00
09-03 11:36:47.592 2613 2671 D mali_winsys: EGLint new_window_surface(egl_winsys_display*, void*, EGLSurface, EGLConfig, egl_winsys_surface**, egl_color_buffer_format*, EGLBoolean) returns 0x3000
09-03 11:36:48.092 557 925 D pms : Enter idle state
09-03 11:36:48.093 557 925 D pms : ######### Switching system power mode to [standby]
09-03 11:36:48.093 557 925 I pms : ========== Setup an [300000]s alarm for standby mode ==========
09-03 11:36:48.094 557 925 D pms :
09-03 11:36:48.094 557 925 D pms :
09-03 11:36:48.094 557 925 D pms : ************** Add alarm:onyx_standby_timeout
09-03 11:36:48.094 557 925 D pms :
09-03 11:36:48.097 557 557 D pms : set alarm:onyx_standby_timeout, now:1535945808096 [ 2018-09-03 11:36:48], wake:1535946108093 [2018-09-03 11:41:48]
09-03 11:36:49.069 557 786 D pms : ######### Switching system power mode to [off]
09-03 11:36:49.072 557 557 D pms : ************** cancel alarm:onyx_standby_timeout
09-03 11:36:49.073 557 557 D pms : ************** cancel alarm:onyx_auto_poweroff
09-03 11:36:49.141 557 1335 I ActivityManager: START u0 {act=android.settings.WIFI_SETTINGS cmp=com.android.settings/.Settings$WifiSettingsActivity (has extras)} from uid 10017 on display 0
09-03 11:36:49.188 557 928 W InputMethodManagerService: Window already focused, ignoring focus gain of: com.android.internal.view.IInputMethodClient$Stub$Proxy@918f10e attribute=null, token = android.os.BinderProxy@eb6015b
09-03 11:36:49.189 2613 2613 D WebViewTimersControl: onBrowserActivityPause
09-03 11:36:49.189 2613 2613 D WebViewTimersControl: Pausing webview timers, view=com.android.browser.BrowserWebView{2a06751 VFEDHVCL. .F....ID 0,0-1404,1579}
09-03 11:36:49.351 557 588 D WifiService: setWifiEnabled: true pid=1427, uid=1000
09-03 11:36:49.351 557 588 E WifiService: Invoking mWifiStateMachine.setWifiEnabled
09-03 11:36:49.359 557 796 D WifiHW : wifi_load_driver
09-03 11:36:49.359 557 796 D WifiHW : check_wifi_preload: Wifi driver is preload when bootup.
09-03 11:36:49.361 215 540 I chatty : uid=0(root) /system/bin/netd expire 6 lines
09-03 11:36:49.382 557 796 E WifiMonitor: killSupplicant p2ptrue init.svc.wpa_supplicant=unknown init.svc.p2p_supplicant=unknown
09-03 11:36:49.403 1427 1971 D Index : Deleting data for locale 'zh_CN' took 1 millis
09-03 11:36:49.471 1427 1970 D Surface : Surface::final mReqUsage=a00
09-03 11:36:49.472 1427 1970 D mali_winsys: EGLint new_window_surface(egl_winsys_display*, void*, EGLSurface, EGLConfig, egl_winsys_surface**, egl_color_buffer_format*, EGLBoolean) returns 0x3000
09-03 11:36:49.612 1970 1970 I RenderThread: type=1400 audit(0.0:120): avc: denied { read } for name="lib" dev="mmcblk0p13" ino=13 scontext=u:r:system_app:s0 tcontext=u:object_r:unlabeled:s0 tclass=lnk_file permissive=1
09-03 11:36:49.700 557 596 I ActivityManager: Displayed com.android.settings/.Settings$WifiSettingsActivity: +487ms
09-03 11:36:50.159 557 796 D wifi : set interface wlan0 flags (UP)
09-03 11:36:50.159 557 796 I WifiHAL : Initializing wifi
09-03 11:36:50.159 557 796 I WifiHAL : Creating socket
09-03 11:36:50.160 557 796 I WifiHAL : Initialized Wifi HAL Successfully; vendor cmd = 103
09-03 11:36:50.160 557 796 D wifi : Did set static halHandle = 0xb82b0328
09-03 11:36:50.160 557 796 D wifi : halHandle = 0xb82b0328, mVM = 0xb7a3e388, mCls = 0x2012de
09-03 11:36:50.160 557 796 D wifi : array field set
09-03 11:36:50.160 557 796 I WifiNative-HAL: interface[0] = wlan0
09-03 11:36:50.161 557 796 D WifiHW : wifi_start_supplicant: p2p_supplicant
09-03 11:36:50.161 557 593 D Tethering: interfaceLinkStateChanged wlan0, true
09-03 11:36:50.161 557 2686 I WifiNative-HAL: Waiting for HAL events mWifiHalHandle=-1205140696
09-03 11:36:50.161 557 593 D Tethering: interfaceStatusChanged wlan0, true
09-03 11:36:50.161 557 2686 D wifi : waitForHalEvents called, vm = 0xb7a3e388, obj = 0x2012de, env = 0xb82af820
09-03 11:36:50.162 2687 2687 I chatty : uid=0(root) /system/bin/wpa_supplicant expire 1 line
09-03 11:36:50.164 557 796 D WifiMonitor: startMonitoring(wlan0) with mConnected = false
09-03 11:36:50.173 1600 1600 I DeviceReceiver: Received[70]: android.net.wifi.WIFI_STATE_CHANGED data null
09-03 11:36:50.175 1600 1600 I DeviceReceiver: Received[71]: android.net.wifi.WIFI_STATE_CHANGED data null
09-03 11:36:50.209 1600 1600 D Debug : network is connected: false, action is :android.net.wifi.WIFI_STATE_CHANGED
09-03 11:36:50.232 2687 2687 I wpa_supplicant: Successfully initialized wpa_supplicant
09-03 11:36:50.236 557 593 D Tethering: interfaceLinkStateChanged wlan0, true
09-03 11:36:50.236 557 593 D Tethering: interfaceStatusChanged wlan0, true
09-03 11:36:50.360 2687 2687 E wpa_supplicant: Could not read interface p2p-dev-wlan0 flags: No such device
09-03 11:36:50.433 1600 1600 I DeviceReceiver: Received[72]: android.net.wifi.WIFI_STATE_CHANGED data null
09-03 11:36:50.434 557 796 D WifiConfigStore: Loading config and enabling all networks
09-03 11:36:50.438 1427 1971 D Index : Indexing locale 'zh_CN' took 1035 millis
09-03 11:36:50.438 557 796 D WifiConfigStore: loaded 0 passpoint configs
09-03 11:36:50.439 557 796 E WifiConfigStore: Error parsing configuration: java.io.FileNotFoundException: /data/misc/wifi/ipconfig.txt: open failed: ENOENT (No such file or directory)
09-03 11:36:50.440 1600 1600 I DeviceReceiver: Received[73]: android.net.wifi.WIFI_STATE_CHANGED data null
09-03 11:36:50.443 1600 1600 D Debug : network is connected: false, action is :android.net.wifi.WIFI_STATE_CHANGED
09-03 11:36:50.445 557 796 E WifiConfigStore: readNetworkHistory: No config file, revert to default, java.io.FileNotFoundException: /data/misc/wifi/networkHistory.txt: open failed: ENOENT (No such file or directory)
09-03 11:36:50.445 557 796 E WifiConfigStore: java.io.FileNotFoundException: /data/misc/wifi/networkHistory.txt: open failed: ENOENT (No such file or directory)
09-03 11:36:50.445 557 796 E WifiConfigStore: at libcore.io.IoBridge.open(IoBridge.java:452)
09-03 11:36:50.445 557 796 E WifiConfigStore: at java.io.FileInputStream.(FileInputStream.java:76)
09-03 11:36:50.445 557 796 E WifiConfigStore: at java.io.FileInputStream.(FileInputStream.java:103)
09-03 11:36:50.445 557 796 E WifiConfigStore: at com.android.server.wifi.WifiConfigStore.readNetworkHistory(WifiConfigStore.java:2404)
09-03 11:36:50.445 557 796 E WifiConfigStore: at com.android.server.wifi.WifiConfigStore.loadConfiguredNetworks(WifiConfigStore.java:1982)
09-03 11:36:50.445 557 796 E WifiConfigStore: at com.android.server.wifi.WifiConfigStore.loadAndEnableAllNetworks(WifiConfigStore.java:726)
09-03 11:36:50.445 557 796 E WifiConfigStore: at com.android.server.wifi.WifiStateMachine$SupplicantStartingState.processMessage(WifiStateMachine.java:5989)
09-03 11:36:50.445 557 796 E WifiConfigStore: at com.android.internal.util.StateMachine$SmHandler.processMsg(StateMachine.java:968)
09-03 11:36:50.445 557 796 E WifiConfigStore: at com.android.internal.util.StateMachine$SmHandler.handleMessage(StateMachine.java:791)
09-03 11:36:50.445 557 796 E WifiConfigStore: at android.os.Handler.dispatchMessage(Handler.java:102)
09-03 11:36:50.445 557 796 E WifiConfigStore: at android.os.Looper.loop(Looper.java:148)
09-03 11:36:50.445 557 796 E WifiConfigStore: at android.os.HandlerThread.run(HandlerThread.java:61)
09-03 11:36:50.445 557 796 E WifiConfigStore: Caused by: android.system.ErrnoException: open failed: ENOENT (No such file or directory)
09-03 11:36:50.445 557 796 E WifiConfigStore: at libcore.io.Posix.open(Native Method)
09-03 11:36:50.445 557 796 E WifiConfigStore: at libcore.io.BlockGuardOs.open(BlockGuardOs.java:186)
09-03 11:36:50.445 557 796 E WifiConfigStore: at libcore.io.IoBridge.open(IoBridge.java:438)
09-03 11:36:50.445 557 796 E WifiConfigStore: ... 11 more
09-03 11:36:50.445 557 796 E WifiConfigStore: readAutoJoinStatus: Error parsing configurationjava.io.FileNotFoundException: /data/misc/wifi/autojoinconfig.txt: open failed: ENOENT (No such file or directory)
09-03 11:36:50.445 557 796 E WifiConfigStore: buildPnoList sortedWifiConfigurations size 0
09-03 11:36:50.455 557 796 E WifiConfigStore: --- Begin /data/misc/wifi/wpa_supplicant.conf ---
09-03 11:36:50.456 557 796 E WifiConfigStore: disable_scan_offload=1
09-03 11:36:50.456 557 796 E WifiConfigStore: driver_param=use_p2p_group_interface=1p2p_device=1
09-03 11:36:50.457 557 796 E WifiConfigStore: update_config=1
09-03 11:36:50.458 557 796 E WifiConfigStore: device_name=Nova
09-03 11:36:50.464 557 796 E WifiConfigStore: manufacturer=Onyx
09-03 11:36:50.464 557 796 E WifiConfigStore: model_name=Nova
09-03 11:36:50.466 557 796 E WifiConfigStore: model_number=Nova
09-03 11:36:50.468 557 796 E WifiConfigStore: serial_number=
09-03 11:36:50.469 557 796 E WifiConfigStore: device_type=10-0050F204-5
09-03 11:36:50.479 557 796 E WifiConfigStore: config_methods=physical_display virtual_push_button
09-03 11:36:50.480 557 796 E WifiConfigStore: p2p_no_go_freq=5170-5740
09-03 11:36:50.480 557 796 E WifiConfigStore: pmf=1
09-03 11:36:50.481 557 796 E WifiConfigStore: external_sim=1
09-03 11:36:50.486 1427 1971 D Index : Deleting data for locale 'zh_CN' took 3 millis
09-03 11:36:50.487 557 796 E WifiConfigStore: wowlan_triggers=any
09-03 11:36:50.487 557 796 E WifiConfigStore: p2p_search_delay=0
09-03 11:36:50.488 557 796 E WifiConfigStore: --- End /data/misc/wifi/wpa_supplicant.conf Contents ---
09-03 11:36:50.489 557 796 E WifiConfigStore: --- Begin /data/misc/wifi/wpa_supplicant.conf.tmp ---
09-03 11:36:50.489 557 796 E WifiConfigStore: Could not open /data/misc/wifi/wpa_supplicant.conf.tmp, java.io.FileNotFoundException: /data/misc/wifi/wpa_supplicant.conf.tmp: open failed: ENOENT (No such file or directory)
09-03 11:36:50.490 557 796 E WifiConfigStore: --- End /data/misc/wifi/wpa_supplicant.conf.tmp Contents ---
09-03 11:36:50.490 557 796 E WifiConfigStore: --- Begin /data/misc/wifi/networkHistory.txt ---
09-03 11:36:50.491 557 796 E WifiConfigStore: Could not open /data/misc/wifi/networkHistory.txt, java.io.FileNotFoundException: /data/misc/wifi/networkHistory.txt: open failed: ENOENT (No such file or directory)
09-03 11:36:50.492 557 796 E WifiConfigStore: --- End /data/misc/wifi/networkHistory.txt Contents ---
09-03 11:36:50.501 557 796 D WifiNative-HAL: Setting external_sim to 1
09-03 11:36:50.501 557 796 D wifi : setting dfs flag to true, 0xb7eff7f8
09-03 11:36:50.502 557 796 D WifiStateMachine: Setting OUI to DA-A1-19
09-03 11:36:50.502 557 796 D wifi : setting scan oui 0xb7eff7f8
09-03 11:36:50.502 557 796 D WifiHAL : Sending mac address OUI
09-03 11:36:50.502 557 796 E WifiHAL : failed to set scanning mac OUI; result = -95
09-03 11:36:50.514 557 796 E native : do suspend false
09-03 11:36:50.541 557 557 D RttService: SCAN_AVAILABLE : 3
09-03 11:36:50.541 557 813 D RttService: DefaultState got{ when=0 what=160512 target=com.android.internal.util.StateMachine$SmHandler }
09-03 11:36:50.541 557 812 D wifi : failed to get capabilities : -95
09-03 11:36:50.541 557 812 E WifiScanningService: could not get scan capabilities
09-03 11:36:50.541 557 796 E wifi : wifi_get_supported_feature_set returned error = 0xffffffa1
09-03 11:36:50.541 557 796 D wifi : android_net_wifi_setLinkLayerStats: 1
09-03 11:36:50.553 557 795 E WifiP2pService: Unable to change interface settings: java.lang.IllegalStateException: command '54 interface setcfg p2p0 0.0.0.0 0 up' failed with '400 54 Failed to set address (No such device)'
09-03 11:36:50.553 557 795 D WifiMonitor: startMonitoring(p2p0) with mConnected = true
09-03 11:36:50.563 557 795 D WifiNative-HAL: p2pGetDeviceAddress
09-03 11:36:50.563 557 795 D WifiNative-HAL: p2pGetDeviceAddress returning 12:d0:7a:e0:34:22
09-03 11:36:50.629 1427 1971 D Index : Indexing locale 'zh_CN' took 143 millis
09-03 11:36:50.636 557 796 D WifiConfigStore: Retrieve network priorities after PNO.
09-03 11:36:50.657 1427 1971 D Index : Deleting data for locale 'zh_CN' took 0 millis
09-03 11:36:50.667 557 796 D WifiConfigStore: Retrieve network priorities after PNO.
09-03 11:36:50.749 1600 1600 I DeviceReceiver: Received[74]: android.net.wifi.STATE_CHANGE data null
09-03 11:36:50.755 1600 1600 I DeviceReceiver: Received[75]: android.net.wifi.STATE_CHANGE data null
09-03 11:36:50.758 1600 1600 I DeviceReceiver: Received[76]: android.net.wifi.STATE_CHANGE data null
09-03 11:36:50.760 1600 1600 I DeviceReceiver: Received[77]: android.net.wifi.STATE_CHANGE data null
09-03 11:36:50.766 1427 1971 D Index : Indexing locale 'zh_CN' took 109 millis
09-03 11:36:50.771 1600 1600 D Debug : network is connected: false, action is :android.net.wifi.STATE_CHANGE
09-03 11:36:50.812 1600 1600 D Debug : network is connected: false, action is :android.net.wifi.STATE_CHANGE
09-03 11:36:51.734 193 193 I chatty : uid=0(root) /system/bin/surfaceflinger expire 38 lines
09-03 11:36:51.742 557 593 D Tethering: interfaceLinkStateChanged wlan0, true
09-03 11:36:51.742 557 593 D Tethering: interfaceStatusChanged wlan0, true
09-03 11:36:51.945 557 598 D pms : Enter idle state
09-03 11:36:51.945 557 598 D pms : ######### Switching system power mode to [standby]
09-03 11:36:51.945 557 598 I pms : ========== Setup an [300000]s alarm for standby mode ==========
09-03 11:36:51.945 557 598 D pms :
09-03 11:36:51.945 557 598 D pms :
09-03 11:36:51.945 557 598 D pms : ************** Add alarm:onyx_standby_timeout
09-03 11:36:51.945 557 598 D pms :
09-03 11:36:51.947 557 557 D pms : set alarm:onyx_standby_timeout, now:1535945811946 [ 2018-09-03 11:36:51], wake:1535946111945 [2018-09-03 11:41:51]
09-03 11:36:54.069 557 786 D pms : ######### Switching system power mode to [off]
09-03 11:36:54.069 557 557 D pms : ************** cancel alarm:onyx_standby_timeout
09-03 11:36:54.069 557 557 D pms : ************** cancel alarm:onyx_auto_poweroff
09-03 11:36:54.577 1427 1970 D Surface : Surface::final mReqUsage=a00
09-03 11:36:54.577 1427 1970 D mali_winsys: EGLint new_window_surface(egl_winsys_display*, void*, EGLSurface, EGLConfig, egl_winsys_surface**, egl_color_buffer_format*, EGLBoolean) returns 0x3000
09-03 11:36:54.669 557 557 D ZenLog : disable_effects: -1|android|17040357|null|1000,booleanState
09-03 11:36:54.683 557 557 D ZenLog : disable_effects: -1|android|17040357|null|1000,booleanState
09-03 11:36:54.790 1202 2285 D Surface : Surface::final mReqUsage=a00
09-03 11:36:54.790 1202 2285 D mali_winsys: EGLint new_window_surface(egl_winsys_display*, void*, EGLSurface, EGLConfig, egl_winsys_surface**, egl_color_buffer_format*, EGLBoolean) returns 0x3000
09-03 11:36:56.802 2716 2716 I chatty : uid=0(root) /system/bin/rild expire 1 line
09-03 11:36:56.948 557 598 D pms : Enter idle state
09-03 11:36:56.949 557 598 D pms : ######### Switching system power mode to [standby]
09-03 11:36:56.949 557 598 I pms : ========== Setup an [300000]s alarm for standby mode ==========
09-03 11:36:56.953 557 598 D pms :
09-03 11:36:56.953 557 598 D pms :
09-03 11:36:56.953 557 598 D pms : ************** Add alarm:onyx_standby_timeout
09-03 11:36:56.953 557 598 D pms :
09-03 11:36:56.969 557 557 D pms : set alarm:onyx_standby_timeout, now:1535945816959 [ 2018-09-03 11:36:56], wake:1535946116950 [2018-09-03 11:41:56]
09-03 11:36:57.005 557 786 D pms : ######### Switching system power mode to [off]
09-03 11:36:57.006 557 557 D pms : ************** cancel alarm:onyx_standby_timeout
09-03 11:36:57.006 557 557 D pms : ************** cancel alarm:onyx_auto_poweroff
09-03 11:36:57.148 557 557 D ZenLog : disable_effects: -1|android|17040357|null|1000,booleanState
09-03 11:36:57.158 557 557 D ZenLog : disable_effects: -1|android|17040357|null|1000,booleanState
09-03 11:37:01.171 557 796 D WifiConfigStore: Retrieve network priorities after PNO.
09-03 11:37:02.305 557 593 D Tethering: interfaceLinkStateChanged wlan0, true
09-03 11:37:02.305 557 593 D Tethering: interfaceStatusChanged wlan0, true
09-03 11:37:02.493 193 193 I chatty : uid=0(root) /system/bin/surfaceflinger expire 46 lines
09-03 11:37:11.191 557 796 D WifiConfigStore: Retrieve network priorities after PNO.
09-03 11:37:11.687 557 797 E WiFiServiceImpl : SAVE nid=0 uid=1000 name=android.uid.system:1000
09-03 11:37:11.688 557 797 D WifiService: Connect with config* ID: -1 SSID: "DevTest" PROVIDER-NAME: null BSSID: null FQDN: null PRIO: 0
09-03 11:37:11.688 557 797 D WifiService: KeyMgmt: WPA_PSK Protocols:
09-03 11:37:11.688 557 797 D WifiService: AuthAlgorithms:
09-03 11:37:11.688 557 797 D WifiService: PairwiseCiphers:
09-03 11:37:11.688 557 797 D WifiService: GroupCiphers:
09-03 11:37:11.688 557 797 D WifiService: PSK: *
09-03 11:37:11.688 557 797 D WifiService: Enterprise config:
09-03 11:37:11.688 557 797 D WifiService: IP config:
09-03 11:37:11.688 557 797 D WifiService: IP assignment: DHCP
09-03 11:37:11.688 557 797 D WifiService: Proxy settings: NONE
09-03 11:37:11.688 557 797 D WifiService: cuid=-1 luid=-1 lcuid=0 userApproved=USER_UNSPECIFIED noInternetAccessExpected=false roamingFailureBlackListTimeMilli: 1000
09-03 11:37:11.688 557 797 D WifiService: triggeredLow: 0 triggeredBad: 0 triggeredNotHigh: 0
09-03 11:37:11.688 557 797 D WifiService: ticksLow: 0 ticksBad: 0 ticksNotHigh: 0
09-03 11:37:11.688 557 797 D WifiService: triggeredJoin: 0
09-03 11:37:11.688 557 797 D WifiService: autoJoinBailedDueToLowRssi: false
09-03 11:37:11.688 557 797 D WifiService: autoJoinUseAggressiveJoinAttemptThreshold: 0
09-03 11:37:11.688 557 797 E WiFiServiceImpl : CONNECT nid=-1 uid=1000 name=android.uid.system:1000
09-03 11:37:11.689 557 797 D WifiService: Connect with config* ID: -1 SSID: "DevTest" PROVIDER-NAME: null BSSID: null FQDN: null PRIO: 0
09-03 11:37:11.689 557 797 D WifiService: KeyMgmt: WPA_PSK Protocols:
09-03 11:37:11.689 557 797 D WifiService: AuthAlgorithms:
09-03 11:37:11.689 557 797 D WifiService: PairwiseCiphers:
09-03 11:37:11.689 557 797 D WifiService: GroupCiphers:
09-03 11:37:11.689 557 797 D WifiService: PSK: *
09-03 11:37:11.689 557 797 D WifiService: Enterprise config:
09-03 11:37:11.689 557 797 D WifiService: IP config:
09-03 11:37:11.689 557 797 D WifiService: IP assignment: DHCP
09-03 11:37:11.689 557 797 D WifiService: Proxy settings: NONE
09-03 11:37:11.689 557 797 D WifiService: cuid=-1 luid=-1 lcuid=0 userApproved=USER_UNSPECIFIED noInternetAccessExpected=false roamingFailureBlackListTimeMilli: 1000
09-03 11:37:11.689 557 797 D WifiService: triggeredLow: 0 triggeredBad: 0 triggeredNotHigh: 0
09-03 11:37:11.689 557 797 D WifiService: ticksLow: 0 ticksBad: 0 ticksNotHigh: 0
09-03 11:37:11.689 557 797 D WifiService: triggeredJoin: 0
09-03 11:37:11.689 557 797 D WifiService: autoJoinBailedDueToLowRssi: false
09-03 11:37:11.689 557 797 D WifiService: autoJoinUseAggressiveJoinAttemptThreshold: 0
09-03 11:37:11.710 557 796 D WifiStateMachine: SAVE_NETWORK id=-1 config="DevTest" nid=-1 supstate=ScanState my state DisconnectedState
09-03 11:37:11.712 557 796 E WifiConfigStore: addOrUpdateNetworkNative created netId=0
09-03 11:37:11.759 557 796 D WifiConfigStore: created new config netId=0 uid=1000 name=android.uid.system:1000
09-03 11:37:11.772 557 796 E WifiConfigStore: rewrite network history for "DevTest"WPA_PSK
09-03 11:37:11.809 557 796 D WifiAutoJoinController : updateConfigurationHistory found 0 networks
09-03 11:37:11.809 557 796 D WifiAutoJoinController : updateConfigurationHistory try to connect to an old network!! : "DevTest"WPA_PSK
09-03 11:37:11.810 557 796 E WifiConfigStore: rewrite network history for "DevTest"WPA_PSK
09-03 11:37:11.828 557 796 D WifiStateMachine: CONNECT_NETWORK updating existing config with id=0 configKey="DevTest"WPA_PSK
09-03 11:37:11.886 557 796 D WifiStateMachine: CONNECT_NETWORK id=0 config="DevTest" cnid=0 supstate=ScanState my state DisconnectedState uid = 1000
09-03 11:37:11.886 557 796 E WifiConfigStore: saveWifiConfigBSSID Setting BSSID for "DevTest"WPA_PSK to any
09-03 11:37:11.895 557 796 E WifiConfigStore: saveWifiConfigBSSID Setting BSSID for "DevTest"WPA_PSK to any
09-03 11:37:11.905 557 796 D WifiAutoJoinController : updateConfigurationHistory found 0 networks
09-03 11:37:11.905 557 796 D WifiAutoJoinController : updateConfigurationHistory try to connect to an old network!! : "DevTest"WPA_PSK
09-03 11:37:11.905 557 796 E WifiConfigStore: rewrite network history for "DevTest"WPA_PSK
09-03 11:37:11.908 557 796 E WifiConfigStore: buildPnoList sortedWifiConfigurations size 1
09-03 11:37:11.908 557 796 E WifiConfigStore: found sortedWifiConfigurations : "DevTest"WPA_PSK
09-03 11:37:11.915 557 796 E WifiConfigStore: rewrite network history for "DevTest"WPA_PSK
09-03 11:37:11.919 557 796 D WifiConfigStore: Retrieve network priorities after PNO.
09-03 11:37:12.338 557 593 D Tethering: interfaceLinkStateChanged wlan0, true
09-03 11:37:12.338 557 593 D Tethering: interfaceStatusChanged wlan0, true
09-03 11:37:14.059 557 593 D Tethering: interfaceLinkStateChanged wlan0, true
09-03 11:37:14.059 2687 2687 I wpa_supplicant: wlan0: Trying to associate with 24:79:2a:0b:07:38 (SSID='DevTest' freq=2437 MHz)
09-03 11:37:14.059 557 593 D Tethering: interfaceStatusChanged wlan0, true
09-03 11:37:14.110 557 593 D Tethering: interfaceLinkStateChanged wlan0, true
09-03 11:37:14.110 557 593 D Tethering: interfaceStatusChanged wlan0, true
09-03 11:37:14.120 557 593 D Tethering: interfaceLinkStateChanged wlan0, true
09-03 11:37:14.121 557 593 D Tethering: interfaceStatusChanged wlan0, true
09-03 11:37:14.121 2687 2687 I wpa_supplicant: wlan0: Associated with 24:79:2a:0b:07:38
09-03 11:37:14.125 557 593 D Tethering: interfaceLinkStateChanged wlan0, true
09-03 11:37:14.125 557 593 D Tethering: interfaceStatusChanged wlan0, true
09-03 11:37:14.125 557 593 D Tethering: interfaceLinkStateChanged wlan0, true
09-03 11:37:14.126 557 593 D Tethering: interfaceStatusChanged wlan0, true
09-03 11:37:14.129 557 593 D Tethering: interfaceLinkStateChanged wlan0, true
09-03 11:37:14.129 557 593 D Tethering: interfaceStatusChanged wlan0, true
09-03 11:37:14.131 557 593 D Tethering: interfaceLinkStateChanged wlan0, true
09-03 11:37:14.132 557 593 D Tethering: interfaceStatusChanged wlan0, true
09-03 11:37:14.134 557 593 D Tethering: interfaceLinkStateChanged wlan0, true
09-03 11:37:14.134 557 593 D Tethering: interfaceStatusChanged wlan0, true
09-03 11:37:14.136 557 593 D Tethering: interfaceLinkStateChanged wlan0, true
09-03 11:37:14.136 557 593 D Tethering: interfaceStatusChanged wlan0, true
09-03 11:37:14.139 2687 2687 I wpa_supplicant: wlan0: WPA: Key negotiation completed with 24:79:2a:0b:07:38 [PTK=CCMP GTK=CCMP]
09-03 11:37:14.139 2687 2687 I wpa_supplicant: wlan0: CTRL-EVENT-CONNECTED - Connection to 24:79:2a:0b:07:38 completed [id=0 id_str=]
09-03 11:37:14.142 557 593 D Tethering: interfaceLinkStateChanged wlan0, true
09-03 11:37:14.142 557 593 D Tethering: interfaceStatusChanged wlan0, true
09-03 11:37:14.242 1600 1600 I DeviceReceiver: Received[78]: android.net.wifi.STATE_CHANGE data null
09-03 11:37:14.244 1600 1600 I DeviceReceiver: Received[79]: android.net.wifi.STATE_CHANGE data null
