09-03 11:37:14.249 1600 1600 D Debug : network is connected: false, action is :android.net.wifi.STATE_CHANGE
09-03 11:37:14.257 1600 1600 I DeviceReceiver: Received[80]: android.net.wifi.STATE_CHANGE data null
09-03 11:37:14.258 1600 1600 I DeviceReceiver: Received[81]: android.net.wifi.STATE_CHANGE data null
09-03 11:37:14.266 1600 1600 D Debug : network is connected: false, action is :android.net.wifi.STATE_CHANGE
09-03 11:37:14.291 1600 1600 I DeviceReceiver: Received[82]: android.net.wifi.STATE_CHANGE data null
09-03 11:37:14.292 1600 1600 I DeviceReceiver: Received[83]: android.net.wifi.STATE_CHANGE data null
09-03 11:37:14.297 1600 1600 D Debug : network is connected: false, action is :android.net.wifi.STATE_CHANGE
09-03 11:37:14.315 557 796 D WifiConfigStore: Retrieve network priorities after PNO.
09-03 11:37:14.317 1600 1600 I DeviceReceiver: Received[84]: android.net.wifi.STATE_CHANGE data null
09-03 11:37:14.318 1600 1600 I DeviceReceiver: Received[85]: android.net.wifi.STATE_CHANGE data null
09-03 11:37:14.325 1600 1600 I DeviceReceiver: Received[86]: android.net.wifi.STATE_CHANGE data null
09-03 11:37:14.326 1600 1600 I DeviceReceiver: Received[87]: android.net.wifi.STATE_CHANGE data null
09-03 11:37:14.329 1600 1600 D Debug : network is connected: false, action is :android.net.wifi.STATE_CHANGE
09-03 11:37:14.337 557 796 D ConnectivityService: registerNetworkAgent NetworkAgentInfo{ ni{[type: WIFI[], state: CONNECTING/CONNECTING, reason: (unspecified), extra: "DevTest", roaming: false, failover: false, isAvailable: true]} network{100} lp{{LinkAddresses: [] Routes: [] DnsAddresses: [] Domains: null MTU: 0 TcpBufferSizes: 524288,1048576,2097152,262144,524288,1048576}} nc{[ Transports: WIFI Capabilities: INTERNET&NOT_RESTRICTED&TRUSTED&NOT_VPN LinkUpBandwidth>=1048576Kbps LinkDnBandwidth>=1048576Kbps]} Score{20} everValidated{false} lastValidated{false} created{false} lingering{false} explicitlySelected{false} acceptUnvalidated{false} everCaptivePortalDetected{false} lastCaptivePortalDetected{false} }
09-03 11:37:14.337 557 796 E WifiConfigStore: saveWifiConfigBSSID Setting BSSID for "DevTest"WPA_PSK to any
09-03 11:37:14.337 557 798 D ConnectivityService: NetworkAgentInfo [WIFI () - 100] EVENT_NETWORK_INFO_CHANGED, going from null to CONNECTING
09-03 11:37:14.344 1600 1600 D Debug : network is connected: false, action is :android.net.wifi.STATE_CHANGE
09-03 11:37:14.348 557 796 E WifiConfigStore: saveWifiConfigBSSID Setting BSSID for "DevTest"WPA_PSK to any
09-03 11:37:14.353 1600 1600 I DeviceReceiver: Received[88]: android.net.wifi.STATE_CHANGE data null
09-03 11:37:14.355 1600 1600 I DeviceReceiver: Received[89]: android.net.wifi.STATE_CHANGE data null
09-03 11:37:14.361 215 540 I chatty : uid=0(root) /system/bin/netd expire 4 lines
09-03 11:37:14.364 1600 1600 D Debug : network is connected: false, action is :android.net.wifi.STATE_CHANGE
09-03 11:37:14.377 557 796 D WifiStateMachine: Start Dhcp Watchdog 1
09-03 11:37:14.444 557 798 D ConnectivityService: notifyType CAP_CHANGED for NetworkAgentInfo [WIFI () - 100]
09-03 11:37:14.444 557 798 D ConnectivityService: updateNetworkScore for NetworkAgentInfo [WIFI () - 100] to 60
09-03 11:37:14.485 557 2727 D DhcpClient: Receive thread started
09-03 11:37:14.553 557 598 D pms : Enter idle state
09-03 11:37:14.553 557 598 D pms : ######### Switching system power mode to [standby]
09-03 11:37:14.553 557 598 I pms : ========== Setup an [300000]s alarm for standby mode ==========
09-03 11:37:14.554 557 598 D pms :
09-03 11:37:14.554 557 598 D pms :
09-03 11:37:14.554 557 598 D pms : ************** Add alarm:onyx_standby_timeout
09-03 11:37:14.554 557 598 D pms :
09-03 11:37:14.556 557 557 D pms : set alarm:onyx_standby_timeout, now:1535945834555 [ 2018-09-03 11:37:14], wake:1535946134553 [2018-09-03 11:42:14]
09-03 11:37:14.579 193 193 I chatty : uid=0(root) /system/bin/surfaceflinger expire 84 lines
09-03 11:37:14.613 557 796 E native : do suspend false
09-03 11:37:14.625 557 2726 D DhcpClient: Broadcasting DHCPDISCOVER
09-03 11:37:14.708 557 2727 D DhcpClient: Received packet: 10:d0:7a:e0:34:22 OFFER, ip /192.168.0.171, mask /255.255.255.0, DNS servers: /192.168.0.1 /192.168.0.1 , gateways [/192.168.0.1] lease time 7200, domain null
09-03 11:37:14.709 557 2726 D DhcpClient: Got pending lease: IP address 192.168.0.171/24 Gateway 192.168.0.1 DNS servers: [ 192.168.0.1 192.168.0.1 ] Domains DHCP server /192.168.0.1 Vendor info null lease 7200 seconds
09-03 11:37:14.711 557 2726 D DhcpClient: Broadcasting DHCPREQUEST ciaddr=0.0.0.0 request=192.168.0.171 serverid=192.168.0.1
09-03 11:37:14.720 557 2727 D DhcpClient: Received packet: 10:d0:7a:e0:34:22 ACK: your new IP /192.168.0.171, netmask /255.255.255.0, gateways [/192.168.0.1] DNS servers: /192.168.0.1 /192.168.0.1 , lease time 7200
09-03 11:37:14.721 557 2726 D DhcpClient: Confirmed lease: IP address 192.168.0.171/24 Gateway 192.168.0.1 DNS servers: [ 192.168.0.1 192.168.0.1 ] Domains DHCP server /192.168.0.1 Vendor info null lease 7200 seconds
09-03 11:37:14.749 557 2726 D DhcpClient: Scheduling renewal in 3599s
09-03 11:37:14.797 557 796 D WifiStateMachine: WifiStateMachine: handleSuccessfulIpConfiguration and no scan results"DevTest"WPA_PSK
09-03 11:37:14.798 557 798 D ConnectivityService: NetworkAgentInfo [WIFI () - 100] EVENT_NETWORK_INFO_CHANGED, going from CONNECTING to CONNECTED
09-03 11:37:14.801 557 798 D ConnectivityService: Adding iface wlan0 to network 100
09-03 11:37:14.822 2728 2728 I chatty : uid=0(root) /system/bin/iptables expire 1 line
09-03 11:37:14.823 1600 1600 I DeviceReceiver: Received[90]: android.net.wifi.STATE_CHANGE data null
09-03 11:37:14.825 1600 1600 I DeviceReceiver: Received[91]: android.net.wifi.STATE_CHANGE data null
09-03 11:37:14.835 557 796 E WifiStateMachine: Did not find remoteAddress {192.168.0.1} in /proc/net/arp
09-03 11:37:14.843 1600 1600 I DeviceReceiver: Received[92]: android.net.wifi.STATE_CHANGE data null
09-03 11:37:14.857 1600 1600 I DeviceReceiver: Received[93]: android.net.wifi.STATE_CHANGE data null
09-03 11:37:14.906 1600 1600 D Debug : network is connected: false, action is :android.net.wifi.STATE_CHANGE
09-03 11:37:14.951 557 798 E ConnectivityService: Unexpected mtu value: 0, wlan0
09-03 11:37:14.952 557 798 D ConnectivityService: Adding Route [fe80::/64 -> :: wlan0] to network 100
09-03 11:37:14.954 557 798 D ConnectivityService: Adding Route [192.168.0.0/24 -> 0.0.0.0 wlan0] to network 100
09-03 11:37:14.961 557 798 D ConnectivityService: Adding Route [0.0.0.0/0 -> 192.168.0.1 wlan0] to network 100
09-03 11:37:14.963 557 798 D ConnectivityService: Setting Dns servers for network 100 to [/192.168.0.1]
09-03 11:37:14.989 557 798 D ConnectivityService: notifyType IP_CHANGED for NetworkAgentInfo [WIFI () - 100]
09-03 11:37:15.024 557 798 D ConnectivityService: scheduleUnvalidatedPrompt 100
09-03 11:37:15.024 557 798 D ConnectivityService: updateSignalStrengthThresholds: CONNECT, sending [] to NetworkAgentInfo [WIFI () - 100]
09-03 11:37:15.025 557 798 D ConnectivityService: rematch for NetworkAgentInfo [WIFI () - 100]
09-03 11:37:15.025 557 798 D ConnectivityService: accepting network in place of null
09-03 11:37:15.025 557 796 D WifiNetworkAgent: NetworkAgent: Received signal strength thresholds: []
09-03 11:37:15.028 557 798 D ConnectivityService: Switching to new default network: NetworkAgentInfo{ ni{[type: WIFI[], state: CONNECTED/CONNECTED, reason: (unspecified), extra: "DevTest", roaming: false, failover: false, isAvailable: true]} network{100} lp{{InterfaceName: wlan0 LinkAddresses: [fe80::12d0:7aff:fee0:3422/64,192.168.0.171/24,] Routes: [fe80::/64 -> :: wlan0,192.168.0.0/24 -> 0.0.0.0 wlan0,0.0.0.0/0 -> 192.168.0.1 wlan0,] DnsAddresses: [192.168.0.1,] Domains: null MTU: 0 TcpBufferSizes: 524288,1048576,2097152,262144,524288,1048576}} nc{[ Transports: WIFI Capabilities: INTERNET&NOT_RESTRICTED&TRUSTED&NOT_VPN LinkUpBandwidth>=1048576Kbps LinkDnBandwidth>=1048576Kbps SignalStrength: -29]} Score{20} everValidated{false} lastValidated{false} created{true} lingering{false} explicitlySelected{true} acceptUnvalidated{false} everCaptivePortalDetected{false} lastCaptivePortalDetected{false} }
09-03 11:37:15.030 2613 2613 D WebViewTimersControl: onBrowserActivityResume
09-03 11:37:15.030 2613 2613 D WebViewTimersControl: Resuming webview timers, view=com.android.browser.BrowserWebView{2a06751 VFEDHVCL. .F...... 0,0-1404,1579}
09-03 11:37:15.035 557 1334 W ActivityManager: Duplicate finish request for ActivityRecord{e5140d3 u0 com.android.settings/.Settings$WifiSettingsActivity t22 f}
09-03 11:37:15.037 557 796 D WifiNative-HAL: stopRssiMonitoring, cmdId 0
09-03 11:37:15.048 1600 1600 D Debug : network is connected: true, action is :android.net.wifi.STATE_CHANGE
09-03 11:37:15.048 1600 1600 D Debug : network is change, connected = true
09-03 11:37:15.049 1600 1600 D EventBus: No subscribers registered for event class com.onyx.common.event.NetworkChangeEvent
09-03 11:37:15.049 1600 1600 D EventBus: No subscribers registered for event class org.greenrobot.eventbus.NoSubscriberEvent
09-03 11:37:15.097 2613 2671 D Surface : Surface::final mReqUsage=a00
09-03 11:37:15.097 2613 2671 D mali_winsys: EGLint new_window_surface(egl_winsys_display*, void*, EGLSurface, EGLConfig, egl_winsys_surface**, egl_color_buffer_format*, EGLBoolean) returns 0x3000
09-03 11:37:15.107 557 798 D ConnectivityService: Setting tx/rx TCP buffers to 524288,1048576,2097152,262144,524288,1048576
09-03 11:37:15.145 557 798 D CSLegacyTypeTracker: Sending CONNECTED broadcast for type 1 NetworkAgentInfo [WIFI () - 100] isDefaultNetwork=true
09-03 11:37:15.146 557 798 D ConnectivityService: sendStickyBroadcast: action=android.net.conn.CONNECTIVITY_CHANGE
09-03 11:37:15.150 557 557 D Tethering: Tethering got CONNECTIVITY_ACTION
09-03 11:37:15.152 557 595 D Tethering: MasterInitialState.processMessage what=3
09-03 11:37:15.157 557 798 D ConnectivityService: notifyType PRECHECK for NetworkAgentInfo [WIFI () - 100]
09-03 11:37:15.169 557 798 D ConnectivityService: setProvNotificationVisibleIntent null visible=false networkType=MOBILE extraInfo=null highPriority=false
09-03 11:37:15.172 557 798 D ConnectivityService: NetworkAgentInfo [WIFI () - 100] validation passed
09-03 11:37:15.173 557 798 D ConnectivityService: notifyType CAP_CHANGED for NetworkAgentInfo [WIFI () - 100]
09-03 11:37:15.176 1600 1600 D ===AVOS Cloud===: AVPushConnectionManager->initConnection->114: try to query connection server via push router.
09-03 11:37:15.187 557 798 D ConnectivityService: sendStickyBroadcast: action=android.net.conn.INET_CONDITION_ACTION
09-03 11:37:15.197 557 796 E WifiConfigStore: rewrite network history for "DevTest"WPA_PSK
09-03 11:37:15.215 1600 1600 W Glide : Load failed for with size [77x77]
09-03 11:37:15.215 1600 1600 W Glide : class com.bumptech.glide.load.engine.GlideException: Failed to load resource
09-03 11:37:15.215 1600 1600 W Glide : Load failed for with size [77x77]
09-03 11:37:15.215 1600 1600 W Glide : class com.bumptech.glide.load.engine.GlideException: Failed to load resource
09-03 11:37:15.215 1600 1600 W Glide : Load failed for with size [77x77]
09-03 11:37:15.215 1600 1600 W Glide : class com.bumptech.glide.load.engine.GlideException: Failed to load resource
09-03 11:37:15.224 1600 1600 D Debug : network is connected: true, action is :android.net.conn.CONNECTIVITY_CHANGE
09-03 11:37:15.232 1600 1600 W ContextImpl: Calling a method in the system process without a qualified user: android.app.ContextImpl.startService:1221 android.content.ContextWrapper.startService:581 android.content.ContextWrapper.startService:581 com.avos.avoscloud.AVBroadcastReceiver.onReceive:19 android.app.ActivityThread.handleReceiver:2725
09-03 11:37:15.256 1718 1718 D OnyxOtaReceiver: action = android.net.conn.CONNECTIVITY_CHANGE
09-03 11:37:15.265 1600 1600 D com.avos.avoscloud.PushService: PushService->onStartCommand->146: Start to connect to push server with installationId cc841e49e7691cfb4755335b6dbfe0c0
09-03 11:37:15.266 1600 1600 D ===AVOS Cloud===: AVPushConnectionManager->initConnection->114: try to query connection server via push router.
09-03 11:37:15.482 557 1266 D AlarmManagerService: Setting time of day to sec=1535945838
09-03 11:37:18.746 1737 1737 I AlarmClock: AlarmInitReceiver android.intent.action.TIME_SET
09-03 11:37:18.808 557 567 I art : Background sticky concurrent mark sweep GC freed 72743(4MB) AllocSpace objects, 22(528KB) LOS objects, 30% free, 12MB/17MB, paused 843us total 130.390ms
09-03 11:37:18.816 2613 2640 W art : Method processed more than once: java.lang.String org.chromium.net.X509Util.hashPrincipal(javax.security.auth.x500.X500Principal)
09-03 11:37:18.843 1737 1760 V AlarmClock: AlarmInitReceiver finished
09-03 11:37:19.088 1600 2736 W art : Method processed more than once: java.lang.String okhttp3.internal.platform.a.getSelectedProtocol(javax.net.ssl.SSLSocket)
09-03 11:37:19.292 2613 2613 W BindingManager: Cannot call determinedVisibility() - never saw a connection for the pid: 2613
09-03 11:37:19.486 1600 2736 W art : Method processed more than once: java.lang.String okio.ByteString.utf8()
09-03 11:37:19.554 1600 2736 W art : Method processed more than once: java.lang.String com.avos.avoscloud.utils.StringUtils.stringFromBytes(byte[])
09-03 11:37:19.891 2613 2640 W art : Long monitor contention event with owner method=org.chromium.net.AndroidCertVerifyResult org.chromium.net.X509Util.verifyServerCertificates(byte[][], java.lang.String, java.lang.String) from X509Util.java:463 waiters=0 for 236ms
09-03 11:37:20.068 1600 2758 W art : Method processed more than once: java.lang.String com.avos.avoscloud.java_websocket.util.Base64.encodeBytes(byte[], int, int, int)
09-03 11:37:20.135 1600 2763 W art : Method processed more than once: java.lang.String com.avos.avoscloud.java_websocket.util.Charsetfunctions.stringAscii(byte[], int, int)
09-03 11:37:20.201 2613 2750 W art : Long monitor contention event with owner method=org.chromium.net.AndroidCertVerifyResult org.chromium.net.X509Util.verifyServerCertificates(byte[][], java.lang.String, java.lang.String) from X509Util.java:463 waiters=1 for 546ms
09-03 11:37:20.422 1600 2763 W art : Verification of void com.avos.avoscloud.Messages$GenericCommand.(com.google.protobuf.CodedInputStream, com.google.protobuf.ExtensionRegistryLite) took 249.960ms
09-03 11:37:20.441 2613 2624 I art : Background sticky concurrent mark sweep GC freed 46169(2MB) AllocSpace objects, 1(20KB) LOS objects, 23% free, 8MB/11MB, paused 8.150ms total 59.364ms
09-03 11:37:20.592 1600 2763 W com.google.protobuf.q: platform method missing - proto runtime falling back to safer methods: java.lang.NoSuchMethodException: getByte [long]
09-03 11:37:20.593 1600 2763 W com.google.protobuf.q: platform method missing - proto runtime falling back to safer methods: java.lang.NoSuchMethodException: getByte [class java.lang.Object, long]
09-03 11:37:20.610 1600 2763 D ===AVOS Cloud===: LogUtil$avlog->d->43: onOpen()
09-03 11:37:22.943 2613 2613 W browser : Console: Mixed Content: The page at 'https://www.baidu.com/' was loaded over HTTPS, but requested an insecure image 'http://127.0.0.1:59468/?data=fCMxIzsjMi8xLzUjLSMyIzsjbVRmW1ZlT3daWElUN1cyZFQzNm15VmRlUXdlZ1NRRllCOE9aSzFzWFpbd3o3UVE2eHd4Rzc0RExURTF2SHRYcEtzeW93U0dialFnaGhHVkZVNFZ4NEI%2BPiMtIzMjOyM5NTVjfSMtIzQjOzI2NDY6NTY5NTM5Njp%2B'. This content should also be served over HTTPS. https://www.baidu.com/:0
09-03 11:37:23.749 557 598 I pms : CurrentWakelockAvail: [0]
09-03 11:37:23.755 557 598 I pms : Kernel Wakelocks
09-03 11:37:23.755 557 598 I pms :
09-03 11:37:23.755 557 598 I pms : name active_count event_count wakeup_count expire_count active_since total_time max_time last_change prevent_suspend_time
09-03 11:37:23.755 557 598 I pms : PowerManagerService.Broadcasts 2 2 0 0 0 818 733 373252 0
09-03 11:37:23.755 557 598 I pms : PowerManagerService.WakeLocks 235 235 1 0 0 244332 30103 921487 8988
09-03 11:37:23.755 557 598 I pms : TrimTask 1 1 0 0 0 1171 1171 84504 0
09-03 11:37:23.755 557 598 I pms : event2 2 2 0 0 0 56 55 372530 44
09-03 11:37:23.755 557 598 I pms : event1 114 114 0 0 0 1251 406 885903 1113
09-03 11:37:23.755 557 598 I pms : event0 2316 2316 4 0 0 6558 297 913334 6223
09-03 11:37:23.755 557 598 I pms : eventpoll 2428 2432 0 0 0 11 0 913334 0
09-03 11:37:23.755 557 598 I pms : KeyEvents 1269 1269 0 0 0 677 229 913334 77
09-03 11:37:23.755 557 598 I pms : PowerManagerService.Display 120 120 45 0 0 756079 105953 916264 1401
09-03 11:37:23.755 557 598 I pms : NETLINK 76 76 0 0 0 198 176 814548 6
09-03 11:37:23.755 557 598 I pms : [timerfd] 0 0 0 0 0 0 0 4540 0
09-03 11:37:23.755 557 598 I pms : wlan_wd_wake 152 152 0 0 46 20217 931 922166 5046
09-03 11:37:23.755 557 598 I pms : wlan_ctrl_wake 17 675 0 17 0 25153 2086 916280 1533
09-03 11:37:23.755 557 598 I pms : wlan_rx_wake 1 603 0 0 6441 6441 6441 915771 5951
09-03 11:37:23.755 557 598 I pms : wlan_wake 1487 1487 0 0 0 5440 872 922169 605
09-03 11:37:23.755 557 598 I pms : binder 2 2 0 0 0 1 1 82069 0
09-03 11:37:23.755 557 598 I pms : eventpoll 78 78 0 0 0 0 0 814548 0
09-03 11:37:23.755 557 598 I pms : onyx_epdc 2 3 0 2 0 6570 3567 375490 3959
09-03 11:37:23.755 557 598 I pms : epdc 515 515 1 0 4001 392239 4001 918211 14779
09-03 11:37:23.755 557 598 I pms : rfkill_rk_irq_wl 66 66 40 66 0 65602 999 816350 65602
09-03 11:37:23.755 557 598 I pms : rfkill_wlan_wake 0 0 0 0 0 0 0 2999 0
09-03 11:37:23.755 557 598 I pms : key.37 0 0 0 0 0 0 0 1865 0
09-03 11:37:23.755 557 598 I pms : rk29-keypad 27 812 0 27 0 35605 2488 886890 1120
09-03 11:37:23.755 557 598 I pms : alarm 32 33 2 1 0 6213 5004 901657 6114
09-03 11:37:23.755 557 598 I pms : mmc1_detect 1 1 0 1 0 499 499 4310 0
09-03 11:37:23.755 557 598 I pms : mmc0_detect 1 1 0 1 0 491 491 2350 0
09-03 11:37:23.755 557 598 I pms : 1-0024 44 139 3 44 0 9741 265 895850 5822
09-03 11:37:23.755 557 598 I pms : usb_pcd 1 1 0 0 0 35000 35000 49520 0
09-03 11:37:23.755 557 598 I pms : ff520000.usb 0 0 0 0 0 0 0 844 0
09-03 11:37:23.755 557 598 I pms : iep 0 0 0 0 0 0 0 664 0
09-03 11:37:23.755 557 598 I pms : alarmtimer 1 1 1 1 0 1992 1992 809520 1992
09-03 11:37:23.755 557 598 I pms : vpu 0 0 0 0 0 0 0 649 0
09-03 11:37:23.755 557 598 I pms : vpu 0 0 0 0 0 0 0 648 0
09-03 11:37:23.755 557 598 I pms : ac 4 4 0 0 0 0 0 49531 0
09-03 11:37:23.755 557 598 I pms : usb 4 4 0 0 0 0 0 49531 0
09-03 11:37:23.755 557 598 I pms : battery 8 8 0 0 0 8 3 814547 0
09-03 11:37:23.755 557 598 I pms : rk818_chg_lock 1 1 0 0 0 48947 48947 49530 0
09-03 11:37:23.755 557 598 I pms : rk818_bat_lock 0 0 0 0 0 0 0 536 0
09-03 11:37:23.755 557 598 I pms : rga 0 0 0 0 0 0 0 324 0
09-03 11:37:23.755 557 598 I pms : rk818-rtc 4 4 1 0 0 0 0 809353 0
09-03 11:37:23.755 557 598 I pms : rk818_irq_wake 740 740 1 0 0 1014 6 809354 10
09-03 11:37:23.755 557 598 I pms : serial-debug 1 1 0 0 0 500 500 640 0
09-03 11:37:23.755 557 598 I pms : autosleep 128 128 1 0 0 88 12 916261 88
09-03 11:37:23.755 557 598 I pms : Total Active Wakeup Source:3
09-03 11:37:24.652 2613 2613 W browser : Console: Mixed Content: The page at 'https://www.baidu.com/' was loaded over HTTPS, but requested an insecure resource 'baiduboxapp://utils?action=sendIntent&minver=7.4¶ms=%7B%22intent%22%3A%22intent%3A%23Intent%3Baction%3Dcom.baidu.searchbox.action.HOME%3Bpackage%3Dcom.baidu.searchbox%3BS.targetCommand%3D%257B%2522mode%2522%253A%25220%2522%252C%2522intent%2522%253A%2522intent%253A%2523Intent%253Baction%253Dcom.baidu.searchbox.action.HOME%253Bcategory%253Dandroid.intent.category.DEFAULT%253BS.extra_target_tab%253DFeed%253Bend%2522%252C%2522min_v%2522%253A%252216787968%2522%257D%3Bend%22%7D&needlog=1&logargs=%7B%22source%22%3A%221021206d%22%2C%22from%22%3A%22openbox%22%2C%22page%22%3A%22chrome%22%2C%22type%22%3A%22%22%2C%22value%22%3A%22%22%2C%22channel%22%3A%221021206r%22%2C%22extlog%22%3A%22%22%2C%22baiduId%22%3A%229701FB17B3B50E0D0DBE89147106F63F%3AFG%3D1%22%2C%22app_now%22%3A%22chrome_1535945844382_8172970265%22%2C%22yyb_pkg%22%3A%22com.baidu.searchbox%22%2C%22idmData%22%3A%7B%7D%2C%22matrix%22%3A%22main%22%7D'. This content should also be served over HTTPS. https://www.baidu.com/:0
09-03 11:37:24.674 2613 2613 W BindingManager: Cannot call determinedVisibility() - never saw a connection for the pid: 2613
09-03 11:37:24.707 193 193 I chatty : uid=0(root) /system/bin/surfaceflinger expire 60 lines
09-03 11:37:24.724 2613 2613 W BindingManager: Cannot call determinedVisibility() - never saw a connection for the pid: 2613
09-03 11:37:26.225 557 798 D ConnectivityService: handlePromptUnvalidated 100
09-03 11:37:27.024 557 593 D Tethering: interfaceLinkStateChanged wlan0, true
09-03 11:37:27.024 557 593 D Tethering: interfaceStatusChanged wlan0, true
09-03 11:37:29.762 557 598 I pms : CurrentWakelockAvail: [0]
09-03 11:37:29.780 557 598 I pms : Kernel Wakelocks
09-03 11:37:29.780 557 598 I pms :
09-03 11:37:29.780 557 598 I pms : name active_count event_count wakeup_count expire_count active_since total_time max_time last_change prevent_suspend_time
09-03 11:37:29.780 557 598 I pms : PowerManagerService.Broadcasts 2 2 0 0 0 818 733 373252 0
09-03 11:37:29.780 557 598 I pms : PowerManagerService.WakeLocks 235 235 1 0 0 244332 30103 921487 8988
09-03 11:37:29.780 557 598 I pms : TrimTask 1 1 0 0 0 1171 1171 84504 0
09-03 11:37:29.780 557 598 I pms : event2 2 2 0 0 0 56 55 372530 44
09-03 11:37:29.780 557 598 I pms : event1 114 114 0 0 0 1251 406 885903 1113
09-03 11:37:29.780 557 598 I pms : event0 2316 2316 4 0 0 6558 297 913334 6223
09-03 11:37:29.780 557 598 I pms : eventpoll 2428 2432 0 0 0 11 0 913334 0
09-03 11:37:29.780 557 598 I pms : KeyEvents 1269 1269 0 0 0 677 229 913334 77
09-03 11:37:29.780 557 598 I pms : PowerManagerService.Display 120 120 45 0 0 756079 105953 916264 1401
09-03 11:37:29.780 557 598 I pms : NETLINK 76 76 0 0 0 198 176 814548 6
09-03 11:37:29.780 557 598 I pms : [timerfd] 0 0 0 0 0 0 0 4540 0
09-03 11:37:29.780 557 598 I pms : wlan_wd_wake 171 171 2 0 0 22462 931 928130 7291
09-03 11:37:29.780 557 598 I pms : wlan_ctrl_wake 18 718 0 18 0 26484 2086 925960 2864
09-03 11:37:29.780 557 598 I pms : wlan_rx_wake 6 730 2 5 258 11121 8188 927968 10632
09-03 11:37:29.780 557 598 I pms : wlan_wake 1671 1671 2 0 0 5565 872 928070 730
09-03 11:37:29.780 557 598 I pms : binder 2 2 0 0 0 1 1 82069 0
09-03 11:37:29.780 557 598 I pms : eventpoll 78 78 0 0 0 0 0 814548 0
09-03 11:37:29.780 557 598 I pms : onyx_epdc 2 3 0 2 0 6570 3567 375490 3959
09-03 11:37:29.780 557 598 I pms : epdc 517 517 1 0 0 394410 4394 926885 16950
09-03 11:37:29.780 557 598 I pms : rfkill_rk_irq_wl 66 66 40 66 0 65602 999 816350 65602
09-03 11:37:29.780 557 598 I pms : rfkill_wlan_wake 0 0 0 0 0 0 0 2999 0
09-03 11:37:29.780 557 598 I pms : key.37 0 0 0 0 0 0 0 1865 0
09-03 11:37:29.780 557 598 I pms : rk29-keypad 27 812 0 27 0 35605 2488 886890 1120
09-03 11:37:29.780 557 598 I pms : alarm 32 33 2 1 0 6213 5004 901657 6114
09-03 11:37:29.780 557 598 I pms : mmc1_detect 1 1 0 1 0 499 499 4310 0
09-03 11:37:29.780 557 598 I pms : mmc0_detect 1 1 0 1 0 491 491 2350 0
09-03 11:37:29.780 557 598 I pms : 1-0024 44 139 3 44 0 9741 265 895850 5822
09-03 11:37:29.780 557 598 I pms : usb_pcd 1 1 0 0 0 35000 35000 49520 0
09-03 11:37:29.780 557 598 I pms : ff520000.usb 0 0 0 0 0 0 0 844 0
09-03 11:37:29.780 557 598 I pms : iep 0 0 0 0 0 0 0 664 0
09-03 11:37:29.780 557 598 I pms : alarmtimer 1 1 1 1 0 1992 1992 809520 1992
09-03 11:37:29.780 557 598 I pms : vpu 0 0 0 0 0 0 0 649 0
09-03 11:37:29.780 557 598 I pms : vpu 0 0 0 0 0 0 0 648 0
09-03 11:37:29.780 557 598 I pms : ac 4 4 0 0 0 0 0 49531 0
09-03 11:37:29.780 557 598 I pms : usb 4 4 0 0 0 0 0 49531 0
09-03 11:37:29.780 557 598 I pms : battery 8 8 0 0 0 8 3 814547 0
09-03 11:37:29.780 557 598 I pms : rk818_chg_lock 1 1 0 0 0 48947 48947 49530 0
09-03 11:37:29.780 557 598 I pms : rk818_bat_lock 0 0 0 0 0 0 0 536 0
09-03 11:37:29.780 557 598 I pms : rga 0 0 0 0 0 0 0 324 0
09-03 11:37:29.780 557 598 I pms : rk818-rtc 4 4 1 0 0 0 0 809353 0
09-03 11:37:29.780 557 598 I pms : rk818_irq_wake 740 740 1 0 0 1014 6 809354 10
09-03 11:37:29.780 557 598 I pms : serial-debug 1 1 0 0 0 500 500 640 0
09-03 11:37:29.780 557 598 I pms : autosleep 128 128 1 0 0 88 12 916261 88
09-03 11:37:29.780 557 598 I pms : Total Active Wakeup Source:1
09-03 11:37:31.174 557 786 D pms : ######### Switching system power mode to [off]
09-03 11:37:31.175 557 557 D pms : ************** cancel alarm:onyx_standby_timeout
09-03 11:37:31.176 557 557 D pms : ************** cancel alarm:onyx_auto_poweroff
09-03 11:37:34.046 2613 2613 W browser : Console: Mixed Content: The page at 'https://www.baidu.com/' was loaded over HTTPS, but requested an insecure image 'http://fc-feed.cdn.bcebos.com/0/pic/8c38a165766168cdbb8d4b28d8563e8c.jpg'. This content should also be served over HTTPS. https://www.baidu.com/:0
09-03 11:37:34.046 2613 2613 W browser : Console: Mixed Content: The page at 'https://www.baidu.com/' was loaded over HTTPS, but requested an insecure image 'http://fc-feed.cdn.bcebos.com/0/pic/f8db006687b6f40e5a9ad76187f55ec7.jpg'. This content should also be served over HTTPS. https://www.baidu.com/:0
09-03 11:37:34.153 2613 2613 W browser : Console: Mixed Content: The page at 'https://www.baidu.com/' was loaded over HTTPS, but requested an insecure image 'http://fc-feed.cdn.bcebos.com/0/pic/d59ce8d747a7221c7dd0e7b85397c347.jpg'. This content should also be served over HTTPS. https://www.baidu.com/:0
09-03 11:37:39.666 2613 2613 W browser : Console: Mixed Content: The page at 'https://www.baidu.com/' was loaded over HTTPS, but requested an insecure resource 'baiduboxlite://utils?action=sendIntent&minver=3.3¶ms=%7B%22intent%22%3A%22intent%3A%23Intent%3Baction%3Dcom.baidu.searchbox.action.HOME%3Bpackage%3Dcom.baidu.searchbox.lite%3BS.targetCommand%3D%257B%2522mode%2522%253A%25220%2522%252C%2522intent%2522%253A%2522intent%253A%2523Intent%253BS.toolbaricons%253D%25257B%252522toolids%252522%25253A%25255B%2525224%252522%25252C%2525221%252522%25252C%2525222%252522%25252C%2525223%252522%25255D%25257D%253Bcomponent%253Dcom.baidu.searchbox%252F.home.feed.FeedDetailA...21021179w%22%2C%22from%22%3A%22openbox%22%2C%22page%22%3A%22chrome%22%2C%22type%22%3A%22%22%2C%22value%22%3A%22%22%2C%22channel%22%3A%221020390z%22%2C%22extlog%22%3A%22%22%2C%22baiduId%22%3A%229701FB17B3B50E0D0DBE89147106F63F%3AFG%3D1%22%2C%22app_now%22%3A%22chrome_1535945859560_3177383542%22%2C%22yyb_pkg%22%3A%22com.baidu.searchbox%22%2C%22idmData%22%3A%7B%22firstOpen%22%3A%22lite%22%2C%22secondOpen%22%3A%22main%22%2C%22status%22%3A%220%22%2C%22timeout%22%3A1536032243041%7D%2C%22matrix%22%3A%22lite%22%7D'. This content should also be served over HTTPS. https://www.baidu.com/:0
09-03 11:37:39.667 2613 2613 W BindingManager: Cannot call determinedVisibility() - never saw a connection for the pid: 2613
09-03 11:37:39.718 193 193 I chatty : uid=0(root) /system/bin/surfaceflinger expire 267 lines
09-03 11:37:39.774 2613 2613 W browser : Console: Mixed Content: The page at 'https://www.baidu.com/' was loaded over HTTPS, but requested an insecure resource 'baiduboxapp://utils?action=sendIntent&minver=3.3¶ms=%7B%22intent%22%3A%22intent%3A%23Intent%3Baction%3Dcom.baidu.searchbox.action.HOME%3Bpackage%3Dcom.baidu.searchbox%3BS.targetCommand%3D%257B%2522mode%2522%253A%25220%2522%252C%2522intent%2522%253A%2522intent%253A%2523Intent%253BS.toolbaricons%253D%25257B%252522toolids%252522%25253A%25255B%2525224%252522%25252C%2525221%252522%25252C%2525222%252522%25252C%2525223%252522%25255D%25257D%253Bcomponent%253Dcom.baidu.searchbox%252F.home.feed.FeedDetailActivit...21021179w%22%2C%22from%22%3A%22openbox%22%2C%22page%22%3A%22chrome%22%2C%22type%22%3A%22%22%2C%22value%22%3A%22%22%2C%22channel%22%3A%221020390z%22%2C%22extlog%22%3A%22%22%2C%22baiduId%22%3A%229701FB17B3B50E0D0DBE89147106F63F%3AFG%3D1%22%2C%22app_now%22%3A%22chrome_1535945859762_7535121441%22%2C%22yyb_pkg%22%3A%22com.baidu.searchbox%22%2C%22idmData%22%3A%7B%22firstOpen%22%3A%22lite%22%2C%22secondOpen%22%3A%22main%22%2C%22status%22%3A%220%22%2C%22timeout%22%3A1536032243041%7D%2C%22matrix%22%3A%22main%22%7D'. This content should also be served over HTTPS. https://www.baidu.com/:0
09-03 11:37:39.775 2613 2613 W BindingManager: Cannot call determinedVisibility() - never saw a connection for the pid: 2613
09-03 11:37:39.879 2613 2613 W BindingManager: Cannot call determinedVisibility() - never saw a connection for the pid: 2613
09-03 11:37:40.096 2613 2613 E browser : Console: Error while parsing the 'sandbox' attribute: 'allow-popups-to-escape-sandbox', 'allow-modals' are invalid sandbox flags. https://www.baidu.com/#iact=wiseindex%2Ftabs%2Fnews%2Factivity%2Fnewsdetail%3D%257B%2522linkData%2522%253A%257B%2522name%2522%253A%2522iframe%252Fmib-iframe%2522%252C%2522id%2522%253A%2522feed%2522%252C%2522index%2522%253A0%252C%2522url%2522%253A%2522https%253A%252F%252Fmbd.baidu.com%252Fnewspage%252Fdata%252Flandingpage%253Fs_type%253Dnews%2526dsp%253Dwise%2526context%253D%25257B%252522nid%252522%25253A%252522news_8825529675491415070%252522%25257D%2526pageType%253D1%2526n_type%253D1%2526p_from%253D-1%2526innerIframe%253D1%2522%252C%2522title%2522%253Anull%257D%257D:0
09-03 11:37:40.127 2613 2613 E browser : Console: Error while parsing the 'sandbox' attribute: 'allow-popups-to-escape-sandbox', 'allow-modals' are invalid sandbox flags. https://www.baidu.com/#iact=wiseindex%2Ftabs%2Fnews%2Factivity%2Fnewsdetail%3D%257B%2522linkData%2522%253A%257B%2522name%2522%253A%2522iframe%252Fmib-iframe%2522%252C%2522id%2522%253A%2522feed%2522%252C%2522index%2522%253A0%252C%2522url%2522%253A%2522https%253A%252F%252Fmbd.baidu.com%252Fnewspage%252Fdata%252Flandingpage%253Fs_type%253Dnews%2526dsp%253Dwise%2526context%253D%25257B%252522nid%252522%25253A%252522news_8825529675491415070%252522%25257D%2526pageType%253D1%2526n_type%253D1%2526p_from%253D-1%2526innerIframe%253D1%2522%252C%2522title%2522%253Anull%257D%257D:0
09-03 11:37:42.358 2613 2613 W browser : Console: Mixed Content: The page at 'https://www.baidu.com/#iact=wiseindex%2Ftabs%2Fnews%2Factivity%2Fnewsdetail%3D%257B%2522linkData%2522%253A%257B%2522name%2522%253A%2522iframe%252Fmib-iframe%2522%252C%2522id%2522%253A%2522feed%2522%252C%2522index%2522%253A0%252C%2522url%2522%253A%2522https%253A%252F%252Fmbd.baidu.com%252Fnewspage%252Fdata%252Flandingpage%253Fs_type%253Dnews%2526dsp%253Dwise%2526context%253D%25257B%252522nid%252522%25253A%252522news_8825529675491415070%252522%25257D%2526pageType%253D1%2526n_type%253D1%2526p_from%253D-1%2526innerIframe%253D1%2522%252C%2522title%2522%253Anull%257D%257D' was loaded over HTTPS, but requested an insecure image 'http://e.hiphotos.baidu.com/news/pic/item/e4dde71190ef76c6739860779416fdfaaf516720.jpg'. This content should also be served over HTTPS. https://www.baidu.com/#iact=wiseindex%2Ftabs%2Fnews%2Factivity%2Fnewsdetail%3D%257B%2522linkData%2522%253A%257B%2522name%2522%253A%2522iframe%252Fmib-iframe%2522%252C%2522id%2522%253A%2522feed%2522%252C%2522index%2522%253A0%252C%2522url%2522%253A%2522https%253A%252F%252Fmbd.baidu.com%252Fnewspage%252Fdata%252Flandingpage%253Fs_type%253Dnews%2526dsp%253Dwise%2526context%253D%25257B%252522nid%252522%25253A%252522news_8825529675491415070%252522%25257D%2526pageType%253D1%2526n_type%253D1%2526p_from%253D-1%2526innerIframe%253D1%2522%252C%2522title%2522%253Anull%257D%257D:0
09-03 11:37:42.939 2613 2613 E browser : Console: [Report Only] Refused to load the image 'http://fc-feed.cdn.bcebos.com/0/pic/9a37965fd75b3ace12c0d2d27a46677b.jpg' because it violates the following Content Security Policy directive: "default-src https: 'unsafe-inline' 'unsafe-eval' data: blob: ". Note that 'img-src' was not explicitly set, so 'default-src' is used as a fallback.
09-03 11:37:42.939 2613 2613 E browser : https://mbd.baidu.com/newspage/data/landingpage?s_type=news&dsp=wise&context=%7B%22nid%22%3A%22news_8825529675491415070%22%7D&pageType=1&n_type=1&p_from=-1&innerIframe=1#viewportType=virtual&paddingTop=54&pageType=&pageInfo=:0
09-03 11:37:42.940 2613 2613 W browser : Console: Mixed Content: The page at 'https://mbd.baidu.com/newspage/data/landingpage?s_type=news&dsp=wise&context=%7B%22nid%22%3A%22news_8825529675491415070%22%7D&pageType=1&n_type=1&p_from=-1&innerIframe=1#viewportType=virtual&paddingTop=54&pageType=&pageInfo=' was loaded over HTTPS, but requested an insecure image 'http://fc-feed.cdn.bcebos.com/0/pic/9a37965fd75b3ace12c0d2d27a46677b.jpg'. This content should also be served over HTTPS. https://mbd.baidu.com/newspage/data/landingpage?s_type=news&dsp=wise&context=%7B%22nid%22%3A%22news_8825529675491415070%22%7D&pageType=1&n_type=1&p_from=-1&innerIframe=1#viewportType=virtual&paddingTop=54&pageType=&pageInfo=:0
09-03 11:37:42.942 2613 2613 E browser : Console: [Report Only] Refused to load the image 'http://fc-feed.cdn.bcebos.com/0/pic/c54c82e7bb40c35d8df6a8189e24a01b.jpg' because it violates the following Content Security Policy directive: "default-src https: 'unsafe-inline' 'unsafe-eval' data: blob: ". Note that 'img-src' was not explicitly set, so 'default-src' is used as a fallback.
09-03 11:37:42.942 2613 2613 E browser : https://mbd.baidu.com/newspage/data/landingpage?s_type=news&dsp=wise&context=%7B%22nid%22%3A%22news_8825529675491415070%22%7D&pageType=1&n_type=1&p_from=-1&innerIframe=1#viewportType=virtual&paddingTop=54&pageType=&pageInfo=:0
09-03 11:37:42.942 2613 2613 W browser : Console: Mixed Content: The page at 'https://mbd.baidu.com/newspage/data/landingpage?s_type=news&dsp=wise&context=%7B%22nid%22%3A%22news_8825529675491415070%22%7D&pageType=1&n_type=1&p_from=-1&innerIframe=1#viewportType=virtual&paddingTop=54&pageType=&pageInfo=' was loaded over HTTPS, but requested an insecure image 'http://fc-feed.cdn.bcebos.com/0/pic/c54c82e7bb40c35d8df6a8189e24a01b.jpg'. This content should also be served over HTTPS. https://mbd.baidu.com/newspage/data/landingpage?s_type=news&dsp=wise&context=%7B%22nid%22%3A%22news_8825529675491415070%22%7D&pageType=1&n_type=1&p_from=-1&innerIframe=1#viewportType=virtual&paddingTop=54&pageType=&pageInfo=:0
09-03 11:37:42.945 2613 2613 E browser : Console: [Report Only] Refused to load the image 'http://fc-feed.cdn.bcebos.com/0/pic/688b0235dcc224f55b0caa7838e4383e.jpg' because it violates the following Content Security Policy directive: "default-src https: 'unsafe-inline' 'unsafe-eval' data: blob: ". Note that 'img-src' was not explicitly set, so 'default-src' is used as a fallback.
09-03 11:37:42.945 2613 2613 E browser : https://mbd.baidu.com/newspage/data/landingpage?s_type=news&dsp=wise&context=%7B%22nid%22%3A%22news_8825529675491415070%22%7D&pageType=1&n_type=1&p_from=-1&innerIframe=1#viewportType=virtual&paddingTop=54&pageType=&pageInfo=:0
09-03 11:37:42.946 2613 2613 W browser : Console: Mixed Content: The page at 'https://mbd.baidu.com/newspage/data/landingpage?s_type=news&dsp=wise&context=%7B%22nid%22%3A%22news_8825529675491415070%22%7D&pageType=1&n_type=1&p_from=-1&innerIframe=1#viewportType=virtual&paddingTop=54&pageType=&pageInfo=' was loaded over HTTPS, but requested an insecure image 'http://fc-feed.cdn.bcebos.com/0/pic/688b0235dcc224f55b0caa7838e4383e.jpg'. This content should also be served over HTTPS. https://mbd.baidu.com/newspage/data/landingpage?s_type=news&dsp=wise&context=%7B%22nid%22%3A%22news_8825529675491415070%22%7D&pageType=1&n_type=1&p_from=-1&innerIframe=1#viewportType=virtual&paddingTop=54&pageType=&pageInfo=:0
09-03 11:37:52.199 557 598 D pms : Enter idle state
09-03 11:37:52.199 557 598 D pms : ######### Switching system power mode to [standby]
09-03 11:37:52.199 557 598 I pms : ========== Setup an [300000]s alarm for standby mode ==========
09-03 11:37:52.199 557 598 D pms :
09-03 11:37:52.199 557 598 D pms :
09-03 11:37:52.199 557 598 D pms : ************** Add alarm:onyx_standby_timeout
09-03 11:37:52.199 557 598 D pms :
09-03 11:37:52.201 557 557 D pms : set alarm:onyx_standby_timeout, now:1535945872200 [ 2018-09-03 11:37:52], wake:1535946172199 [2018-09-03 11:42:52]
09-03 11:37:58.178 557 796 D WifiStateMachine: starting scan for "DevTest"WPA_PSK with 2437
09-03 11:37:58.200 193 193 I chatty : uid=0(root) /system/bin/surfaceflinger expire 319 lines
09-03 11:37:58.206 557 598 I pms : CurrentWakelockAvail: [0]
09-03 11:37:58.209 557 598 I pms : Kernel Wakelocks
09-03 11:37:58.209 557 598 I pms :
09-03 11:37:58.209 557 598 I pms : name active_count event_count wakeup_count expire_count active_since total_time max_time last_change prevent_suspend_time
09-03 11:37:58.209 557 598 I pms : PowerManagerService.Broadcasts 2 2 0 0 0 818 733 373252 0
09-03 11:37:58.209 557 598 I pms : PowerManagerService.WakeLocks 239 239 1 0 0 259646 30103 950712 8989
09-03 11:37:58.209 557 598 I pms : TrimTask 1 1 0 0 0 1171 1171 84504 0
09-03 11:37:58.209 557 598 I pms : event2 2 2 0 0 0 56 55 372530 44
09-03 11:37:58.209 557 598 I pms : event1 114 114 0 0 0 1251 406 885903 1113
09-03 11:37:58.209 557 598 I pms : event0 2848 2848 4 0 0 6878 297 943592 6349
09-03 11:37:58.209 557 598 I pms : eventpoll 2960 2964 0 0 0 14 0 943592 0
09-03 11:37:58.209 557 598 I pms : KeyEvents 1536 1536 0 0 0 770 229 943592 78
09-03 11:37:58.209 557 598 I pms : PowerManagerService.Display 122 122 45 0 0 777160 105953 950718 1408
09-03 11:37:58.209 557 598 I pms : NETLINK 76 76 0 0 0 198 176 814548 6
09-03 11:37:58.209 557 598 I pms : [timerfd] 0 0 0 0 0 0 0 4540 0
09-03 11:37:58.209 557 598 I pms : wlan_wd_wake 250 250 2 0 26 29648 931 956642 8371
09-03 11:37:58.209 557 598 I pms : wlan_ctrl_wake 19 720 0 18 2 26487 2086 956666 2866
09-03 11:37:58.209 557 598 I pms : wlan_rx_wake 26 1311 2 25 357 34161 8188 956311 16098
09-03 11:37:58.209 557 598 I pms : wlan_wake 2283 2283 2 0 0 6136 872 956668 815
09-03 11:37:58.209 557 598 I pms : binder 2 2 0 0 0 1 1 82069 0
09-03 11:37:58.209 557 598 I pms : eventpoll 78 78 0 0 0 0 0 814548 0
09-03 11:37:58.209 557 598 I pms : onyx_epdc 2 3 0 2 0 6570 3567 375490 3959
09-03 11:37:58.209 557 598 I pms : epdc 526 526 1 0 14486 418062 14486 942183 22908
09-03 11:37:58.209 557 598 I pms : rfkill_rk_irq_wl 66 66 40 66 0 65602 999 816350 65602
09-03 11:37:58.209 557 598 I pms : rfkill_wlan_wake 0 0 0 0 0 0 0 2999 0
09-03 11:37:58.209 557 598 I pms : key.37 0 0 0 0 0 0 0 1865 0
09-03 11:37:58.209 557 598 I pms : rk29-keypad 27 812 0 27 0 35605 2488 886890 1120
09-03 11:37:58.209 557 598 I pms : alarm 32 33 2 1 0 6213 5004 901657 6114
09-03 11:37:58.209 557 598 I pms : mmc1_detect 1 1 0 1 0 499 499 4310 0
09-03 11:37:58.209 557 598 I pms : mmc0_detect 1 1 0 1 0 491 491 2350 0
09-03 11:37:58.209 557 598 I pms : 1-0024 45 147 3 45 0 9984 265 929750 5952
09-03 11:37:58.209 557 598 I pms : usb_pcd 1 1 0 0 0 35000 35000 49520 0
09-03 11:37:58.209 557 598 I pms : ff520000.usb 0 0 0 0 0 0 0 844 0
09-03 11:37:58.209 557 598 I pms : iep 0 0 0 0 0 0 0 664 0
09-03 11:37:58.209 557 598 I pms : alarmtimer 1 1 1 1 0 1992 1992 809520 1992
09-03 11:37:58.209 557 598 I pms : vpu 0 0 0 0 0 0 0 649 0
09-03 11:37:58.209 557 598 I pms : vpu 0 0 0 0 0 0 0 648 0
09-03 11:37:58.209 557 598 I pms : ac 4 4 0 0 0 0 0 49531 0
09-03 11:37:58.209 557 598 I pms : usb 4 4 0 0 0 0 0 49531 0
09-03 11:37:58.209 557 598 I pms : battery 8 8 0 0 0 8 3 814547 0
09-03 11:37:58.209 557 598 I pms : rk818_chg_lock 1 1 0 0 0 48947 48947 49530 0
09-03 11:37:58.209 557 598 I pms : rk818_bat_lock 0 0 0 0 0 0 0 536 0
09-03 11:37:58.209 557 598 I pms : rga 0 0 0 0 0 0 0 324 0
09-03 11:37:58.209 557 598 I pms : rk818-rtc 4 4 1 0 0 0 0 809353 0
09-03 11:37:58.209 557 598 I pms : rk818_irq_wake 740 740 1 0 0 1014 6 809354 10
09-03 11:37:58.209 557 598 I pms : serial-debug 1 1 0 0 0 500 500 640 0
09-03 11:37:58.209 557 598 I pms : autosleep 130 130 1 0 0 89 12 950711 89
09-03 11:37:58.209 557 598 I pms : Total Active Wakeup Source:4
09-03 11:37:58.406 557 593 D Tethering: interfaceLinkStateChanged wlan0, true
09-03 11:37:58.406 557 593 D Tethering: interfaceStatusChanged wlan0, true
09-03 11:38:00.801 557 786 D pms : ######### Switching system power mode to [off]
09-03 11:38:00.805 557 557 D pms : ************** cancel alarm:onyx_standby_timeout
09-03 11:38:00.806 557 557 D pms : ************** cancel alarm:onyx_auto_poweroff
09-03 11:38:19.077 557 593 D Tethering: interfaceLinkStateChanged wlan0, true
09-03 11:38:19.077 557 593 D Tethering: interfaceStatusChanged wlan0, true
09-03 11:38:19.128 193 193 I chatty : uid=0(root) /system/bin/surfaceflinger expire 360 lines
09-03 11:38:26.972 557 598 D pms : Enter idle state
09-03 11:38:26.972 557 598 D pms : ######### Switching system power mode to [standby]
09-03 11:38:26.973 557 598 I pms : ========== Setup an [300000]s alarm for standby mode ==========
09-03 11:38:26.973 557 598 D pms :
09-03 11:38:26.973 557 598 D pms :
09-03 11:38:26.973 557 598 D pms : ************** Add alarm:onyx_standby_timeout
09-03 11:38:26.973 557 598 D pms :
09-03 11:38:26.975 557 557 D pms : set alarm:onyx_standby_timeout, now:1535945906974 [ 2018-09-03 11:38:26], wake:1535946206973 [2018-09-03 11:43:26]
09-03 11:38:33.774 557 598 I pms : CurrentWakelockAvail: [0]
09-03 11:38:33.777 557 598 I pms : Kernel Wakelocks
09-03 11:38:33.777 557 598 I pms :
09-03 11:38:33.777 557 598 I pms : name active_count event_count wakeup_count expire_count active_since total_time max_time last_change prevent_suspend_time
09-03 11:38:33.777 557 598 I pms : PowerManagerService.Broadcasts 2 2 0 0 0 818 733 373252 0
09-03 11:38:33.777 557 598 I pms : PowerManagerService.WakeLocks 243 243 1 0 0 272520 30103 985486 9038
09-03 11:38:33.777 557 598 I pms : TrimTask 1 1 0 0 0 1171 1171 84504 0
09-03 11:38:33.777 557 598 I pms : event2 2 2 0 0 0 56 55 372530 44
09-03 11:38:33.777 557 598 I pms : event1 114 114 0 0 0 1251 406 885903 1113
09-03 11:38:33.777 557 598 I pms : event0 3550 3550 4 0 0 7078 297 978402 6349
09-03 11:38:33.777 557 598 I pms : eventpoll 3662 3666 0 0 0 19 0 978402 0
09-03 11:38:33.777 557 598 I pms : KeyEvents 1888 1888 0 0 0 895 229 978401 78
09-03 11:38:33.777 557 598 I pms : PowerManagerService.Display 124 124 45 0 0 803385 105953 985493 1415
09-03 11:38:33.777 557 598 I pms : NETLINK 76 76 0 0 0 198 176 814548 6
09-03 11:38:33.777 557 598 I pms : [timerfd] 0 0 0 0 0 0 0 4540 0
09-03 11:38:33.777 557 598 I pms : wlan_wd_wake 338 338 3 0 0 36108 931 991310 9672
09-03 11:38:33.777 557 598 I pms : wlan_ctrl_wake 20 800 0 20 0 28529 2086 978030 3557
09-03 11:38:33.777 557 598 I pms : wlan_rx_wake 61 1390 3 60 707 59874 8188 990733 22571
09-03 11:38:33.777 557 598 I pms : wlan_wake 2524 2524 3 0 0 6522 872 991254 864
09-03 11:38:33.777 557 598 I pms : binder 2 2 0 0 0 1 1 82069 0
09-03 11:38:33.777 557 598 I pms : eventpoll 78 78 0 0 0 0 0 814548 0
09-03 11:38:33.777 557 598 I pms : onyx_epdc 2 3 0 2 0 6570 3567 375490 3959
09-03 11:38:33.777 557 598 I pms : epdc 527 527 1 0 0 443666 21587 982440 25506
09-03 11:38:33.777 557 598 I pms : rfkill_rk_irq_wl 66 66 40 66 0 65602 999 816350 65602
09-03 11:38:33.777 557 598 I pms : rfkill_wlan_wake 0 0 0 0 0 0 0 2999 0
09-03 11:38:33.777 557 598 I pms : key.37 0 0 0 0 0 0 0 1865 0
09-03 11:38:33.777 557 598 I pms : rk29-keypad 27 812 0 27 0 35605 2488 886890 1120
09-03 11:38:33.777 557 598 I pms : alarm 33 34 2 1 0 6216 5004 958462 6116
09-03 11:38:33.777 557 598 I pms : mmc1_detect 1 1 0 1 0 499 499 4310 0
09-03 11:38:33.777 557 598 I pms : mmc0_detect 1 1 0 1 0 491 491 2350 0
09-03 11:38:33.777 557 598 I pms : 1-0024 45 147 3 45 0 9984 265 929750 5952
09-03 11:38:33.777 557 598 I pms : usb_pcd 1 1 0 0 0 35000 35000 49520 0
09-03 11:38:33.777 557 598 I pms : ff520000.usb 0 0 0 0 0 0 0 844 0
09-03 11:38:33.777 557 598 I pms : iep 0 0 0 0 0 0 0 664 0
09-03 11:38:33.777 557 598 I pms : alarmtimer 1 1 1 1 0 1992 1992 809520 1992
09-03 11:38:33.777 557 598 I pms : vpu 0 0 0 0 0 0 0 649 0
09-03 11:38:33.777 557 598 I pms : vpu 0 0 0 0 0 0 0 648 0
09-03 11:38:33.777 557 598 I pms : ac 4 4 0 0 0 0 0 49531 0
09-03 11:38:33.777 557 598 I pms : usb 4 4 0 0 0 0 0 49531 0
09-03 11:38:33.777 557 598 I pms : battery 8 8 0 0 0 8 3 814547 0
09-03 11:38:33.777 557 598 I pms : rk818_chg_lock 1 1 0 0 0 48947 48947 49530 0
09-03 11:38:33.777 557 598 I pms : rk818_bat_lock 0 0 0 0 0 0 0 536 0
09-03 11:38:33.777 557 598 I pms : rga 0 0 0 0 0 0 0 324 0
09-03 11:38:33.777 557 598 I pms : rk818-rtc 4 4 1 0 0 0 0 809353 0
09-03 11:38:33.777 557 598 I pms : rk818_irq_wake 740 740 1 0 0 1014 6 809354 10
09-03 11:38:33.777 557 598 I pms : serial-debug 1 1 0 0 0 500 500 640 0
09-03 11:38:33.777 557 598 I pms : autosleep 132 132 1 0 0 89 12 985485 89
09-03 11:38:33.777 557 598 I pms : Total Active Wakeup Source:1
09-03 11:38:36.959 557 786 D pms : ######### Switching system power mode to [off]
09-03 11:38:36.959 557 557 D pms : ************** cancel alarm:onyx_standby_timeout
09-03 11:38:36.960 557 557 D pms : ************** cancel alarm:onyx_auto_poweroff
09-03 11:38:39.553 557 796 D WifiStateMachine: starting scan for "DevTest"WPA_PSK with 2437
09-03 11:38:39.596 193 193 I chatty : uid=0(root) /system/bin/surfaceflinger expire 323 lines
09-03 11:38:39.767 557 593 D Tethering: interfaceLinkStateChanged wlan0, true
09-03 11:38:39.767 557 593 D Tethering: interfaceStatusChanged wlan0, true
09-03 11:39:00.444 557 593 D Tethering: interfaceLinkStateChanged wlan0, true
09-03 11:39:00.444 557 593 D Tethering: interfaceStatusChanged wlan0, true
09-03 11:39:00.501 193 193 I chatty : uid=0(root) /system/bin/surfaceflinger expire 283 lines
09-03 11:39:19.610 557 796 D WifiStateMachine: starting scan for "DevTest"WPA_PSK with 2437
09-03 11:39:19.654 193 193 I chatty : uid=0(root) /system/bin/surfaceflinger expire 296 lines
09-03 11:39:19.829 557 593 D Tethering: interfaceLinkStateChanged wlan0, true
09-03 11:39:19.829 557 593 D Tethering: interfaceStatusChanged wlan0, true
09-03 11:39:39.628 557 796 D WifiStateMachine: starting scan for "DevTest"WPA_PSK with 2437
09-03 11:39:39.715 193 193 I chatty : uid=0(root) /system/bin/surfaceflinger expire 335 lines
09-03 11:39:39.841 557 593 D Tethering: interfaceLinkStateChanged wlan0, true
09-03 11:39:39.842 557 593 D Tethering: interfaceStatusChanged wlan0, true
09-03 11:40:00.512 557 593 D Tethering: interfaceLinkStateChanged wlan0, true
09-03 11:40:00.512 557 593 D Tethering: interfaceStatusChanged wlan0, true
09-03 11:40:00.541 193 193 I chatty : uid=0(root) /system/bin/surfaceflinger expire 334 lines
09-03 11:40:19.647 557 796 D WifiStateMachine: starting scan for "DevTest"WPA_PSK with 2437
09-03 11:40:19.663 193 193 I chatty : uid=0(root) /system/bin/surfaceflinger expire 342 lines
09-03 11:40:19.862 557 593 D Tethering: interfaceLinkStateChanged wlan0, true
09-03 11:40:19.868 557 593 D Tethering: interfaceStatusChanged wlan0, true
09-03 11:40:20.555 557 598 D pms : Enter idle state
09-03 11:40:20.555 557 598 D pms : ######### Switching system power mode to [standby]
09-03 11:40:20.555 557 598 I pms : ========== Setup an [300000]s alarm for standby mode ==========
09-03 11:40:20.556 557 598 D pms :
09-03 11:40:20.556 557 598 D pms :
09-03 11:40:20.556 557 598 D pms : ************** Add alarm:onyx_standby_timeout
09-03 11:40:20.556 557 598 D pms :
09-03 11:40:20.559 557 557 D pms : set alarm:onyx_standby_timeout, now:1535946020558 [ 2018-09-03 11:40:20], wake:1535946320555 [2018-09-03 11:45:20]
09-03 11:40:27.160 557 598 I pms : CurrentWakelockAvail: [0]
09-03 11:40:27.163 557 598 I pms : Kernel Wakelocks
09-03 11:40:27.163 557 598 I pms :
09-03 11:40:27.163 557 598 I pms : name active_count event_count wakeup_count expire_count active_since total_time max_time last_change prevent_suspend_time
09-03 11:40:27.163 557 598 I pms : PowerManagerService.Broadcasts 2 2 0 0 0 818 733 373252 0
09-03 11:40:27.163 557 598 I pms : PowerManagerService.WakeLocks 255 255 1 0 0 327148 30103 1097723 9039
09-03 11:40:27.163 557 598 I pms : TrimTask 1 1 0 0 0 1171 1171 84504 0
09-03 11:40:27.163 557 598 I pms : event2 2 2 0 0 0 56 55 372530 44
09-03 11:40:27.163 557 598 I pms : event1 114 114 0 0 0 1251 406 885903 1113
09-03 11:40:27.163 557 598 I pms : event0 6696 6696 4 0 0 8080 297 1090569 6354
09-03 11:40:27.163 557 598 I pms : eventpoll 6808 6812 0 0 0 41 0 1090569 0
09-03 11:40:27.163 557 598 I pms : KeyEvents 3465 3465 0 0 0 1474 229 1090569 81
09-03 11:40:27.163 557 598 I pms : PowerManagerService.Display 126 126 45 0 0 907039 105953 1097729 1422
09-03 11:40:27.163 557 598 I pms : NETLINK 78 78 0 0 0 199 176 1053566 6
09-03 11:40:27.163 557 598 I pms : [timerfd] 0 0 0 0 0 0 0 4540 0
09-03 11:40:27.163 557 598 I pms : wlan_wd_wake 613 613 4 0 0 55555 931 1103640 11083
09-03 11:40:27.163 557 598 I pms : wlan_ctrl_wake 26 985 0 26 0 33759 2086 1097470 3557
09-03 11:40:27.163 557 598 I pms : wlan_rx_wake 163 1647 4 162 93 138380 8188 1103583 29373
09-03 11:40:27.163 557 598 I pms : wlan_wake 3278 3278 4 0 0 8270 872 1103583 915
09-03 11:40:27.163 557 598 I pms : binder 2 2 0 0 0 1 1 82069 0
09-03 11:40:27.163 557 598 I pms : eventpoll 80 80 0 0 0 0 0 1053566 0
09-03 11:40:27.163 557 598 I pms : onyx_epdc 2 3 0 2 0 6570 3567 375490 3959
09-03 11:40:27.163 557 598 I pms : epdc 535 535 1 0 0 536991 30188 1094555 25506
09-03 11:40:27.163 557 598 I pms : rfkill_rk_irq_wl 66 66 40 66 0 65602 999 816350 65602
09-03 11:40:27.163 557 598 I pms : rfkill_wlan_wake 0 0 0 0 0 0 0 2999 0
09-03 11:40:27.163 557 598 I pms : key.37 0 0 0 0 0 0 0 1865 0
09-03 11:40:27.163 557 598 I pms : rk29-keypad 27 812 0 27 0 35605 2488 886890 1120
09-03 11:40:27.163 557 598 I pms : alarm 35 36 2 1 0 6219 5004 1077117 6116
09-03 11:40:27.163 557 598 I pms : mmc1_detect 1 1 0 1 0 499 499 4310 0
09-03 11:40:27.163 557 598 I pms : mmc0_detect 1 1 0 1 0 491 491 2350 0
09-03 11:40:27.163 557 598 I pms : 1-0024 45 147 3 45 0 9984 265 929750 5952
09-03 11:40:27.163 557 598 I pms : usb_pcd 1 1 0 0 0 35000 35000 49520 0
09-03 11:40:27.163 557 598 I pms : ff520000.usb 0 0 0 0 0 0 0 844 0
09-03 11:40:27.163 557 598 I pms : iep 0 0 0 0 0 0 0 664 0
