09-03 11:28:11.919 557 1334 D WindowStateAnimator: rk_debug2 Toast_Force_To_Dual
09-03 11:28:11.940 935 1406 D Surface : Surface::final mReqUsage=a00
09-03 11:28:11.940 935 1406 D mali_winsys: EGLint new_window_surface(egl_winsys_display*, void*, EGLSurface, EGLConfig, egl_winsys_surface**, egl_color_buffer_format*, EGLBoolean) returns 0x3000
09-03 11:28:13.011 2197 2206 W MediaPlayer-JNI: MediaPlayer finalized without being released
09-03 11:28:13.863 557 835 E ActivityManager: Activity Manager Crash
09-03 11:28:13.863 557 835 E ActivityManager: java.lang.NullPointerException: Attempt to invoke virtual method 'boolean java.lang.String.equals(java.lang.Object)' on a null object reference
09-03 11:28:13.863 557 835 E ActivityManager: at android.onyx.utils.ApplicationFreezeHelper.enableAppByPkgName(ApplicationFreezeHelper.java:120)
09-03 11:28:13.863 557 835 E ActivityManager: at com.android.server.am.ActivityManagerService.startActivityFromRecentsInner(ActivityManagerService.java:4372)
09-03 11:28:13.863 557 835 E ActivityManager: at com.android.server.am.ActivityManagerService.startActivityFromRecents(ActivityManagerService.java:4355)
09-03 11:28:13.863 557 835 E ActivityManager: at android.app.ActivityManagerNative.onTransact(ActivityManagerNative.java:335)
09-03 11:28:13.863 557 835 E ActivityManager: at com.android.server.am.ActivityManagerService.onTransact(ActivityManagerService.java:2604)
09-03 11:28:13.863 557 835 E ActivityManager: at android.os.Binder.execTransact(Binder.java:453)
09-03 11:28:13.868 935 935 E Recents : 无法启动Wi‑Fi。
09-03 11:28:13.924 557 926 D WindowStateAnimator: rk_debug2 Toast_Force_To_Dual
09-03 11:28:13.941 935 1406 D Surface : Surface::final mReqUsage=a00
09-03 11:28:13.942 935 1406 D mali_winsys: EGLint new_window_surface(egl_winsys_display*, void*, EGLSurface, EGLConfig, egl_winsys_surface**, egl_color_buffer_format*, EGLBoolean) returns 0x3000
09-03 11:28:16.299 1600 1600 W ContextImpl: Calling a method in the system process without a qualified user: android.app.ContextImpl.sendBroadcast:763 android.content.ContextWrapper.sendBroadcast:396 com.onyx.android.sdk.device.BaseDevice.a:479 com.onyx.android.sdk.device.BaseDevice.showSystemStatusBar:442 com.onyx.ContentBrowserApplication$2.onActivityResumed:196
09-03 11:28:19.092 2331 2331 I chatty : uid=1000(system) pool-11-thread- expire 5 lines
09-03 11:28:21.277 557 595 I chatty : uid=1000(system) android.io expire 1 line
09-03 11:28:21.284 193 193 I chatty : uid=0(root) /system/bin/surfaceflinger expire 21 lines
09-03 11:28:22.870 557 589 D WifiService: setWifiEnabled: true pid=1600, uid=1000
09-03 11:28:22.870 557 589 E WifiService: Invoking mWifiStateMachine.setWifiEnabled
09-03 11:28:22.878 557 796 I chatty : uid=1000(system) WifiStateMachin expire 11 lines
09-03 11:28:22.886 215 540 I chatty : uid=0(root) /system/bin/netd expire 6 lines
09-03 11:28:23.772 2335 2335 I chatty : uid=0(root) /system/bin/wpa_supplicant expire 1 line
09-03 11:28:23.775 557 593 I chatty : uid=1000(system) android.fg expire 3 lines
09-03 11:28:23.776 557 796 I chatty : uid=1000(system) WifiStateMachin expire 1 line
09-03 11:28:23.776 557 2334 I chatty : uid=1000 system_server expire 2 lines
09-03 11:28:23.820 2335 2335 I wpa_supplicant: Successfully initialized wpa_supplicant
09-03 11:28:23.823 557 593 I chatty : uid=1000(system) android.fg expire 1 line
09-03 11:28:23.878 557 796 I chatty : uid=1000(system) WifiStateMachin expire 1 line
09-03 11:28:23.879 1600 1600 I chatty : uid=1000(system) com.onyx expire 5 lines
09-03 11:28:23.927 2335 2335 E wpa_supplicant: Could not read interface p2p-dev-wlan0 flags: No such device
09-03 11:28:23.974 557 796 I chatty : uid=1000(system) WifiStateMachin expire 15 lines
09-03 11:28:23.994 557 796 E WifiConfigStore: device_type=10-0050F204-5
09-03 11:28:23.994 557 796 E WifiConfigStore: config_methods=physical_display virtual_push_button
09-03 11:28:23.995 557 796 E WifiConfigStore: p2p_no_go_freq=5170-5740
09-03 11:28:23.996 557 796 E WifiConfigStore: pmf=1
09-03 11:28:23.996 557 796 E WifiConfigStore: external_sim=1
09-03 11:28:23.997 557 796 E WifiConfigStore: wowlan_triggers=any
09-03 11:28:23.998 557 796 E WifiConfigStore: p2p_search_delay=0
09-03 11:28:23.999 557 796 E WifiConfigStore: --- End /data/misc/wifi/wpa_supplicant.conf Contents ---
09-03 11:28:23.999 557 796 E WifiConfigStore: --- Begin /data/misc/wifi/wpa_supplicant.conf.tmp ---
09-03 11:28:24.000 557 796 E WifiConfigStore: Could not open /data/misc/wifi/wpa_supplicant.conf.tmp, java.io.FileNotFoundException: /data/misc/wifi/wpa_supplicant.conf.tmp: open failed: ENOENT (No such file or directory)
09-03 11:28:24.001 557 796 E WifiConfigStore: --- End /data/misc/wifi/wpa_supplicant.conf.tmp Contents ---
09-03 11:28:24.002 557 796 E WifiConfigStore: --- Begin /data/misc/wifi/networkHistory.txt ---
09-03 11:28:24.005 557 796 E WifiConfigStore: Could not open /data/misc/wifi/networkHistory.txt, java.io.FileNotFoundException: /data/misc/wifi/networkHistory.txt: open failed: ENOENT (No such file or directory)
09-03 11:28:24.006 557 796 E WifiConfigStore: --- End /data/misc/wifi/networkHistory.txt Contents ---
09-03 11:28:24.014 557 796 D WifiNative-HAL: Setting external_sim to 1
09-03 11:28:24.015 557 796 D wifi : setting dfs flag to true, 0xb7e59038
09-03 11:28:24.015 557 796 D WifiStateMachine: Setting OUI to DA-A1-19
09-03 11:28:24.015 557 796 D wifi : setting scan oui 0xb7e59038
09-03 11:28:24.015 557 796 D WifiHAL : Sending mac address OUI
09-03 11:28:24.015 557 796 E WifiHAL : failed to set scanning mac OUI; result = -95
09-03 11:28:24.022 1600 1600 I com.onyx: type=1400 audit(0.0:109): avc: denied { read } for name="lib" dev="mmcblk0p13" ino=13 scontext=u:r:system_app:s0 tcontext=u:object_r:unlabeled:s0 tclass=lnk_file permissive=1
09-03 11:28:24.025 557 796 E native : do suspend false
09-03 11:28:24.036 557 796 E wifi : wifi_get_supported_feature_set returned error = 0xffffffa1
09-03 11:28:24.036 557 796 D wifi : android_net_wifi_setLinkLayerStats: 1
09-03 11:28:24.037 557 557 D RttService: SCAN_AVAILABLE : 3
09-03 11:28:24.037 557 812 D wifi : failed to get capabilities : -95
09-03 11:28:24.037 557 812 E WifiScanningService: could not get scan capabilities
09-03 11:28:24.037 557 813 D RttService: DefaultState got{ when=-1ms what=160512 target=com.android.internal.util.StateMachine$SmHandler }
09-03 11:28:24.056 1600 1600 D Debug : network is connected: false, action is :android.net.wifi.WIFI_STATE_CHANGED
09-03 11:28:24.073 557 795 E WifiP2pService: Unable to change interface settings: java.lang.IllegalStateException: command '44 interface setcfg p2p0 0.0.0.0 0 up' failed with '400 44 Failed to set address (No such device)'
09-03 11:28:24.074 557 795 D WifiMonitor: startMonitoring(p2p0) with mConnected = true
09-03 11:28:24.082 557 795 D WifiNative-HAL: p2pGetDeviceAddress
09-03 11:28:24.083 557 795 D WifiNative-HAL: p2pGetDeviceAddress returning 12:d0:7a:e0:34:22
09-03 11:28:24.084 557 796 D WifiConfigStore: Retrieve network priorities after PNO.
09-03 11:28:24.135 557 796 D WifiConfigStore: Retrieve network priorities after PNO.
09-03 11:28:24.190 1600 1600 I DeviceReceiver: Received[56]: android.net.wifi.STATE_CHANGE data null
09-03 11:28:24.191 1600 1600 I DeviceReceiver: Received[57]: android.net.wifi.STATE_CHANGE data null
09-03 11:28:24.195 1600 1600 I DeviceReceiver: Received[58]: android.net.wifi.STATE_CHANGE data null
09-03 11:28:24.196 1600 1600 I DeviceReceiver: Received[59]: android.net.wifi.STATE_CHANGE data null
09-03 11:28:24.201 1600 1600 D Debug : network is connected: false, action is :android.net.wifi.STATE_CHANGE
09-03 11:28:24.215 1600 1600 D Debug : network is connected: false, action is :android.net.wifi.STATE_CHANGE
09-03 11:28:25.225 557 593 D Tethering: interfaceLinkStateChanged wlan0, true
09-03 11:28:25.225 557 593 D Tethering: interfaceStatusChanged wlan0, true
09-03 11:28:25.738 557 598 D pms : Enter idle state
09-03 11:28:25.739 557 598 D pms : ######### Switching system power mode to [standby]
09-03 11:28:25.740 557 598 I pms : ========== Setup an [300000]s alarm for standby mode ==========
09-03 11:28:25.744 557 598 D pms :
09-03 11:28:25.744 557 598 D pms :
09-03 11:28:25.744 557 598 D pms : ************** Add alarm:onyx_standby_timeout
09-03 11:28:25.744 557 598 D pms :
09-03 11:28:25.758 557 557 D pms : set alarm:onyx_standby_timeout, now:1535945305750 [ 2018-09-03 11:28:25], wake:1535945605740 [2018-09-03 11:33:25]
09-03 11:28:27.071 557 786 D pms : ######### Switching system power mode to [off]
09-03 11:28:27.072 557 557 D pms : ************** cancel alarm:onyx_standby_timeout
09-03 11:28:27.072 557 557 D pms : ************** cancel alarm:onyx_auto_poweroff
09-03 11:28:27.075 935 935 D PhoneStatusBar: disable: < expand icons alerts system_info back home recent clock search quick_settings
> 09-03 11:28:27.103 935 1406 D Surface : Surface::final mReqUsage=a00
09-03 11:28:27.103 935 1406 D mali_winsys: EGLint new_window_surface(egl_winsys_display*, void*, EGLSurface, EGLConfig, egl_winsys_surface**, egl_color_buffer_format*, EGLBoolean) returns 0x3000
09-03 11:28:27.142 1406 1406 I RenderThread: type=1400 audit(0.0:110): avc: denied { read } for name="lib" dev="mmcblk0p13" ino=13 scontext=u:r:platform_app:s0:c512,c768 tcontext=u:object_r:unlabeled:s0 tclass=lnk_file permissive=1
09-03 11:28:29.947 557 598 D pms : Enter idle state
09-03 11:28:29.947 557 598 D pms : ######### Switching system power mode to [standby]
09-03 11:28:29.948 557 598 I pms : ========== Setup an [300000]s alarm for standby mode ==========
09-03 11:28:29.952 557 598 D pms :
09-03 11:28:29.952 557 598 D pms :
09-03 11:28:29.952 557 598 D pms : ************** Add alarm:onyx_standby_timeout
09-03 11:28:29.952 557 598 D pms :
09-03 11:28:29.968 557 557 D pms : set alarm:onyx_standby_timeout, now:1535945309958 [ 2018-09-03 11:28:29], wake:1535945609948 [2018-09-03 11:33:29]
09-03 11:28:30.029 557 786 D pms : ######### Switching system power mode to [off]
09-03 11:28:30.029 557 557 D pms : ************** cancel alarm:onyx_standby_timeout
09-03 11:28:30.030 557 557 D pms : ************** cancel alarm:onyx_auto_poweroff
09-03 11:28:30.032 935 935 D InputEventConsistencyVerifier: TouchEvent: ACTION_DOWN but pointers are already down. Probably missing ACTION_UP from previous gesture.
09-03 11:28:30.032 935 935 D InputEventConsistencyVerifier: in android.view.ScaleGestureDetector@bee6f98
09-03 11:28:30.032 935 935 D InputEventConsistencyVerifier: 0: sent at 594594772000, MotionEvent { action=ACTION_DOWN, actionButton=0, id[0]=0, x[0]=1078.0, y[0]=828.0, toolType[0]=TOOL_TYPE_UNKNOWN, buttonState=0, metaState=0, flags=0x0, edgeFlags=0x0, pointerCount=1, historySize=0, eventTime=594594, downTime=594594, deviceId=1, source=0x5002 }
09-03 11:28:30.032 935 935 D InputEventConsistencyVerifier: -- recent events --
09-03 11:28:30.032 935 935 D InputEventConsistencyVerifier: 1: sent at 594594772000, MotionEvent { action=ACTION_DOWN, actionButton=0, id[0]=0, x[0]=1078.0, y[0]=828.0, toolType[0]=TOOL_TYPE_UNKNOWN, buttonState=0, metaState=0, flags=0x0, edgeFlags=0x0, pointerCount=1, historySize=0, eventTime=594594, downTime=594594, deviceId=1, source=0x5002 }
09-03 11:28:30.091 557 927 W InputMethodManagerService: Window already focused, ignoring focus gain of: com.android.internal.view.IInputMethodClient$Stub$Proxy@de0a312 attribute=null, token = android.os.BinderProxy@5fca4e2
09-03 11:28:30.103 935 935 D PhoneStatusBar: disable: < expand icons alerts system_info back home recent clock search quick_settings
> 09-03 11:28:30.186 935 1406 D Surface : Surface::final mReqUsage=a00
09-03 11:28:30.186 935 1406 D mali_winsys: EGLint new_window_surface(egl_winsys_display*, void*, EGLSurface, EGLConfig, egl_winsys_surface**, egl_color_buffer_format*, EGLBoolean) returns 0x3000
09-03 11:28:32.209 557 926 I ActivityManager: START u0 {act=com.android.systemui.recents.SHOW_RECENTS flg=0x10804000 cmp=com.android.systemui/.recents.OnyxRecentsActivity} from uid 10012 on display 0
09-03 11:28:32.297 557 1335 D WindowStateAnimator: rk_debug2 com.android.systemui/com.android.systemui.recents.OnyxRecentsActivity_Force_To_Dual
09-03 11:28:32.321 935 1406 D Surface : Surface::final mReqUsage=a00
09-03 11:28:32.321 935 1406 D mali_winsys: EGLint new_window_surface(egl_winsys_display*, void*, EGLSurface, EGLConfig, egl_winsys_surface**, egl_color_buffer_format*, EGLBoolean) returns 0x3000
09-03 11:28:32.361 557 596 D WindowStateAnimator: rk_debug2 Starting com.android.systemui_Force_To_Dual
09-03 11:28:32.418 557 596 D Surface : Surface::final mReqUsage=33
09-03 11:28:32.501 557 1334 W InputMethodManagerService: Starting input on non-focused client com.android.internal.view.IInputMethodClient$Stub$Proxy@223927c (uid=1000 pid=1600)
09-03 11:28:32.502 193 193 I chatty : uid=0(root) /system/bin/surfaceflinger expire 25 lines
09-03 11:28:32.639 557 596 I ActivityManager: Displayed com.android.systemui/.recents.OnyxRecentsActivity: +422ms
09-03 11:28:33.704 557 927 E ActivityManager: Activity Manager Crash
09-03 11:28:33.704 557 927 E ActivityManager: java.lang.NullPointerException: Attempt to invoke virtual method 'boolean java.lang.String.equals(java.lang.Object)' on a null object reference
09-03 11:28:33.704 557 927 E ActivityManager: at android.onyx.utils.ApplicationFreezeHelper.enableAppByPkgName(ApplicationFreezeHelper.java:120)
09-03 11:28:33.704 557 927 E ActivityManager: at com.android.server.am.ActivityManagerService.startActivityFromRecentsInner(ActivityManagerService.java:4372)
09-03 11:28:33.704 557 927 E ActivityManager: at com.android.server.am.ActivityManagerService.startActivityFromRecents(ActivityManagerService.java:4355)
09-03 11:28:33.704 557 927 E ActivityManager: at android.app.ActivityManagerNative.onTransact(ActivityManagerNative.java:335)
09-03 11:28:33.704 557 927 E ActivityManager: at com.android.server.am.ActivityManagerService.onTransact(ActivityManagerService.java:2604)
09-03 11:28:33.704 557 927 E ActivityManager: at android.os.Binder.execTransact(Binder.java:453)
09-03 11:28:33.711 935 935 E Recents : 无法启动Wi‑Fi。
09-03 11:28:33.718 557 1335 D WindowStateAnimator: rk_debug2 Toast_Force_To_Dual
09-03 11:28:33.747 935 1406 D Surface : Surface::final mReqUsage=a00
09-03 11:28:33.747 935 1406 D mali_winsys: EGLint new_window_surface(egl_winsys_display*, void*, EGLSurface, EGLConfig, egl_winsys_surface**, egl_color_buffer_format*, EGLBoolean) returns 0x3000
09-03 11:28:36.557 1600 1600 W ContextImpl: Calling a method in the system process without a qualified user: android.app.ContextImpl.sendBroadcast:763 android.content.ContextWrapper.sendBroadcast:396 com.onyx.android.sdk.device.BaseDevice.a:479 com.onyx.android.sdk.device.BaseDevice.showSystemStatusBar:442 com.onyx.ContentBrowserApplication$2.onActivityResumed:196
09-03 11:28:36.606 557 796 D WifiConfigStore: Retrieve network priorities after PNO.
09-03 11:28:36.607 1600 1600 D Surface : Surface::final mReqUsage=33
09-03 11:28:37.755 557 593 D Tethering: interfaceLinkStateChanged wlan0, true
09-03 11:28:37.755 557 593 D Tethering: interfaceStatusChanged wlan0, true
09-03 11:28:39.177 557 598 D pms : Enter idle state
09-03 11:28:39.178 557 598 D pms : ######### Switching system power mode to [standby]
09-03 11:28:39.178 557 598 I pms : ========== Setup an [300000]s alarm for standby mode ==========
09-03 11:28:39.182 557 598 D pms :
09-03 11:28:39.182 557 598 D pms :
09-03 11:28:39.182 557 598 D pms : ************** Add alarm:onyx_standby_timeout
09-03 11:28:39.182 557 598 D pms :
09-03 11:28:39.198 557 557 D pms : set alarm:onyx_standby_timeout, now:1535945319188 [ 2018-09-03 11:28:39], wake:1535945619178 [2018-09-03 11:33:39]
09-03 11:28:51.071 557 786 D pms : ######### Switching system power mode to [off]
09-03 11:28:51.071 557 557 D pms : ************** cancel alarm:onyx_standby_timeout
09-03 11:28:51.072 557 557 D pms : ************** cancel alarm:onyx_auto_poweroff
09-03 11:28:54.076 557 598 D pms : Enter idle state
09-03 11:28:54.077 557 598 D pms : ######### Switching system power mode to [standby]
09-03 11:28:54.077 557 598 I pms : ========== Setup an [300000]s alarm for standby mode ==========
09-03 11:28:54.081 557 598 D pms :
09-03 11:28:54.081 557 598 D pms :
09-03 11:28:54.081 557 598 D pms : ************** Add alarm:onyx_standby_timeout
09-03 11:28:54.081 557 598 D pms :
09-03 11:28:54.097 557 557 D pms : set alarm:onyx_standby_timeout, now:1535945334087 [ 2018-09-03 11:28:54], wake:1535945634077 [2018-09-03 11:33:54]
09-03 11:28:54.281 557 786 D pms : ######### Switching system power mode to [off]
09-03 11:28:54.281 557 557 D pms : ************** cancel alarm:onyx_standby_timeout
09-03 11:28:54.282 557 557 D pms : ************** cancel alarm:onyx_auto_poweroff
09-03 11:28:57.280 557 598 D pms : Enter idle state
09-03 11:28:57.280 557 598 D pms : ######### Switching system power mode to [standby]
09-03 11:28:57.281 557 598 I pms : ========== Setup an [300000]s alarm for standby mode ==========
09-03 11:28:57.285 557 598 D pms :
09-03 11:28:57.285 557 598 D pms :
09-03 11:28:57.285 557 598 D pms : ************** Add alarm:onyx_standby_timeout
09-03 11:28:57.285 557 598 D pms :
09-03 11:28:57.301 557 557 D pms : set alarm:onyx_standby_timeout, now:1535945337291 [ 2018-09-03 11:28:57], wake:1535945637281 [2018-09-03 11:33:57]
09-03 11:29:15.072 557 786 D pms : ######### Switching system power mode to [off]
09-03 11:29:15.078 557 557 D pms : ************** cancel alarm:onyx_standby_timeout
09-03 11:29:15.078 557 557 D pms : ************** cancel alarm:onyx_auto_poweroff
09-03 11:29:15.300 1600 1600 D Surface : Surface::final mReqUsage=33
09-03 11:29:15.313 193 193 I chatty : uid=0(root) /system/bin/surfaceflinger expire 13 lines
09-03 11:29:17.947 557 598 D pms : Enter idle state
09-03 11:29:17.947 557 598 D pms : ######### Switching system power mode to [standby]
09-03 11:29:17.948 557 598 I pms : ========== Setup an [300000]s alarm for standby mode ==========
09-03 11:29:17.952 557 598 D pms :
09-03 11:29:17.952 557 598 D pms :
09-03 11:29:17.952 557 598 D pms : ************** Add alarm:onyx_standby_timeout
09-03 11:29:17.952 557 598 D pms :
09-03 11:29:17.966 557 557 D pms : set alarm:onyx_standby_timeout, now:1535945357958 [ 2018-09-03 11:29:17], wake:1535945657948 [2018-09-03 11:34:17]
09-03 11:29:18.312 557 786 D pms : ######### Switching system power mode to [off]
09-03 11:29:18.313 557 557 D pms : ************** cancel alarm:onyx_standby_timeout
09-03 11:29:18.313 557 557 D pms : ************** cancel alarm:onyx_auto_poweroff
09-03 11:29:18.319 1600 1600 W InputEventReceiver: Attempted to finish an input event but the input event receiver has already been disposed.
09-03 11:29:21.313 557 598 D pms : Enter idle state
09-03 11:29:21.314 557 598 D pms : ######### Switching system power mode to [standby]
09-03 11:29:21.315 557 598 I pms : ========== Setup an [300000]s alarm for standby mode ==========
09-03 11:29:21.319 557 598 D pms :
09-03 11:29:21.319 557 598 D pms :
09-03 11:29:21.319 557 598 D pms : ************** Add alarm:onyx_standby_timeout
09-03 11:29:21.319 557 598 D pms :
09-03 11:29:21.334 557 557 D pms : set alarm:onyx_standby_timeout, now:1535945361325 [ 2018-09-03 11:29:21], wake:1535945661315 [2018-09-03 11:34:21]
09-03 11:29:25.071 557 786 D pms : ######### Switching system power mode to [off]
09-03 11:29:25.072 557 557 D pms : ************** cancel alarm:onyx_standby_timeout
09-03 11:29:25.072 557 557 D pms : ************** cancel alarm:onyx_auto_poweroff
09-03 11:29:25.663 1600 1600 D Surface : Surface::final mReqUsage=33
09-03 11:29:25.722 193 193 I chatty : uid=0(root) /system/bin/surfaceflinger expire 22 lines
09-03 11:29:27.564 1600 1600 D Surface : Surface::final mReqUsage=33
09-03 11:29:29.647 1600 1600 W InputEventReceiver: Attempted to finish an input event but the input event receiver has already been disposed.
09-03 11:29:31.565 1600 1600 D Surface : Surface::final mReqUsage=33
09-03 11:29:33.058 1600 1600 D Surface : Surface::final mReqUsage=33
09-03 11:29:34.511 1600 1600 W ContextImpl: Calling a method in the system process without a qualified user: android.app.ContextImpl.startService:1221 android.content.ContextWrapper.startService:581 com.onyx.common.utils.KReaderUtils.openDocByKReaderService:46 com.onyx.common.utils.KReaderUtils.openDocByKReaderService:34 com.onyx.common.action.FileOpenWithAction$3.onApplicationSelected:115
09-03 11:29:34.517 1812 1812 D ReaderTabService: onCreate
09-03 11:29:34.519 1812 1812 D ReaderTabService: restoreReaderTabState
09-03 11:29:34.527 1812 2372 D ReaderTabService: onHandleIntent: android.intent.action.VIEW, file:///storage/emulated/0/Books/%E9%A3%98.txt
09-03 11:29:34.528 1812 2372 D ReaderTabService: openFile: /storage/emulated/0/Books/飘.txt
09-03 11:29:34.531 557 927 I ActivityManager: START u0 {act=android.intent.action.VIEW dat=file:///storage/emulated/0/Books/飘.txt flg=0x10000000 cmp=com.onyx.kreader/.ui.ReaderTab1Activity (has extras)} from uid 10048 on display 0
09-03 11:29:34.561 1812 1812 D ReaderTabService: onDestroy
09-03 11:29:34.562 1812 1812 D ReaderTabService: saveReaderTabState
09-03 11:29:34.570 2038 2038 D ReaderTab1Activity: onCreate
09-03 11:29:34.638 2038 2038 D ReaderTab1Activity: target window: 80, -1, -1
09-03 11:29:34.639 2038 2038 D ReaderTab1Activity: onStart
09-03 11:29:34.639 2038 2038 D ReaderTab1Activity: onResume
09-03 11:29:34.669 2038 2063 D Surface : Surface::final mReqUsage=a00
09-03 11:29:34.669 2038 2063 D mali_winsys: EGLint new_window_surface(egl_winsys_display*, void*, EGLSurface, EGLConfig, egl_winsys_surface**, egl_color_buffer_format*, EGLBoolean) returns 0x3000
09-03 11:29:34.672 2038 2038 D ReaderTab1Activity: handleActivityIntent: Intent { act=android.intent.action.VIEW dat=file:///storage/emulated/0/Books/飘.txt flg=0x10800000 cmp=com.onyx.kreader/.ui.ReaderTab1Activity (has extras) }
09-03 11:29:34.677 2038 2038 D Debug : rebuilding tab widget:
09-03 11:29:34.694 2038 2038 E ReaderActivity: onTabChanged: com.onyx.kreader.ui.ReaderTab1Activity
09-03 11:29:34.722 2038 2038 I er:reader_tab_1: type=1400 audit(0.0:111): avc: denied { read } for name="lib" dev="mmcblk0p13" ino=13 scontext=u:r:untrusted_app:s0:c512,c768 tcontext=u:object_r:unlabeled:s0 tclass=lnk_file permissive=1
09-03 11:29:34.723 2038 2038 D Debug : surfaceCreated
09-03 11:29:34.723 2038 2038 D Debug : surfaceChanged: 4, 1404, 1795
09-03 11:29:34.723 2038 2038 D Surface : Surface::final mReqUsage=33
09-03 11:29:34.727 557 596 D WindowStateAnimator: rk_debug2 Starting com.onyx.kreader_Force_To_Dual
09-03 11:29:34.822 557 596 D Surface : Surface::final mReqUsage=33
09-03 11:29:34.919 2038 2038 D Debug : current orientation: 1, target orientation: 1
09-03 11:29:35.169 2038 2063 D Surface : Surface::final mReqUsage=a00
09-03 11:29:35.170 2038 2063 D mali_winsys: EGLint new_window_surface(egl_winsys_display*, void*, EGLSurface, EGLConfig, egl_winsys_surface**, egl_color_buffer_format*, EGLBoolean) returns 0x3000
09-03 11:29:35.221 2038 2375 W art : Method processed more than once: boolean com.neverland.engbook.util.TTFScan.a(byte[], com.neverland.engbook.util.TTFInfo, int)
09-03 11:29:35.229 557 596 I ActivityManager: Displayed com.onyx.kreader/.ui.ReaderTab1Activity: +684ms
09-03 11:29:35.602 2375 2375 I Thread-191: type=1400 audit(0.0:112): avc: denied { write } for name="mac_address" dev="mmcblk0p13" ino=15 scontext=u:r:untrusted_app:s0:c512,c768 tcontext=u:object_r:unlabeled:s0 tclass=file permissive=1
09-03 11:29:35.602 2375 2375 I Thread-191: type=1400 audit(0.0:113): avc: denied { setattr } for name="mac_address" dev="mmcblk0p13" ino=15 scontext=u:r:untrusted_app:s0:c512,c768 tcontext=u:object_r:unlabeled:s0 tclass=file permissive=1
09-03 11:29:35.620 2038 2375 E zp0 : 1535945375620
09-03 11:29:35.620 2038 2375 E zp0 : 1535945375620
09-03 11:29:35.818 2038 2375 D DETECT CODE PAGE: GB18030
09-03 11:29:36.216 2038 2375 D LayoutProviderUtils: hit cache: false, [{"actualScale":1,"displayRect":{"bottom":1795,"empty":false,"left":0,"right":1404,"top":0},"name":"0","originHeight":1795,"originWidth":1404,"pageDisplayOrientation":0,"pageNumber":0,"position":"0","positionRect":{"bottom":1795,"empty":false,"left":0,"right":1404,"top":0},"positionSafely":"0","range":{"endPosition":"329","startPosition":"0"},"scaledHeight":1795,"scaledWidth":1404,"subPage":0,"textPage":true,"visibleRect":{"bottom":1795,"empty":false,"left":0,"right":1404,"top":0},"x":0,"y":0}]
09-03 11:29:36.236 2038 2375 D LayoutProviderUtils: rendering bitmap reference count: 1
09-03 11:29:36.236 2038 2375 D LayoutProviderUtils: draw visible page: 0, scale: 1.0, bitmap: 1404, 1795, display rect: RectF(0.0, 0.0, 1404.0, 1795.0), position rect: RectF(0.0, 0.0, 1404.0, 1795.0), viewport: RectF(0.0, 0.0, 1404.0, 1795.0), page rect: RectF(0.0, 0.0, 1404.0, 1795.0), visible rect: RectF(0.0, 0.0, 1404.0, 1795.0)
09-03 11:29:36.319 2038 2375 I Benchmark: getPageBitmap ---> 82ms
09-03 11:29:36.319 2038 2375 D LayoutProviderUtils: updateReaderViewInfo
09-03 11:29:36.393 2038 2375 I neo_cropper: set reflow aborted: 0
09-03 11:29:36.409 2038 2038 D ReaderDataHolder: onRenderRequestFinished: com.onyx.android.sdk.reader.host.request.OpenAndRestoreRequest@7db460f
09-03 11:29:36.410 2038 2038 D Surface : Surface::final mReqUsage=33
09-03 11:29:36.499 193 1987 I chatty : uid=0(root) Binder_4 expire 5 lines
09-03 11:29:36.509 2038 2038 D ReaderTab1Activity: postDocumentInitRendered: tab widget visible -> true
09-03 11:29:36.520 1812 1812 D ReaderTabService: onCreate
09-03 11:29:36.522 1812 1812 D ReaderTabService: restoreReaderTabState
09-03 11:29:36.534 1812 2377 D ReaderTabService: onHandleIntent: com.onyx.kreader.action.OPEN_DOCUMENT_SUCCESS, file:///storage/emulated/0/Books/%E9%A3%98.txt
09-03 11:29:36.535 1812 2377 D ReaderTabService: onFileOpened: /storage/emulated/0/Books/飘.txt, true
09-03 11:29:36.538 1812 1812 D ReaderTabService: onDestroy
09-03 11:29:36.541 1812 1812 D ReaderTabService: saveReaderTabState
09-03 11:29:36.565 193 233 I chatty : uid=0(root) Binder_1 expire 2 lines
09-03 11:29:36.581 193 193 I chatty : uid=0(root) /system/bin/surfaceflinger expire 10 lines
09-03 11:29:36.840 2038 2375 I neo_cropper: set reflow aborted: 0
09-03 11:29:36.868 2038 2375 D LayoutProviderUtils: hit cache: false, [{"actualScale":1,"displayRect":{"bottom":1795,"empty":false,"left":0,"right":1404,"top":0},"name":"1","originHeight":1795,"originWidth":1404,"pageDisplayOrientation":0,"pageNumber":1,"position":"621","positionRect":{"bottom":1795,"empty":false,"left":0,"right":1404,"top":0},"positionSafely":"621","range":{"endPosition":"1353","startPosition":"621"},"scaledHeight":1795,"scaledWidth":1404,"subPage":0,"textPage":true,"visibleRect":{"bottom":1795,"empty":false,"left":0,"right":1404,"top":0},"x":0,"y":0}]
09-03 11:29:36.893 2038 2375 D LayoutProviderUtils: rendering bitmap reference count: 1
09-03 11:29:36.894 2038 2375 D LayoutProviderUtils: draw visible page: 1, scale: 1.0, bitmap: 1404, 1795, display rect: RectF(0.0, 0.0, 1404.0, 1795.0), position rect: RectF(0.0, 0.0, 1404.0, 1795.0), viewport: RectF(0.0, 0.0, 1404.0, 1795.0), page rect: RectF(0.0, 0.0, 1404.0, 1795.0), visible rect: RectF(0.0, 0.0, 1404.0, 1795.0)
09-03 11:29:37.048 2038 2375 I Benchmark: getPageBitmap ---> 153ms
09-03 11:29:37.048 2038 2375 D LayoutProviderUtils: updateReaderViewInfo
09-03 11:29:37.144 2038 2375 I neo_cropper: set reflow aborted: 0
09-03 11:29:37.182 2038 2375 I neo_cropper: set reflow aborted: 0
09-03 11:29:37.196 2038 2375 D LayoutProviderUtils: hit cache: false, [{"actualScale":1,"displayRect":{"bottom":1795,"empty":false,"left":0,"right":1404,"top":0},"name":"0","originHeight":1795,"originWidth":1404,"pageDisplayOrientation":0,"pageNumber":0,"position":"0","positionRect":{"bottom":1795,"empty":false,"left":0,"right":1404,"top":0},"positionSafely":"0","range":{"endPosition":"620","startPosition":"0"},"scaledHeight":1795,"scaledWidth":1404,"subPage":0,"textPage":true,"visibleRect":{"bottom":1795,"empty":false,"left":0,"right":1404,"top":0},"x":0,"y":0}]
09-03 11:29:37.217 2038 2375 D LayoutProviderUtils: rendering bitmap reference count: 1
09-03 11:29:37.218 2038 2375 D LayoutProviderUtils: draw visible page: 0, scale: 1.0, bitmap: 1404, 1795, display rect: RectF(0.0, 0.0, 1404.0, 1795.0), position rect: RectF(0.0, 0.0, 1404.0, 1795.0), viewport: RectF(0.0, 0.0, 1404.0, 1795.0), page rect: RectF(0.0, 0.0, 1404.0, 1795.0), visible rect: RectF(0.0, 0.0, 1404.0, 1795.0)
09-03 11:29:37.292 2038 2375 I Benchmark: getPageBitmap ---> 73ms
09-03 11:29:37.292 2038 2375 D LayoutProviderUtils: updateReaderViewInfo
09-03 11:29:37.361 2038 2375 I neo_cropper: set reflow aborted: 0
09-03 11:29:37.361 2038 2038 D ReaderDataHolder: onRenderRequestFinished: com.onyx.android.sdk.reader.host.request.GotoPositionRequest@844a9d0
09-03 11:29:37.439 193 860 I chatty : uid=0(root) Binder_3 expire 7 lines
09-03 11:29:37.462 2038 2375 D LayoutProviderUtils: hit cache: true, [{"actualScale":1,"displayRect":{"bottom":1795,"empty":false,"left":0,"right":1404,"top":0},"name":"1","originHeight":1795,"originWidth":1404,"pageDisplayOrientation":0,"pageNumber":1,"position":"621","positionRect":{"bottom":1795,"empty":false,"left":0,"right":1404,"top":0},"positionSafely":"621","range":{"endPosition":"1353","startPosition":"621"},"scaledHeight":1795,"scaledWidth":1404,"subPage":0,"textPage":true,"visibleRect":{"bottom":1795,"empty":false,"left":0,"right":1404,"top":0},"x":0,"y":0}]
09-03 11:29:37.462 2038 2375 D LayoutProviderUtils: rendering bitmap reference count: 1
09-03 11:29:37.462 2038 2375 D LayoutProviderUtils: updateReaderViewInfo
09-03 11:29:37.495 193 235 I chatty : uid=0(root) Binder_2 expire 4 lines
09-03 11:29:37.519 2038 2375 I neo_cropper: set reflow aborted: 0
09-03 11:29:37.519 557 925 D pms : Enter idle state
09-03 11:29:37.520 557 925 D pms : ######### Switching system power mode to [standby]
09-03 11:29:37.520 557 925 I pms : ========== Setup an [300000]s alarm for standby mode ==========
09-03 11:29:37.521 557 925 D pms :
09-03 11:29:37.521 557 925 D pms :
09-03 11:29:37.521 557 925 D pms : ************** Add alarm:onyx_standby_timeout
09-03 11:29:37.521 557 925 D pms :
09-03 11:29:37.524 557 557 D pms : set alarm:onyx_standby_timeout, now:1535945377522 [ 2018-09-03 11:29:37], wake:1535945677520 [2018-09-03 11:34:37]
09-03 11:29:38.369 557 786 D pms : ######### Switching system power mode to [off]
09-03 11:29:38.370 557 557 D pms : ************** cancel alarm:onyx_standby_timeout
09-03 11:29:38.370 557 557 D pms : ************** cancel alarm:onyx_auto_poweroff
09-03 11:29:38.385 2038 2375 D LayoutProviderUtils: hit cache: true, [{"actualScale":1,"displayRect":{"bottom":1795,"empty":false,"left":0,"right":1404,"top":0},"name":"1","originHeight":1795,"originWidth":1404,"pageDisplayOrientation":0,"pageNumber":1,"position":"621","positionRect":{"bottom":1795,"empty":false,"left":0,"right":1404,"top":0},"positionSafely":"621","range":{"endPosition":"1353","startPosition":"621"},"scaledHeight":1795,"scaledWidth":1404,"subPage":0,"textPage":true,"visibleRect":{"bottom":1795,"empty":false,"left":0,"right":1404,"top":0},"x":0,"y":0}]
09-03 11:29:38.386 2038 2375 D LayoutProviderUtils: rendering bitmap reference count: 1
09-03 11:29:38.386 2038 2375 D LayoutProviderUtils: updateReaderViewInfo
09-03 11:29:38.410 2038 2375 I neo_cropper: set reflow aborted: 0
09-03 11:29:38.411 2038 2038 D ReaderDataHolder: onRenderRequestFinished: com.onyx.android.sdk.reader.host.request.NextScreenRequest@b90157e
09-03 11:29:38.520 2038 2375 D LayoutProviderUtils: hit cache: false, [{"actualScale":1,"displayRect":{"bottom":1795,"empty":false,"left":0,"right":1404,"top":0},"name":"2","originHeight":1795,"originWidth":1404,"pageDisplayOrientation":0,"pageNumber":2,"position":"1354","positionRect":{"bottom":1795,"empty":false,"left":0,"right":1404,"top":0},"positionSafely":"1354","range":{"endPosition":"2177","startPosition":"1354"},"scaledHeight":1795,"scaledWidth":1404,"subPage":0,"textPage":true,"visibleRect":{"bottom":1795,"empty":false,"left":0,"right":1404,"top":0},"x":0,"y":0}]
09-03 11:29:38.571 2038 2375 D LayoutProviderUtils: rendering bitmap reference count: 1
09-03 11:29:38.572 2038 2375 D LayoutProviderUtils: draw visible page: 2, scale: 1.0, bitmap: 1404, 1795, display rect: RectF(0.0, 0.0, 1404.0, 1795.0), position rect: RectF(0.0, 0.0, 1404.0, 1795.0), viewport: RectF(0.0, 0.0, 1404.0, 1795.0), page rect: RectF(0.0, 0.0, 1404.0, 1795.0), visible rect: RectF(0.0, 0.0, 1404.0, 1795.0)
09-03 11:29:38.673 2038 2375 I Benchmark: getPageBitmap ---> 101ms
09-03 11:29:38.673 2038 2375 D LayoutProviderUtils: updateReaderViewInfo
09-03 11:29:38.764 2038 2375 I neo_cropper: set reflow aborted: 0
09-03 11:29:39.351 2038 2063 D Surface : Surface::final mReqUsage=a00
09-03 11:29:39.351 2038 2063 D mali_winsys: EGLint new_window_surface(egl_winsys_display*, void*, EGLSurface, EGLConfig, egl_winsys_surface**, egl_color_buffer_format*, EGLBoolean) returns 0x3000
09-03 11:29:44.010 557 598 D pms : Enter idle state
09-03 11:29:44.011 557 598 D pms : ######### Switching system power mode to [standby]
09-03 11:29:44.012 557 598 I pms : ========== Setup an [300000]s alarm for standby mode ==========
09-03 11:29:44.016 557 598 D pms :
09-03 11:29:44.016 557 598 D pms :
09-03 11:29:44.016 557 598 D pms : ************** Add alarm:onyx_standby_timeout
09-03 11:29:44.016 557 598 D pms :
09-03 11:29:44.031 557 557 D pms : set alarm:onyx_standby_timeout, now:1535945384021 [ 2018-09-03 11:29:44], wake:1535945684012 [2018-09-03 11:34:44]
09-03 11:29:49.069 557 786 D pms : ######### Switching system power mode to [off]
09-03 11:29:49.071 557 557 D pms : ************** cancel alarm:onyx_standby_timeout
09-03 11:29:49.071 557 557 D pms : ************** cancel alarm:onyx_auto_poweroff
09-03 11:29:49.099 2038 2038 D ShowReaderMenuAction: onMenuItemClicked: DIRECTORY_TOC
09-03 11:29:49.341 2038 2063 D Surface : Surface::final mReqUsage=a00
09-03 11:29:49.343 2038 2063 D mali_winsys: EGLint new_window_surface(egl_winsys_display*, void*, EGLSurface, EGLConfig, egl_winsys_surface**, egl_color_buffer_format*, EGLBoolean) returns 0x3000
09-03 11:29:49.350 193 193 I chatty : uid=0(root) /system/bin/surfaceflinger expire 13 lines
09-03 11:29:49.376 2038 2375 I neo_cropper: set reflow aborted: 0
09-03 11:29:49.594 2038 2063 D Surface : Surface::final mReqUsage=a00
09-03 11:29:49.595 2038 2063 D mali_winsys: EGLint new_window_surface(egl_winsys_display*, void*, EGLSurface, EGLConfig, egl_winsys_surface**, egl_color_buffer_format*, EGLBoolean) returns 0x3000
09-03 11:29:49.848 2038 2375 I neo_cropper: set reflow aborted: 0
09-03 11:29:51.947 557 598 D pms : Enter idle state
09-03 11:29:51.947 557 598 D pms : ######### Switching system power mode to [standby]
09-03 11:29:51.948 557 598 I pms : ========== Setup an [300000]s alarm for standby mode ==========
09-03 11:29:51.952 557 598 D pms :
09-03 11:29:51.952 557 598 D pms :
09-03 11:29:51.952 557 598 D pms : ************** Add alarm:onyx_standby_timeout
09-03 11:29:51.952 557 598 D pms :
09-03 11:29:51.966 557 557 D pms : set alarm:onyx_standby_timeout, now:1535945391958 [ 2018-09-03 11:29:51], wake:1535945691948 [2018-09-03 11:34:51]
09-03 11:29:53.071 557 786 D pms : ######### Switching system power mode to [off]
09-03 11:29:53.073 557 557 D pms : ************** cancel alarm:onyx_standby_timeout
09-03 11:29:53.074 557 557 D pms : ************** cancel alarm:onyx_auto_poweroff
09-03 11:29:55.947 557 598 D pms : Enter idle state
09-03 11:29:55.948 557 598 D pms : ######### Switching system power mode to [standby]
09-03 11:29:55.948 557 598 I pms : ========== Setup an [300000]s alarm for standby mode ==========
09-03 11:29:55.952 557 598 D pms :
09-03 11:29:55.952 557 598 D pms :
09-03 11:29:55.952 557 598 D pms : ************** Add alarm:onyx_standby_timeout
09-03 11:29:55.952 557 598 D pms :
09-03 11:29:55.966 557 557 D pms : set alarm:onyx_standby_timeout, now:1535945395958 [ 2018-09-03 11:29:55], wake:1535945695948 [2018-09-03 11:34:55]
09-03 11:30:08.071 557 786 D pms : ######### Switching system power mode to [off]
09-03 11:30:08.071 557 557 D pms : ************** cancel alarm:onyx_standby_timeout
09-03 11:30:08.073 557 557 D pms : ************** cancel alarm:onyx_auto_poweroff
09-03 11:30:08.211 2038 2038 W InputEventReceiver: Attempted to finish an input event but the input event receiver has already been disposed.
09-03 11:30:08.232 193 193 I chatty : uid=0(root) /system/bin/surfaceflinger expire 40 lines
09-03 11:30:10.517 2038 2375 W art : Method processed more than once: java.lang.String org.apache.lucene.analysis.Token.term()
09-03 11:30:10.517 2038 2375 W art : Method processed more than once: void org.apache.lucene.analysis.cn.smart.Utility.()
09-03 11:30:10.568 2038 2375 D LayoutProviderUtils: updateReaderViewInfo
09-03 11:30:10.569 2038 2375 I neo_cropper: set reflow aborted: 0
09-03 11:30:10.573 2038 2038 D ReaderDataHolder: onRenderRequestFinished: com.onyx.android.sdk.reader.host.request.SelectWordRequest@d12162c
09-03 11:30:10.675 2038 2375 D LayoutProviderUtils: updateReaderViewInfo
09-03 11:30:10.676 2038 2375 I neo_cropper: set reflow aborted: 0
09-03 11:30:10.677 2038 2038 D ReaderDataHolder: onRenderRequestFinished: com.onyx.android.sdk.reader.host.request.SelectWordRequest@175a68a
09-03 11:30:10.781 2038 2375 D LayoutProviderUtils: updateReaderViewInfo
09-03 11:30:10.783 2038 2375 I neo_cropper: set reflow aborted: 0
09-03 11:30:10.783 2038 2038 D ReaderDataHolder: onRenderRequestFinished: com.onyx.android.sdk.reader.host.request.SelectWordRequest@aa06918
09-03 11:30:11.273 2038 2038 I WebViewFactory: Loading com.android.webview version 44.0.2403.119 (code 246011900)
09-03 11:30:11.316 2038 2038 W System : ClassLoader referenced unknown path: /system/app/webview/lib/arm
09-03 11:30:11.345 2038 2038 I LibraryLoader: Time to load native libraries: 6 ms (timestamps 9274-9280)
09-03 11:30:11.346 2038 2038 I LibraryLoader: Expected native library version number "",actual native library version number ""
09-03 11:30:11.381 2038 2038 V WebViewChromiumFactoryProvider: Binding Chromium to main looper Looper (main, tid 1) {5dd625c}
09-03 11:30:11.384 2038 2038 I LibraryLoader: Expected native library version number "",actual native library version number ""
09-03 11:30:11.385 2038 2038 I chromium: [INFO:library_loader_hooks.cc(120)] Chromium logging enabled: level = 0, default verbosity = 0
09-03 11:30:11.420 2038 2038 I BrowserStartupController: Initializing chromium process, singleProcess=true
09-03 11:30:11.423 2038 2038 E SysUtils: ApplicationContext is null in ApplicationStatus
09-03 11:30:11.432 2038 2385 W chromium: [WARNING:dns_config_service_posix.cc(297)] Failed to read DnsConfig.
09-03 11:30:11.442 2038 2038 W chromium: [WARNING:resource_bundle.cc(285)] locale_file_path.empty()
09-03 11:30:11.446 2038 2038 E libEGL : validate_display:255 error 3008 (EGL_BAD_DISPLAY)
09-03 11:30:11.446 2038 2038 E libEGL : validate_display:255 error 3008 (EGL_BAD_DISPLAY)
09-03 11:30:11.480 2038 2396 W AudioManagerAndroid: Requires BLUETOOTH permission
09-03 11:30:11.482 2038 2038 E DataReductionProxySettingListener: No DRP key due to exception:java.lang.ClassNotFoundException: com.android.webview.chromium.Drp
09-03 11:30:11.588 2038 2038 W AwContents: onDetachedFromWindow called when already detached. Ignoring
09-03 11:30:11.658 2038 2038 D ReaderDataHolder: onRenderRequestFinished: com.onyx.android.sdk.reader.host.request.SelectWordRequest@aa06918
09-03 11:30:11.721 2197 2210 I onyx_dict: GetKeywordText release
09-03 11:30:11.758 2038 2394 W chromium: [WARNING:data_reduction_proxy_config.cc(423)] SPDY proxy OFF at startup
09-03 11:30:11.778 2038 2038 E HTMLReaderWebView: page: 1 / 1 0 1404 view: 482
09-03 11:30:11.779 2038 2038 D HTMLReaderWebView: onDraw:
09-03 11:30:12.251 2197 2210 W art : Method processed more than once: void org.jsoup.nodes.Entities.b(org.jsoup.nodes.Entities$EscapeMode, java.lang.String, int)
09-03 11:30:12.357 2197 2210 W art : Method processed more than once: java.lang.String org.jsoup.a.a.a(int, int)
09-03 11:30:12.381 2197 2210 I DictionaryProvider: hxm DictName:现代汉语词典
09-03 11:30:12.382 2197 2210 I DictionaryProvider: hxm entryIndex:47300
09-03 11:30:12.385 2038 2375 I neo_cropper: set reflow aborted: 0
09-03 11:30:12.491 2038 2038 W BindingManager: Cannot call determinedVisibility() - never saw a connection for the pid: 2038
09-03 11:30:12.495 2038 2038 E HTMLReaderWebView: page: 1 / 1 0 1404 view: 482
09-03 11:30:12.496 2038 2038 D HTMLReaderWebView: onDraw:
09-03 11:30:12.524 2038 2038 E HTMLReaderWebView: page: 1 / 1 0 1404 view: 482
09-03 11:30:12.524 2038 2038 D HTMLReaderWebView: onDraw:
09-03 11:30:12.537 2038 2038 E HTMLReaderWebView: page: 1 / 1 0 1404 view: 482
09-03 11:30:12.537 2038 2038 D HTMLReaderWebView: onDraw:
09-03 11:30:12.594 2038 2038 E HTMLReaderWebView: page: 1 / 1 0 1404 view: 482
09-03 11:30:12.595 2038 2038 D HTMLReaderWebView: onDraw:
09-03 11:30:12.656 2038 2038 E HTMLReaderWebView: page: 1 / 1 0 1404 view: 482
09-03 11:30:12.656 2038 2038 D HTMLReaderWebView: onDraw:
09-03 11:30:12.713 2038 2038 E HTMLReaderWebView: page: 1 / 1 0 1404 view: 482
09-03 11:30:12.713 2038 2038 D HTMLReaderWebView: onDraw:
09-03 11:30:12.783 2038 2038 E HTMLReaderWebView: page: 1 / 1 0 1404 view: 482
09-03 11:30:12.786 2038 2038 D HTMLReaderWebView: onDraw:
09-03 11:30:12.858 2038 2038 E HTMLReaderWebView: page: 1 / 1 1192 1404 view: 482
09-03 11:30:12.911 2038 2038 E HTMLReaderWebView: page: 1 / 1 1192 1404 view: 482
09-03 11:30:12.950 2038 2038 E HTMLReaderWebView: page: 1 / 1 1192 1404 view: 482
09-03 11:30:12.989 2038 2038 E HTMLReaderWebView: page: 1 / 1 1192 1404 view: 482
09-03 11:30:13.030 2038 2038 E HTMLReaderWebView: page: 1 / 6 258 7022 view: 482
09-03 11:30:13.030 2038 2038 D HTMLReaderWebView: onDraw:
09-03 11:30:13.129 2038 2038 E HTMLReaderWebView: page: 1 / 6 258 7022 view: 482
09-03 11:30:13.130 2038 2038 D HTMLReaderWebView: onDraw:
09-03 11:30:14.243 557 598 D pms : Enter idle state
09-03 11:30:14.244 557 598 D pms : ######### Switching system power mode to [standby]
09-03 11:30:14.245 557 598 I pms : ========== Setup an [300000]s alarm for standby mode ==========
09-03 11:30:14.248 557 598 D pms :
09-03 11:30:14.248 557 598 D pms :
09-03 11:30:14.248 557 598 D pms : ************** Add alarm:onyx_standby_timeout
09-03 11:30:14.248 557 598 D pms :
09-03 11:30:14.265 557 557 D pms : set alarm:onyx_standby_timeout, now:1535945414255 [ 2018-09-03 11:30:14], wake:1535945714245 [2018-09-03 11:35:14]
09-03 11:30:16.072 557 786 D pms : ######### Switching system power mode to [off]
09-03 11:30:16.073 557 557 D pms : ************** cancel alarm:onyx_standby_timeout
09-03 11:30:16.073 557 557 D pms : ************** cancel alarm:onyx_auto_poweroff
09-03 11:30:16.121 557 557 D ZenLog : disable_effects: -1|android|17040357|null|1000,booleanState
09-03 11:30:16.136 557 557 D ZenLog : disable_effects: -1|android|17040357|null|1000,booleanState
09-03 11:30:16.164 2038 2063 D Surface : Surface::final mReqUsage=a00
09-03 11:30:16.164 2038 2063 D mali_winsys: EGLint new_window_surface(egl_winsys_display*, void*, EGLSurface, EGLConfig, egl_winsys_surface**, egl_color_buffer_format*, EGLBoolean) returns 0x3000
09-03 11:30:16.214 1202 2285 D Surface : Surface::final mReqUsage=a00
09-03 11:30:16.214 1202 2285 D mali_winsys: EGLint new_window_surface(egl_winsys_display*, void*, EGLSurface, EGLConfig, egl_winsys_surface**, egl_color_buffer_format*, EGLBoolean) returns 0x3000
09-03 11:30:16.287 557 557 D ZenLog : disable_effects: -1|android|17040357|null|1000,booleanState
09-03 11:30:16.316 557 557 D ZenLog : disable_effects: -1|android|17040357|null|1000,booleanState
09-03 11:30:18.146 1202 2285 D Surface : Surface::final mReqUsage=a00
09-03 11:30:18.147 1202 2285 D mali_winsys: EGLint new_window_surface(egl_winsys_display*, void*, EGLSurface, EGLConfig, egl_winsys_surface**, egl_color_buffer_format*, EGLBoolean) returns 0x3000
09-03 11:30:18.327 1202 2285 D Surface : Surface::final mReqUsage=a00
09-03 11:30:18.327 1202 2285 D mali_winsys: EGLint new_window_surface(egl_winsys_display*, void*, EGLSurface, EGLConfig, egl_winsys_surface**, egl_color_buffer_format*, EGLBoolean) returns 0x3000
09-03 11:30:18.372 193 193 I chatty : uid=0(root) /system/bin/surfaceflinger expire 41 lines
09-03 11:30:18.576 1202 2285 D Surface : Surface::final mReqUsage=a00
09-03 11:30:18.576 1202 2285 D mali_winsys: EGLint new_window_surface(egl_winsys_display*, void*, EGLSurface, EGLConfig, egl_winsys_surface**, egl_color_buffer_format*, EGLBoolean) returns 0x3000
09-03 11:30:19.713 2038 2375 D LayoutProviderUtils: updateReaderViewInfo
09-03 11:30:19.757 2038 2375 I neo_cropper: set reflow aborted: 0
09-03 11:30:19.760 2038 2375 D LayoutProviderUtils: hit cache: false, [{"actualScale":1,"displayRect":{"bottom":1795,"empty":false,"left":0,"right":1404,"top":0},"name":"1","originHeight":1795,"originWidth":1404,"pageDisplayOrientation":0,"pageNumber":1,"position":"621","positionRect":{"bottom":1795,"empty":false,"left":0,"right":1404,"top":0},"positionSafely":"621","range":{"endPosition":"1353","startPosition":"621"},"scaledHeight":1795,"scaledWidth":1404,"subPage":0,"textPage":true,"visibleRect":{"bottom":1795,"empty":false,"left":0,"right":1404,"top":0},"x":0,"y":0},{"actualScale":1,"displayRect":{"bottom":1795,"empty":false,"left":0,"right":1404,"top":0},"name":"2","originHeight":1795,"originWidth":1404,"pageDisplayOrientation":0,"pageNumber":2,"position":"1030","positionRect":{"bottom":1795,"empty":false,"left":0,"right":1404,"top":0},"positionSafely":"1030","range":{"endPosition":"1353","startPosition":"1030"},"scaledHeight":1795,"scaledWidth":1404,"subPage":0,"textPage":true,"visibleRect":{"bottom":1795,"empty":false,"left":0,"right":1404,"top":0},"x":0,"y":0}]
09-03 11:30:19.776 2038 2038 D ReaderDataHolder: onRenderRequestFinished: com.onyx.android.sdk.reader.host.request.AddAnnotationRequest@2b40af1
09-03 11:30:19.793 2038 2375 D LayoutProviderUtils: rendering bitmap reference count: 1
09-03 11:30:19.795 2038 2375 D LayoutProviderUtils: draw visible page: 1, scale: 1.0, bitmap: 1404, 1795, display rect: RectF(0.0, 0.0, 1404.0, 1795.0), position rect: RectF(0.0, 0.0, 1404.0, 1795.0), viewport: RectF(0.0, 0.0, 1404.0, 1795.0), page rect: RectF(0.0, 0.0, 1404.0, 1795.0), visible rect: RectF(0.0, 0.0, 1404.0, 1795.0)
09-03 11:30:19.933 2038 2375 I Benchmark: getPageBitmap ---> 138ms
09-03 11:30:19.933 2038 2375 D LayoutProviderUtils: draw visible page: 2, scale: 1.0, bitmap: 1404, 1795, display rect: RectF(0.0, 0.0, 1404.0, 1795.0), position rect: RectF(0.0, 0.0, 1404.0, 1795.0), viewport: RectF(0.0, 0.0, 1404.0, 1795.0), page rect: RectF(0.0, 0.0, 1404.0, 1795.0), visible rect: RectF(0.0, 0.0, 1404.0, 1795.0)
09-03 11:30:20.045 2038 2375 I Benchmark: getPageBitmap ---> 111ms
09-03 11:30:20.045 2038 2375 D LayoutProviderUtils: updateReaderViewInfo
09-03 11:30:20.124 2038 2375 I neo_cropper: set reflow aborted: 0
09-03 11:30:20.126 2038 2375 D LayoutProviderUtils: hit cache: false, [{"actualScale":1,"displayRect":{"bottom":1795,"empty":false,"left":0,"right":1404,"top":0},"name":"1","originHeight":1795,"originWidth":1404,"pageDisplayOrientation":0,"pageNumber":1,"position":"621","positionRect":{"bottom":1795,"empty":false,"left":0,"right":1404,"top":0},"positionSafely":"621","range":{"endPosition":"1353","startPosition":"621"},"scaledHeight":1795,"scaledWidth":1404,"subPage":0,"textPage":true,"visibleRect":{"bottom":1795,"empty":false,"left":0,"right":1404,"top":0},"x":0,"y":0},{"actualScale":1,"displayRect":{"bottom":1795,"empty":false,"left":0,"right":1404,"top":0},"name":"2","originHeight":1795,"originWidth":1404,"pageDisplayOrientation":0,"pageNumber":2,"position":"1030","positionRect":{"bottom":1795,"empty":false,"left":0,"right":1404,"top":0},"positionSafely":"1030","range":{"endPosition":"1353","startPosition":"1030"},"scaledHeight":1795,"scaledWidth":1404,"subPage":0,"textPage":true,"visibleRect":{"bottom":1795,"empty":false,"left":0,"right":1404,"top":0},"x":0,"y":0}]
09-03 11:30:20.128 2038 2038 D ReaderDataHolder: onRenderRequestFinished: com.onyx.android.sdk.reader.host.request.RenderRequest@fc873ba
09-03 11:30:20.148 2038 2375 D LayoutProviderUtils: rendering bitmap reference count: 1
09-03 11:30:20.148 2038 2375 D LayoutProviderUtils: draw visible page: 1, scale: 1.0, bitmap: 1404, 1795, display rect: RectF(0.0, 0.0, 1404.0, 1795.0), position rect: RectF(0.0, 0.0, 1404.0, 1795.0), viewport: RectF(0.0, 0.0, 1404.0, 1795.0), page rect: RectF(0.0, 0.0, 1404.0, 1795.0), visible rect: RectF(0.0, 0.0, 1404.0, 1795.0)
09-03 11:30:20.217 2038 2375 I Benchmark: getPageBitmap ---> 69ms
09-03 11:30:20.217 2038 2375 D LayoutProviderUtils: draw visible page: 2, scale: 1.0, bitmap: 1404, 1795, display rect: RectF(0.0, 0.0, 1404.0, 1795.0), position rect: RectF(0.0, 0.0, 1404.0, 1795.0), viewport: RectF(0.0, 0.0, 1404.0, 1795.0), page rect: RectF(0.0, 0.0, 1404.0, 1795.0), visible rect: RectF(0.0, 0.0, 1404.0, 1795.0)
09-03 11:30:20.285 2038 2375 I Benchmark: getPageBitmap ---> 67ms
09-03 11:30:20.285 2038 2375 D LayoutProviderUtils: updateReaderViewInfo
09-03 11:30:20.412 2038 2375 I neo_cropper: set reflow aborted: 0
09-03 11:30:20.415 2038 2038 D ReaderDataHolder: onRenderRequestFinished: com.onyx.android.sdk.reader.host.request.RenderRequest@67a1186
09-03 11:30:20.426 2038 2375 I neo_cropper: set reflow aborted: 0
