09-03 11:25:30.455 193 193 I chatty : uid=0(root) /system/bin/surfaceflinger expire 66 lines
09-03 11:25:30.636 2038 2063 I chatty : uid=10048(com.onyx.kreader) RenderThread expire 12 lines
09-03 11:25:30.641 557 596 D WindowStateAnimator: rk_debug2 Starting com.onyx.kreader_Force_To_Dual
09-03 11:25:30.642 2038 2038 I chatty : uid=10048 com.onyx.kreader:reader_tab_1 expire 18 lines
09-03 11:25:30.714 557 596 I chatty : uid=1000(system) android.display expire 2 lines
09-03 11:25:30.732 596 596 I chatty : uid=1000(system) android.display expire 1 line
09-03 11:25:31.157 2038 2185 I chatty : uid=10048(com.onyx.kreader) Thread-185 expire 32 lines
09-03 11:25:36.435 2038 2186 I chatty : uid=10048(com.onyx.kreader) Thread-186 expire 4 lines
09-03 11:25:36.651 193 1987 I chatty : uid=0(root) Binder_4 expire 10 lines
09-03 11:25:36.715 1812 2189 I chatty : uid=10048(com.onyx.kreader) expire 2 lines
09-03 11:25:37.268 557 928 D pms : Enter idle state
09-03 11:25:37.268 557 928 D pms : ######### Switching system power mode to [standby]
09-03 11:25:37.269 557 928 I pms : ========== Setup an [300000]s alarm for standby mode ==========
09-03 11:25:37.270 557 928 D pms :
09-03 11:25:37.270 557 928 D pms :
09-03 11:25:37.270 557 928 D pms : ************** Add alarm:onyx_standby_timeout
09-03 11:25:37.270 557 928 D pms :
09-03 11:25:37.274 557 557 D pms : set alarm:onyx_standby_timeout, now:1535945137272 [ 2018-09-03 11:25:37], wake:1535945437269 [2018-09-03 11:30:37]
09-03 11:25:39.072 557 786 D pms : ######### Switching system power mode to [off]
09-03 11:25:39.072 557 557 D pms : ************** cancel alarm:onyx_standby_timeout
09-03 11:25:39.073 557 557 D pms : ************** cancel alarm:onyx_auto_poweroff
09-03 11:25:41.846 193 233 I chatty : uid=0(root) Binder_1 expire 10 lines
09-03 11:25:55.415 557 1274 I ActivityManager: Config changes=480 {1.0 ?mcc?mnc zh_CN ldltr sw748dp w998dp h704dp 300dpi xlrg land finger -keyb/v/h -nav/h s.9}
09-03 11:25:55.421 557 787 I chatty : uid=1000(system) InputReader expire 2 lines
09-03 11:25:55.480 557 591 I chatty : uid=1000(system) ActivityManager expire 1 line
09-03 11:25:55.488 557 557 I chatty : uid=1000 system_server expire 2 lines
09-03 11:25:55.502 2038 2185 I chatty : uid=10048(com.onyx.kreader) Thread-185 expire 37 lines
09-03 11:25:55.574 2038 2063 I chatty : uid=10048(com.onyx.kreader) RenderThread expire 18 lines
09-03 11:25:55.693 935 1406 D Surface : Surface::final mReqUsage=a00
09-03 11:25:55.694 935 1406 D mali_winsys: EGLint new_window_surface(egl_winsys_display*, void*, EGLSurface, EGLConfig, egl_winsys_surface**, egl_color_buffer_format*, EGLBoolean) returns 0x3000
09-03 11:25:55.757 2038 2038 I chatty : uid=10048 com.onyx.kreader:reader_tab_1 expire 22 lines
09-03 11:25:55.984 557 596 I WindowManager: Screen frozen for +640ms due to Window{f01b7ee u0 com.onyx.kreader/com.onyx.kreader.ui.ReaderTab1Activity}
09-03 11:25:58.207 557 927 I ActivityManager: Config changes=480 {1.0 ?mcc?mnc zh_CN ldltr sw748dp w748dp h954dp 300dpi xlrg port finger -keyb/v/h -nav/h s.10}
09-03 11:25:58.211 557 787 I chatty : uid=1000(system) InputReader expire 2 lines
09-03 11:25:58.288 557 591 I chatty : uid=1000(system) ActivityManager expire 1 line
09-03 11:25:58.291 557 557 I chatty : uid=1000 system_server expire 2 lines
09-03 11:25:58.466 935 1406 D Surface : Surface::final mReqUsage=a00
09-03 11:25:58.467 935 1406 D mali_winsys: EGLint new_window_surface(egl_winsys_display*, void*, EGLSurface, EGLConfig, egl_winsys_surface**, egl_color_buffer_format*, EGLBoolean) returns 0x3000
09-03 11:25:58.748 557 596 I WindowManager: Screen frozen for +613ms due to Window{f01b7ee u0 com.onyx.kreader/com.onyx.kreader.ui.ReaderTab1Activity}
09-03 11:25:59.235 193 235 I chatty : uid=0(root) Binder_2 expire 8 lines
09-03 11:26:00.799 193 193 I chatty : uid=0(root) /system/bin/surfaceflinger expire 34 lines
09-03 11:26:00.879 557 787 I chatty : uid=1000(system) InputReader expire 4 lines
09-03 11:26:00.912 557 596 I WindowManager: Screen frozen for +115ms due to Window{f01b7ee u0 com.onyx.kreader/com.onyx.kreader.ui.ReaderTab1Activity}
09-03 11:26:03.031 557 596 I chatty : uid=1000(system) android.display expire 5 lines
09-03 11:26:03.644 557 596 I WindowManager: Screen frozen for +103ms due to Window{f01b7ee u0 com.onyx.kreader/com.onyx.kreader.ui.ReaderTab1Activity}
09-03 11:26:06.892 557 588 I ActivityManager: START u0 {act=android.intent.action.SEARCH cmp=com.onyx.dict/.activity.DictMainActivity (has extras)} from uid 10048 on display 0
09-03 11:26:07.022 557 596 D WindowStateAnimator: rk_debug2 Starting com.onyx.dict_Force_To_Dual
09-03 11:26:07.043 1888 1888 W MainKeyboardView: Cannot find android.R.id.content view to add PreviewPlacerView
09-03 11:26:07.069 557 927 I ActivityManager: Start proc 2197:com.onyx.dict/u0a47 for activity com.onyx.dict/.activity.DictMainActivity
09-03 11:26:07.074 2197 2197 I art : Late-enabling JIT
09-03 11:26:07.088 2197 2197 I art : JIT created with code_cache_capacity=2MB compile_threshold=1000
09-03 11:26:07.132 2211 2211 I dex2oat : type=1400 audit(0.0:99): avc: denied { read } for name="lib" dev="mmcblk0p13" ino=13 scontext=u:r:dex2oat:s0 tcontext=u:object_r:unlabeled:s0 tclass=lnk_file permissive=1
09-03 11:26:07.134 557 835 I chatty : uid=1000(system) Binder_3 expire 1 line
09-03 11:26:07.173 2211 2211 I dex2oat : /system/bin/dex2oat --compiler-filter=verify-at-runtime
09-03 11:26:07.275 1888 1888 W MainKeyboardView: Cannot find android.R.id.content view to add PreviewPlacerView
09-03 11:26:08.243 2211 2211 I dex2oat : dex2oat took 1.070s (threads: 4) arena alloc=0B java alloc=6MB native alloc=2MB free=840KB
09-03 11:26:08.317 2197 2197 W System : ClassLoader referenced unknown path: /system/app/dict-release/lib/arm
09-03 11:26:08.903 2197 2197 D DeviceInfo: device info: Onyx, Nova, Nova
09-03 11:26:08.936 2197 2197 D DeviceInfo: present device: RK32XX
09-03 11:26:09.002 2197 2197 I a : Add watch path:/storage/emulated/0/dicts
09-03 11:26:09.004 2197 2197 I a : Add watch path:/storage/emulated/0/dictionary
09-03 11:26:09.004 2197 2197 I a : Add watch path:/storage/emulated/0/dictionary/stardict-oxford-2.4.2
09-03 11:26:09.005 2197 2197 I a : Add watch path:/storage/emulated/0/dictionary/stardict-oxford-gb-2.4.2
09-03 11:26:09.005 2197 2197 I a : Add watch path:/storage/emulated/0/dictionary/stardict-xiandaihanyucidian-2.4.2
09-03 11:26:09.219 2197 2197 I WebViewFactory: Loading com.android.webview version 44.0.2403.119 (code 246011900)
09-03 11:26:09.263 2197 2224 I onyx_dict: encoding:牛津现代英汉双解词典
09-03 11:26:09.264 2197 2224 I onyx_dict: encoding:UTF-8
09-03 11:26:09.272 557 927 I chatty : uid=1000(system) Binder_6 expire 1 line
09-03 11:26:09.295 2197 2222 I onyx_dict: encoding:Oxford (En)
09-03 11:26:09.295 2197 2222 I onyx_dict: encoding:UTF-8
09-03 11:26:09.320 2226 2226 I dex2oat : /system/bin/dex2oat --compiler-filter=verify-at-runtime
09-03 11:26:09.329 2197 2223 I onyx_dict: encoding:现代汉语词典
09-03 11:26:09.330 2197 2223 I onyx_dict: encoding:UTF-8
09-03 11:26:09.525 2226 2226 I dex2oat : dex2oat took 205.298ms (threads: 4) arena alloc=1160B java alloc=1274KB native alloc=947KB free=192KB
09-03 11:26:09.531 2197 2197 W System : ClassLoader referenced unknown path: /system/app/webview/lib/arm
09-03 11:26:09.615 2197 2197 I LibraryLoader: Time to load native libraries: 68 ms (timestamps 2802-2870)
09-03 11:26:09.615 2197 2197 I LibraryLoader: Expected native library version number "",actual native library version number ""
09-03 11:26:09.647 2197 2197 V WebViewChromiumFactoryProvider: Binding Chromium to main looper Looper (main, tid 1) {8af9d83}
09-03 11:26:09.649 2197 2197 I LibraryLoader: Expected native library version number "",actual native library version number ""
09-03 11:26:09.649 2197 2197 I chromium: [INFO:library_loader_hooks.cc(120)] Chromium logging enabled: level = 0, default verbosity = 0
09-03 11:26:09.676 2197 2197 I BrowserStartupController: Initializing chromium process, singleProcess=true
09-03 11:26:09.680 2197 2197 E SysUtils: ApplicationContext is null in ApplicationStatus
09-03 11:26:09.780 2197 2233 W chromium: [WARNING:dns_config_service_posix.cc(297)] Failed to read DnsConfig.
09-03 11:26:09.789 2197 2197 W chromium: [WARNING:resource_bundle.cc(285)] locale_file_path.empty()
09-03 11:26:09.793 2197 2197 E libEGL : validate_display:255 error 3008 (EGL_BAD_DISPLAY)
09-03 11:26:09.794 2197 2197 E libEGL : validate_display:255 error 3008 (EGL_BAD_DISPLAY)
09-03 11:26:09.794 2197 2197 I mali_so : [File] : hardware/arm/maliT760/driver/product/base/src/mali_base_kbase.c; [Line] : 928; [Func] : base_context_deal_with_version_affairs_rk_ext;
09-03 11:26:09.794 2197 2197 I mali_so : arm_release_ver of this mali_so is 'r12p0-04rel0', rk_so_ver is '12@0', built at '17:00:15', on 'Aug 16 2016'.
09-03 11:26:09.794 2197 2197 I mali_so : [File] : hardware/arm/maliT760/driver/product/base/src/mali_base_kbase.c; [Line] : 955; [Func] : base_context_deal_with_version_affairs_rk_ext;
09-03 11:26:09.794 2197 2197 I mali_so : mali_ver_property has been set to 'r12p0-04rel0-13-12@0', to return.
09-03 11:26:09.836 2197 2197 E DataReductionProxySettingListener: No DRP key due to exception:java.lang.ClassNotFoundException: com.android.webview.chromium.Drp
09-03 11:26:09.836 557 595 I chatty : uid=1000(system) android.io expire 1 line
09-03 11:26:10.019 2197 2197 W AwContents: onDetachedFromWindow called when already detached. Ignoring
09-03 11:26:10.022 2197 2197 I AutoPagedWebView: init
09-03 11:26:10.069 2197 2197 W ResourceType: No package identifier when getting value for resource number 0x00000000
09-03 11:26:10.109 2197 2197 I a : Using device model.
09-03 11:26:10.195 2197 2263 D OpenGLRenderer: Use EGL_SWAP_BEHAVIOR_PRESERVED: true
09-03 11:26:10.207 2197 2251 W chromium: [WARNING:data_reduction_proxy_config.cc(423)] SPDY proxy OFF at startup
09-03 11:26:10.254 1888 2174 I LatinIME:LogUtils: Dictionary info: dictionary = contacts.zh_CN.dict ; version = ? ; date = ?
09-03 11:26:10.356 2197 2263 I OpenGLRenderer: Initialized EGL, version 1.4
09-03 11:26:10.362 2197 2263 D Surface : Surface::final mReqUsage=a00
09-03 11:26:10.362 2197 2263 D mali_winsys: EGLint new_window_surface(egl_winsys_display*, void*, EGLSurface, EGLConfig, egl_winsys_surface**, egl_color_buffer_format*, EGLBoolean) returns 0x3000
09-03 11:26:10.420 2197 2197 I AutoPagedWebView: measuredHeight:1457,measuredWidth:1348,density:1.875
09-03 11:26:10.429 1888 1888 W MainKeyboardView: Cannot find android.R.id.content view to add PreviewPlacerView
09-03 11:26:10.552 1888 1888 W SubtypeSwitcher: Can't find Emoji subtype
09-03 11:26:10.553 1888 1888 W SubtypeSwitcher: No input method subtype found; return dummy subtype: android.view.inputmethod.InputMethodSubtype@d78b2ed0
09-03 11:26:10.619 2197 2197 W BindingManager: Cannot call determinedVisibility() - never saw a connection for the pid: 2197
09-03 11:26:10.632 2197 2197 I AutoPagedWebView: applyCSS pageFinished
09-03 11:26:10.632 2197 2197 I AutoPagedWebView: measuredHeight:1457,measuredWidth:1348,density:1.875
09-03 11:26:10.632 557 596 I chatty : uid=1000(system) android.display expire 1 line
09-03 11:26:10.770 1888 1888 W ViewPager: Requested offscreen page limit 0 too small; defaulting to 1
09-03 11:26:10.806 1888 1888 E RichInputConnection: Unable to connect to the editor to retrieve text... will retry later
09-03 11:26:10.810 1888 1888 I InputAttributes: InputType.TYPE_NULL is specified
09-03 11:26:10.849 193 193 I chatty : uid=0(root) /system/bin/surfaceflinger expire 102 lines
09-03 11:26:10.954 557 557 D ZenLog : disable_effects: -1|android|17040357|null|1000,booleanState
09-03 11:26:10.976 557 557 D ZenLog : disable_effects: -1|android|17040357|null|1000,booleanState
09-03 11:26:11.061 557 557 D ZenLog : disable_effects: -1|android|17040357|null|1000,booleanState
09-03 11:26:11.207 1888 2159 D Surface : Surface::final mReqUsage=a00
09-03 11:26:11.207 1888 2159 D mali_winsys: EGLint new_window_surface(egl_winsys_display*, void*, EGLSurface, EGLConfig, egl_winsys_surface**, egl_color_buffer_format*, EGLBoolean) returns 0x3000
09-03 11:26:11.319 1888 1888 W MainKeyboardView: Cannot find android.R.id.content view to add PreviewPlacerView
09-03 11:26:11.447 1888 2159 D Surface : Surface::final mReqUsage=a00
09-03 11:26:11.447 1888 2159 D mali_winsys: EGLint new_window_surface(egl_winsys_display*, void*, EGLSurface, EGLConfig, egl_winsys_surface**, egl_color_buffer_format*, EGLBoolean) returns 0x3000
09-03 11:26:12.475 2038 2038 I chatty : uid=10048 com.onyx.kreader:reader_tab_1 expire 12 lines
09-03 11:26:13.070 557 1274 D pms : Enter idle state
09-03 11:26:13.071 557 1274 D pms : ######### Switching system power mode to [standby]
09-03 11:26:13.071 557 1274 I pms : ========== Setup an [300000]s alarm for standby mode ==========
09-03 11:26:13.071 557 1274 D pms :
09-03 11:26:13.071 557 1274 D pms :
09-03 11:26:13.071 557 1274 D pms : ************** Add alarm:onyx_standby_timeout
09-03 11:26:13.071 557 1274 D pms :
09-03 11:26:13.072 557 557 D pms : set alarm:onyx_standby_timeout, now:1535945173072 [ 2018-09-03 11:26:13], wake:1535945473071 [2018-09-03 11:31:13]
09-03 11:26:14.070 557 786 D pms : ######### Switching system power mode to [off]
09-03 11:26:14.075 557 557 D pms : ************** cancel alarm:onyx_standby_timeout
09-03 11:26:14.075 557 557 D pms : ************** cancel alarm:onyx_auto_poweroff
09-03 11:26:14.087 2197 2197 W art : Method processed more than once: java.lang.String com.onyx.dict.data.lemmagen.LemmagenRequest.b(java.lang.String)
09-03 11:26:14.105 2197 2197 W art : Method processed more than once: java.lang.String org.apache.commons.lang3.text.WordUtils.capitalize(java.lang.String, char[])
09-03 11:26:14.147 2197 2222 I onyx_dict: GetKeywordText release
09-03 11:26:14.148 2197 2222 W art : Method processed more than once: java.util.Set com.onyx.dict.data.starDict.StarDictProvider.a(com.onyx.dict.data.common.b, java.lang.String, int, boolean)
09-03 11:26:14.149 2197 2222 I onyx_dict: GetKeywordText release
09-03 11:26:14.150 2197 2222 I onyx_dict: GetKeywordText release
09-03 11:26:14.151 2197 2222 I onyx_dict: GetKeywordText release
09-03 11:26:14.152 2197 2222 I onyx_dict: GetKeywordText release
09-03 11:26:14.157 2197 2224 I onyx_dict: GetKeywordText release
09-03 11:26:14.159 2197 2224 I onyx_dict: GetKeywordText release
09-03 11:26:14.160 2197 2224 I onyx_dict: GetKeywordText release
09-03 11:26:14.161 2197 2224 I onyx_dict: GetKeywordText release
09-03 11:26:14.161 2197 2224 I onyx_dict: GetKeywordText release
09-03 11:26:14.292 2197 2263 D Surface : Surface::final mReqUsage=a00
09-03 11:26:14.292 2197 2263 D mali_winsys: EGLint new_window_surface(egl_winsys_display*, void*, EGLSurface, EGLConfig, egl_winsys_surface**, egl_color_buffer_format*, EGLBoolean) returns 0x3000
09-03 11:26:14.563 2197 2222 I onyx_dict: GetKeywordText release
09-03 11:26:14.566 2197 2222 I onyx_dict: GetKeywordText release
09-03 11:26:14.568 2197 2222 I onyx_dict: GetKeywordText release
09-03 11:26:14.570 2197 2222 I onyx_dict: GetKeywordText release
09-03 11:26:14.576 2197 2222 I onyx_dict: GetKeywordText release
09-03 11:26:14.811 2197 2263 D Surface : Surface::final mReqUsage=a00
09-03 11:26:14.811 2197 2263 D mali_winsys: EGLint new_window_surface(egl_winsys_display*, void*, EGLSurface, EGLConfig, egl_winsys_surface**, egl_color_buffer_format*, EGLBoolean) returns 0x3000
09-03 11:26:19.059 557 588 W InputMethodManagerService: Ignoring showInputMethodPickerFromClient of uid 10031: com.android.internal.view.IInputMethodClient$Stub$Proxy@1cebb10
09-03 11:26:19.499 557 2281 I chatty : uid=1000(system) RenderThread expire 4 lines
09-03 11:26:19.508 557 557 D ZenLog : disable_effects: -1|android|17040357|null|1000,booleanState
09-03 11:26:19.819 557 557 D WindowStateAnimator: rk_debug2 Select input method_Force_To_Dual
09-03 11:26:22.042 557 1335 W InputMethodManagerService: Window already focused, ignoring focus gain of: com.android.internal.view.IInputMethodClient$Stub$Proxy@e4413c9 attribute=null, token = android.os.BinderProxy@678bb9d
09-03 11:26:22.055 557 589 V InputMethodManagerService: Adding window token: android.os.Binder@3712385
09-03 11:26:22.061 557 557 I chatty : uid=1000 system_server expire 1 line
09-03 11:26:22.064 557 557 D ZenLog : disable_effects: -1|android|17040357|null|1000,booleanState
09-03 11:26:22.067 1888 1907 I LatinIME:LogUtils: Dictionary info: dictionary = PersonalizationPredictionDictio ; version = ? ; date = 1535943947
09-03 11:26:22.078 557 557 D ZenLog : disable_effects: -1|android|17040357|null|1000,booleanState
09-03 11:26:22.114 1888 1905 I LatinIME:LogUtils: Dictionary info: dictionary = UserHistoryDictionary.en_US.dic ; version = ? ; date = 1535943947
09-03 11:26:22.362 557 557 D ZenLog : disable_effects: -1|android|17040357|null|1000,booleanState
09-03 11:26:22.369 1202 2285 D OpenGLRenderer: Use EGL_SWAP_BEHAVIOR_PRESERVED: true
09-03 11:26:22.395 557 557 D ZenLog : disable_effects: -1|android|17040357|null|1000,booleanState
09-03 11:26:22.496 1202 2285 I mali_so : [File] : hardware/arm/maliT760/driver/product/base/src/mali_base_kbase.c; [Line] : 928; [Func] : base_context_deal_with_version_affairs_rk_ext;
09-03 11:26:22.496 1202 2285 I mali_so : arm_release_ver of this mali_so is 'r12p0-04rel0', rk_so_ver is '12@0', built at '17:00:15', on 'Aug 16 2016'.
09-03 11:26:22.496 1202 2285 I mali_so : [File] : hardware/arm/maliT760/driver/product/base/src/mali_base_kbase.c; [Line] : 955; [Func] : base_context_deal_with_version_affairs_rk_ext;
09-03 11:26:22.496 1202 2285 I mali_so : mali_ver_property has been set to 'r12p0-04rel0-13-12@0', to return.
09-03 11:26:22.498 1202 2285 I OpenGLRenderer: Initialized EGL, version 1.4
09-03 11:26:22.516 1202 2285 D Surface : Surface::final mReqUsage=a00
09-03 11:26:22.516 1202 2285 D mali_winsys: EGLint new_window_surface(egl_winsys_display*, void*, EGLSurface, EGLConfig, egl_winsys_surface**, egl_color_buffer_format*, EGLBoolean) returns 0x3000
09-03 11:26:24.533 2197 2197 W InputEventReceiver: Attempted to finish an input event but the input event receiver has already been disposed.
09-03 11:26:24.625 557 557 D ZenLog : disable_effects: -1|android|17040357|null|1000,booleanState
09-03 11:26:25.814 2197 2222 I onyx_dict: GetKeywordText release
09-03 11:26:25.815 2197 2222 I onyx_dict: GetKeywordText release
09-03 11:26:25.816 2197 2222 I onyx_dict: GetKeywordText release
09-03 11:26:25.817 2197 2222 I onyx_dict: GetKeywordText release
09-03 11:26:25.818 2197 2222 I onyx_dict: GetKeywordText release
09-03 11:26:25.949 2197 2263 D Surface : Surface::final mReqUsage=a00
09-03 11:26:25.949 2197 2263 D mali_winsys: EGLint new_window_surface(egl_winsys_display*, void*, EGLSurface, EGLConfig, egl_winsys_surface**, egl_color_buffer_format*, EGLBoolean) returns 0x3000
09-03 11:26:26.153 2197 2222 I onyx_dict: GetKeywordText release
09-03 11:26:26.154 2197 2224 I onyx_dict: GetKeywordText release
09-03 11:26:26.155 2197 2222 I onyx_dict: GetKeywordText release
09-03 11:26:26.157 2197 2224 I onyx_dict: GetKeywordText release
09-03 11:26:26.158 2197 2222 I onyx_dict: GetKeywordText release
09-03 11:26:26.158 2197 2224 I onyx_dict: GetKeywordText release
09-03 11:26:26.159 2197 2224 I onyx_dict: GetKeywordText release
09-03 11:26:26.160 2197 2222 I onyx_dict: GetKeywordText release
09-03 11:26:26.160 2197 2224 I onyx_dict: GetKeywordText release
09-03 11:26:26.161 2197 2222 I onyx_dict: GetKeywordText release
09-03 11:26:26.304 2197 2263 D Surface : Surface::final mReqUsage=a00
09-03 11:26:26.304 2197 2263 D mali_winsys: EGLint new_window_surface(egl_winsys_display*, void*, EGLSurface, EGLConfig, egl_winsys_surface**, egl_color_buffer_format*, EGLBoolean) returns 0x3000
09-03 11:26:28.478 1202 2285 D Surface : Surface::final mReqUsage=a00
09-03 11:26:28.478 1202 2285 D mali_winsys: EGLint new_window_surface(egl_winsys_display*, void*, EGLSurface, EGLConfig, egl_winsys_surface**, egl_color_buffer_format*, EGLBoolean) returns 0x3000
09-03 11:26:28.542 193 193 I chatty : uid=0(root) /system/bin/surfaceflinger expire 31 lines
09-03 11:26:29.164 1202 2285 D Surface : Surface::final mReqUsage=a00
09-03 11:26:29.165 1202 2285 D mali_winsys: EGLint new_window_surface(egl_winsys_display*, void*, EGLSurface, EGLConfig, egl_winsys_surface**, egl_color_buffer_format*, EGLBoolean) returns 0x3000
09-03 11:26:30.336 1202 2285 D Surface : Surface::final mReqUsage=a00
09-03 11:26:30.336 1202 2285 D mali_winsys: EGLint new_window_surface(egl_winsys_display*, void*, EGLSurface, EGLConfig, egl_winsys_surface**, egl_color_buffer_format*, EGLBoolean) returns 0x3000
09-03 11:26:30.926 1202 2285 D Surface : Surface::final mReqUsage=a00
09-03 11:26:30.926 1202 2285 D mali_winsys: EGLint new_window_surface(egl_winsys_display*, void*, EGLSurface, EGLConfig, egl_winsys_surface**, egl_color_buffer_format*, EGLBoolean) returns 0x3000
09-03 11:26:31.822 2197 2223 I onyx_dict: GetKeywordText release
09-03 11:26:31.822 2197 2223 I onyx_dict: GetKeywordText release
09-03 11:26:31.823 2197 2223 I onyx_dict: GetKeywordText release
09-03 11:26:31.823 2197 2223 I onyx_dict: GetKeywordText release
09-03 11:26:31.824 2197 2223 I onyx_dict: GetKeywordText release
09-03 11:26:31.908 2197 2263 D Surface : Surface::final mReqUsage=a00
09-03 11:26:31.908 2197 2263 D mali_winsys: EGLint new_window_surface(egl_winsys_display*, void*, EGLSurface, EGLConfig, egl_winsys_surface**, egl_color_buffer_format*, EGLBoolean) returns 0x3000
09-03 11:26:33.814 2197 2197 W InputEventReceiver: Attempted to finish an input event but the input event receiver has already been disposed.
09-03 11:26:33.943 2197 2197 I DictMainActivity: dictionary:0
09-03 11:26:33.950 2197 2222 I f : not found
09-03 11:26:33.956 2197 2224 I f : not found
09-03 11:26:34.109 2197 2223 I onyx_dict: GetKeywordText release
09-03 11:26:34.110 2197 2223 W art : Method processed more than once: com.onyx.dict.data.h com.onyx.dict.data.starDict.StarDictProvider.a(com.onyx.dict.data.common.b, java.lang.String, boolean, boolean)
09-03 11:26:37.120 557 598 D pms : Enter idle state
09-03 11:26:37.121 557 598 D pms : ######### Switching system power mode to [standby]
09-03 11:26:37.122 557 598 I pms : ========== Setup an [300000]s alarm for standby mode ==========
09-03 11:26:37.126 557 598 D pms :
09-03 11:26:37.126 557 598 D pms :
09-03 11:26:37.126 557 598 D pms : ************** Add alarm:onyx_standby_timeout
09-03 11:26:37.126 557 598 D pms :
09-03 11:26:37.141 557 557 D pms : set alarm:onyx_standby_timeout, now:1535945197132 [ 2018-09-03 11:26:37], wake:1535945497122 [2018-09-03 11:31:37]
09-03 11:26:39.069 557 786 D pms : ######### Switching system power mode to [off]
09-03 11:26:39.069 557 557 D pms : ************** cancel alarm:onyx_standby_timeout
09-03 11:26:39.069 557 557 D pms : ************** cancel alarm:onyx_auto_poweroff
09-03 11:26:39.102 2197 2197 W art : Method processed more than once: java.lang.String com.alibaba.fastjson.serializer.SerializeWriter.toString()
09-03 11:26:39.122 193 193 I chatty : uid=0(root) /system/bin/surfaceflinger expire 72 lines
09-03 11:26:39.229 557 567 I chatty : uid=1000(system) HeapTaskDaemon expire 1 line
09-03 11:26:39.923 193 1988 I chatty : uid=0(root) Binder_5 expire 6 lines
09-03 11:26:44.726 2197 2206 W MediaPlayer-JNI: MediaPlayer finalized without being released
09-03 11:26:47.778 2038 2185 I chatty : uid=10048(com.onyx.kreader) Thread-185 expire 10 lines
09-03 11:26:47.912 1987 1987 I chatty : uid=0(root) Binder_4 expire 3 lines
09-03 11:26:54.997 557 598 D pms : Enter idle state
09-03 11:26:54.998 557 598 D pms : ######### Switching system power mode to [standby]
09-03 11:26:54.998 557 598 I pms : ========== Setup an [300000]s alarm for standby mode ==========
09-03 11:26:55.002 557 598 D pms :
09-03 11:26:55.002 557 598 D pms :
09-03 11:26:55.002 557 598 D pms : ************** Add alarm:onyx_standby_timeout
09-03 11:26:55.002 557 598 D pms :
09-03 11:26:55.017 557 557 D pms : set alarm:onyx_standby_timeout, now:1535945215008 [ 2018-09-03 11:26:55], wake:1535945514998 [2018-09-03 11:31:54]
09-03 11:26:56.070 557 786 D pms : ######### Switching system power mode to [off]
09-03 11:26:56.070 557 557 D pms : ************** cancel alarm:onyx_standby_timeout
09-03 11:26:56.070 557 557 D pms : ************** cancel alarm:onyx_auto_poweroff
09-03 11:26:56.138 557 1274 I ActivityManager: START u0 {act=android.intent.action.SEARCH cmp=com.onyx.dict/.activity.DictMainActivity (has extras)} from uid 10048 on display 0
09-03 11:26:56.264 557 596 D WindowStateAnimator: rk_debug2 Starting com.onyx.dict_Force_To_Dual
09-03 11:26:56.342 557 596 I chatty : uid=1000(system) android.display expire 4 lines
09-03 11:26:56.396 2197 2197 W AwContents: onDetachedFromWindow called when already detached. Ignoring
09-03 11:26:56.401 2197 2197 I AutoPagedWebView: init
09-03 11:26:56.427 2038 2038 I chatty : uid=10048 com.onyx.kreader:reader_tab_1 expire 15 lines
09-03 11:26:56.615 2197 2263 D Surface : Surface::final mReqUsage=a00
09-03 11:26:56.615 2197 2263 D mali_winsys: EGLint new_window_surface(egl_winsys_display*, void*, EGLSurface, EGLConfig, egl_winsys_surface**, egl_color_buffer_format*, EGLBoolean) returns 0x3000
09-03 11:26:56.668 2197 2197 I AutoPagedWebView: measuredHeight:1457,measuredWidth:1348,density:1.875
09-03 11:26:56.688 557 557 D ZenLog : disable_effects: -1|android|17040357|null|1000,booleanState
09-03 11:26:56.702 557 557 D ZenLog : disable_effects: -1|android|17040357|null|1000,booleanState
09-03 11:26:56.726 1202 2285 D Surface : Surface::final mReqUsage=a00
09-03 11:26:56.726 1202 2285 D mali_winsys: EGLint new_window_surface(egl_winsys_display*, void*, EGLSurface, EGLConfig, egl_winsys_surface**, egl_color_buffer_format*, EGLBoolean) returns 0x3000
09-03 11:26:56.787 2197 2197 W BindingManager: Cannot call determinedVisibility() - never saw a connection for the pid: 2197
09-03 11:26:56.791 2197 2197 I AutoPagedWebView: applyCSS pageFinished
09-03 11:26:56.791 2197 2197 I AutoPagedWebView: measuredHeight:1457,measuredWidth:1348,density:1.875
09-03 11:26:58.946 557 598 D pms : Enter idle state
09-03 11:26:58.947 557 598 D pms : ######### Switching system power mode to [standby]
09-03 11:26:58.948 557 598 I pms : ========== Setup an [300000]s alarm for standby mode ==========
09-03 11:26:58.952 557 598 D pms :
09-03 11:26:58.952 557 598 D pms :
09-03 11:26:58.952 557 598 D pms : ************** Add alarm:onyx_standby_timeout
09-03 11:26:58.952 557 598 D pms :
09-03 11:26:58.968 557 557 D pms : set alarm:onyx_standby_timeout, now:1535945218958 [ 2018-09-03 11:26:58], wake:1535945518948 [2018-09-03 11:31:58]
09-03 11:26:59.351 557 786 D pms : ######### Switching system power mode to [off]
09-03 11:26:59.352 557 557 D pms : ************** cancel alarm:onyx_standby_timeout
09-03 11:26:59.352 557 557 D pms : ************** cancel alarm:onyx_auto_poweroff
09-03 11:26:59.591 1202 2285 D Surface : Surface::final mReqUsage=a00
09-03 11:26:59.591 1202 2285 D mali_winsys: EGLint new_window_surface(egl_winsys_display*, void*, EGLSurface, EGLConfig, egl_winsys_surface**, egl_color_buffer_format*, EGLBoolean) returns 0x3000
09-03 11:27:00.368 1202 2285 D Surface : Surface::final mReqUsage=a00
09-03 11:27:00.369 1202 2285 D mali_winsys: EGLint new_window_surface(egl_winsys_display*, void*, EGLSurface, EGLConfig, egl_winsys_surface**, egl_color_buffer_format*, EGLBoolean) returns 0x3000
09-03 11:27:01.004 1202 2285 D Surface : Surface::final mReqUsage=a00
09-03 11:27:01.004 1202 2285 D mali_winsys: EGLint new_window_surface(egl_winsys_display*, void*, EGLSurface, EGLConfig, egl_winsys_surface**, egl_color_buffer_format*, EGLBoolean) returns 0x3000
09-03 11:27:02.000 1202 2285 D Surface : Surface::final mReqUsage=a00
09-03 11:27:02.000 1202 2285 D mali_winsys: EGLint new_window_surface(egl_winsys_display*, void*, EGLSurface, EGLConfig, egl_winsys_surface**, egl_color_buffer_format*, EGLBoolean) returns 0x3000
09-03 11:27:02.827 2197 2223 I onyx_dict: GetKeywordText release
09-03 11:27:02.835 2197 2223 I onyx_dict: GetKeywordText release
09-03 11:27:02.836 2197 2223 I onyx_dict: GetKeywordText release
09-03 11:27:02.837 2197 2223 I onyx_dict: GetKeywordText release
09-03 11:27:02.846 2197 2223 I onyx_dict: GetKeywordText release
09-03 11:27:02.963 2197 2263 D Surface : Surface::final mReqUsage=a00
09-03 11:27:02.964 2197 2263 D mali_winsys: EGLint new_window_surface(egl_winsys_display*, void*, EGLSurface, EGLConfig, egl_winsys_surface**, egl_color_buffer_format*, EGLBoolean) returns 0x3000
09-03 11:27:04.235 2197 2197 W InputEventReceiver: Attempted to finish an input event but the input event receiver has already been disposed.
09-03 11:27:04.320 2197 2197 I DictMainActivity: dictionary:0
09-03 11:27:04.335 2197 2222 I f : not found
09-03 11:27:04.335 2197 2224 I f : not found
09-03 11:27:04.430 2197 2223 I onyx_dict: GetKeywordText release
09-03 11:27:06.881 2038 2185 I chatty : uid=10048(com.onyx.kreader) Thread-185 expire 106 lines
09-03 11:27:06.951 193 193 I chatty : uid=0(root) /system/bin/surfaceflinger expire 23 lines
09-03 11:27:11.592 193 1987 I chatty : uid=0(root) Binder_4 expire 3 lines
09-03 11:27:12.055 2197 2206 W MediaPlayer-JNI: MediaPlayer finalized without being released
09-03 11:27:12.225 2038 2063 I chatty : uid=10048(com.onyx.kreader) RenderThread expire 6 lines
09-03 11:27:15.057 557 598 D pms : Enter idle state
09-03 11:27:15.057 557 598 D pms : ######### Switching system power mode to [standby]
09-03 11:27:15.057 557 598 I pms : ========== Setup an [300000]s alarm for standby mode ==========
09-03 11:27:15.059 557 598 D pms :
09-03 11:27:15.059 557 598 D pms :
09-03 11:27:15.059 557 598 D pms : ************** Add alarm:onyx_standby_timeout
09-03 11:27:15.059 557 598 D pms :
09-03 11:27:15.066 557 557 D pms : set alarm:onyx_standby_timeout, now:1535945235062 [ 2018-09-03 11:27:15], wake:1535945535058 [2018-09-03 11:32:15]
09-03 11:27:21.069 557 786 D pms : ######### Switching system power mode to [off]
09-03 11:27:21.070 557 557 D pms : ************** cancel alarm:onyx_standby_timeout
09-03 11:27:21.070 557 557 D pms : ************** cancel alarm:onyx_auto_poweroff
09-03 11:27:21.084 2038 2038 I chatty : uid=10048 com.onyx.kreader:reader_tab_1 expire 8 lines
09-03 11:27:32.127 557 598 D pms : Enter idle state
09-03 11:27:32.127 557 598 D pms : ######### Switching system power mode to [standby]
09-03 11:27:32.128 557 598 I pms : ========== Setup an [300000]s alarm for standby mode ==========
09-03 11:27:32.132 557 598 D pms :
09-03 11:27:32.132 557 598 D pms :
09-03 11:27:32.132 557 598 D pms : ************** Add alarm:onyx_standby_timeout
09-03 11:27:32.132 557 598 D pms :
09-03 11:27:32.145 557 557 D pms : set alarm:onyx_standby_timeout, now:1535945252138 [ 2018-09-03 11:27:32], wake:1535945552128 [2018-09-03 11:32:32]
09-03 11:27:34.070 557 786 D pms : ######### Switching system power mode to [off]
09-03 11:27:34.071 557 557 D pms : ************** cancel alarm:onyx_standby_timeout
09-03 11:27:34.072 557 557 D pms : ************** cancel alarm:onyx_auto_poweroff
09-03 11:27:35.584 2038 2185 D NeoPdfReaderPlugin: rendering takes: 9
09-03 11:27:35.587 2038 2185 D LayoutProviderUtils: hit cache: false, [{"actualScale":5.5936255,"autoCropContentRegion":{"bottom":312,"empty":false,"left":2,"right":253,"top":40},"displayRect":{"bottom":1795,"empty":false,"left":-11.187251,"right":1431.6884,"top":-123.33374},"name":"20","originHeight":342.94998,"originWidth":257.94998,"pageDisplayOrientation":0,"pageNumber":20,"position":"20","positionRect":{"bottom":1918.3337,"empty":false,"left":0,"right":1442.8756,"top":0},"positionSafely":"20","range":{"endPosition":"20","startPosition":"20"},"scaledHeight":1918.3337,"scaledWidth":1442.8756,"subPage":0,"textPage":true,"visibleRect":{"bottom":1795,"empty":false,"left":0,"right":1404,"top":0},"x":0,"y":0}]
09-03 11:27:35.601 2038 2185 D LayoutProviderUtils: rendering bitmap reference count: 1
09-03 11:27:35.602 2038 2185 D LayoutProviderUtils: draw visible page: 20, scale: 5.5936255, bitmap: 1404, 1795, display rect: RectF(-11.187251, -123.33374, 1431.6884, 1795.0), position rect: RectF(0.0, 0.0, 1442.8756, 1918.3337), viewport: RectF(11.187251, 123.33374, 1415.1873, 1918.3337), page rect: RectF(0.0, 0.0, 1442.8756, 1918.3337), visible rect: RectF(11.187251, 123.33374, 1415.1873, 1918.3337)
09-03 11:27:35.655 2038 2185 D NeoPdfReaderPlugin: rendering takes: 51
09-03 11:27:35.655 2038 2185 D LayoutProviderUtils: updateReaderViewInfo
09-03 11:27:35.795 193 193 I chatty : uid=0(root) /system/bin/surfaceflinger expire 86 lines
09-03 11:27:35.817 2038 2185 D NeoPdfReaderPlugin: rendering takes: 10
09-03 11:27:35.934 2038 2185 I neo_cropper: set reflow aborted: 0
09-03 11:27:35.952 2038 2185 D NeoPdfReaderPlugin: rendering takes: 6
09-03 11:27:35.957 2038 2185 D LayoutProviderUtils: hit cache: true, [{"actualScale":5.5936255,"autoCropContentRegion":{"bottom":312,"empty":false,"left":2,"right":253,"top":40},"displayRect":{"bottom":1795,"empty":false,"left":-11.187251,"right":1431.6884,"top":-123.33374},"name":"20","originHeight":342.94998,"originWidth":257.94998,"pageDisplayOrientation":0,"pageNumber":20,"position":"20","positionRect":{"bottom":1918.3337,"empty":false,"left":0,"right":1442.8756,"top":0},"positionSafely":"20","range":{"endPosition":"20","startPosition":"20"},"scaledHeight":1918.3337,"scaledWidth":1442.8756,"subPage":0,"textPage":true,"visibleRect":{"bottom":1795,"empty":false,"left":0,"right":1404,"top":0},"x":0,"y":0}]
09-03 11:27:35.957 2038 2185 D LayoutProviderUtils: rendering bitmap reference count: 1
09-03 11:27:35.957 2038 2185 D LayoutProviderUtils: updateReaderViewInfo
09-03 11:27:35.969 2038 2185 D NeoPdfReaderPlugin: rendering takes: 8
09-03 11:27:36.009 2038 2185 I neo_cropper: set reflow aborted: 0
09-03 11:27:36.974 1812 1812 D ReaderTabService: onCreate
09-03 11:27:36.975 1812 1812 D ReaderTabService: restoreReaderTabState
09-03 11:27:36.980 1812 2319 D ReaderTabService: onHandleIntent: com.onyx.kreader.action.CLOSE_DOCUMENT, file:///storage/emulated/0/Books/%E8%A5%BF%E6%B8%B8%E8%AE%B0.pdf
09-03 11:27:36.981 1812 2319 D ReaderTabService: closeFile: /storage/emulated/0/Books/西游记.pdf
09-03 11:27:36.984 1812 2319 D ReaderBroadcastReceiver: sendBroadcast: Intent { act=com.onyx.kreader.action.CLOSE_READER cmp=com.onyx.kreader/.ui.ReaderTab1BroadcastReceiver }
09-03 11:27:36.988 2038 2038 D ReaderTab1BroadcastReceiver: onReceive: Intent { act=com.onyx.kreader.action.CLOSE_READER flg=0x10 cmp=com.onyx.kreader/.ui.ReaderTab1BroadcastReceiver }
09-03 11:27:36.988 2038 2038 D ReaderTab1Activity: forceCloseApplication
09-03 11:27:36.989 1812 1812 D ReaderTabService: onDestroy
09-03 11:27:36.990 1812 1812 D ReaderTabService: saveReaderTabState
09-03 11:27:37.111 2038 2185 I neo_cropper: set reflow aborted: 0
09-03 11:27:37.144 2038 2038 D ReaderTab1Activity: onPause
09-03 11:27:37.167 2038 2038 E ReaderTab1Activity: onDocumentDeactivated
09-03 11:27:37.168 2038 2038 D ReaderTab1Activity: onStop
09-03 11:27:37.171 2038 2038 D ReaderTab1Activity: onDestroy
09-03 11:27:37.171 1600 1600 W ContextImpl: Calling a method in the system process without a qualified user: android.app.ContextImpl.sendBroadcast:763 android.content.ContextWrapper.sendBroadcast:396 com.onyx.android.sdk.device.BaseDevice.a:479 com.onyx.android.sdk.device.BaseDevice.showSystemStatusBar:442 com.onyx.ContentBrowserApplication$2.onActivityResumed:196
09-03 11:27:37.179 2038 2038 D Debug : surfaceDestroyed
09-03 11:27:37.200 1600 1600 I chatty : uid=1000(system) com.onyx expire 2 lines
09-03 11:27:43.931 557 1335 I ActivityManager: START u0 {act=com.android.systemui.recents.SHOW_RECENTS flg=0x10804000 cmp=com.android.systemui/.recents.OnyxRecentsActivity} from uid 10012 on display 0
09-03 11:27:44.095 557 596 D WindowStateAnimator: rk_debug2 Starting com.android.systemui_Force_To_Dual
09-03 11:27:44.285 557 588 D WindowStateAnimator: rk_debug2 com.android.systemui/com.android.systemui.recents.OnyxRecentsActivity_Force_To_Dual
09-03 11:27:44.373 935 1406 D Surface : Surface::final mReqUsage=a00
09-03 11:27:44.373 935 1406 D mali_winsys: EGLint new_window_surface(egl_winsys_display*, void*, EGLSurface, EGLConfig, egl_winsys_surface**, egl_color_buffer_format*, EGLBoolean) returns 0x3000
09-03 11:27:46.909 557 598 D pms : Enter idle state
09-03 11:27:46.910 557 598 D pms : ######### Switching system power mode to [standby]
09-03 11:27:46.911 557 598 I pms : ========== Setup an [300000]s alarm for standby mode ==========
09-03 11:27:46.915 557 598 D pms :
09-03 11:27:46.915 557 598 D pms :
09-03 11:27:46.915 557 598 D pms : ************** Add alarm:onyx_standby_timeout
09-03 11:27:46.915 557 598 D pms :
09-03 11:27:46.929 557 557 D pms : set alarm:onyx_standby_timeout, now:1535945266920 [ 2018-09-03 11:27:46], wake:1535945566911 [2018-09-03 11:32:46]
09-03 11:27:47.285 557 786 D pms : ######### Switching system power mode to [off]
09-03 11:27:47.285 557 557 D pms : ************** cancel alarm:onyx_standby_timeout
09-03 11:27:47.285 557 557 D pms : ************** cancel alarm:onyx_auto_poweroff
09-03 11:27:47.494 1600 1600 W ContextImpl: Calling a method in the system process without a qualified user: android.app.ContextImpl.sendBroadcast:763 android.content.ContextWrapper.sendBroadcast:396 com.onyx.android.sdk.device.BaseDevice.a:479 com.onyx.android.sdk.device.BaseDevice.showSystemStatusBar:442 com.onyx.ContentBrowserApplication$2.onActivityResumed:196
09-03 11:27:49.263 557 926 I ActivityManager: START u0 {act=com.android.systemui.recents.SHOW_RECENTS flg=0x10804000 cmp=com.android.systemui/.recents.OnyxRecentsActivity} from uid 10012 on display 0
09-03 11:27:49.373 557 1334 D WindowStateAnimator: rk_debug2 com.android.systemui/com.android.systemui.recents.OnyxRecentsActivity_Force_To_Dual
09-03 11:27:49.388 935 1406 D Surface : Surface::final mReqUsage=a00
09-03 11:27:49.388 935 1406 D mali_winsys: EGLint new_window_surface(egl_winsys_display*, void*, EGLSurface, EGLConfig, egl_winsys_surface**, egl_color_buffer_format*, EGLBoolean) returns 0x3000
09-03 11:27:49.412 557 596 D WindowStateAnimator: rk_debug2 Starting com.android.systemui_Force_To_Dual
09-03 11:27:49.463 193 193 I chatty : uid=0(root) /system/bin/surfaceflinger expire 49 lines
09-03 11:27:49.573 557 596 I chatty : uid=1000(system) android.display expire 3 lines
09-03 11:27:49.783 557 835 W InputMethodManagerService: Starting input on non-focused client com.android.internal.view.IInputMethodClient$Stub$Proxy@223927c (uid=1000 pid=1600)
09-03 11:27:50.890 557 925 E ActivityManager: Activity Manager Crash
09-03 11:27:50.890 557 925 E ActivityManager: java.lang.NullPointerException: Attempt to invoke virtual method 'boolean java.lang.String.equals(java.lang.Object)' on a null object reference
09-03 11:27:50.890 557 925 E ActivityManager: at android.onyx.utils.ApplicationFreezeHelper.enableAppByPkgName(ApplicationFreezeHelper.java:120)
09-03 11:27:50.890 557 925 E ActivityManager: at com.android.server.am.ActivityManagerService.startActivityFromRecentsInner(ActivityManagerService.java:4372)
09-03 11:27:50.890 557 925 E ActivityManager: at com.android.server.am.ActivityManagerService.startActivityFromRecents(ActivityManagerService.java:4355)
09-03 11:27:50.890 557 925 E ActivityManager: at android.app.ActivityManagerNative.onTransact(ActivityManagerNative.java:335)
09-03 11:27:50.890 557 925 E ActivityManager: at com.android.server.am.ActivityManagerService.onTransact(ActivityManagerService.java:2604)
09-03 11:27:50.890 557 925 E ActivityManager: at android.os.Binder.execTransact(Binder.java:453)
09-03 11:27:50.898 935 935 E Recents : 无法启动Wi‑Fi。
09-03 11:27:50.914 557 926 D WindowStateAnimator: rk_debug2 Toast_Force_To_Dual
09-03 11:27:50.955 935 1406 D Surface : Surface::final mReqUsage=a00
09-03 11:27:50.955 935 1406 D mali_winsys: EGLint new_window_surface(egl_winsys_display*, void*, EGLSurface, EGLConfig, egl_winsys_surface**, egl_color_buffer_format*, EGLBoolean) returns 0x3000
09-03 11:27:55.624 557 1334 E ActivityManager: Activity Manager Crash
09-03 11:27:55.624 557 1334 E ActivityManager: java.lang.NullPointerException: Attempt to invoke virtual method 'boolean java.lang.String.equals(java.lang.Object)' on a null object reference
09-03 11:27:55.624 557 1334 E ActivityManager: at android.onyx.utils.ApplicationFreezeHelper.enableAppByPkgName(ApplicationFreezeHelper.java:120)
09-03 11:27:55.624 557 1334 E ActivityManager: at com.android.server.am.ActivityManagerService.startActivityFromRecentsInner(ActivityManagerService.java:4372)
09-03 11:27:55.624 557 1334 E ActivityManager: at com.android.server.am.ActivityManagerService.startActivityFromRecents(ActivityManagerService.java:4355)
09-03 11:27:55.624 557 1334 E ActivityManager: at android.app.ActivityManagerNative.onTransact(ActivityManagerNative.java:335)
09-03 11:27:55.624 557 1334 E ActivityManager: at com.android.server.am.ActivityManagerService.onTransact(ActivityManagerService.java:2604)
09-03 11:27:55.624 557 1334 E ActivityManager: at android.os.Binder.execTransact(Binder.java:453)
09-03 11:27:55.631 935 935 E Recents : 无法启动Wi‑Fi。
09-03 11:27:55.650 557 1274 D WindowStateAnimator: rk_debug2 Toast_Force_To_Dual
09-03 11:27:55.676 935 1406 D Surface : Surface::final mReqUsage=a00
09-03 11:27:55.676 935 1406 D mali_winsys: EGLint new_window_surface(egl_winsys_display*, void*, EGLSurface, EGLConfig, egl_winsys_surface**, egl_color_buffer_format*, EGLBoolean) returns 0x3000
09-03 11:27:57.800 557 589 E ActivityManager: Activity Manager Crash
09-03 11:27:57.800 557 589 E ActivityManager: java.lang.NullPointerException: Attempt to invoke virtual method 'boolean java.lang.String.equals(java.lang.Object)' on a null object reference
09-03 11:27:57.800 557 589 E ActivityManager: at android.onyx.utils.ApplicationFreezeHelper.enableAppByPkgName(ApplicationFreezeHelper.java:120)
09-03 11:27:57.800 557 589 E ActivityManager: at com.android.server.am.ActivityManagerService.startActivityFromRecentsInner(ActivityManagerService.java:4372)
09-03 11:27:57.800 557 589 E ActivityManager: at com.android.server.am.ActivityManagerService.startActivityFromRecents(ActivityManagerService.java:4355)
09-03 11:27:57.800 557 589 E ActivityManager: at android.app.ActivityManagerNative.onTransact(ActivityManagerNative.java:335)
09-03 11:27:57.800 557 589 E ActivityManager: at com.android.server.am.ActivityManagerService.onTransact(ActivityManagerService.java:2604)
09-03 11:27:57.800 557 589 E ActivityManager: at android.os.Binder.execTransact(Binder.java:453)
09-03 11:27:57.807 935 935 E Recents : 无法启动Wi‑Fi。
09-03 11:27:57.819 557 928 D WindowStateAnimator: rk_debug2 Toast_Force_To_Dual
09-03 11:27:57.836 935 1406 D Surface : Surface::final mReqUsage=a00
09-03 11:27:57.836 935 1406 D mali_winsys: EGLint new_window_surface(egl_winsys_display*, void*, EGLSurface, EGLConfig, egl_winsys_surface**, egl_color_buffer_format*, EGLBoolean) returns 0x3000
09-03 11:27:59.699 557 928 E ActivityManager: Activity Manager Crash
09-03 11:27:59.699 557 928 E ActivityManager: java.lang.NullPointerException: Attempt to invoke virtual method 'boolean java.lang.String.equals(java.lang.Object)' on a null object reference
09-03 11:27:59.699 557 928 E ActivityManager: at android.onyx.utils.ApplicationFreezeHelper.enableAppByPkgName(ApplicationFreezeHelper.java:120)
09-03 11:27:59.699 557 928 E ActivityManager: at com.android.server.am.ActivityManagerService.startActivityFromRecentsInner(ActivityManagerService.java:4372)
09-03 11:27:59.699 557 928 E ActivityManager: at com.android.server.am.ActivityManagerService.startActivityFromRecents(ActivityManagerService.java:4355)
09-03 11:27:59.699 557 928 E ActivityManager: at android.app.ActivityManagerNative.onTransact(ActivityManagerNative.java:335)
09-03 11:27:59.699 557 928 E ActivityManager: at com.android.server.am.ActivityManagerService.onTransact(ActivityManagerService.java:2604)
09-03 11:27:59.699 557 928 E ActivityManager: at android.os.Binder.execTransact(Binder.java:453)
09-03 11:27:59.705 935 935 E Recents : 无法启动Wi‑Fi。
09-03 11:27:59.819 557 835 D WindowStateAnimator: rk_debug2 Toast_Force_To_Dual
09-03 11:27:59.832 193 193 I chatty : uid=0(root) /system/bin/surfaceflinger expire 42 lines
09-03 11:27:59.832 935 1406 D Surface : Surface::final mReqUsage=a00
09-03 11:27:59.833 935 1406 D mali_winsys: EGLint new_window_surface(egl_winsys_display*, void*, EGLSurface, EGLConfig, egl_winsys_surface**, egl_color_buffer_format*, EGLBoolean) returns 0x3000
09-03 11:28:00.662 557 1274 E ActivityManager: Activity Manager Crash
09-03 11:28:00.662 557 1274 E ActivityManager: java.lang.NullPointerException: Attempt to invoke virtual method 'boolean java.lang.String.equals(java.lang.Object)' on a null object reference
09-03 11:28:00.662 557 1274 E ActivityManager: at android.onyx.utils.ApplicationFreezeHelper.enableAppByPkgName(ApplicationFreezeHelper.java:120)
09-03 11:28:00.662 557 1274 E ActivityManager: at com.android.server.am.ActivityManagerService.startActivityFromRecentsInner(ActivityManagerService.java:4372)
09-03 11:28:00.662 557 1274 E ActivityManager: at com.android.server.am.ActivityManagerService.startActivityFromRecents(ActivityManagerService.java:4355)
09-03 11:28:00.662 557 1274 E ActivityManager: at android.app.ActivityManagerNative.onTransact(ActivityManagerNative.java:335)
09-03 11:28:00.662 557 1274 E ActivityManager: at com.android.server.am.ActivityManagerService.onTransact(ActivityManagerService.java:2604)
09-03 11:28:00.662 557 1274 E ActivityManager: at android.os.Binder.execTransact(Binder.java:453)
09-03 11:28:00.669 935 935 E Recents : 无法启动Wi‑Fi。
09-03 11:28:01.078 557 927 I ActivityManager: START u0 {act=android.intent.action.SEARCH flg=0x10100000 cmp=com.onyx.dict/.activity.DictMainActivity (has extras)} from uid 10048 on display 0
09-03 11:28:01.887 557 835 D WindowStateAnimator: rk_debug2 Toast_Force_To_Dual
09-03 11:28:01.951 935 1406 D Surface : Surface::final mReqUsage=a00
09-03 11:28:01.951 935 1406 D mali_winsys: EGLint new_window_surface(egl_winsys_display*, void*, EGLSurface, EGLConfig, egl_winsys_surface**, egl_color_buffer_format*, EGLBoolean) returns 0x3000
09-03 11:28:04.276 2197 2197 W AwContents: onDetachedFromWindow called when already detached. Ignoring
09-03 11:28:04.276 2197 2197 I AutoPagedWebView: init
09-03 11:28:04.405 2197 2263 D Surface : Surface::final mReqUsage=a00
09-03 11:28:04.405 2197 2263 D mali_winsys: EGLint new_window_surface(egl_winsys_display*, void*, EGLSurface, EGLConfig, egl_winsys_surface**, egl_color_buffer_format*, EGLBoolean) returns 0x3000
09-03 11:28:04.481 2197 2197 I AutoPagedWebView: measuredHeight:1457,measuredWidth:1348,density:1.875
09-03 11:28:04.522 557 557 D ZenLog : disable_effects: -1|android|17040357|null|1000,booleanState
09-03 11:28:04.542 557 557 D ZenLog : disable_effects: -1|android|17040357|null|1000,booleanState
09-03 11:28:04.607 2197 2197 W BindingManager: Cannot call determinedVisibility() - never saw a connection for the pid: 2197
09-03 11:28:04.615 1202 2285 D Surface : Surface::final mReqUsage=a00
09-03 11:28:04.615 1202 2285 D mali_winsys: EGLint new_window_surface(egl_winsys_display*, void*, EGLSurface, EGLConfig, egl_winsys_surface**, egl_color_buffer_format*, EGLBoolean) returns 0x3000
09-03 11:28:04.616 2197 2197 I AutoPagedWebView: applyCSS pageFinished
09-03 11:28:04.616 2197 2197 I AutoPagedWebView: measuredHeight:1457,measuredWidth:1348,density:1.875
09-03 11:28:07.139 1600 1600 W ContextImpl: Calling a method in the system process without a qualified user: android.app.ContextImpl.sendBroadcast:763 android.content.ContextWrapper.sendBroadcast:396 com.onyx.android.sdk.device.BaseDevice.a:479 com.onyx.android.sdk.device.BaseDevice.showSystemStatusBar:442 com.onyx.ContentBrowserApplication$2.onActivityResumed:196
09-03 11:28:07.278 557 557 D ZenLog : disable_effects: -1|android|17040357|null|1000,booleanState
09-03 11:28:07.283 1600 1600 I chatty : uid=1000(system) com.onyx expire 4 lines
09-03 11:28:09.830 557 926 I ActivityManager: START u0 {act=com.android.systemui.recents.SHOW_RECENTS flg=0x10804000 cmp=com.android.systemui/.recents.OnyxRecentsActivity} from uid 10012 on display 0
09-03 11:28:09.887 557 1274 D WindowStateAnimator: rk_debug2 com.android.systemui/com.android.systemui.recents.OnyxRecentsActivity_Force_To_Dual
09-03 11:28:09.912 935 1406 D Surface : Surface::final mReqUsage=a00
09-03 11:28:09.912 935 1406 D mali_winsys: EGLint new_window_surface(egl_winsys_display*, void*, EGLSurface, EGLConfig, egl_winsys_surface**, egl_color_buffer_format*, EGLBoolean) returns 0x3000
09-03 11:28:10.265 193 193 I chatty : uid=0(root) /system/bin/surfaceflinger expire 25 lines
09-03 11:28:11.902 557 588 E ActivityManager: Activity Manager Crash
09-03 11:28:11.902 557 588 E ActivityManager: java.lang.NullPointerException: Attempt to invoke virtual method 'boolean java.lang.String.equals(java.lang.Object)' on a null object reference
09-03 11:28:11.902 557 588 E ActivityManager: at android.onyx.utils.ApplicationFreezeHelper.enableAppByPkgName(ApplicationFreezeHelper.java:120)
09-03 11:28:11.902 557 588 E ActivityManager: at com.android.server.am.ActivityManagerService.startActivityFromRecentsInner(ActivityManagerService.java:4372)
09-03 11:28:11.902 557 588 E ActivityManager: at com.android.server.am.ActivityManagerService.startActivityFromRecents(ActivityManagerService.java:4355)
09-03 11:28:11.902 557 588 E ActivityManager: at android.app.ActivityManagerNative.onTransact(ActivityManagerNative.java:335)
09-03 11:28:11.902 557 588 E ActivityManager: at com.android.server.am.ActivityManagerService.onTransact(ActivityManagerService.java:2604)
09-03 11:28:11.902 557 588 E ActivityManager: at android.os.Binder.execTransact(Binder.java:453)
09-03 11:28:11.908 935 935 E Recents : 无法启动Wi‑Fi。
