09-03 11:32:23.462 557 598 I pms : alarm 26 27 0 0 0 1063 303 736397 969
09-03 11:32:23.462 557 598 I pms : mmc1_detect 1 1 0 1 0 499 499 4310 0
09-03 11:32:23.462 557 598 I pms : mmc0_detect 1 1 0 1 0 491 491 2350 0
09-03 11:32:23.462 557 598 I pms : 1-0024 35 105 3 35 0 7621 265 711300 4641
09-03 11:32:23.462 557 598 I pms : usb_pcd 1 1 0 0 0 35000 35000 49520 0
09-03 11:32:23.462 557 598 I pms : ff520000.usb 0 0 0 0 0 0 0 844 0
09-03 11:32:23.462 557 598 I pms : iep 0 0 0 0 0 0 0 664 0
09-03 11:32:23.462 557 598 I pms : alarmtimer 0 0 0 0 0 0 0 653 0
09-03 11:32:23.462 557 598 I pms : vpu 0 0 0 0 0 0 0 649 0
09-03 11:32:23.462 557 598 I pms : vpu 0 0 0 0 0 0 0 648 0
09-03 11:32:23.462 557 598 I pms : ac 4 4 0 0 0 0 0 49531 0
09-03 11:32:23.462 557 598 I pms : usb 4 4 0 0 0 0 0 49531 0
09-03 11:32:23.462 557 598 I pms : battery 7 7 0 0 0 7 3 418865 0
09-03 11:32:23.462 557 598 I pms : rk818_chg_lock 1 1 0 0 0 48947 48947 49530 0
09-03 11:32:23.462 557 598 I pms : rk818_bat_lock 0 0 0 0 0 0 0 536 0
09-03 11:32:23.462 557 598 I pms : rga 0 0 0 0 0 0 0 324 0
09-03 11:32:23.462 557 598 I pms : rk818-rtc 3 3 0 0 0 0 0 368072 0
09-03 11:32:23.462 557 598 I pms : rk818_irq_wake 739 739 0 0 0 1010 6 368073 6
09-03 11:32:23.462 557 598 I pms : serial-debug 1 1 0 0 0 500 500 640 0
09-03 11:32:23.462 557 598 I pms : autosleep 104 104 0 0 0 54 12 725972 54
09-03 11:32:23.462 557 598 I pms : Total Active Wakeup Source:1
09-03 11:32:23.839 193 428 I chatty : uid=0(root) EventThread expire 7 lines
09-03 11:32:23.861 193 426 I chatty : uid=0(root) EventThread expire 7 lines
09-03 11:32:32.494 557 598 I pms : CurrentWakelockAvail: [0]
09-03 11:32:32.511 557 598 I pms : Kernel Wakelocks
09-03 11:32:32.511 557 598 I pms :
09-03 11:32:32.511 557 598 I pms : name active_count event_count wakeup_count expire_count active_since total_time max_time last_change prevent_suspend_time
09-03 11:32:32.511 557 598 I pms : PowerManagerService.Broadcasts 2 2 0 0 0 818 733 373252 0
09-03 11:32:32.511 557 598 I pms : PowerManagerService.WakeLocks 194 194 0 0 0 215905 30103 736465 2311
09-03 11:32:32.511 557 598 I pms : TrimTask 1 1 0 0 0 1171 1171 84504 0
09-03 11:32:32.511 557 598 I pms : event2 2 2 0 0 0 56 55 372530 44
09-03 11:32:32.511 557 598 I pms : event1 86 86 0 0 0 1204 406 702544 1113
09-03 11:32:32.511 557 598 I pms : event0 1982 1982 3 0 0 5194 297 715889 4899
09-03 11:32:32.511 557 598 I pms : eventpoll 2066 2070 0 0 0 9 0 715889 0
09-03 11:32:32.511 557 598 I pms : KeyEvents 1083 1083 0 0 0 606 229 749725 75
09-03 11:32:32.511 557 598 I pms : PowerManagerService.Display 97 97 39 0 0 663157 105953 725972 1291
09-03 11:32:32.511 557 598 I pms : NETLINK 74 74 0 0 0 197 176 712370 5
09-03 11:32:32.511 557 598 I pms : [timerfd] 0 0 0 0 0 0 0 4540 0
09-03 11:32:32.511 557 598 I pms : wlan_wd_wake 91 91 0 0 0 10644 606 602360 321
09-03 11:32:32.511 557 598 I pms : wlan_ctrl_wake 12 426 0 12 0 17764 2001 602800 778
09-03 11:32:32.511 557 598 I pms : wlan_rx_wake 0 0 0 0 0 0 0 3828 0
09-03 11:32:32.511 557 598 I pms : wlan_wake 500 500 0 0 0 3687 872 602309 6
09-03 11:32:32.511 557 598 I pms : binder 2 2 0 0 0 1 1 82069 0
09-03 11:32:32.511 557 598 I pms : eventpoll 76 76 0 0 0 0 0 712370 0
09-03 11:32:32.511 557 598 I pms : onyx_epdc 2 3 0 2 0 6570 3567 375490 3959
09-03 11:32:32.511 557 598 I pms : epdc 450 450 0 0 0 331637 2605 737191 5976
09-03 11:32:32.511 557 598 I pms : rfkill_rk_irq_wl 33 33 18 32 557 32350 998 761587 32350
09-03 11:32:32.511 557 598 I pms : rfkill_wlan_wake 0 0 0 0 0 0 0 2999 0
09-03 11:32:32.511 557 598 I pms : key.37 0 0 0 0 0 0 0 1865 0
09-03 11:32:32.511 557 598 I pms : rk29-keypad 21 776 0 21 0 26979 1936 703530 1120
09-03 11:32:32.511 557 598 I pms : alarm 26 27 0 0 0 1063 303 736397 969
09-03 11:32:32.511 557 598 I pms : mmc1_detect 1 1 0 1 0 499 499 4310 0
09-03 11:32:32.511 557 598 I pms : mmc0_detect 1 1 0 1 0 491 491 2350 0
09-03 11:32:32.511 557 598 I pms : 1-0024 35 105 3 35 0 7621 265 711300 4641
09-03 11:32:32.511 557 598 I pms : usb_pcd 1 1 0 0 0 35000 35000 49520 0
09-03 11:32:32.511 557 598 I pms : ff520000.usb 0 0 0 0 0 0 0 844 0
09-03 11:32:32.511 557 598 I pms : iep 0 0 0 0 0 0 0 664 0
09-03 11:32:32.511 557 598 I pms : alarmtimer 0 0 0 0 0 0 0 653 0
09-03 11:32:32.511 557 598 I pms : vpu 0 0 0 0 0 0 0 649 0
09-03 11:32:32.511 557 598 I pms : vpu 0 0 0 0 0 0 0 648 0
09-03 11:32:32.511 557 598 I pms : ac 4 4 0 0 0 0 0 49531 0
09-03 11:32:32.511 557 598 I pms : usb 4 4 0 0 0 0 0 49531 0
09-03 11:32:32.511 557 598 I pms : battery 7 7 0 0 0 7 3 418865 0
09-03 11:32:32.511 557 598 I pms : rk818_chg_lock 1 1 0 0 0 48947 48947 49530 0
09-03 11:32:32.511 557 598 I pms : rk818_bat_lock 0 0 0 0 0 0 0 536 0
09-03 11:32:32.511 557 598 I pms : rga 0 0 0 0 0 0 0 324 0
09-03 11:32:32.511 557 598 I pms : rk818-rtc 3 3 0 0 0 0 0 368072 0
09-03 11:32:32.511 557 598 I pms : rk818_irq_wake 739 739 0 0 0 1010 6 368073 6
09-03 11:32:32.511 557 598 I pms : serial-debug 1 1 0 0 0 500 500 640 0
09-03 11:32:32.511 557 598 I pms : autosleep 104 104 0 0 0 54 12 725972 54
09-03 11:32:32.511 557 598 I pms : Total Active Wakeup Source:1
09-03 11:32:33.232 193 193 I chatty : uid=0(root) /system/bin/surfaceflinger expire 3 lines
09-03 11:32:34.472 193 428 I chatty : uid=0(root) EventThread expire 1 line
09-03 11:32:34.475 193 426 I chatty : uid=0(root) EventThread expire 2 lines
09-03 11:32:35.473 193 428 I chatty : uid=0(root) EventThread expire 1 line
09-03 11:32:35.482 193 193 I chatty : uid=0(root) /system/bin/surfaceflinger expire 1 line
09-03 11:32:36.474 193 428 I chatty : uid=0(root) EventThread expire 1 line
09-03 11:32:36.486 193 426 I chatty : uid=0(root) EventThread expire 2 lines
09-03 11:32:37.497 193 428 I chatty : uid=0(root) EventThread expire 1 line
09-03 11:32:37.505 193 193 I chatty : uid=0(root) /system/bin/surfaceflinger expire 2 lines
09-03 11:32:38.565 557 598 I pms : CurrentWakelockAvail: [0]
09-03 11:32:38.566 193 426 I chatty : uid=0(root) EventThread expire 1 line
09-03 11:32:38.567 193 428 I chatty : uid=0(root) EventThread expire 2 lines
09-03 11:32:38.568 557 598 I pms : Kernel Wakelocks
09-03 11:32:38.568 557 598 I pms :
09-03 11:32:38.568 557 598 I pms : name active_count event_count wakeup_count expire_count active_since total_time max_time last_change prevent_suspend_time
09-03 11:32:38.568 557 598 I pms : PowerManagerService.Broadcasts 2 2 0 0 0 818 733 373252 0
09-03 11:32:38.568 557 598 I pms : PowerManagerService.WakeLocks 194 194 0 0 0 215905 30103 736465 2311
09-03 11:32:38.568 557 598 I pms : TrimTask 1 1 0 0 0 1171 1171 84504 0
09-03 11:32:38.568 557 598 I pms : event2 2 2 0 0 0 56 55 372530 44
09-03 11:32:38.568 557 598 I pms : event1 86 86 0 0 0 1204 406 702544 1113
09-03 11:32:38.568 557 598 I pms : event0 1982 1982 3 0 0 5194 297 715889 4899
09-03 11:32:38.568 557 598 I pms : eventpoll 2066 2070 0 0 0 9 0 715889 0
09-03 11:32:38.568 557 598 I pms : KeyEvents 1083 1083 0 0 0 606 229 749725 75
09-03 11:32:38.568 557 598 I pms : PowerManagerService.Display 97 97 39 0 0 663157 105953 725972 1291
09-03 11:32:38.568 557 598 I pms : NETLINK 74 74 0 0 0 197 176 712370 5
09-03 11:32:38.568 557 598 I pms : [timerfd] 0 0 0 0 0 0 0 4540 0
09-03 11:32:38.568 557 598 I pms : wlan_wd_wake 91 91 0 0 0 10644 606 602360 321
09-03 11:32:38.568 557 598 I pms : wlan_ctrl_wake 12 426 0 12 0 17764 2001 602800 778
09-03 11:32:38.568 557 598 I pms : wlan_rx_wake 0 0 0 0 0 0 0 3828 0
09-03 11:32:38.568 557 598 I pms : wlan_wake 500 500 0 0 0 3687 872 602309 6
09-03 11:32:38.568 557 598 I pms : binder 2 2 0 0 0 1 1 82069 0
09-03 11:32:38.568 557 598 I pms : eventpoll 76 76 0 0 0 0 0 712370 0
09-03 11:32:38.568 557 598 I pms : onyx_epdc 2 3 0 2 0 6570 3567 375490 3959
09-03 11:32:38.568 557 598 I pms : epdc 450 450 0 0 0 331637 2605 737191 5976
09-03 11:32:38.568 557 598 I pms : rfkill_rk_irq_wl 39 39 23 38 193 37957 998 768018 37957
09-03 11:32:38.568 557 598 I pms : rfkill_wlan_wake 0 0 0 0 0 0 0 2999 0
09-03 11:32:38.568 557 598 I pms : key.37 0 0 0 0 0 0 0 1865 0
09-03 11:32:38.568 557 598 I pms : rk29-keypad 21 776 0 21 0 26979 1936 703530 1120
09-03 11:32:38.568 557 598 I pms : alarm 26 27 0 0 0 1063 303 736397 969
09-03 11:32:38.568 557 598 I pms : mmc1_detect 1 1 0 1 0 499 499 4310 0
09-03 11:32:38.568 557 598 I pms : mmc0_detect 1 1 0 1 0 491 491 2350 0
09-03 11:32:38.568 557 598 I pms : 1-0024 35 105 3 35 0 7621 265 711300 4641
09-03 11:32:38.568 557 598 I pms : usb_pcd 1 1 0 0 0 35000 35000 49520 0
09-03 11:32:38.568 557 598 I pms : ff520000.usb 0 0 0 0 0 0 0 844 0
09-03 11:32:38.568 557 598 I pms : iep 0 0 0 0 0 0 0 664 0
09-03 11:32:38.568 557 598 I pms : alarmtimer 0 0 0 0 0 0 0 653 0
09-03 11:32:38.568 557 598 I pms : vpu 0 0 0 0 0 0 0 649 0
09-03 11:32:38.568 557 598 I pms : vpu 0 0 0 0 0 0 0 648 0
09-03 11:32:38.568 557 598 I pms : ac 4 4 0 0 0 0 0 49531 0
09-03 11:32:38.568 557 598 I pms : usb 4 4 0 0 0 0 0 49531 0
09-03 11:32:38.568 557 598 I pms : battery 7 7 0 0 0 7 3 418865 0
09-03 11:32:38.568 557 598 I pms : rk818_chg_lock 1 1 0 0 0 48947 48947 49530 0
09-03 11:32:38.568 557 598 I pms : rk818_bat_lock 0 0 0 0 0 0 0 536 0
09-03 11:32:38.568 557 598 I pms : rga 0 0 0 0 0 0 0 324 0
09-03 11:32:38.568 557 598 I pms : rk818-rtc 3 3 0 0 0 0 0 368072 0
09-03 11:32:38.568 557 598 I pms : rk818_irq_wake 739 739 0 0 0 1010 6 368073 6
09-03 11:32:38.568 557 598 I pms : serial-debug 1 1 0 0 0 500 500 640 0
09-03 11:32:38.568 557 598 I pms : autosleep 104 104 0 0 0 54 12 725972 54
09-03 11:32:38.568 557 598 I pms : Total Active Wakeup Source:1
09-03 11:32:39.653 193 426 I chatty : uid=0(root) EventThread expire 2 lines
09-03 11:32:39.661 193 193 I chatty : uid=0(root) /system/bin/surfaceflinger expire 3 lines
09-03 11:32:41.071 193 428 I chatty : uid=0(root) EventThread expire 3 lines
09-03 11:32:45.198 193 426 I chatty : uid=0(root) EventThread expire 1 line
09-03 11:32:45.208 193 193 I chatty : uid=0(root) /system/bin/surfaceflinger expire 2 lines
09-03 11:32:46.219 193 426 I chatty : uid=0(root) EventThread expire 2 lines
09-03 11:32:47.339 193 428 I chatty : uid=0(root) EventThread expire 1 line
09-03 11:32:47.355 193 193 I chatty : uid=0(root) /system/bin/surfaceflinger expire 1 line
09-03 11:32:47.690 557 598 I pms : CurrentWakelockAvail: [0]
09-03 11:32:47.708 557 598 I pms : Kernel Wakelocks
09-03 11:32:47.708 557 598 I pms :
09-03 11:32:47.708 557 598 I pms : name active_count event_count wakeup_count expire_count active_since total_time max_time last_change prevent_suspend_time
09-03 11:32:47.708 557 598 I pms : PowerManagerService.Broadcasts 2 2 0 0 0 818 733 373252 0
09-03 11:32:47.708 557 598 I pms : PowerManagerService.WakeLocks 194 194 0 0 0 215905 30103 736465 2311
09-03 11:32:47.708 557 598 I pms : TrimTask 1 1 0 0 0 1171 1171 84504 0
09-03 11:32:47.708 557 598 I pms : event2 2 2 0 0 0 56 55 372530 44
09-03 11:32:47.708 557 598 I pms : event1 86 86 0 0 0 1204 406 702544 1113
09-03 11:32:47.708 557 598 I pms : event0 1982 1982 3 0 0 5194 297 715889 4899
09-03 11:32:47.708 557 598 I pms : eventpoll 2066 2070 0 0 0 9 0 715889 0
09-03 11:32:47.708 557 598 I pms : KeyEvents 1083 1083 0 0 0 606 229 749725 75
09-03 11:32:47.708 557 598 I pms : PowerManagerService.Display 97 97 39 0 0 663157 105953 725972 1291
09-03 11:32:47.708 557 598 I pms : NETLINK 74 74 0 0 0 197 176 712370 5
09-03 11:32:47.708 557 598 I pms : [timerfd] 0 0 0 0 0 0 0 4540 0
09-03 11:32:47.708 557 598 I pms : wlan_wd_wake 91 91 0 0 0 10644 606 602360 321
09-03 11:32:47.708 557 598 I pms : wlan_ctrl_wake 12 426 0 12 0 17764 2001 602800 778
09-03 11:32:47.708 557 598 I pms : wlan_rx_wake 0 0 0 0 0 0 0 3828 0
09-03 11:32:47.708 557 598 I pms : wlan_wake 500 500 0 0 0 3687 872 602309 6
09-03 11:32:47.708 557 598 I pms : binder 2 2 0 0 0 1 1 82069 0
09-03 11:32:47.708 557 598 I pms : eventpoll 76 76 0 0 0 0 0 712370 0
09-03 11:32:47.708 557 598 I pms : onyx_epdc 2 3 0 2 0 6570 3567 375490 3959
09-03 11:32:47.708 557 598 I pms : epdc 450 450 0 0 0 331637 2605 737191 5976
09-03 11:32:47.708 557 598 I pms : rfkill_rk_irq_wl 44 44 24 43 511 43237 998 773708 43237
09-03 11:32:47.708 557 598 I pms : rfkill_wlan_wake 0 0 0 0 0 0 0 2999 0
09-03 11:32:47.708 557 598 I pms : key.37 0 0 0 0 0 0 0 1865 0
09-03 11:32:47.708 557 598 I pms : rk29-keypad 21 776 0 21 0 26979 1936 703530 1120
09-03 11:32:47.708 557 598 I pms : alarm 26 27 0 0 0 1063 303 736397 969
09-03 11:32:47.708 557 598 I pms : mmc1_detect 1 1 0 1 0 499 499 4310 0
09-03 11:32:47.708 557 598 I pms : mmc0_detect 1 1 0 1 0 491 491 2350 0
09-03 11:32:47.708 557 598 I pms : 1-0024 35 105 3 35 0 7621 265 711300 4641
09-03 11:32:47.708 557 598 I pms : usb_pcd 1 1 0 0 0 35000 35000 49520 0
09-03 11:32:47.708 557 598 I pms : ff520000.usb 0 0 0 0 0 0 0 844 0
09-03 11:32:47.708 557 598 I pms : iep 0 0 0 0 0 0 0 664 0
09-03 11:32:47.708 557 598 I pms : alarmtimer 0 0 0 0 0 0 0 653 0
09-03 11:32:47.708 557 598 I pms : vpu 0 0 0 0 0 0 0 649 0
09-03 11:32:47.708 557 598 I pms : vpu 0 0 0 0 0 0 0 648 0
09-03 11:32:47.708 557 598 I pms : ac 4 4 0 0 0 0 0 49531 0
09-03 11:32:47.708 557 598 I pms : usb 4 4 0 0 0 0 0 49531 0
09-03 11:32:47.708 557 598 I pms : battery 7 7 0 0 0 7 3 418865 0
09-03 11:32:47.708 557 598 I pms : rk818_chg_lock 1 1 0 0 0 48947 48947 49530 0
09-03 11:32:47.708 557 598 I pms : rk818_bat_lock 0 0 0 0 0 0 0 536 0
09-03 11:32:47.708 557 598 I pms : rga 0 0 0 0 0 0 0 324 0
09-03 11:32:47.708 557 598 I pms : rk818-rtc 3 3 0 0 0 0 0 368072 0
09-03 11:32:47.708 557 598 I pms : rk818_irq_wake 739 739 0 0 0 1010 6 368073 6
09-03 11:32:47.708 557 598 I pms : serial-debug 1 1 0 0 0 500 500 640 0
09-03 11:32:47.708 557 598 I pms : autosleep 104 104 0 0 0 54 12 725972 54
09-03 11:32:47.708 557 598 I pms : Total Active Wakeup Source:1
09-03 11:32:48.415 193 426 I chatty : uid=0(root) EventThread expire 1 line
09-03 11:32:48.417 193 428 I chatty : uid=0(root) EventThread expire 1 line
09-03 11:32:48.431 193 193 I chatty : uid=0(root) /system/bin/surfaceflinger expire 53 lines
09-03 11:32:49.475 193 426 I chatty : uid=0(root) EventThread expire 4 lines
09-03 11:32:49.475 193 428 I chatty : uid=0(root) EventThread expire 3 lines
09-03 11:32:58.510 557 598 I pms : CurrentWakelockAvail: [0]
09-03 11:32:58.513 557 598 I pms : Kernel Wakelocks
09-03 11:32:58.513 557 598 I pms :
09-03 11:32:58.513 557 598 I pms : name active_count event_count wakeup_count expire_count active_since total_time max_time last_change prevent_suspend_time
09-03 11:32:58.513 557 598 I pms : PowerManagerService.Broadcasts 2 2 0 0 0 818 733 373252 0
09-03 11:32:58.513 557 598 I pms : PowerManagerService.WakeLocks 194 194 0 0 0 215905 30103 736465 2311
09-03 11:32:58.513 557 598 I pms : TrimTask 1 1 0 0 0 1171 1171 84504 0
09-03 11:32:58.513 557 598 I pms : event2 2 2 0 0 0 56 55 372530 44
09-03 11:32:58.513 557 598 I pms : event1 86 86 0 0 0 1204 406 702544 1113
09-03 11:32:58.513 557 598 I pms : event0 1982 1982 3 0 0 5194 297 715889 4899
09-03 11:32:58.513 557 598 I pms : eventpoll 2066 2070 0 0 0 9 0 715889 0
09-03 11:32:58.513 557 598 I pms : KeyEvents 1084 1084 0 0 0 606 229 785035 75
09-03 11:32:58.513 557 598 I pms : PowerManagerService.Display 97 97 39 0 0 663157 105953 725972 1291
09-03 11:32:58.513 557 598 I pms : NETLINK 74 74 0 0 0 197 176 712370 5
09-03 11:32:58.513 557 598 I pms : [timerfd] 0 0 0 0 0 0 0 4540 0
09-03 11:32:58.513 557 598 I pms : wlan_wd_wake 91 91 0 0 0 10644 606 602360 321
09-03 11:32:58.513 557 598 I pms : wlan_ctrl_wake 12 426 0 12 0 17764 2001 602800 778
09-03 11:32:58.513 557 598 I pms : wlan_rx_wake 0 0 0 0 0 0 0 3828 0
09-03 11:32:58.513 557 598 I pms : wlan_wake 500 500 0 0 0 3687 872 602309 6
09-03 11:32:58.513 557 598 I pms : binder 2 2 0 0 0 1 1 82069 0
09-03 11:32:58.513 557 598 I pms : eventpoll 76 76 0 0 0 0 0 712370 0
09-03 11:32:58.513 557 598 I pms : onyx_epdc 2 3 0 2 0 6570 3567 375490 3959
09-03 11:32:58.513 557 598 I pms : epdc 450 450 0 0 0 331637 2605 737191 5976
09-03 11:32:58.513 557 598 I pms : rfkill_rk_irq_wl 47 47 27 47 0 46709 998 778060 46709
09-03 11:32:58.513 557 598 I pms : rfkill_wlan_wake 0 0 0 0 0 0 0 2999 0
09-03 11:32:58.513 557 598 I pms : key.37 0 0 0 0 0 0 0 1865 0
09-03 11:32:58.513 557 598 I pms : rk29-keypad 21 776 0 21 0 26979 1936 703530 1120
09-03 11:32:58.513 557 598 I pms : alarm 26 27 0 0 0 1063 303 736397 969
09-03 11:32:58.513 557 598 I pms : mmc1_detect 1 1 0 1 0 499 499 4310 0
09-03 11:32:58.513 557 598 I pms : mmc0_detect 1 1 0 1 0 491 491 2350 0
09-03 11:32:58.513 557 598 I pms : 1-0024 35 105 3 35 0 7621 265 711300 4641
09-03 11:32:58.513 557 598 I pms : usb_pcd 1 1 0 0 0 35000 35000 49520 0
09-03 11:32:58.513 557 598 I pms : ff520000.usb 0 0 0 0 0 0 0 844 0
09-03 11:32:58.513 557 598 I pms : iep 0 0 0 0 0 0 0 664 0
09-03 11:32:58.513 557 598 I pms : alarmtimer 0 0 0 0 0 0 0 653 0
09-03 11:32:58.513 557 598 I pms : vpu 0 0 0 0 0 0 0 649 0
09-03 11:32:58.513 557 598 I pms : vpu 0 0 0 0 0 0 0 648 0
09-03 11:32:58.513 557 598 I pms : ac 4 4 0 0 0 0 0 49531 0
09-03 11:32:58.513 557 598 I pms : usb 4 4 0 0 0 0 0 49531 0
09-03 11:32:58.513 557 598 I pms : battery 7 7 0 0 0 7 3 418865 0
09-03 11:32:58.513 557 598 I pms : rk818_chg_lock 1 1 0 0 0 48947 48947 49530 0
09-03 11:32:58.513 557 598 I pms : rk818_bat_lock 0 0 0 0 0 0 0 536 0
09-03 11:32:58.513 557 598 I pms : rga 0 0 0 0 0 0 0 324 0
09-03 11:32:58.513 557 598 I pms : rk818-rtc 3 3 0 0 0 0 0 368072 0
09-03 11:32:58.513 557 598 I pms : rk818_irq_wake 739 739 0 0 0 1010 6 368073 6
09-03 11:32:58.513 557 598 I pms : serial-debug 1 1 0 0 0 500 500 640 0
09-03 11:32:58.513 557 598 I pms : autosleep 104 104 0 0 0 54 12 725972 54
09-03 11:32:58.513 557 598 I pms : Total Active Wakeup Source:0
09-03 11:33:23.975 557 557 D OnyxDeviceService: ============ mOldTransmit : 0 mNewTransmit : 0 perMinTransmit: 0 transmitLimit : 20000
09-03 11:33:23.975 557 557 D OnyxDeviceService: ===== treat as no transmit, close wifi
09-03 11:33:23.975 557 557 D OnyxDeviceService: trigger
09-03 11:33:23.976 557 591 D OnyxDeviceService: close wifi!
09-03 11:33:23.976 557 591 D WifiService: setWifiEnabled: false pid=557, uid=1000
09-03 11:33:23.976 557 591 E WifiService: Invoking mWifiStateMachine.setWifiEnabled
09-03 11:33:24.013 557 796 D WifiConfigStore: Retrieve network priorities after PNO.
09-03 11:33:24.017 557 557 D RttService: SCAN_AVAILABLE : 1
09-03 11:33:24.017 557 813 D RttService: EnabledState got{ when=0 what=160513 target=com.android.internal.util.StateMachine$SmHandler }
09-03 11:33:24.037 557 796 D WifiNative-HAL: stopRssiMonitoring, cmdId 0
09-03 11:33:24.039 215 540 I chatty : uid=0(root) /system/bin/netd expire 1 line
09-03 11:33:24.049 1600 1600 I DeviceReceiver: Received[60]: android.net.wifi.STATE_CHANGE data null
09-03 11:33:24.050 1600 1600 I DeviceReceiver: Received[61]: android.net.wifi.STATE_CHANGE data null
09-03 11:33:24.301 1600 1600 I DeviceReceiver: Received[62]: android.net.wifi.STATE_CHANGE data null
09-03 11:33:24.303 1600 1600 I DeviceReceiver: Received[63]: android.net.wifi.STATE_CHANGE data null
09-03 11:33:24.305 1600 1600 D Debug : network is connected: false, action is :android.net.wifi.STATE_CHANGE
09-03 11:33:24.306 557 796 D WifiStateMachine: SupplicantStoppingState: stopSupplicant init.svc.wpa_supplicant=unknown init.svc.p2p_supplicant=unknown
09-03 11:33:24.308 2335 2335 I wpa_supplicant: nl80211: deinit ifname=p2p-dev-wlan0 disabled_11b_rates=0
09-03 11:33:24.313 1600 1600 I DeviceReceiver: Received[64]: android.net.wifi.STATE_CHANGE data null
09-03 11:33:24.315 1600 1600 I DeviceReceiver: Received[65]: android.net.wifi.STATE_CHANGE data null
09-03 11:33:24.325 1600 1600 I DeviceReceiver: Received[66]: android.net.wifi.WIFI_STATE_CHANGED data null
09-03 11:33:24.325 1600 1600 I DeviceReceiver: Received[67]: android.net.wifi.WIFI_STATE_CHANGED data null
09-03 11:33:24.329 1600 1600 D Debug : network is connected: false, action is :android.net.wifi.STATE_CHANGE
09-03 11:33:24.386 2335 2335 I wpa_supplicant: p2p-dev-wlan0: CTRL-EVENT-TERMINATING
09-03 11:33:24.515 2335 2335 I wpa_supplicant: nl80211: deinit ifname=wlan0 disabled_11b_rates=0
09-03 11:33:24.563 193 193 I chatty : uid=0(root) /system/bin/surfaceflinger expire 104 lines
09-03 11:33:24.571 1600 1600 D Debug : network is connected: false, action is :android.net.wifi.STATE_CHANGE
09-03 11:33:24.594 1600 1600 D Debug : network is connected: false, action is :android.net.wifi.WIFI_STATE_CHANGED
09-03 11:33:24.634 2335 2335 I wpa_supplicant: wlan0: CTRL-EVENT-TERMINATING
09-03 11:33:24.636 557 593 D Tethering: interfaceLinkStateChanged wlan0, true
09-03 11:33:24.636 557 593 D Tethering: interfaceStatusChanged wlan0, true
09-03 11:33:24.646 557 796 D wifi : In wifi stop Hal
09-03 11:33:24.646 557 796 D wifi : halHandle = 0xb7dc86f0, mVM = 0xb7a3e388, mCls = 0xe72
09-03 11:33:24.646 557 2334 E WifiHAL : wifi_event_loop: Read after POLL returned 4, error no = 0
09-03 11:33:24.646 557 2334 D WifiHAL : Got a signal to exit!!!
09-03 11:33:24.646 557 2334 I WifiHAL : Exit wifi_event_loop
09-03 11:33:24.648 1600 1600 I DeviceReceiver: Received[68]: android.net.wifi.WIFI_STATE_CHANGED data null
09-03 11:33:24.649 1600 1600 I DeviceReceiver: Received[69]: android.net.wifi.WIFI_STATE_CHANGED data null
09-03 11:33:24.650 557 796 E WifiHAL : wifi_cleanup: Read after POLL returned 4, error no = 11
09-03 11:33:24.650 557 796 E WifiHAL : Event processing terminated
09-03 11:33:24.650 557 796 D wifi : In wifi cleaned up handler
09-03 11:33:24.650 557 796 I WifiHAL : Internal cleanup completed
09-03 11:33:24.655 1600 1600 D Debug : network is connected: false, action is :android.net.wifi.WIFI_STATE_CHANGED
09-03 11:33:24.765 557 2334 D wifi : set interface wlan0 flags (DOWN)
09-03 11:33:24.766 557 796 D WifiNative-HAL: HAL event thread stopped successfully
09-03 11:33:24.967 557 796 D WifiHW : wifi_unload_driver
09-03 11:33:24.967 557 796 D WifiHW : check_wifi_preload: Wifi driver is preload when bootup.
09-03 11:33:25.013 557 593 D Tethering: interfaceLinkStateChanged wlan0, false
09-03 11:33:25.014 557 593 D Tethering: interfaceStatusChanged wlan0, false
09-03 11:33:30.179 2433 2451 D bt_btif_dm: btif_dm_search_devices_evt cod is 0, set as unclassified
09-03 11:33:30.180 2433 2451 E PowerManager: WakeLock tag:bluedroid_timer from [com.android.bluetooth] is forbidden
09-03 11:33:30.227 2433 2458 E bt_btif : bte_scan_filt_param_cfg_evt, 1
09-03 11:33:30.248 935 1363 D BluetoothEventManager: DeviceFoundHandler created new CachedBluetoothDevice: 73:44:E7:0A:DC:E9
09-03 11:33:30.303 1427 1427 D BluetoothEventManager: DeviceFoundHandler created new CachedBluetoothDevice: 73:44:E7:0A:DC:E9
09-03 11:33:31.003 1427 1427 V BluetoothDiscoveryReceiver: Received: android.bluetooth.adapter.action.DISCOVERY_FINISHED
09-03 11:33:40.069 557 786 D pms : ######### Switching system power mode to [off]
09-03 11:33:40.077 557 557 D pms : ************** cancel alarm:onyx_standby_timeout
09-03 11:33:40.077 557 557 D pms : ************** cancel alarm:onyx_auto_poweroff
09-03 11:33:40.079 557 927 W pms : [com.android.bluetooth] is not allowed to set wakeup alarm
09-03 11:33:40.080 2433 2450 E PowerManager: WakeLock under-locked: bluedroid_timer
09-03 11:33:40.110 193 193 I chatty : uid=0(root) /system/bin/surfaceflinger expire 15 lines
09-03 11:33:40.137 557 926 I ActivityManager: START u0 {act=com.android.systemui.recents.SHOW_RECENTS flg=0x10804000 cmp=com.android.systemui/.recents.OnyxRecentsActivity} from uid 10012 on display 0
09-03 11:33:40.162 926 926 I Binder_5: type=1400 audit(0.0:116): avc: denied { read } for name="lib" dev="mmcblk0p13" ino=13 scontext=u:r:system_server:s0 tcontext=u:object_r:unlabeled:s0 tclass=lnk_file permissive=1
09-03 11:33:40.299 557 596 D WindowStateAnimator: rk_debug2 Starting com.android.systemui_Force_To_Dual
09-03 11:33:40.306 1427 1427 D LocalBluetoothManager: setting foreground activity to null
09-03 11:33:40.340 2433 2456 E PowerManager: WakeLock tag:bluedroid_timer from [com.android.bluetooth] is forbidden
09-03 11:33:40.342 2433 2451 D BluetoothAdapterProperties: Discoverable Timeout:120
09-03 11:33:40.347 2433 2451 D BluetoothAdapterProperties: Scan Mode:21
09-03 11:33:40.348 557 835 W pms : [com.android.bluetooth] is not allowed to set wakeup alarm
09-03 11:33:40.350 2433 2456 E PowerManager: WakeLock under-locked: bluedroid_timer
09-03 11:33:40.358 2433 2456 E PowerManager: WakeLock tag:bluedroid_timer from [com.android.bluetooth] is forbidden
09-03 11:33:40.393 557 1335 D WindowStateAnimator: rk_debug2 com.android.systemui/com.android.systemui.recents.OnyxRecentsActivity_Force_To_Dual
09-03 11:33:40.415 935 1406 D Surface : Surface::final mReqUsage=a00
09-03 11:33:40.415 935 1406 D mali_winsys: EGLint new_window_surface(egl_winsys_display*, void*, EGLSurface, EGLConfig, egl_winsys_surface**, egl_color_buffer_format*, EGLBoolean) returns 0x3000
09-03 11:33:40.437 557 596 D Surface : Surface::final mReqUsage=33
09-03 11:33:40.511 557 596 D Surface : Surface::final mReqUsage=33
09-03 11:33:40.656 557 927 W InputMethodManagerService: Starting input on non-focused client com.android.internal.view.IInputMethodClient$Stub$Proxy@6e3f185 (uid=1000 pid=1427)
09-03 11:33:40.743 557 596 I ActivityManager: Displayed com.android.systemui/.recents.OnyxRecentsActivity: +497ms
09-03 11:33:41.859 557 1274 W pms : [com.android.bluetooth] is not allowed to set wakeup alarm
09-03 11:33:41.860 2433 2450 E PowerManager: WakeLock under-locked: bluedroid_timer
09-03 11:33:43.008 557 928 E ActivityManager: Activity Manager Crash
09-03 11:33:43.008 557 928 E ActivityManager: java.lang.NullPointerException: Attempt to invoke virtual method 'boolean java.lang.String.equals(java.lang.Object)' on a null object reference
09-03 11:33:43.008 557 928 E ActivityManager: at android.onyx.utils.ApplicationFreezeHelper.enableAppByPkgName(ApplicationFreezeHelper.java:120)
09-03 11:33:43.008 557 928 E ActivityManager: at com.android.server.am.ActivityManagerService.startActivityFromRecentsInner(ActivityManagerService.java:4372)
09-03 11:33:43.008 557 928 E ActivityManager: at com.android.server.am.ActivityManagerService.startActivityFromRecents(ActivityManagerService.java:4355)
09-03 11:33:43.008 557 928 E ActivityManager: at android.app.ActivityManagerNative.onTransact(ActivityManagerNative.java:335)
09-03 11:33:43.008 557 928 E ActivityManager: at com.android.server.am.ActivityManagerService.onTransact(ActivityManagerService.java:2604)
09-03 11:33:43.008 557 928 E ActivityManager: at android.os.Binder.execTransact(Binder.java:453)
09-03 11:33:43.014 935 935 E Recents : 无法启动Wi‑Fi。
09-03 11:33:43.028 557 926 D WindowStateAnimator: rk_debug2 Toast_Force_To_Dual
09-03 11:33:43.075 935 1406 D Surface : Surface::final mReqUsage=a00
09-03 11:33:43.075 935 1406 D mali_winsys: EGLint new_window_surface(egl_winsys_display*, void*, EGLSurface, EGLConfig, egl_winsys_surface**, egl_color_buffer_format*, EGLBoolean) returns 0x3000
09-03 11:33:48.147 557 598 D pms : Enter idle state
09-03 11:33:48.148 557 598 D pms : ######### Switching system power mode to [standby]
09-03 11:33:48.149 557 598 I pms : ========== Setup an [300000]s alarm for standby mode ==========
09-03 11:33:48.153 557 598 D pms :
09-03 11:33:48.153 557 598 D pms :
09-03 11:33:48.153 557 598 D pms : ************** Add alarm:onyx_standby_timeout
09-03 11:33:48.153 557 598 D pms :
09-03 11:33:48.165 557 557 D pms : set alarm:onyx_standby_timeout, now:1535945628159 [ 2018-09-03 11:33:48], wake:1535945928149 [2018-09-03 11:38:48]
09-03 11:33:51.071 557 786 D pms : ######### Switching system power mode to [off]
09-03 11:33:51.074 557 557 D pms : ************** cancel alarm:onyx_standby_timeout
09-03 11:33:51.074 557 557 D pms : ************** cancel alarm:onyx_auto_poweroff
09-03 11:33:51.106 557 1274 I ActivityManager: START u0 {act=android.intent.action.SEARCH flg=0x10100000 cmp=com.onyx.dict/.activity.DictMainActivity (has extras)} from uid 10048 on display 0
09-03 11:33:51.199 2197 2197 W AwContents: onDetachedFromWindow called when already detached. Ignoring
09-03 11:33:51.199 2197 2197 I AutoPagedWebView: init
09-03 11:33:51.307 193 193 I chatty : uid=0(root) /system/bin/surfaceflinger expire 62 lines
09-03 11:33:51.309 2197 2263 D Surface : Surface::final mReqUsage=a00
09-03 11:33:51.309 2197 2263 D mali_winsys: EGLint new_window_surface(egl_winsys_display*, void*, EGLSurface, EGLConfig, egl_winsys_surface**, egl_color_buffer_format*, EGLBoolean) returns 0x3000
09-03 11:33:51.373 2197 2197 W BindingManager: Cannot call determinedVisibility() - never saw a connection for the pid: 2197
09-03 11:33:51.376 2197 2197 I AutoPagedWebView: applyCSS pageFinished
09-03 11:33:51.376 2197 2197 I AutoPagedWebView: measuredHeight:0,measuredWidth:0,density:1.875
09-03 11:33:51.378 2197 2197 I AutoPagedWebView: measuredHeight:1457,measuredWidth:1348,density:1.875
09-03 11:33:51.406 557 557 D ZenLog : disable_effects: -1|android|17040357|null|1000,booleanState
09-03 11:33:51.415 557 557 D ZenLog : disable_effects: -1|android|17040357|null|1000,booleanState
09-03 11:33:51.482 1202 2285 D Surface : Surface::final mReqUsage=a00
09-03 11:33:51.482 1202 2285 D mali_winsys: EGLint new_window_surface(egl_winsys_display*, void*, EGLSurface, EGLConfig, egl_winsys_surface**, egl_color_buffer_format*, EGLBoolean) returns 0x3000
09-03 11:33:51.504 557 596 I ActivityManager: Displayed com.onyx.dict/.activity.DictMainActivity: +387ms
09-03 11:33:54.015 557 557 D ZenLog : disable_effects: -1|android|17040357|null|1000,booleanState
09-03 11:33:54.024 557 928 I ActivityManager: START u0 {act=com.android.systemui.recents.SHOW_RECENTS flg=0x10804000 cmp=com.android.systemui/.recents.OnyxRecentsActivity} from uid 10012 on display 0
09-03 11:33:54.167 557 927 D WindowStateAnimator: rk_debug2 com.android.systemui/com.android.systemui.recents.OnyxRecentsActivity_Force_To_Dual
09-03 11:33:54.191 935 1406 D Surface : Surface::final mReqUsage=a00
09-03 11:33:54.191 935 1406 D mali_winsys: EGLint new_window_surface(egl_winsys_display*, void*, EGLSurface, EGLConfig, egl_winsys_surface**, egl_color_buffer_format*, EGLBoolean) returns 0x3000
09-03 11:33:54.378 557 557 D ZenLog : disable_effects: -1|android|17040357|null|1000,booleanState
09-03 11:33:54.558 557 596 D Surface : Surface::final mReqUsage=33
09-03 11:33:55.772 2197 2263 D Surface : Surface::final mReqUsage=a00
09-03 11:33:55.773 2197 2263 D mali_winsys: EGLint new_window_surface(egl_winsys_display*, void*, EGLSurface, EGLConfig, egl_winsys_surface**, egl_color_buffer_format*, EGLBoolean) returns 0x3000
09-03 11:33:55.909 557 557 D ZenLog : disable_effects: -1|android|17040357|null|1000,booleanState
09-03 11:33:55.938 557 557 D ZenLog : disable_effects: -1|android|17040357|null|1000,booleanState
09-03 11:33:56.013 1202 2285 D Surface : Surface::final mReqUsage=a00
09-03 11:33:56.014 1202 2285 D mali_winsys: EGLint new_window_surface(egl_winsys_display*, void*, EGLSurface, EGLConfig, egl_winsys_surface**, egl_color_buffer_format*, EGLBoolean) returns 0x3000
09-03 11:33:57.707 557 557 D ZenLog : disable_effects: -1|android|17040357|null|1000,booleanState
09-03 11:33:57.716 557 928 I ActivityManager: START u0 {act=com.android.systemui.recents.SHOW_RECENTS flg=0x10804000 cmp=com.android.systemui/.recents.OnyxRecentsActivity} from uid 10012 on display 0
09-03 11:33:57.857 557 1334 D WindowStateAnimator: rk_debug2 com.android.systemui/com.android.systemui.recents.OnyxRecentsActivity_Force_To_Dual
09-03 11:33:57.891 935 1406 D Surface : Surface::final mReqUsage=a00
09-03 11:33:57.891 935 1406 D mali_winsys: EGLint new_window_surface(egl_winsys_display*, void*, EGLSurface, EGLConfig, egl_winsys_surface**, egl_color_buffer_format*, EGLBoolean) returns 0x3000
09-03 11:33:58.107 557 557 D ZenLog : disable_effects: -1|android|17040357|null|1000,booleanState
09-03 11:33:58.315 557 588 D Surface : Surface::final mReqUsage=33
09-03 11:34:00.083 1427 1427 D LocalBluetoothManager: setting foreground activity to non-null context
09-03 11:34:00.145 2433 2451 D BluetoothAdapterProperties: Discoverable Timeout:120
09-03 11:34:00.146 2433 2456 E PowerManager: WakeLock tag:bluedroid_timer from [com.android.bluetooth] is forbidden
09-03 11:34:00.147 2433 2451 D BluetoothAdapterProperties: Scan Mode:23
09-03 11:34:00.157 557 927 W pms : [com.android.bluetooth] is not allowed to set wakeup alarm
09-03 11:34:00.158 2433 2456 E PowerManager: WakeLock under-locked: bluedroid_timer
09-03 11:34:00.163 2433 2456 E PowerManager: WakeLock tag:bluedroid_timer from [com.android.bluetooth] is forbidden
09-03 11:34:00.167 1427 1970 D Surface : Surface::final mReqUsage=a00
09-03 11:34:00.168 1427 1970 D mali_winsys: EGLint new_window_surface(egl_winsys_display*, void*, EGLSurface, EGLConfig, egl_winsys_surface**, egl_color_buffer_format*, EGLBoolean) returns 0x3000
09-03 11:34:00.176 557 927 W pms : [com.android.bluetooth] is not allowed to set wakeup alarm
09-03 11:34:00.178 2433 2456 E PowerManager: WakeLock under-locked: bluedroid_timer
09-03 11:34:00.192 2433 2456 E PowerManager: WakeLock tag:bluedroid_timer from [com.android.bluetooth] is forbidden
09-03 11:34:00.293 1427 2537 D Index : Deleting data for locale 'zh_CN' took 1 millis
09-03 11:34:00.306 1427 2537 D Index : Indexing locale 'zh_CN' took 13 millis
09-03 11:34:01.706 557 1335 W pms : [com.android.bluetooth] is not allowed to set wakeup alarm
09-03 11:34:01.711 2433 2450 E PowerManager: WakeLock under-locked: bluedroid_timer
09-03 11:34:01.809 193 193 I chatty : uid=0(root) /system/bin/surfaceflinger expire 12 lines
09-03 11:34:02.911 557 598 D pms : Enter idle state
09-03 11:34:02.911 557 598 D pms : ######### Switching system power mode to [standby]
09-03 11:34:02.911 557 598 I pms : ========== Setup an [300000]s alarm for standby mode ==========
09-03 11:34:02.912 557 598 D pms :
09-03 11:34:02.912 557 598 D pms :
09-03 11:34:02.912 557 598 D pms : ************** Add alarm:onyx_standby_timeout
09-03 11:34:02.912 557 598 D pms :
09-03 11:34:02.915 557 557 D pms : set alarm:onyx_standby_timeout, now:1535945642913 [ 2018-09-03 11:34:02], wake:1535945942911 [2018-09-03 11:39:02]
09-03 11:35:04.069 557 786 D pms : ######### Switching system power mode to [off]
09-03 11:35:04.071 557 557 D pms : ************** cancel alarm:onyx_standby_timeout
09-03 11:35:04.073 557 557 D pms : ************** cancel alarm:onyx_auto_poweroff
09-03 11:35:04.093 557 1334 I ActivityManager: START u0 {act=com.android.systemui.recents.SHOW_RECENTS flg=0x10804000 cmp=com.android.systemui/.recents.OnyxRecentsActivity} from uid 10012 on display 0
09-03 11:35:04.156 1427 1427 D LocalBluetoothManager: setting foreground activity to null
09-03 11:35:04.178 193 193 I chatty : uid=0(root) /system/bin/surfaceflinger expire 17 lines
09-03 11:35:04.189 557 567 I art : Background partial concurrent mark sweep GC freed 3113(248KB) AllocSpace objects, 2(40KB) LOS objects, 33% free, 11MB/17MB, paused 5.179ms total 55.747ms
09-03 11:35:04.194 2433 2451 D BluetoothAdapterProperties: Discoverable Timeout:120
09-03 11:35:04.195 2433 2456 E PowerManager: WakeLock tag:bluedroid_timer from [com.android.bluetooth] is forbidden
09-03 11:35:04.196 2433 2451 D BluetoothAdapterProperties: Scan Mode:21
09-03 11:35:04.199 557 1334 D WindowStateAnimator: rk_debug2 com.android.systemui/com.android.systemui.recents.OnyxRecentsActivity_Force_To_Dual
09-03 11:35:04.202 557 927 W pms : [com.android.bluetooth] is not allowed to set wakeup alarm
09-03 11:35:04.203 2433 2456 E PowerManager: WakeLock under-locked: bluedroid_timer
09-03 11:35:04.208 2433 2456 E PowerManager: WakeLock tag:bluedroid_timer from [com.android.bluetooth] is forbidden
09-03 11:35:04.218 935 1406 D Surface : Surface::final mReqUsage=a00
09-03 11:35:04.218 935 1406 D mali_winsys: EGLint new_window_surface(egl_winsys_display*, void*, EGLSurface, EGLConfig, egl_winsys_surface**, egl_color_buffer_format*, EGLBoolean) returns 0x3000
09-03 11:35:04.410 557 596 D Surface : Surface::final mReqUsage=33
09-03 11:35:05.714 557 926 W pms : [com.android.bluetooth] is not allowed to set wakeup alarm
09-03 11:35:05.717 2433 2450 E PowerManager: WakeLock under-locked: bluedroid_timer
09-03 11:35:05.933 557 928 E ActivityManager: Activity Manager Crash
09-03 11:35:05.933 557 928 E ActivityManager: java.lang.NullPointerException: Attempt to invoke virtual method 'boolean java.lang.String.equals(java.lang.Object)' on a null object reference
09-03 11:35:05.933 557 928 E ActivityManager: at android.onyx.utils.ApplicationFreezeHelper.enableAppByPkgName(ApplicationFreezeHelper.java:120)
09-03 11:35:05.933 557 928 E ActivityManager: at com.android.server.am.ActivityManagerService.startActivityFromRecentsInner(ActivityManagerService.java:4372)
09-03 11:35:05.933 557 928 E ActivityManager: at com.android.server.am.ActivityManagerService.startActivityFromRecents(ActivityManagerService.java:4355)
09-03 11:35:05.933 557 928 E ActivityManager: at android.app.ActivityManagerNative.onTransact(ActivityManagerNative.java:335)
09-03 11:35:05.933 557 928 E ActivityManager: at com.android.server.am.ActivityManagerService.onTransact(ActivityManagerService.java:2604)
09-03 11:35:05.933 557 928 E ActivityManager: at android.os.Binder.execTransact(Binder.java:453)
09-03 11:35:05.939 935 935 E Recents : 无法启动Wi‑Fi。
09-03 11:35:05.946 557 588 D WindowStateAnimator: rk_debug2 Toast_Force_To_Dual
09-03 11:35:05.966 935 1406 D Surface : Surface::final mReqUsage=a00
09-03 11:35:05.966 935 1406 D mali_winsys: EGLint new_window_surface(egl_winsys_display*, void*, EGLSurface, EGLConfig, egl_winsys_surface**, egl_color_buffer_format*, EGLBoolean) returns 0x3000
09-03 11:35:11.011 557 598 D pms : Enter idle state
09-03 11:35:11.012 557 598 D pms : ######### Switching system power mode to [standby]
09-03 11:35:11.012 557 598 I pms : ========== Setup an [300000]s alarm for standby mode ==========
09-03 11:35:11.016 557 598 D pms :
09-03 11:35:11.016 557 598 D pms :
09-03 11:35:11.016 557 598 D pms : ************** Add alarm:onyx_standby_timeout
09-03 11:35:11.016 557 598 D pms :
09-03 11:35:11.032 557 557 D pms : set alarm:onyx_standby_timeout, now:1535945711022 [ 2018-09-03 11:35:11], wake:1535946011012 [2018-09-03 11:40:11]
09-03 11:35:12.071 557 786 D pms : ######### Switching system power mode to [off]
09-03 11:35:12.071 557 557 D pms : ************** cancel alarm:onyx_standby_timeout
09-03 11:35:12.072 557 557 D pms : ************** cancel alarm:onyx_auto_poweroff
09-03 11:35:12.092 557 1334 E ActivityManager: Activity Manager Crash
09-03 11:35:12.092 557 1334 E ActivityManager: java.lang.NullPointerException: Attempt to invoke virtual method 'boolean java.lang.String.equals(java.lang.Object)' on a null object reference
09-03 11:35:12.092 557 1334 E ActivityManager: at android.onyx.utils.ApplicationFreezeHelper.enableAppByPkgName(ApplicationFreezeHelper.java:120)
09-03 11:35:12.092 557 1334 E ActivityManager: at com.android.server.am.ActivityManagerService.startActivityFromRecentsInner(ActivityManagerService.java:4372)
09-03 11:35:12.092 557 1334 E ActivityManager: at com.android.server.am.ActivityManagerService.startActivityFromRecents(ActivityManagerService.java:4355)
09-03 11:35:12.092 557 1334 E ActivityManager: at android.app.ActivityManagerNative.onTransact(ActivityManagerNative.java:335)
09-03 11:35:12.092 557 1334 E ActivityManager: at com.android.server.am.ActivityManagerService.onTransact(ActivityManagerService.java:2604)
09-03 11:35:12.092 557 1334 E ActivityManager: at android.os.Binder.execTransact(Binder.java:453)
09-03 11:35:12.104 935 935 E Recents : 无法启动Wi‑Fi。
09-03 11:35:12.111 557 925 D WindowStateAnimator: rk_debug2 Toast_Force_To_Dual
09-03 11:35:12.150 935 1406 D Surface : Surface::final mReqUsage=a00
09-03 11:35:12.150 935 1406 D mali_winsys: EGLint new_window_surface(egl_winsys_display*, void*, EGLSurface, EGLConfig, egl_winsys_surface**, egl_color_buffer_format*, EGLBoolean) returns 0x3000
09-03 11:35:17.196 557 598 D pms : Enter idle state
09-03 11:35:17.196 557 598 D pms : ######### Switching system power mode to [standby]
09-03 11:35:17.197 557 598 I pms : ========== Setup an [300000]s alarm for standby mode ==========
09-03 11:35:17.201 557 598 D pms :
09-03 11:35:17.201 557 598 D pms :
09-03 11:35:17.201 557 598 D pms : ************** Add alarm:onyx_standby_timeout
09-03 11:35:17.201 557 598 D pms :
09-03 11:35:17.218 557 557 D pms : set alarm:onyx_standby_timeout, now:1535945717207 [ 2018-09-03 11:35:17], wake:1535946017197 [2018-09-03 11:40:17]
09-03 11:36:05.072 557 786 D pms : ######### Switching system power mode to [off]
09-03 11:36:05.073 557 557 D pms : ************** cancel alarm:onyx_standby_timeout
09-03 11:36:05.073 557 557 D pms : ************** cancel alarm:onyx_auto_poweroff
09-03 11:36:06.752 1427 1427 D LocalBluetoothManager: setting foreground activity to non-null context
09-03 11:36:06.798 2433 2451 D BluetoothAdapterProperties: Discoverable Timeout:120
09-03 11:36:06.800 2433 2456 E PowerManager: WakeLock tag:bluedroid_timer from [com.android.bluetooth] is forbidden
09-03 11:36:06.800 2433 2451 D BluetoothAdapterProperties: Scan Mode:23
09-03 11:36:06.808 557 927 W pms : [com.android.bluetooth] is not allowed to set wakeup alarm
09-03 11:36:06.809 2433 2456 E PowerManager: WakeLock under-locked: bluedroid_timer
09-03 11:36:06.816 2433 2456 E PowerManager: WakeLock tag:bluedroid_timer from [com.android.bluetooth] is forbidden
09-03 11:36:06.824 193 193 I chatty : uid=0(root) /system/bin/surfaceflinger expire 22 lines
09-03 11:36:06.827 557 927 W pms : [com.android.bluetooth] is not allowed to set wakeup alarm
09-03 11:36:06.828 2433 2456 E PowerManager: WakeLock under-locked: bluedroid_timer
09-03 11:36:06.829 1427 1970 D Surface : Surface::final mReqUsage=a00
09-03 11:36:06.830 1427 1970 D mali_winsys: EGLint new_window_surface(egl_winsys_display*, void*, EGLSurface, EGLConfig, egl_winsys_surface**, egl_color_buffer_format*, EGLBoolean) returns 0x3000
09-03 11:36:06.836 2433 2456 E PowerManager: WakeLock tag:bluedroid_timer from [com.android.bluetooth] is forbidden
09-03 11:36:06.912 1427 1510 D Index : Deleting data for locale 'zh_CN' took 1 millis
09-03 11:36:06.926 1427 1510 D Index : Indexing locale 'zh_CN' took 13 millis
09-03 11:36:08.350 557 925 W pms : [com.android.bluetooth] is not allowed to set wakeup alarm
09-03 11:36:08.357 2433 2450 E PowerManager: WakeLock under-locked: bluedroid_timer
09-03 11:36:08.584 1427 1427 D LocalBluetoothManager: setting foreground activity to null
09-03 11:36:08.591 2433 2451 D BluetoothAdapterProperties: Discoverable Timeout:120
09-03 11:36:08.592 2433 2456 E PowerManager: WakeLock tag:bluedroid_timer from [com.android.bluetooth] is forbidden
09-03 11:36:08.593 2433 2451 D BluetoothAdapterProperties: Scan Mode:21
09-03 11:36:08.625 557 927 W pms : [com.android.bluetooth] is not allowed to set wakeup alarm
09-03 11:36:08.626 2433 2456 E PowerManager: WakeLock under-locked: bluedroid_timer
09-03 11:36:08.627 1600 1600 W ContextImpl: Calling a method in the system process without a qualified user: android.app.ContextImpl.sendBroadcast:763 android.content.ContextWrapper.sendBroadcast:396 com.onyx.android.sdk.device.BaseDevice.a:479 com.onyx.android.sdk.device.BaseDevice.showSystemStatusBar:442 com.onyx.ContentBrowserApplication$2.onActivityResumed:196
09-03 11:36:08.633 2433 2456 E PowerManager: WakeLock tag:bluedroid_timer from [com.android.bluetooth] is forbidden
09-03 11:36:08.672 1600 1600 D Surface : Surface::final mReqUsage=33
09-03 11:36:10.148 557 588 W pms : [com.android.bluetooth] is not allowed to set wakeup alarm
09-03 11:36:10.154 2433 2450 E PowerManager: WakeLock under-locked: bluedroid_timer
09-03 11:36:11.217 557 598 D pms : Enter idle state
09-03 11:36:11.218 557 598 D pms : ######### Switching system power mode to [standby]
09-03 11:36:11.218 557 598 I pms : ========== Setup an [300000]s alarm for standby mode ==========
09-03 11:36:11.222 557 598 D pms :
09-03 11:36:11.222 557 598 D pms :
09-03 11:36:11.222 557 598 D pms : ************** Add alarm:onyx_standby_timeout
09-03 11:36:11.222 557 598 D pms :
09-03 11:36:11.236 557 557 D pms : set alarm:onyx_standby_timeout, now:1535945771228 [ 2018-09-03 11:36:11], wake:1535946071219 [2018-09-03 11:41:11]
09-03 11:36:11.390 557 786 D pms : ######### Switching system power mode to [off]
09-03 11:36:11.390 557 557 D pms : ************** cancel alarm:onyx_standby_timeout
09-03 11:36:11.390 557 557 D pms : ************** cancel alarm:onyx_auto_poweroff
09-03 11:36:11.737 1600 1600 E Debug : please call initStatusLayoutManager(contentView)!
09-03 11:36:12.032 1600 2560 W AppLoadRequest: Sort duration:1ms
09-03 11:36:14.389 557 598 D pms : Enter idle state
09-03 11:36:14.389 557 598 D pms : ######### Switching system power mode to [standby]
09-03 11:36:14.389 557 598 I pms : ========== Setup an [300000]s alarm for standby mode ==========
09-03 11:36:14.390 557 598 D pms :
09-03 11:36:14.390 557 598 D pms :
09-03 11:36:14.390 557 598 D pms : ************** Add alarm:onyx_standby_timeout
09-03 11:36:14.390 557 598 D pms :
09-03 11:36:14.392 557 557 D pms : set alarm:onyx_standby_timeout, now:1535945774391 [ 2018-09-03 11:36:14], wake:1535946074389 [2018-09-03 11:41:14]
09-03 11:36:18.071 557 786 D pms : ######### Switching system power mode to [off]
09-03 11:36:18.072 557 557 D pms : ************** cancel alarm:onyx_standby_timeout
09-03 11:36:18.072 557 557 D pms : ************** cancel alarm:onyx_auto_poweroff
09-03 11:36:18.078 557 835 I ActivityManager: START u0 {act=android.intent.action.MAIN cat=[android.intent.category.LAUNCHER] flg=0x10000000 pkg=com.onyx.dict cmp=com.onyx.dict/.activity.DictMainActivity} from uid 1000 on display 0
09-03 11:36:18.165 2197 2197 W AwContents: onDetachedFromWindow called when already detached. Ignoring
09-03 11:36:18.165 2197 2197 I AutoPagedWebView: init
09-03 11:36:18.251 193 193 I chatty : uid=0(root) /system/bin/surfaceflinger expire 43 lines
09-03 11:36:18.253 2197 2263 D Surface : Surface::final mReqUsage=a00
09-03 11:36:18.253 2197 2263 D mali_winsys: EGLint new_window_surface(egl_winsys_display*, void*, EGLSurface, EGLConfig, egl_winsys_surface**, egl_color_buffer_format*, EGLBoolean) returns 0x3000
09-03 11:36:18.323 2197 2197 W BindingManager: Cannot call determinedVisibility() - never saw a connection for the pid: 2197
09-03 11:36:18.326 2197 2197 I AutoPagedWebView: applyCSS pageFinished
09-03 11:36:18.326 2197 2197 I AutoPagedWebView: measuredHeight:0,measuredWidth:0,density:1.875
09-03 11:36:18.328 2197 2197 I AutoPagedWebView: measuredHeight:1457,measuredWidth:1348,density:1.875
09-03 11:36:18.382 557 557 D ZenLog : disable_effects: -1|android|17040357|null|1000,booleanState
09-03 11:36:18.438 557 557 D ZenLog : disable_effects: -1|android|17040357|null|1000,booleanState
09-03 11:36:18.569 1202 2285 D Surface : Surface::final mReqUsage=a00
09-03 11:36:18.569 1202 2285 D mali_winsys: EGLint new_window_surface(egl_winsys_display*, void*, EGLSurface, EGLConfig, egl_winsys_surface**, egl_color_buffer_format*, EGLBoolean) returns 0x3000
09-03 11:36:18.569 557 596 I ActivityManager: Displayed com.onyx.dict/.activity.DictMainActivity: +473ms
09-03 11:36:20.947 557 598 D pms : Enter idle state
09-03 11:36:20.948 557 598 D pms : ######### Switching system power mode to [standby]
09-03 11:36:20.948 557 598 I pms : ========== Setup an [300000]s alarm for standby mode ==========
09-03 11:36:20.952 557 598 D pms :
09-03 11:36:20.952 557 598 D pms :
09-03 11:36:20.952 557 598 D pms : ************** Add alarm:onyx_standby_timeout
09-03 11:36:20.952 557 598 D pms :
09-03 11:36:20.966 557 557 D pms : set alarm:onyx_standby_timeout, now:1535945780958 [ 2018-09-03 11:36:20], wake:1535946080948 [2018-09-03 11:41:20]
09-03 11:36:21.267 557 786 D pms : ######### Switching system power mode to [off]
09-03 11:36:21.267 557 557 D pms : ************** cancel alarm:onyx_standby_timeout
09-03 11:36:21.268 557 557 D pms : ************** cancel alarm:onyx_auto_poweroff
09-03 11:36:21.363 1202 2285 D Surface : Surface::final mReqUsage=a00
09-03 11:36:21.363 1202 2285 D mali_winsys: EGLint new_window_surface(egl_winsys_display*, void*, EGLSurface, EGLConfig, egl_winsys_surface**, egl_color_buffer_format*, EGLBoolean) returns 0x3000
09-03 11:36:22.586 2197 2223 I onyx_dict: GetKeywordText release
09-03 11:36:22.587 2197 2223 I onyx_dict: GetKeywordText release
09-03 11:36:22.587 2197 2223 I onyx_dict: GetKeywordText release
09-03 11:36:22.588 2197 2223 I onyx_dict: GetKeywordText release
09-03 11:36:22.588 2197 2223 I onyx_dict: GetKeywordText release
09-03 11:36:22.659 1202 2285 D Surface : Surface::final mReqUsage=a00
09-03 11:36:22.660 1202 2285 D mali_winsys: EGLint new_window_surface(egl_winsys_display*, void*, EGLSurface, EGLConfig, egl_winsys_surface**, egl_color_buffer_format*, EGLBoolean) returns 0x3000
09-03 11:36:22.765 2197 2263 D Surface : Surface::final mReqUsage=a00
09-03 11:36:22.765 2197 2263 D mali_winsys: EGLint new_window_surface(egl_winsys_display*, void*, EGLSurface, EGLConfig, egl_winsys_surface**, egl_color_buffer_format*, EGLBoolean) returns 0x3000
09-03 11:36:25.800 2197 2263 D Surface : Surface::final mReqUsage=a00
09-03 11:36:25.800 2197 2263 D mali_winsys: EGLint new_window_surface(egl_winsys_display*, void*, EGLSurface, EGLConfig, egl_winsys_surface**, egl_color_buffer_format*, EGLBoolean) returns 0x3000
09-03 11:36:28.448 1600 1600 W ContextImpl: Calling a method in the system process without a qualified user: android.app.ContextImpl.sendBroadcast:763 android.content.ContextWrapper.sendBroadcast:396 com.onyx.android.sdk.device.BaseDevice.a:479 com.onyx.android.sdk.device.BaseDevice.showSystemStatusBar:442 com.onyx.ContentBrowserApplication$2.onActivityResumed:196
09-03 11:36:28.489 1600 1600 D Surface : Surface::final mReqUsage=33
09-03 11:36:28.667 193 193 I chatty : uid=0(root) /system/bin/surfaceflinger expire 56 lines
09-03 11:36:31.136 557 598 D pms : Enter idle state
