--------- beginning of system
09-03 11:00:21.456 192 192 I vold : Vold 3.0 (the awakening) firing up
09-03 11:00:21.456 192 192 V vold : Detected support for: ext4 vfat
09-03 11:00:21.739 223 223 E DrmService: ----------------running drmservice---------------
09-03 11:00:21.739 223 223 E DrmService: get prop_board_platform,prop_board_platform = rk3288 , diff=-1
09-03 11:00:21.739 223 223 E DrmService: sndata:
09-03 11:00:21.739 223 223 E DrmService: 0 0 0 0
09-03 11:00:21.739 223 223 E DrmService: 0 0 0 0
09-03 11:00:21.739 223 223 E DrmService: get serialno from idb,serialno =
09-03 11:00:21.739 223 223 E DrmService: drm keybox disable!!
09-03 11:00:21.740 223 223 E DrmService: detect keybox disabled
09-03 11:00:41.237 557 557 I chatty : uid=1000 system_server expire 133 lines
09-03 11:00:42.857 557 596 I chatty : uid=1000(system) android.display expire 3 lines
09-03 11:01:39.539 557 593 I chatty : uid=1000(system) android.fg expire 3 lines
09-03 11:01:40.371 557 788 I chatty : uid=1000(system) MountService expire 35 lines
09-03 11:01:40.373 192 212 I Ext4Crypt: ext4 crypto complete called on /data
09-03 11:01:40.374 192 212 I Ext4Crypt: No master key, so not ext4enc
09-03 11:01:40.376 557 557 I chatty : uid=1000 system_server expire 21 lines
09-03 11:01:40.377 557 790 I chatty : uid=1000(system) CryptdConnector expire 1 line
09-03 11:01:40.382 557 789 I chatty : uid=1000(system) VoldConnector expire 35 lines
09-03 11:01:40.796 192 791 D vold : Starting trim of /cache
09-03 11:01:40.816 192 791 I vold : Trimmed 324796416 bytes on /cache in 20ms
09-03 11:01:40.816 192 791 D vold : Starting trim of /metadata
09-03 11:01:40.825 192 791 I vold : Trimmed 12263424 bytes on /metadata in 8ms
09-03 11:01:40.825 192 791 D vold : Starting trim of /data
09-03 11:01:41.187 557 557 I chatty : uid=1000 system_server expire 99 lines
09-03 11:01:41.882 557 797 I chatty : uid=1000(system) WifiService expire 1 line
09-03 11:01:41.907 557 798 I chatty : uid=1000(system) ConnectivitySer expire 1 line
09-03 11:01:41.960 192 791 I vold : Trimmed 28795973632 bytes on /data in 1134ms
09-03 11:01:41.960 192 791 D vold : Starting trim of none
09-03 11:01:41.960 192 791 W vold : Failed to open none: No such file or directory
09-03 11:01:41.960 192 791 D vold : Starting trim of /vendor
09-03 11:01:41.967 192 791 I vold : Trimmed 12259328 bytes on /vendor in 6ms
09-03 11:01:42.227 192 211 D vold : Remounting 1001 as mode none
09-03 11:01:42.232 192 211 D vold : Remounting 1001 as mode none
09-03 11:01:42.248 557 598 I chatty : uid=1000(system) pms expire 1 line
09-03 11:01:42.252 192 211 D vold : Remounting 2000 as mode none
09-03 11:01:42.254 192 211 D vold : Found matching PID 189
09-03 11:01:42.254 192 211 W vold : Skipping due to root namespace
09-03 11:01:42.256 192 211 D vold : Remounting 2000 as mode none
09-03 11:01:42.258 192 211 D vold : Found matching PID 189
09-03 11:01:42.258 192 211 W vold : Skipping due to root namespace
09-03 11:01:42.262 192 211 D vold : Remounting 10012 as mode none
09-03 11:01:42.266 192 211 D vold : Remounting 10012 as mode none
09-03 11:01:42.271 192 211 D vold : Remounting 1002 as mode none
09-03 11:01:42.275 192 211 D vold : Remounting 1002 as mode none
09-03 11:01:42.282 192 211 D vold : Remounting 10008 as mode none
09-03 11:01:42.288 192 211 D vold : Remounting 10004 as mode none
09-03 11:01:42.292 192 211 D vold : Remounting 10004 as mode none
09-03 11:01:42.296 192 211 D vold : Remounting 10005 as mode none
09-03 11:01:42.300 192 211 D vold : Remounting 10005 as mode none
09-03 11:01:42.308 192 211 D vold : Remounting 10001 as mode none
09-03 11:01:42.312 192 211 D vold : Remounting 10001 as mode none
09-03 11:01:42.394 557 591 I chatty : uid=1000(system) ActivityManager expire 32 lines
09-03 11:01:42.485 557 589 I chatty : uid=1000(system) Binder_2 expire 8 lines
09-03 11:01:42.735 557 835 I chatty : uid=1000(system) Binder_3 expire 4 lines
09-03 11:01:43.248 557 592 I chatty : uid=1000(system) android.ui expire 1 line
09-03 11:01:44.114 557 588 I chatty : uid=1000(system) Binder_1 expire 4 lines
09-03 11:01:44.956 557 926 I chatty : uid=1000(system) Binder_5 expire 1 line
09-03 11:01:44.957 557 925 I chatty : uid=1000(system) Binder_4 expire 1 line
09-03 11:01:45.650 557 788 I chatty : uid=1000(system) MountService expire 7 lines
09-03 11:01:45.683 557 593 I chatty : uid=1000(system) android.fg expire 1 line
09-03 11:01:45.689 192 211 V vold : Waiting for FUSE to spin up...
09-03 11:01:45.741 192 211 D vold : Linking /storage/emulated/0 to /mnt/user/0/primary
09-03 11:01:45.836 557 1009 I chatty : uid=1000(system) AsyncQueryWorke expire 1 line
09-03 11:01:45.944 557 557 I chatty : uid=1000 system_server expire 16 lines
09-03 11:01:46.339 557 927 I chatty : uid=1000(system) Binder_6 expire 12 lines
09-03 11:01:46.844 557 591 I chatty : uid=1000(system) ActivityManager expire 31 lines
09-03 11:01:47.228 557 926 I chatty : uid=1000(system) Binder_5 expire 10 lines
09-03 11:01:47.303 557 815 I chatty : uid=1000(system) backup expire 1 line
09-03 11:01:48.158 557 589 I chatty : uid=1000(system) Binder_2 expire 12 lines
09-03 11:01:48.162 557 928 I chatty : uid=1000(system) Binder_7 expire 6 lines
09-03 11:01:48.322 557 797 I chatty : uid=1000(system) WifiService expire 3 lines
09-03 11:01:48.837 557 598 I chatty : uid=1000(system) pms expire 2 lines
09-03 11:01:49.841 1253 1328 D ActivityThread: Loading provider com.android.email.provider;com.android.email.notifier: com.android.email.provider.EmailProvider
09-03 11:01:49.875 1253 1329 D ActivityThread: Loading provider com.android.email.provider;com.android.email.notifier: com.android.email.provider.EmailProvider
09-03 11:01:49.945 1253 1253 D ActivityThread: Loading provider com.android.email.provider;com.android.email.notifier: com.android.email.provider.EmailProvider
09-03 11:01:49.948 1253 1338 D ActivityThread: Loading provider com.android.email.provider;com.android.email.notifier: com.android.email.provider.EmailProvider
09-03 11:01:49.962 557 835 I chatty : uid=1000(system) Binder_3 expire 11 lines
09-03 11:01:49.969 1253 1341 D ActivityThread: Loading provider com.android.email.provider;com.android.email.notifier: com.android.email.provider.EmailProvider
09-03 11:01:50.201 557 925 I chatty : uid=1000(system) Binder_4 expire 14 lines
09-03 11:01:50.313 557 1274 I chatty : uid=1000(system) Binder_8 expire 5 lines
09-03 11:01:50.498 557 1335 I chatty : uid=1000(system) Binder_A expire 15 lines
09-03 11:01:50.547 557 798 I chatty : uid=1000(system) ConnectivitySer expire 4 lines
09-03 11:01:51.155 557 588 I chatty : uid=1000(system) Binder_1 expire 12 lines
09-03 11:01:55.782 557 600 I chatty : uid=1000(system) PackageManager expire 2 lines
09-03 11:02:00.038 557 1334 I chatty : uid=1000(system) Binder_9 expire 6 lines
09-03 11:02:05.709 557 596 I chatty : uid=1000(system) android.display expire 4 lines
09-03 11:02:07.498 557 1490 I chatty : uid=1000(system) AsyncTask #1 expire 1 line
09-03 11:02:07.521 557 1506 I chatty : uid=1000 system_server expire 5 lines
09-03 11:02:09.223 1576 1596 E ActivityThread: Failed to find provider info for com.android.launcher2.settings
09-03 11:02:11.701 557 835 I chatty : uid=1000(system) Binder_3 expire 1 line
09-03 11:02:11.731 557 925 I chatty : uid=1000(system) Binder_4 expire 3 lines
09-03 11:02:12.084 1600 1600 I chatty : uid=1000(system) com.onyx expire 2 lines
09-03 11:02:14.838 557 588 I chatty : uid=1000(system) Binder_1 expire 4 lines
09-03 11:02:14.857 557 795 I chatty : uid=1000(system) WifiP2pService expire 1 line
09-03 11:02:15.658 557 926 W ActivityManager: Wtf, activity ActivityRecord{fcece20 u0 com.android.settings/.CryptKeeper t1 f} in proc activity list not using proc ProcessRecord{f93075b 957:com.android.settings:CryptKeeper/1000}?!? Using null instead.
09-03 11:02:15.700 557 1274 W ActivityManager: Wtf, activity ActivityRecord{fcece20 u0 com.android.settings/.CryptKeeper t1 f} in proc activity list not using proc ProcessRecord{f93075b 957:com.android.settings:CryptKeeper/1000}?!? Using null instead.
09-03 11:02:15.707 557 835 W ActivityManager: Wtf, activity ActivityRecord{fcece20 u0 com.android.settings/.CryptKeeper t1 f} in proc activity list not using proc ProcessRecord{f93075b 957:com.android.settings:CryptKeeper/1000}?!? Using null instead.
09-03 11:02:15.780 557 835 I ActivityManager: Process com.onyx.latinime (pid 1696) has died
09-03 11:02:15.783 557 835 W ActivityManager: Wtf, activity ActivityRecord{fcece20 u0 com.android.settings/.CryptKeeper t1 f} in proc activity list not using proc ProcessRecord{f93075b 957:com.android.settings:CryptKeeper/1000}?!? Using null instead.
09-03 11:02:15.799 557 591 I ActivityManager: Start proc 1718:com.onyx.android.onyxotaservice/u0a32 for broadcast com.onyx.android.onyxotaservice/.OnyxOtaReceiver
09-03 11:02:15.822 557 591 W ActivityManager: Launch timeout has expired, giving up wake lock!
09-03 11:02:16.064 557 1274 W ActivityManager: Wtf, activity ActivityRecord{fcece20 u0 com.android.settings/.CryptKeeper t1 f} in proc activity list not using proc ProcessRecord{f93075b 957:com.android.settings:CryptKeeper/1000}?!? Using null instead.
09-03 11:02:16.097 557 600 I ActivityManager: Force finishing activity ActivityRecord{b449841 u0 com.android.provision/.DefaultActivity t2 f}
09-03 11:02:16.097 557 600 W ActivityManager: Duplicate finish request for ActivityRecord{b449841 u0 com.android.provision/.DefaultActivity t2 f}
09-03 11:02:16.109 557 591 W ActivityManager: Wtf, activity ActivityRecord{b449841 u0 com.android.provision/.DefaultActivity t2 f} in proc activity list not using proc ProcessRecord{39aab18 1450:com.android.provision/u0a41}?!? Using null instead.
09-03 11:02:16.217 557 591 W ActivityManager: Wtf, activity ActivityRecord{fcece20 u0 com.android.settings/.CryptKeeper t1 f} in proc activity list not using proc ProcessRecord{f93075b 957:com.android.settings:CryptKeeper/1000}?!? Using null instead.
09-03 11:02:16.221 557 591 I ActivityManager: START u0 {act=android.intent.action.MAIN cat=[android.intent.category.HOME] flg=0x10000000 cmp=com.onyx/.StartupActivity} from uid 0 on display 0
09-03 11:02:16.245 557 591 W ActivityManager: Wtf, activity ActivityRecord{b449841 u0 com.android.provision/.DefaultActivity t2 f} in proc activity list not using proc ProcessRecord{39aab18 1450:com.android.provision/u0a41}?!? Using null instead.
09-03 11:02:16.245 557 591 W ActivityManager: Wtf, activity ActivityRecord{fcece20 u0 com.android.settings/.CryptKeeper t1 f} in proc activity list not using proc ProcessRecord{f93075b 957:com.android.settings:CryptKeeper/1000}?!? Using null instead.
09-03 11:02:16.261 557 1334 I ActivityManager: Start proc 1737:com.onyx.deskclock/u0a46 for broadcast com.onyx.deskclock/.deskclock.AlarmInitReceiver
09-03 11:02:16.262 557 1334 W ActivityManager: Wtf, activity ActivityRecord{b449841 u0 com.android.provision/.DefaultActivity t2 f} in proc activity list not using proc ProcessRecord{39aab18 1450:com.android.provision/u0a41}?!? Using null instead.
09-03 11:02:16.263 557 1334 W ActivityManager: Wtf, activity ActivityRecord{fcece20 u0 com.android.settings/.CryptKeeper t1 f} in proc activity list not using proc ProcessRecord{f93075b 957:com.android.settings:CryptKeeper/1000}?!? Using null instead.
09-03 11:02:16.425 557 596 D WindowStateAnimator: rk_debug2 Starting com.onyx_Force_To_Dual
09-03 11:02:17.139 557 588 W ActivityManager: Wtf, activity ActivityRecord{b449841 u0 com.android.provision/.DefaultActivity t2 f} in proc activity list not using proc ProcessRecord{39aab18 1450:com.android.provision/u0a41}?!? Using null instead.
09-03 11:02:17.139 557 588 W ActivityManager: Wtf, activity ActivityRecord{fcece20 u0 com.android.settings/.CryptKeeper t1 f} in proc activity list not using proc ProcessRecord{f93075b 957:com.android.settings:CryptKeeper/1000}?!? Using null instead.
09-03 11:02:17.141 557 589 I ActivityManager: START u0 {cmp=com.onyx/.startuptutorial.StartupTutorialActivity} from uid 1000 on display 0
09-03 11:02:17.158 557 1335 W ActivityManager: Wtf, activity ActivityRecord{b449841 u0 com.android.provision/.DefaultActivity t2 f} in proc activity list not using proc ProcessRecord{39aab18 1450:com.android.provision/u0a41}?!? Using null instead.
09-03 11:02:17.158 557 1335 W ActivityManager: Wtf, activity ActivityRecord{fcece20 u0 com.android.settings/.CryptKeeper t1 f} in proc activity list not using proc ProcessRecord{f93075b 957:com.android.settings:CryptKeeper/1000}?!? Using null instead.
09-03 11:02:17.402 557 835 W BroadcastQueue: Permission Denial: broadcasting Intent { act=android.intent.action.USER_PRESENT flg=0x24000010 } from com.android.systemui (pid=935, uid=10012) is not exported from uid 1000 due to receiver com.onyx/com.avos.avoscloud.AVBroadcastReceiver
09-03 11:02:17.404 557 835 W ActivityManager: Wtf, activity ActivityRecord{b449841 u0 com.android.provision/.DefaultActivity t2 f} in proc activity list not using proc ProcessRecord{39aab18 1450:com.android.provision/u0a41}?!? Using null instead.
09-03 11:02:17.404 557 835 W ActivityManager: Wtf, activity ActivityRecord{fcece20 u0 com.android.settings/.CryptKeeper t1 f} in proc activity list not using proc ProcessRecord{f93075b 957:com.android.settings:CryptKeeper/1000}?!? Using null instead.
09-03 11:02:17.408 557 591 W ActivityManager: Wtf, activity ActivityRecord{b449841 u0 com.android.provision/.DefaultActivity t2 f} in proc activity list not using proc ProcessRecord{39aab18 1450:com.android.provision/u0a41}?!? Using null instead.
09-03 11:02:17.410 557 591 W ActivityManager: Wtf, activity ActivityRecord{fcece20 u0 com.android.settings/.CryptKeeper t1 f} in proc activity list not using proc ProcessRecord{f93075b 957:com.android.settings:CryptKeeper/1000}?!? Using null instead.
09-03 11:02:17.449 557 926 W ActivityManager: Wtf, activity ActivityRecord{b449841 u0 com.android.provision/.DefaultActivity t2 f} in proc activity list not using proc ProcessRecord{39aab18 1450:com.android.provision/u0a41}?!? Using null instead.
09-03 11:02:17.450 557 926 W ActivityManager: Wtf, activity ActivityRecord{fcece20 u0 com.android.settings/.CryptKeeper t1 f} in proc activity list not using proc ProcessRecord{f93075b 957:com.android.settings:CryptKeeper/1000}?!? Using null instead.
09-03 11:02:17.460 557 835 W ActivityManager: Wtf, activity ActivityRecord{b449841 u0 com.android.provision/.DefaultActivity t2 f} in proc activity list not using proc ProcessRecord{39aab18 1450:com.android.provision/u0a41}?!? Using null instead.
09-03 11:02:17.460 557 835 W ActivityManager: Wtf, activity ActivityRecord{fcece20 u0 com.android.settings/.CryptKeeper t1 f} in proc activity list not using proc ProcessRecord{f93075b 957:com.android.settings:CryptKeeper/1000}?!? Using null instead.
09-03 11:02:17.461 557 835 W ActivityManager: Wtf, activity ActivityRecord{b449841 u0 com.android.provision/.DefaultActivity t2 f} in proc activity list not using proc ProcessRecord{39aab18 1450:com.android.provision/u0a41}?!? Using null instead.
09-03 11:02:17.462 557 835 W ActivityManager: Wtf, activity ActivityRecord{fcece20 u0 com.android.settings/.CryptKeeper t1 f} in proc activity list not using proc ProcessRecord{f93075b 957:com.android.settings:CryptKeeper/1000}?!? Using null instead.
09-03 11:02:17.529 557 1334 W ActivityManager: Wtf, activity ActivityRecord{b449841 u0 com.android.provision/.DefaultActivity t2 f} in proc activity list not using proc ProcessRecord{39aab18 1450:com.android.provision/u0a41}?!? Using null instead.
09-03 11:02:17.533 557 1334 W ActivityManager: Wtf, activity ActivityRecord{fcece20 u0 com.android.settings/.CryptKeeper t1 f} in proc activity list not using proc ProcessRecord{f93075b 957:com.android.settings:CryptKeeper/1000}?!? Using null instead.
09-03 11:02:17.537 557 1334 W ActivityManager: Wtf, activity ActivityRecord{b449841 u0 com.android.provision/.DefaultActivity t2 f} in proc activity list not using proc ProcessRecord{39aab18 1450:com.android.provision/u0a41}?!? Using null instead.
09-03 11:02:17.537 557 1334 W ActivityManager: Wtf, activity ActivityRecord{fcece20 u0 com.android.settings/.CryptKeeper t1 f} in proc activity list not using proc ProcessRecord{f93075b 957:com.android.settings:CryptKeeper/1000}?!? Using null instead.
09-03 11:02:17.540 557 1274 W ActivityManager: Wtf, activity ActivityRecord{b449841 u0 com.android.provision/.DefaultActivity t2 f} in proc activity list not using proc ProcessRecord{39aab18 1450:com.android.provision/u0a41}?!? Using null instead.
09-03 11:02:17.540 557 1274 W ActivityManager: Wtf, activity ActivityRecord{fcece20 u0 com.android.settings/.CryptKeeper t1 f} in proc activity list not using proc ProcessRecord{f93075b 957:com.android.settings:CryptKeeper/1000}?!? Using null instead.
09-03 11:02:17.543 557 927 W ActivityManager: Wtf, activity ActivityRecord{b449841 u0 com.android.provision/.DefaultActivity t2 f} in proc activity list not using proc ProcessRecord{39aab18 1450:com.android.provision/u0a41}?!? Using null instead.
09-03 11:02:17.544 557 927 W ActivityManager: Wtf, activity ActivityRecord{fcece20 u0 com.android.settings/.CryptKeeper t1 f} in proc activity list not using proc ProcessRecord{f93075b 957:com.android.settings:CryptKeeper/1000}?!? Using null instead.
09-03 11:02:17.547 557 927 W ActivityManager: Wtf, activity ActivityRecord{b449841 u0 com.android.provision/.DefaultActivity t2 f} in proc activity list not using proc ProcessRecord{39aab18 1450:com.android.provision/u0a41}?!? Using null instead.
09-03 11:02:17.548 557 927 W ActivityManager: Wtf, activity ActivityRecord{fcece20 u0 com.android.settings/.CryptKeeper t1 f} in proc activity list not using proc ProcessRecord{f93075b 957:com.android.settings:CryptKeeper/1000}?!? Using null instead.
09-03 11:02:17.644 557 925 W ActivityManager: Wtf, activity ActivityRecord{b449841 u0 com.android.provision/.DefaultActivity t2 f} in proc activity list not using proc ProcessRecord{39aab18 1450:com.android.provision/u0a41}?!? Using null instead.
09-03 11:02:17.644 557 925 W ActivityManager: Wtf, activity ActivityRecord{fcece20 u0 com.android.settings/.CryptKeeper t1 f} in proc activity list not using proc ProcessRecord{f93075b 957:com.android.settings:CryptKeeper/1000}?!? Using null instead.
09-03 11:02:17.684 1600 1600 W ContextImpl: Calling a method in the system process without a qualified user: android.app.ContextImpl.sendBroadcast:763 android.content.ContextWrapper.sendBroadcast:396 com.onyx.android.sdk.device.BaseDevice.a:479 com.onyx.android.sdk.device.BaseDevice.showSystemStatusBar:442 com.onyx.ContentBrowserApplication$2.onActivityResumed:196
09-03 11:02:17.773 557 1274 I ActivityManager: Start proc 1766:com.onyx.android.production.test/u0a40 for broadcast com.onyx.android.production.test/com.onyx.android.agingtest.BooxReceiver
09-03 11:02:17.774 557 1274 W ActivityManager: Wtf, activity ActivityRecord{b449841 u0 com.android.provision/.DefaultActivity t2 f} in proc activity list not using proc ProcessRecord{39aab18 1450:com.android.provision/u0a41}?!? Using null instead.
09-03 11:02:17.775 557 1274 W ActivityManager: Wtf, activity ActivityRecord{fcece20 u0 com.android.settings/.CryptKeeper t1 f} in proc activity list not using proc ProcessRecord{f93075b 957:com.android.settings:CryptKeeper/1000}?!? Using null instead.
09-03 11:02:18.853 557 588 W ActivityManager: Wtf, activity ActivityRecord{b449841 u0 com.android.provision/.DefaultActivity t2 f} in proc activity list not using proc ProcessRecord{39aab18 1450:com.android.provision/u0a41}?!? Using null instead.
09-03 11:02:18.854 557 588 W ActivityManager: Wtf, activity ActivityRecord{fcece20 u0 com.android.settings/.CryptKeeper t1 f} in proc activity list not using proc ProcessRecord{f93075b 957:com.android.settings:CryptKeeper/1000}?!? Using null instead.
09-03 11:02:18.857 557 928 W ActivityManager: Wtf, activity ActivityRecord{b449841 u0 com.android.provision/.DefaultActivity t2 f} in proc activity list not using proc ProcessRecord{39aab18 1450:com.android.provision/u0a41}?!? Using null instead.
09-03 11:02:18.857 557 928 W ActivityManager: Wtf, activity ActivityRecord{fcece20 u0 com.android.settings/.CryptKeeper t1 f} in proc activity list not using proc ProcessRecord{f93075b 957:com.android.settings:CryptKeeper/1000}?!? Using null instead.
09-03 11:02:18.860 557 927 W ActivityManager: Wtf, activity ActivityRecord{b449841 u0 com.android.provision/.DefaultActivity t2 f} in proc activity list not using proc ProcessRecord{39aab18 1450:com.android.provision/u0a41}?!? Using null instead.
09-03 11:02:18.860 557 927 W ActivityManager: Wtf, activity ActivityRecord{fcece20 u0 com.android.settings/.CryptKeeper t1 f} in proc activity list not using proc ProcessRecord{f93075b 957:com.android.settings:CryptKeeper/1000}?!? Using null instead.
09-03 11:02:18.907 557 1335 W ActivityManager: Wtf, activity ActivityRecord{b449841 u0 com.android.provision/.DefaultActivity t2 f} in proc activity list not using proc ProcessRecord{39aab18 1450:com.android.provision/u0a41}?!? Using null instead.
09-03 11:02:18.908 557 1335 W ActivityManager: Wtf, activity ActivityRecord{fcece20 u0 com.android.settings/.CryptKeeper t1 f} in proc activity list not using proc ProcessRecord{f93075b 957:com.android.settings:CryptKeeper/1000}?!? Using null instead.
09-03 11:02:18.991 557 1335 W ActivityManager: Wtf, activity ActivityRecord{b449841 u0 com.android.provision/.DefaultActivity t2 f} in proc activity list not using proc ProcessRecord{39aab18 1450:com.android.provision/u0a41}?!? Using null instead.
09-03 11:02:18.992 557 1335 W ActivityManager: Wtf, activity ActivityRecord{fcece20 u0 com.android.settings/.CryptKeeper t1 f} in proc activity list not using proc ProcessRecord{f93075b 957:com.android.settings:CryptKeeper/1000}?!? Using null instead.
09-03 11:02:18.993 557 1335 W ActivityManager: Wtf, activity ActivityRecord{b449841 u0 com.android.provision/.DefaultActivity t2 f} in proc activity list not using proc ProcessRecord{39aab18 1450:com.android.provision/u0a41}?!? Using null instead.
09-03 11:02:18.993 557 1335 W ActivityManager: Wtf, activity ActivityRecord{fcece20 u0 com.android.settings/.CryptKeeper t1 f} in proc activity list not using proc ProcessRecord{f93075b 957:com.android.settings:CryptKeeper/1000}?!? Using null instead.
09-03 11:02:19.006 557 835 W ActivityManager: Wtf, activity ActivityRecord{b449841 u0 com.android.provision/.DefaultActivity t2 f} in proc activity list not using proc ProcessRecord{39aab18 1450:com.android.provision/u0a41}?!? Using null instead.
09-03 11:02:19.006 557 835 W ActivityManager: Wtf, activity ActivityRecord{fcece20 u0 com.android.settings/.CryptKeeper t1 f} in proc activity list not using proc ProcessRecord{f93075b 957:com.android.settings:CryptKeeper/1000}?!? Using null instead.
09-03 11:02:19.007 557 835 W ActivityManager: Wtf, activity ActivityRecord{b449841 u0 com.android.provision/.DefaultActivity t2 f} in proc activity list not using proc ProcessRecord{39aab18 1450:com.android.provision/u0a41}?!? Using null instead.
09-03 11:02:19.009 557 835 W ActivityManager: Wtf, activity ActivityRecord{fcece20 u0 com.android.settings/.CryptKeeper t1 f} in proc activity list not using proc ProcessRecord{f93075b 957:com.android.settings:CryptKeeper/1000}?!? Using null instead.
09-03 11:02:19.010 557 835 W ActivityManager: Wtf, activity ActivityRecord{b449841 u0 com.android.provision/.DefaultActivity t2 f} in proc activity list not using proc ProcessRecord{39aab18 1450:com.android.provision/u0a41}?!? Using null instead.
09-03 11:02:19.011 557 835 W ActivityManager: Wtf, activity ActivityRecord{fcece20 u0 com.android.settings/.CryptKeeper t1 f} in proc activity list not using proc ProcessRecord{f93075b 957:com.android.settings:CryptKeeper/1000}?!? Using null instead.
09-03 11:02:19.012 557 835 W ActivityManager: Wtf, activity ActivityRecord{b449841 u0 com.android.provision/.DefaultActivity t2 f} in proc activity list not using proc ProcessRecord{39aab18 1450:com.android.provision/u0a41}?!? Using null instead.
09-03 11:02:19.012 557 835 W ActivityManager: Wtf, activity ActivityRecord{fcece20 u0 com.android.settings/.CryptKeeper t1 f} in proc activity list not using proc ProcessRecord{f93075b 957:com.android.settings:CryptKeeper/1000}?!? Using null instead.
09-03 11:02:19.015 557 925 W ActivityManager: Wtf, activity ActivityRecord{b449841 u0 com.android.provision/.DefaultActivity t2 f} in proc activity list not using proc ProcessRecord{39aab18 1450:com.android.provision/u0a41}?!? Using null instead.
09-03 11:02:19.015 557 925 W ActivityManager: Wtf, activity ActivityRecord{fcece20 u0 com.android.settings/.CryptKeeper t1 f} in proc activity list not using proc ProcessRecord{f93075b 957:com.android.settings:CryptKeeper/1000}?!? Using null instead.
09-03 11:02:19.016 557 925 W ActivityManager: Wtf, activity ActivityRecord{b449841 u0 com.android.provision/.DefaultActivity t2 f} in proc activity list not using proc ProcessRecord{39aab18 1450:com.android.provision/u0a41}?!? Using null instead.
09-03 11:02:19.017 557 925 W ActivityManager: Wtf, activity ActivityRecord{fcece20 u0 com.android.settings/.CryptKeeper t1 f} in proc activity list not using proc ProcessRecord{f93075b 957:com.android.settings:CryptKeeper/1000}?!? Using null instead.
09-03 11:02:19.017 557 925 W ActivityManager: Wtf, activity ActivityRecord{b449841 u0 com.android.provision/.DefaultActivity t2 f} in proc activity list not using proc ProcessRecord{39aab18 1450:com.android.provision/u0a41}?!? Using null instead.
09-03 11:02:19.018 557 925 W ActivityManager: Wtf, activity ActivityRecord{fcece20 u0 com.android.settings/.CryptKeeper t1 f} in proc activity list not using proc ProcessRecord{f93075b 957:com.android.settings:CryptKeeper/1000}?!? Using null instead.
09-03 11:02:19.019 557 925 W ActivityManager: Wtf, activity ActivityRecord{b449841 u0 com.android.provision/.DefaultActivity t2 f} in proc activity list not using proc ProcessRecord{39aab18 1450:com.android.provision/u0a41}?!? Using null instead.
09-03 11:02:19.019 557 925 W ActivityManager: Wtf, activity ActivityRecord{fcece20 u0 com.android.settings/.CryptKeeper t1 f} in proc activity list not using proc ProcessRecord{f93075b 957:com.android.settings:CryptKeeper/1000}?!? Using null instead.
09-03 11:02:19.021 557 1335 W ActivityManager: Wtf, activity ActivityRecord{b449841 u0 com.android.provision/.DefaultActivity t2 f} in proc activity list not using proc ProcessRecord{39aab18 1450:com.android.provision/u0a41}?!? Using null instead.
09-03 11:02:19.021 557 1335 W ActivityManager: Wtf, activity ActivityRecord{fcece20 u0 com.android.settings/.CryptKeeper t1 f} in proc activity list not using proc ProcessRecord{f93075b 957:com.android.settings:CryptKeeper/1000}?!? Using null instead.
09-03 11:02:19.023 557 1335 W ActivityManager: Wtf, activity ActivityRecord{b449841 u0 com.android.provision/.DefaultActivity t2 f} in proc activity list not using proc ProcessRecord{39aab18 1450:com.android.provision/u0a41}?!? Using null instead.
09-03 11:02:19.023 557 1335 W ActivityManager: Wtf, activity ActivityRecord{fcece20 u0 com.android.settings/.CryptKeeper t1 f} in proc activity list not using proc ProcessRecord{f93075b 957:com.android.settings:CryptKeeper/1000}?!? Using null instead.
09-03 11:02:19.025 557 1334 W ActivityManager: Wtf, activity ActivityRecord{b449841 u0 com.android.provision/.DefaultActivity t2 f} in proc activity list not using proc ProcessRecord{39aab18 1450:com.android.provision/u0a41}?!? Using null instead.
09-03 11:02:19.025 557 1334 W ActivityManager: Wtf, activity ActivityRecord{fcece20 u0 com.android.settings/.CryptKeeper t1 f} in proc activity list not using proc ProcessRecord{f93075b 957:com.android.settings:CryptKeeper/1000}?!? Using null instead.
09-03 11:02:19.027 557 1334 W ActivityManager: Wtf, activity ActivityRecord{b449841 u0 com.android.provision/.DefaultActivity t2 f} in proc activity list not using proc ProcessRecord{39aab18 1450:com.android.provision/u0a41}?!? Using null instead.
09-03 11:02:19.027 557 1334 W ActivityManager: Wtf, activity ActivityRecord{fcece20 u0 com.android.settings/.CryptKeeper t1 f} in proc activity list not using proc ProcessRecord{f93075b 957:com.android.settings:CryptKeeper/1000}?!? Using null instead.
09-03 11:02:19.028 557 1334 W ActivityManager: Wtf, activity ActivityRecord{b449841 u0 com.android.provision/.DefaultActivity t2 f} in proc activity list not using proc ProcessRecord{39aab18 1450:com.android.provision/u0a41}?!? Using null instead.
09-03 11:02:19.028 557 1334 W ActivityManager: Wtf, activity ActivityRecord{fcece20 u0 com.android.settings/.CryptKeeper t1 f} in proc activity list not using proc ProcessRecord{f93075b 957:com.android.settings:CryptKeeper/1000}?!? Using null instead.
09-03 11:02:19.029 557 1334 W ActivityManager: Wtf, activity ActivityRecord{b449841 u0 com.android.provision/.DefaultActivity t2 f} in proc activity list not using proc ProcessRecord{39aab18 1450:com.android.provision/u0a41}?!? Using null instead.
09-03 11:02:19.029 557 1334 W ActivityManager: Wtf, activity ActivityRecord{fcece20 u0 com.android.settings/.CryptKeeper t1 f} in proc activity list not using proc ProcessRecord{f93075b 957:com.android.settings:CryptKeeper/1000}?!? Using null instead.
09-03 11:02:19.031 557 925 W ActivityManager: Wtf, activity ActivityRecord{b449841 u0 com.android.provision/.DefaultActivity t2 f} in proc activity list not using proc ProcessRecord{39aab18 1450:com.android.provision/u0a41}?!? Using null instead.
09-03 11:02:19.031 557 925 W ActivityManager: Wtf, activity ActivityRecord{fcece20 u0 com.android.settings/.CryptKeeper t1 f} in proc activity list not using proc ProcessRecord{f93075b 957:com.android.settings:CryptKeeper/1000}?!? Using null instead.
09-03 11:02:19.033 557 925 W ActivityManager: Wtf, activity ActivityRecord{b449841 u0 com.android.provision/.DefaultActivity t2 f} in proc activity list not using proc ProcessRecord{39aab18 1450:com.android.provision/u0a41}?!? Using null instead.
09-03 11:02:19.033 557 925 W ActivityManager: Wtf, activity ActivityRecord{fcece20 u0 com.android.settings/.CryptKeeper t1 f} in proc activity list not using proc ProcessRecord{f93075b 957:com.android.settings:CryptKeeper/1000}?!? Using null instead.
09-03 11:02:19.035 557 1335 W ActivityManager: Wtf, activity ActivityRecord{b449841 u0 com.android.provision/.DefaultActivity t2 f} in proc activity list not using proc ProcessRecord{39aab18 1450:com.android.provision/u0a41}?!? Using null instead.
09-03 11:02:19.036 557 1335 W ActivityManager: Wtf, activity ActivityRecord{fcece20 u0 com.android.settings/.CryptKeeper t1 f} in proc activity list not using proc ProcessRecord{f93075b 957:com.android.settings:CryptKeeper/1000}?!? Using null instead.
09-03 11:02:19.037 557 1335 W ActivityManager: Wtf, activity ActivityRecord{b449841 u0 com.android.provision/.DefaultActivity t2 f} in proc activity list not using proc ProcessRecord{39aab18 1450:com.android.provision/u0a41}?!? Using null instead.
09-03 11:02:19.037 557 1335 W ActivityManager: Wtf, activity ActivityRecord{fcece20 u0 com.android.settings/.CryptKeeper t1 f} in proc activity list not using proc ProcessRecord{f93075b 957:com.android.settings:CryptKeeper/1000}?!? Using null instead.
09-03 11:02:19.038 557 1335 W ActivityManager: Wtf, activity ActivityRecord{b449841 u0 com.android.provision/.DefaultActivity t2 f} in proc activity list not using proc ProcessRecord{39aab18 1450:com.android.provision/u0a41}?!? Using null instead.
09-03 11:02:19.039 557 1335 W ActivityManager: Wtf, activity ActivityRecord{fcece20 u0 com.android.settings/.CryptKeeper t1 f} in proc activity list not using proc ProcessRecord{f93075b 957:com.android.settings:CryptKeeper/1000}?!? Using null instead.
09-03 11:02:19.041 557 1335 W ActivityManager: Wtf, activity ActivityRecord{b449841 u0 com.android.provision/.DefaultActivity t2 f} in proc activity list not using proc ProcessRecord{39aab18 1450:com.android.provision/u0a41}?!? Using null instead.
09-03 11:02:19.041 557 1335 W ActivityManager: Wtf, activity ActivityRecord{fcece20 u0 com.android.settings/.CryptKeeper t1 f} in proc activity list not using proc ProcessRecord{f93075b 957:com.android.settings:CryptKeeper/1000}?!? Using null instead.
09-03 11:02:19.043 557 926 W ActivityManager: Wtf, activity ActivityRecord{b449841 u0 com.android.provision/.DefaultActivity t2 f} in proc activity list not using proc ProcessRecord{39aab18 1450:com.android.provision/u0a41}?!? Using null instead.
09-03 11:02:19.043 557 926 W ActivityManager: Wtf, activity ActivityRecord{fcece20 u0 com.android.settings/.CryptKeeper t1 f} in proc activity list not using proc ProcessRecord{f93075b 957:com.android.settings:CryptKeeper/1000}?!? Using null instead.
09-03 11:02:19.046 557 926 W ActivityManager: Wtf, activity ActivityRecord{b449841 u0 com.android.provision/.DefaultActivity t2 f} in proc activity list not using proc ProcessRecord{39aab18 1450:com.android.provision/u0a41}?!? Using null instead.
09-03 11:02:19.047 557 926 W ActivityManager: Wtf, activity ActivityRecord{fcece20 u0 com.android.settings/.CryptKeeper t1 f} in proc activity list not using proc ProcessRecord{f93075b 957:com.android.settings:CryptKeeper/1000}?!? Using null instead.
09-03 11:02:19.050 557 835 W ActivityManager: Wtf, activity ActivityRecord{b449841 u0 com.android.provision/.DefaultActivity t2 f} in proc activity list not using proc ProcessRecord{39aab18 1450:com.android.provision/u0a41}?!? Using null instead.
09-03 11:02:19.051 557 835 W ActivityManager: Wtf, activity ActivityRecord{fcece20 u0 com.android.settings/.CryptKeeper t1 f} in proc activity list not using proc ProcessRecord{f93075b 957:com.android.settings:CryptKeeper/1000}?!? Using null instead.
09-03 11:02:19.052 557 835 W ActivityManager: Wtf, activity ActivityRecord{b449841 u0 com.android.provision/.DefaultActivity t2 f} in proc activity list not using proc ProcessRecord{39aab18 1450:com.android.provision/u0a41}?!? Using null instead.
09-03 11:02:19.052 557 835 W ActivityManager: Wtf, activity ActivityRecord{fcece20 u0 com.android.settings/.CryptKeeper t1 f} in proc activity list not using proc ProcessRecord{f93075b 957:com.android.settings:CryptKeeper/1000}?!? Using null instead.
09-03 11:02:19.053 557 835 W ActivityManager: Wtf, activity ActivityRecord{b449841 u0 com.android.provision/.DefaultActivity t2 f} in proc activity list not using proc ProcessRecord{39aab18 1450:com.android.provision/u0a41}?!? Using null instead.
09-03 11:02:19.053 557 835 W ActivityManager: Wtf, activity ActivityRecord{fcece20 u0 com.android.settings/.CryptKeeper t1 f} in proc activity list not using proc ProcessRecord{f93075b 957:com.android.settings:CryptKeeper/1000}?!? Using null instead.
09-03 11:02:19.054 557 835 W ActivityManager: Wtf, activity ActivityRecord{b449841 u0 com.android.provision/.DefaultActivity t2 f} in proc activity list not using proc ProcessRecord{39aab18 1450:com.android.provision/u0a41}?!? Using null instead.
09-03 11:02:19.055 557 835 W ActivityManager: Wtf, activity ActivityRecord{fcece20 u0 com.android.settings/.CryptKeeper t1 f} in proc activity list not using proc ProcessRecord{f93075b 957:com.android.settings:CryptKeeper/1000}?!? Using null instead.
09-03 11:02:19.056 557 835 W ActivityManager: Wtf, activity ActivityRecord{b449841 u0 com.android.provision/.DefaultActivity t2 f} in proc activity list not using proc ProcessRecord{39aab18 1450:com.android.provision/u0a41}?!? Using null instead.
09-03 11:02:19.057 557 835 W ActivityManager: Wtf, activity ActivityRecord{fcece20 u0 com.android.settings/.CryptKeeper t1 f} in proc activity list not using proc ProcessRecord{f93075b 957:com.android.settings:CryptKeeper/1000}?!? Using null instead.
09-03 11:02:19.058 557 835 W ActivityManager: Wtf, activity ActivityRecord{b449841 u0 com.android.provision/.DefaultActivity t2 f} in proc activity list not using proc ProcessRecord{39aab18 1450:com.android.provision/u0a41}?!? Using null instead.
09-03 11:02:19.058 557 835 W ActivityManager: Wtf, activity ActivityRecord{fcece20 u0 com.android.settings/.CryptKeeper t1 f} in proc activity list not using proc ProcessRecord{f93075b 957:com.android.settings:CryptKeeper/1000}?!? Using null instead.
09-03 11:02:19.064 557 1335 W ActivityManager: Wtf, activity ActivityRecord{b449841 u0 com.android.provision/.DefaultActivity t2 f} in proc activity list not using proc ProcessRecord{39aab18 1450:com.android.provision/u0a41}?!? Using null instead.
09-03 11:02:19.065 557 1335 W ActivityManager: Wtf, activity ActivityRecord{fcece20 u0 com.android.settings/.CryptKeeper t1 f} in proc activity list not using proc ProcessRecord{f93075b 957:com.android.settings:CryptKeeper/1000}?!? Using null instead.
09-03 11:02:19.066 557 1335 W ActivityManager: Wtf, activity ActivityRecord{b449841 u0 com.android.provision/.DefaultActivity t2 f} in proc activity list not using proc ProcessRecord{39aab18 1450:com.android.provision/u0a41}?!? Using null instead.
09-03 11:02:19.067 557 1335 W ActivityManager: Wtf, activity ActivityRecord{fcece20 u0 com.android.settings/.CryptKeeper t1 f} in proc activity list not using proc ProcessRecord{f93075b 957:com.android.settings:CryptKeeper/1000}?!? Using null instead.
09-03 11:02:19.068 557 1335 W ActivityManager: Wtf, activity ActivityRecord{b449841 u0 com.android.provision/.DefaultActivity t2 f} in proc activity list not using proc ProcessRecord{39aab18 1450:com.android.provision/u0a41}?!? Using null instead.
09-03 11:02:19.069 557 1335 W ActivityManager: Wtf, activity ActivityRecord{fcece20 u0 com.android.settings/.CryptKeeper t1 f} in proc activity list not using proc ProcessRecord{f93075b 957:com.android.settings:CryptKeeper/1000}?!? Using null instead.
09-03 11:02:19.070 557 1335 W ActivityManager: Wtf, activity ActivityRecord{b449841 u0 com.android.provision/.DefaultActivity t2 f} in proc activity list not using proc ProcessRecord{39aab18 1450:com.android.provision/u0a41}?!? Using null instead.
09-03 11:02:19.070 557 1335 W ActivityManager: Wtf, activity ActivityRecord{fcece20 u0 com.android.settings/.CryptKeeper t1 f} in proc activity list not using proc ProcessRecord{f93075b 957:com.android.settings:CryptKeeper/1000}?!? Using null instead.
09-03 11:02:19.072 557 925 W ActivityManager: Wtf, activity ActivityRecord{b449841 u0 com.android.provision/.DefaultActivity t2 f} in proc activity list not using proc ProcessRecord{39aab18 1450:com.android.provision/u0a41}?!? Using null instead.
09-03 11:02:19.072 557 925 W ActivityManager: Wtf, activity ActivityRecord{fcece20 u0 com.android.settings/.CryptKeeper t1 f} in proc activity list not using proc ProcessRecord{f93075b 957:com.android.settings:CryptKeeper/1000}?!? Using null instead.
09-03 11:02:19.080 557 925 W ActivityManager: Wtf, activity ActivityRecord{b449841 u0 com.android.provision/.DefaultActivity t2 f} in proc activity list not using proc ProcessRecord{39aab18 1450:com.android.provision/u0a41}?!? Using null instead.
09-03 11:02:19.080 557 925 W ActivityManager: Wtf, activity ActivityRecord{fcece20 u0 com.android.settings/.CryptKeeper t1 f} in proc activity list not using proc ProcessRecord{f93075b 957:com.android.settings:CryptKeeper/1000}?!? Using null instead.
09-03 11:02:19.083 557 925 W ActivityManager: Wtf, activity ActivityRecord{b449841 u0 com.android.provision/.DefaultActivity t2 f} in proc activity list not using proc ProcessRecord{39aab18 1450:com.android.provision/u0a41}?!? Using null instead.
09-03 11:02:19.083 557 925 W ActivityManager: Wtf, activity ActivityRecord{fcece20 u0 com.android.settings/.CryptKeeper t1 f} in proc activity list not using proc ProcessRecord{f93075b 957:com.android.settings:CryptKeeper/1000}?!? Using null instead.
09-03 11:02:19.091 557 925 W ActivityManager: Wtf, activity ActivityRecord{b449841 u0 com.android.provision/.DefaultActivity t2 f} in proc activity list not using proc ProcessRecord{39aab18 1450:com.android.provision/u0a41}?!? Using null instead.
09-03 11:02:19.092 557 925 W ActivityManager: Wtf, activity ActivityRecord{fcece20 u0 com.android.settings/.CryptKeeper t1 f} in proc activity list not using proc ProcessRecord{f93075b 957:com.android.settings:CryptKeeper/1000}?!? Using null instead.
09-03 11:02:19.094 557 925 W ActivityManager: Wtf, activity ActivityRecord{b449841 u0 com.android.provision/.DefaultActivity t2 f} in proc activity list not using proc ProcessRecord{39aab18 1450:com.android.provision/u0a41}?!? Using null instead.
09-03 11:02:19.094 557 925 W ActivityManager: Wtf, activity ActivityRecord{fcece20 u0 com.android.settings/.CryptKeeper t1 f} in proc activity list not using proc ProcessRecord{f93075b 957:com.android.settings:CryptKeeper/1000}?!? Using null instead.
09-03 11:02:19.101 557 925 W ActivityManager: Wtf, activity ActivityRecord{b449841 u0 com.android.provision/.DefaultActivity t2 f} in proc activity list not using proc ProcessRecord{39aab18 1450:com.android.provision/u0a41}?!? Using null instead.
09-03 11:02:19.101 557 925 W ActivityManager: Wtf, activity ActivityRecord{fcece20 u0 com.android.settings/.CryptKeeper t1 f} in proc activity list not using proc ProcessRecord{f93075b 957:com.android.settings:CryptKeeper/1000}?!? Using null instead.
09-03 11:02:19.102 557 925 W ActivityManager: Wtf, activity ActivityRecord{b449841 u0 com.android.provision/.DefaultActivity t2 f} in proc activity list not using proc ProcessRecord{39aab18 1450:com.android.provision/u0a41}?!? Using null instead.
09-03 11:02:19.103 557 925 W ActivityManager: Wtf, activity ActivityRecord{fcece20 u0 com.android.settings/.CryptKeeper t1 f} in proc activity list not using proc ProcessRecord{f93075b 957:com.android.settings:CryptKeeper/1000}?!? Using null instead.
09-03 11:02:19.103 557 925 W ActivityManager: Wtf, activity ActivityRecord{b449841 u0 com.android.provision/.DefaultActivity t2 f} in proc activity list not using proc ProcessRecord{39aab18 1450:com.android.provision/u0a41}?!? Using null instead.
09-03 11:02:19.104 557 925 W ActivityManager: Wtf, activity ActivityRecord{fcece20 u0 com.android.settings/.CryptKeeper t1 f} in proc activity list not using proc ProcessRecord{f93075b 957:com.android.settings:CryptKeeper/1000}?!? Using null instead.
09-03 11:02:19.139 557 927 W ActivityManager: Wtf, activity ActivityRecord{b449841 u0 com.android.provision/.DefaultActivity t2 f} in proc activity list not using proc ProcessRecord{39aab18 1450:com.android.provision/u0a41}?!? Using null instead.
09-03 11:02:19.139 557 927 W ActivityManager: Wtf, activity ActivityRecord{fcece20 u0 com.android.settings/.CryptKeeper t1 f} in proc activity list not using proc ProcessRecord{f93075b 957:com.android.settings:CryptKeeper/1000}?!? Using null instead.
09-03 11:02:22.551 557 1274 W ActivityManager: Wtf, activity ActivityRecord{b449841 u0 com.android.provision/.DefaultActivity t2 f} in proc activity list not using proc ProcessRecord{39aab18 1450:com.android.provision/u0a41}?!? Using null instead.
09-03 11:02:22.552 557 1274 W ActivityManager: Wtf, activity ActivityRecord{fcece20 u0 com.android.settings/.CryptKeeper t1 f} in proc activity list not using proc ProcessRecord{f93075b 957:com.android.settings:CryptKeeper/1000}?!? Using null instead.
09-03 11:02:22.576 557 1274 W ActivityManager: Wtf, activity ActivityRecord{b449841 u0 com.android.provision/.DefaultActivity t2 f} in proc activity list not using proc ProcessRecord{39aab18 1450:com.android.provision/u0a41}?!? Using null instead.
09-03 11:02:22.578 557 1274 W ActivityManager: Wtf, activity ActivityRecord{fcece20 u0 com.android.settings/.CryptKeeper t1 f} in proc activity list not using proc ProcessRecord{f93075b 957:com.android.settings:CryptKeeper/1000}?!? Using null instead.
09-03 11:02:22.600 557 588 W ActivityManager: Wtf, activity ActivityRecord{b449841 u0 com.android.provision/.DefaultActivity t2 f} in proc activity list not using proc ProcessRecord{39aab18 1450:com.android.provision/u0a41}?!? Using null instead.
09-03 11:02:22.601 557 588 W ActivityManager: Wtf, activity ActivityRecord{fcece20 u0 com.android.settings/.CryptKeeper t1 f} in proc activity list not using proc ProcessRecord{f93075b 957:com.android.settings:CryptKeeper/1000}?!? Using null instead.
09-03 11:02:22.620 557 835 W ActivityManager: Wtf, activity ActivityRecord{b449841 u0 com.android.provision/.DefaultActivity t2 f} in proc activity list not using proc ProcessRecord{39aab18 1450:com.android.provision/u0a41}?!? Using null instead.
09-03 11:02:22.621 557 835 W ActivityManager: Wtf, activity ActivityRecord{fcece20 u0 com.android.settings/.CryptKeeper t1 f} in proc activity list not using proc ProcessRecord{f93075b 957:com.android.settings:CryptKeeper/1000}?!? Using null instead.
09-03 11:02:28.718 557 598 D pms : Enter idle state
09-03 11:02:28.719 557 598 D pms : ######### Switching system power mode to [standby]
09-03 11:02:28.719 557 598 I pms : ========== Setup an [300000]s alarm for standby mode ==========
09-03 11:02:28.724 557 598 D pms :
09-03 11:02:28.724 557 598 D pms :
09-03 11:02:28.724 557 598 D pms : ************** Add alarm:onyx_standby_timeout
09-03 11:02:28.724 557 598 D pms :
09-03 11:02:28.739 557 557 D pms : set alarm:onyx_standby_timeout, now:1535943748729 [ 2018-09-03 11:02:28], wake:1535944048720 [2018-09-03 11:07:28]
09-03 11:04:55.069 557 786 D pms : ######### Switching system power mode to [off]
09-03 11:04:55.074 557 557 D pms : ************** cancel alarm:onyx_standby_timeout
09-03 11:04:55.078 557 557 D pms : ************** cancel alarm:onyx_auto_poweroff
09-03 11:04:55.079 557 557 W ActivityManager: Wtf, activity ActivityRecord{b449841 u0 com.android.provision/.DefaultActivity t2 f} in proc activity list not using proc ProcessRecord{39aab18 1450:com.android.provision/u0a41}?!? Using null instead.
09-03 11:04:55.080 557 557 W ActivityManager: Wtf, activity ActivityRecord{fcece20 u0 com.android.settings/.CryptKeeper t1 f} in proc activity list not using proc ProcessRecord{f93075b 957:com.android.settings:CryptKeeper/1000}?!? Using null instead.
09-03 11:04:55.081 557 557 W ActivityManager: Wtf, activity ActivityRecord{b449841 u0 com.android.provision/.DefaultActivity t2 f} in proc activity list not using proc ProcessRecord{39aab18 1450:com.android.provision/u0a41}?!? Using null instead.
09-03 11:04:55.081 557 557 W ActivityManager: Wtf, activity ActivityRecord{fcece20 u0 com.android.settings/.CryptKeeper t1 f} in proc activity list not using proc ProcessRecord{f93075b 957:com.android.settings:CryptKeeper/1000}?!? Using null instead.
09-03 11:04:55.083 557 557 W ActivityManager: Wtf, activity ActivityRecord{b449841 u0 com.android.provision/.DefaultActivity t2 f} in proc activity list not using proc ProcessRecord{39aab18 1450:com.android.provision/u0a41}?!? Using null instead.
09-03 11:04:55.083 557 557 W ActivityManager: Wtf, activity ActivityRecord{fcece20 u0 com.android.settings/.CryptKeeper t1 f} in proc activity list not using proc ProcessRecord{f93075b 957:com.android.settings:CryptKeeper/1000}?!? Using null instead.
09-03 11:04:55.085 557 1334 W ActivityManager: Wtf, activity ActivityRecord{b449841 u0 com.android.provision/.DefaultActivity t2 f} in proc activity list not using proc ProcessRecord{39aab18 1450:com.android.provision/u0a41}?!? Using null instead.
09-03 11:04:55.085 557 1334 W ActivityManager: Wtf, activity ActivityRecord{fcece20 u0 com.android.settings/.CryptKeeper t1 f} in proc activity list not using proc ProcessRecord{f93075b 957:com.android.settings:CryptKeeper/1000}?!? Using null instead.
09-03 11:04:55.095 557 588 W ActivityManager: Wtf, activity ActivityRecord{b449841 u0 com.android.provision/.DefaultActivity t2 f} in proc activity list not using proc ProcessRecord{39aab18 1450:com.android.provision/u0a41}?!? Using null instead.
09-03 11:04:55.095 557 588 W ActivityManager: Wtf, activity ActivityRecord{fcece20 u0 com.android.settings/.CryptKeeper t1 f} in proc activity list not using proc ProcessRecord{f93075b 957:com.android.settings:CryptKeeper/1000}?!? Using null instead.
09-03 11:04:55.099 557 1274 W ActivityManager: Wtf, activity ActivityRecord{b449841 u0 com.android.provision/.DefaultActivity t2 f} in proc activity list not using proc ProcessRecord{39aab18 1450:com.android.provision/u0a41}?!? Using null instead.
09-03 11:04:55.099 557 1274 W ActivityManager: Wtf, activity ActivityRecord{fcece20 u0 com.android.settings/.CryptKeeper t1 f} in proc activity list not using proc ProcessRecord{f93075b 957:com.android.settings:CryptKeeper/1000}?!? Using null instead.
09-03 11:04:55.112 557 589 W ActivityManager: Wtf, activity ActivityRecord{b449841 u0 com.android.provision/.DefaultActivity t2 f} in proc activity list not using proc ProcessRecord{39aab18 1450:com.android.provision/u0a41}?!? Using null instead.
09-03 11:04:55.113 557 589 W ActivityManager: Wtf, activity ActivityRecord{fcece20 u0 com.android.settings/.CryptKeeper t1 f} in proc activity list not using proc ProcessRecord{f93075b 957:com.android.settings:CryptKeeper/1000}?!? Using null instead.
09-03 11:04:55.116 557 1334 W ActivityManager: Wtf, activity ActivityRecord{b449841 u0 com.android.provision/.DefaultActivity t2 f} in proc activity list not using proc ProcessRecord{39aab18 1450:com.android.provision/u0a41}?!? Using null instead.
09-03 11:04:55.116 557 1334 W ActivityManager: Wtf, activity ActivityRecord{fcece20 u0 com.android.settings/.CryptKeeper t1 f} in proc activity list not using proc ProcessRecord{f93075b 957:com.android.settings:CryptKeeper/1000}?!? Using null instead.
09-03 11:04:55.118 557 926 W ActivityManager: Wtf, activity ActivityRecord{b449841 u0 com.android.provision/.DefaultActivity t2 f} in proc activity list not using proc ProcessRecord{39aab18 1450:com.android.provision/u0a41}?!? Using null instead.
