10-01 14:51:06.149 1751 1751 E PowerManager: WakeLock tag:StartingAlertService from [com.android.calendar] is forbidden
10-01 14:51:06.167 1158 1303 I chatty : uid=10006(com.google.android.gms) Binder_4 expire 1 line
10-01 14:51:06.168 1751 1751 D AlertUtils: Flushing old alerts from shared prefs table
10-01 14:51:06.170 1751 1934 D AlertService: 0 Action = android.intent.action.BOOT_COMPLETED
10-01 14:51:06.172 1751 1934 D AlertService: Scheduling next alarm with AlarmScheduler. sEventReminderReceived: null
10-01 14:51:06.251 1222 1937 I chatty : uid=10006(com.google.android.gms) expire 2 lines
10-01 14:51:06.280 219 591 D WVMExtractor: Failed to open libwvm.so
10-01 14:51:06.406 542 573 I InputDispatcher: Dropping event because there is no touchable window at (1265, 134).
10-01 14:51:06.427 542 696 W pms : [com.google.android.gms] is not allowed to set wakeup alarm
10-01 14:51:06.432 542 698 W pms : [com.google.android.gms] is not allowed to set wakeup alarm
10-01 14:51:06.450 1013 1863 W MediaProvider: Missing volume for /system; assuming invalid
10-01 14:51:06.454 1013 1863 W MediaProvider: Missing volume for /system/media; assuming invalid
10-01 14:51:06.456 1013 1863 W MediaProvider: Missing volume for /system/media/audio; assuming invalid
10-01 14:51:06.459 1013 1863 W MediaProvider: Missing volume for /system/media/audio/alarms; assuming invalid
10-01 14:51:06.471 542 552 I ActivityManager: Start proc 1942:com.onyx.latinime/u0a33 for broadcast com.onyx.latinime/.latin.setup.LauncherIconVisibilityManager
10-01 14:51:06.561 1751 1934 D AlarmScheduler: No events found starting within 1 week.
10-01 14:51:06.576 1013 1863 W MediaProvider: Missing volume for /system/media/audio/alarms/Alarm_Beep_01.ogg; assuming invalid
10-01 14:51:06.585 1222 1912 I chatty : uid=10006(com.google.android.gms) AsyncTask #3 expire 1 line
10-01 14:51:06.597 1013 1863 W MediaProvider: Missing volume for /system/media/audio/alarms/Alarm_Beep_02.ogg; assuming invalid
10-01 14:51:06.602 1026 1941 I Email : Onetime initialization: 1
10-01 14:51:06.611 1013 1863 W MediaProvider: Missing volume for /system/media/audio/alarms/Alarm_Beep_03.ogg; assuming invalid
10-01 14:51:06.611 1026 1941 I Email : Onetime initialization: 2
10-01 14:51:06.621 1026 1941 I Email : Onetime initialization: completed.
10-01 14:51:06.624 1942 1942 W System : ClassLoader referenced unknown path: /system/app/OnyxLatinIME-release/lib/arm
10-01 14:51:06.632 1013 1863 W MediaProvider: Missing volume for /system/media/audio/alarms/Alarm_Buzzer.ogg; assuming invalid
10-01 14:51:06.633 219 219 E MetadataRetrieverClient: failed to extract an album art
10-01 14:51:06.634 983 983 I Exchange: EasService.onCreate
10-01 14:51:06.639 983 1959 I Exchange: RestartPingTask
10-01 14:51:06.643 983 983 I Exchange: RestartPingsTask did not start any pings.
10-01 14:51:06.643 983 983 I Exchange: PSS stopIfIdle
10-01 14:51:06.643 983 983 I Exchange: PSS has no active accounts; stopping service.
10-01 14:51:06.647 1026 1026 E ActivityThread: Service com.android.email.service.EmailBroadcastProcessorService has leaked ServiceConnection com.android.emailcommon.service.ServiceProxy$ProxyConnection@25efb4d that was originally bound here
10-01 14:51:06.647 1026 1026 E ActivityThread: android.app.ServiceConnectionLeaked: Service com.android.email.service.EmailBroadcastProcessorService has leaked ServiceConnection com.android.emailcommon.service.ServiceProxy$ProxyConnection@25efb4d that was originally bound here
10-01 14:51:06.647 1026 1026 E ActivityThread: at android.app.LoadedApk$ServiceDispatcher.(LoadedApk.java:1092)
10-01 14:51:06.647 1026 1026 E ActivityThread: at android.app.LoadedApk.getServiceDispatcher(LoadedApk.java:986)
10-01 14:51:06.647 1026 1026 E ActivityThread: at android.app.ContextImpl.bindServiceCommon(ContextImpl.java:1303)
10-01 14:51:06.647 1026 1026 E ActivityThread: at android.app.ContextImpl.bindService(ContextImpl.java:1286)
10-01 14:51:06.647 1026 1026 E ActivityThread: at android.content.ContextWrapper.bindService(ContextWrapper.java:604)
10-01 14:51:06.647 1026 1026 E ActivityThread: at com.android.emailcommon.service.ServiceProxy.setTask(ServiceProxy.java:181)
10-01 14:51:06.647 1026 1026 E ActivityThread: at com.android.emailcommon.service.ServiceProxy.test(ServiceProxy.java:224)
10-01 14:51:06.647 1026 1026 E ActivityThread: at com.android.email.service.EmailServiceUtils.isServiceAvailable(EmailServiceUtils.java:160)
10-01 14:51:06.647 1026 1026 E ActivityThread: at com.android.email.provider.AccountReconciler.reconcileAccountsInternal(AccountReconciler.java:171)
10-01 14:51:06.647 1026 1026 E ActivityThread: at com.android.email.provider.AccountReconciler.reconcileAccounts(AccountReconciler.java:115)
10-01 14:51:06.647 1026 1026 E ActivityThread: at com.android.email.service.EmailBroadcastProcessorService.reconcileAndStartServices(EmailBroadcastProcessorService.java:305)
10-01 14:51:06.647 1026 1026 E ActivityThread: at com.android.email.service.EmailBroadcastProcessorService.onBootCompleted(EmailBroadcastProcessorService.java:295)
10-01 14:51:06.647 1026 1026 E ActivityThread: at com.android.email.service.EmailBroadcastProcessorService.onHandleIntent(EmailBroadcastProcessorService.java:130)
10-01 14:51:06.647 1026 1026 E ActivityThread: at android.app.IntentService$ServiceHandler.handleMessage(IntentService.java:66)
10-01 14:51:06.647 1026 1026 E ActivityThread: at android.os.Handler.dispatchMessage(Handler.java:102)
10-01 14:51:06.647 1026 1026 E ActivityThread: at android.os.Looper.loop(Looper.java:148)
10-01 14:51:06.647 1026 1026 E ActivityThread: at android.os.HandlerThread.run(HandlerThread.java:61)
10-01 14:51:06.648 983 983 I Exchange: onDestroy
10-01 14:51:06.696 1942 1942 I LauncherIconVisibilityManager: Boot has been completed
10-01 14:51:06.699 1942 1942 I LauncherIconVisibilityManager: Disable activity: ComponentInfo{com.onyx.latinime/com.onyx.latinime.latin.setup.SetupActivity}
10-01 14:51:06.718 1942 1942 I LauncherIconVisibilityManager: Killing my process: pid=1942
10-01 14:51:06.718 1942 1942 I Process : Sending signal. PID: 1942 SIG: 9
10-01 14:51:06.743 1013 1863 W MediaProvider: Missing volume for /system/media/audio/alarms/Alarm_Classic.ogg; assuming invalid
10-01 14:51:06.756 542 553 W pms : [com.google.android.gms] is not allowed to set wakeup alarm
10-01 14:51:06.797 542 1916 I ActivityManager: Process com.onyx.latinime (pid 1942) has died
10-01 14:51:06.800 1158 1420 I chatty : uid=10006 com.google.android.gms.persistent expire 2 lines
10-01 14:51:06.802 192 192 E SurfaceFlinger: App die 1942 0
10-01 14:51:06.812 542 555 I ActivityManager: Start proc 1963:com.onyx.android.onyxotaservice/u0a34 for broadcast com.onyx.android.onyxotaservice/.OnyxOtaReceiver
10-01 14:51:06.909 1963 1963 W System : ClassLoader referenced unknown path: /system/app/OnyxOtaService/lib/arm
10-01 14:51:06.914 1963 1963 D OnyxOtaReceiver: action = android.intent.action.BOOT_COMPLETED
10-01 14:51:06.927 542 1916 I ActivityManager: Start proc 1986:com.onyx.deskclock/u0a48 for broadcast com.onyx.deskclock/.deskclock.AlarmInitReceiver
10-01 14:51:07.046 1986 1986 W System : ClassLoader referenced unknown path: /system/app/deskclock-release/lib/arm
10-01 14:51:07.065 1158 1313 I chatty : uid=10006(com.google.android.gms) lowpool[3] expire 2 lines
10-01 14:51:07.142 1986 1986 I AlarmClock: AlarmInitReceiver android.intent.action.BOOT_COMPLETED
10-01 14:51:07.183 1222 1269 I chatty : uid=10006(com.google.android.gms) GAC_Executor[0] expire 2 lines
10-01 14:51:07.301 1986 2052 I AlarmClock: Alarms Table created
10-01 14:51:07.302 1986 2052 I AlarmClock: Instance table created
10-01 14:51:07.302 1986 2052 I AlarmClock: Inserting default alarms
10-01 14:51:07.330 1222 1545 I chatty : uid=10006(com.google.android.gms) highpool[4] expire 34 lines
10-01 14:51:07.361 1222 1425 I chatty : uid=10006(com.google.android.gms) expire 6 lines
10-01 14:51:07.456 1158 1158 I chatty : uid=10006 com.google.android.gms.persistent expire 4 lines
10-01 14:51:07.459 1222 1252 I chatty : uid=10006(com.google.android.gms) expire 4 lines
10-01 14:51:07.460 1222 1222 I chatty : uid=10006(com.google.android.gms) expire 4 lines
10-01 14:51:07.467 1222 1269 I chatty : uid=10006(com.google.android.gms) GAC_Executor[0] expire 6 lines
10-01 14:51:07.467 1222 1549 I chatty : uid=10006(com.google.android.gms) expire 1 line
10-01 14:51:07.482 1222 1529 I chatty : uid=10006(com.google.android.gms) highpool[3] expire 20 lines
10-01 14:51:07.490 1222 1304 I chatty : uid=10006(com.google.android.gms) lowpool[1] expire 31 lines
10-01 14:51:07.507 1222 1429 I chatty : uid=10006(com.google.android.gms) highpool[1] expire 31 lines
10-01 14:51:07.540 1222 1296 I chatty : uid=10006(com.google.android.gms) lowpool[0] expire 9 lines
10-01 14:51:07.567 1158 1625 I chatty : uid=10006(com.google.android.gms) netscheduler-qu expire 31 lines
10-01 14:51:07.634 1222 1284 I chatty : uid=10006(com.google.android.gms) GAC_Executor[1] expire 5 lines
10-01 14:51:07.636 1158 1420 I chatty : uid=10006 com.google.android.gms.persistent expire 10 lines
10-01 14:51:07.637 1158 1691 I chatty : uid=10006 com.google.android.gms.persistent expire 10 lines
10-01 14:51:07.701 1158 1313 I chatty : uid=10006(com.google.android.gms) lowpool[3] expire 12 lines
10-01 14:51:07.727 1158 1535 I chatty : uid=10006(com.google.android.gms) highpool[2] expire 1 line
10-01 14:51:07.810 1268 1268 W Finsky : [1] com.google.android.finsky.application.d.cY(896): No account configured on this device.
10-01 14:51:07.814 1268 1268 W Finsky : [1] com.google.android.finsky.application.d.cY(896): No account configured on this device.
10-01 14:51:07.817 1268 1268 W Finsky : [1] com.google.android.finsky.application.d.cY(896): No account configured on this device.
10-01 14:51:07.830 542 1916 W pms : [com.google.android.gms] is not allowed to set wakeup alarm
10-01 14:51:07.834 1222 1665 I chatty : uid=10006(com.google.android.gms) expire 1 line
10-01 14:51:07.843 1268 1268 W Finsky : [1] com.google.android.finsky.application.d.cY(896): No account configured on this device.
10-01 14:51:07.846 1268 1268 W Finsky : [1] com.google.android.finsky.application.d.cY(896): No account configured on this device.
10-01 14:51:07.851 1268 1268 W Finsky : [1] com.google.android.finsky.application.d.cY(896): No account configured on this device.
10-01 14:51:07.884 1222 1461 I chatty : uid=10006(com.google.android.gms) lowpool[6] expire 36 lines
10-01 14:51:07.908 542 698 W pms : [com.google.android.gms] is not allowed to set wakeup alarm
10-01 14:51:07.951 1268 1268 W Finsky : [1] com.google.android.finsky.application.d.cY(896): No account configured on this device.
10-01 14:51:07.951 1222 1316 I chatty : uid=10006(com.google.android.gms) expire 1 line
10-01 14:51:07.955 542 630 W pms : [com.google.android.gms] is not allowed to set wakeup alarm
10-01 14:51:07.960 1268 1268 W Finsky : [1] com.google.android.finsky.application.d.cY(896): No account configured on this device.
10-01 14:51:07.962 1268 1268 W Finsky : [1] com.google.android.finsky.application.d.cY(896): No account configured on this device.
10-01 14:51:07.987 542 1954 W pms : [com.google.android.gms] is not allowed to set wakeup alarm
10-01 14:51:08.006 542 1916 W pms : [com.google.android.gms] is not allowed to set wakeup alarm
10-01 14:51:08.030 542 697 W pms : [com.google.android.gms] is not allowed to set wakeup alarm
10-01 14:51:08.068 542 1469 W pms : [com.google.android.gms] is not allowed to set wakeup alarm
10-01 14:51:08.081 1222 1319 I chatty : uid=10006(com.google.android.gms) expire 1 line
10-01 14:51:08.082 542 1916 W pms : [com.google.android.gms] is not allowed to set wakeup alarm
10-01 14:51:08.086 1268 1268 W Finsky : [1] com.google.android.finsky.application.d.cY(896): No account configured on this device.
10-01 14:51:08.089 1268 1268 W Finsky : [1] com.google.android.finsky.application.d.cY(896): No account configured on this device.
10-01 14:51:08.091 1268 1268 W Finsky : [1] com.google.android.finsky.application.d.cY(896): No account configured on this device.
10-01 14:51:08.117 542 697 W pms : [com.google.android.gms] is not allowed to set wakeup alarm
10-01 14:51:08.138 542 698 W pms : [com.google.android.gms] is not allowed to set wakeup alarm
10-01 14:51:08.159 542 1469 W pms : [com.google.android.gms] is not allowed to set wakeup alarm
10-01 14:51:08.205 542 1917 W pms : [com.google.android.gms] is not allowed to set wakeup alarm
10-01 14:51:08.224 542 630 W pms : [com.google.android.gms] is not allowed to set wakeup alarm
10-01 14:51:08.248 542 629 W pms : [com.google.android.gms] is not allowed to set wakeup alarm
10-01 14:51:08.276 542 1468 W pms : [com.google.android.gms] is not allowed to set wakeup alarm
10-01 14:51:08.283 1222 1461 I chatty : uid=10006(com.google.android.gms) lowpool[6] expire 33 lines
10-01 14:51:08.286 1222 1296 I chatty : uid=10006(com.google.android.gms) lowpool[0] expire 58 lines
10-01 14:51:08.293 1158 2179 I chatty : uid=10006 com.google.android.gms.persistent expire 2 lines
10-01 14:51:08.293 1222 1545 I chatty : uid=10006(com.google.android.gms) highpool[4] expire 11 lines
10-01 14:51:08.296 1222 1429 I chatty : uid=10006(com.google.android.gms) highpool[1] expire 31 lines
10-01 14:51:08.300 542 629 W pms : [com.google.android.gms] is not allowed to set wakeup alarm
10-01 14:51:08.300 1158 1625 I chatty : uid=10006(com.google.android.gms) netscheduler-qu expire 54 lines
10-01 14:51:08.310 542 1916 W pms : [com.google.android.gms] is not allowed to set wakeup alarm
10-01 14:51:08.317 542 552 W pms : [com.google.android.gms] is not allowed to set wakeup alarm
10-01 14:51:08.318 1158 1298 I chatty : uid=10006(com.google.android.gms) lowpool[1] expire 10 lines
10-01 14:51:08.320 1158 1283 I chatty : uid=10006 com.google.android.gms.persistent expire 12 lines
10-01 14:51:08.421 1158 1420 I chatty : uid=10006 com.google.android.gms.persistent expire 4 lines
10-01 14:51:08.468 542 1468 W pms : [com.google.android.gms] is not allowed to set wakeup alarm
10-01 14:51:08.481 1158 1312 I chatty : uid=10006(com.google.android.gms) lowpool[2] expire 8 lines
10-01 14:51:08.499 542 1916 W pms : [com.google.android.gms] is not allowed to set wakeup alarm
10-01 14:51:08.529 542 1954 W pms : [com.google.android.gms] is not allowed to set wakeup alarm
10-01 14:51:08.539 1158 1158 I chatty : uid=10006 com.google.android.gms.persistent expire 4 lines
10-01 14:51:08.549 542 1468 W pms : [com.google.android.gms] is not allowed to set wakeup alarm
10-01 14:51:08.583 542 1954 W pms : [com.google.android.gms] is not allowed to set wakeup alarm
10-01 14:51:08.594 542 553 W pms : [com.google.android.gms] is not allowed to set wakeup alarm
10-01 14:51:08.601 1222 1252 I chatty : uid=10006(com.google.android.gms) expire 3 lines
10-01 14:51:08.601 1222 1222 I chatty : uid=10006(com.google.android.gms) expire 3 lines
10-01 14:51:08.604 1222 1316 I chatty : uid=10006(com.google.android.gms) expire 1 line
10-01 14:51:08.606 1268 1268 W Finsky : [1] com.google.android.finsky.application.d.cY(896): No account configured on this device.
10-01 14:51:08.608 1268 1268 W Finsky : [1] com.google.android.finsky.application.d.cY(896): No account configured on this device.
10-01 14:51:08.610 1268 1268 W Finsky : [1] com.google.android.finsky.application.d.cY(896): No account configured on this device.
10-01 14:51:08.627 542 1469 W pms : [com.google.android.gms] is not allowed to set wakeup alarm
10-01 14:51:08.664 1222 1284 I chatty : uid=10006(com.google.android.gms) GAC_Executor[1] expire 4 lines
10-01 14:51:08.665 542 552 W pms : [com.google.android.gms] is not allowed to set wakeup alarm
10-01 14:51:08.704 542 629 W pms : [com.google.android.gms] is not allowed to set wakeup alarm
10-01 14:51:08.721 542 696 W pms : [com.google.android.gms] is not allowed to set wakeup alarm
10-01 14:51:08.743 542 699 W pms : [com.google.android.gms] is not allowed to set wakeup alarm
10-01 14:51:08.767 1222 1549 I chatty : uid=10006(com.google.android.gms) expire 1 line
10-01 14:51:08.769 1268 1268 W Finsky : [1] com.google.android.finsky.application.d.cY(896): No account configured on this device.
10-01 14:51:08.772 1268 1268 W Finsky : [1] com.google.android.finsky.application.d.cY(896): No account configured on this device.
10-01 14:51:08.774 1268 1268 W Finsky : [1] com.google.android.finsky.application.d.cY(896): No account configured on this device.
10-01 14:51:08.782 542 629 W pms : [com.google.android.gms] is not allowed to set wakeup alarm
10-01 14:51:08.815 542 698 W pms : [com.google.android.gms] is not allowed to set wakeup alarm
10-01 14:51:08.825 1222 1269 I chatty : uid=10006(com.google.android.gms) GAC_Executor[0] expire 2 lines
10-01 14:51:08.830 542 629 W pms : [com.google.android.gms] is not allowed to set wakeup alarm
10-01 14:51:08.851 542 699 W pms : [com.google.android.gms] is not allowed to set wakeup alarm
10-01 14:51:08.871 542 1917 W pms : [com.google.android.gms] is not allowed to set wakeup alarm
10-01 14:51:08.890 1222 1548 I chatty : uid=10006(com.google.android.gms) expire 1 line
10-01 14:51:08.901 1268 1268 W Finsky : [1] com.google.android.finsky.application.d.cY(896): No account configured on this device.
10-01 14:51:08.904 1268 1268 W Finsky : [1] com.google.android.finsky.application.d.cY(896): No account configured on this device.
10-01 14:51:08.905 1268 1268 W Finsky : [1] com.google.android.finsky.application.d.cY(896): No account configured on this device.
10-01 14:51:08.907 542 1916 W pms : [com.google.android.gms] is not allowed to set wakeup alarm
10-01 14:51:08.925 542 630 W pms : [com.google.android.gms] is not allowed to set wakeup alarm
10-01 14:51:08.929 1222 1529 I chatty : uid=10006(com.google.android.gms) highpool[3] expire 6 lines
10-01 14:51:08.943 542 552 W pms : [com.google.android.gms] is not allowed to set wakeup alarm
10-01 14:51:08.998 542 699 W pms : [com.google.android.gms] is not allowed to set wakeup alarm
10-01 14:51:09.025 542 1468 W pms : [com.google.android.gms] is not allowed to set wakeup alarm
10-01 14:51:09.054 542 698 W pms : [com.google.android.gms] is not allowed to set wakeup alarm
10-01 14:51:09.074 542 629 W pms : [com.google.android.gms] is not allowed to set wakeup alarm
10-01 14:51:09.087 1222 1394 I chatty : uid=10006(com.google.android.gms) lowpool[2] expire 1 line
10-01 14:51:09.107 1158 1267 I chatty : uid=10006(com.google.android.gms) lowpool[0] expire 10 lines
10-01 14:51:09.129 542 552 W pms : [com.google.android.gms] is not allowed to set wakeup alarm
10-01 14:51:09.149 542 630 W pms : [com.google.android.gms] is not allowed to set wakeup alarm
10-01 14:51:09.178 1158 1283 I chatty : uid=10006 com.google.android.gms.persistent expire 20 lines
10-01 14:51:09.181 1222 1545 I chatty : uid=10006(com.google.android.gms) highpool[4] expire 5 lines
10-01 14:51:09.182 542 1916 W pms : [com.google.android.gms] is not allowed to set wakeup alarm
10-01 14:51:09.183 1222 1296 I chatty : uid=10006(com.google.android.gms) lowpool[0] expire 42 lines
10-01 14:51:09.186 1158 1625 I chatty : uid=10006(com.google.android.gms) netscheduler-qu expire 29 lines
10-01 14:51:09.190 1222 1529 I chatty : uid=10006(com.google.android.gms) highpool[3] expire 5 lines
10-01 14:51:09.213 1158 1691 I chatty : uid=10006 com.google.android.gms.persistent expire 14 lines
10-01 14:51:09.222 1222 1461 I chatty : uid=10006(com.google.android.gms) lowpool[6] expire 2 lines
10-01 14:51:09.224 542 698 W pms : [com.google.android.gms] is not allowed to set wakeup alarm
10-01 14:51:09.237 1222 1548 I chatty : uid=10006(com.google.android.gms) expire 1 line
10-01 14:51:09.240 1751 1751 D AlertReceiver: onReceive: a=android.intent.action.PROVIDER_CHANGED Intent { act=android.intent.action.PROVIDER_CHANGED dat=content://com.android.calendar flg=0x20000010 cmp=com.android.calendar/.alerts.AlertReceiver }
10-01 14:51:09.240 1751 1751 E PowerManager: WakeLock tag:StartingAlertService from [com.android.calendar] is forbidden
10-01 14:51:09.248 1751 2489 D AlertService: 0 Action = android.intent.action.PROVIDER_CHANGED
10-01 14:51:09.265 542 1954 W pms : [com.google.android.gms] is not allowed to set wakeup alarm
10-01 14:51:09.282 1158 1298 I chatty : uid=10006(com.google.android.gms) lowpool[1] expire 14 lines
10-01 14:51:09.305 542 699 W pms : [com.google.android.gms] is not allowed to set wakeup alarm
10-01 14:51:09.327 542 698 W pms : [com.google.android.gms] is not allowed to set wakeup alarm
10-01 14:51:09.348 1158 1312 I chatty : uid=10006(com.google.android.gms) lowpool[2] expire 4 lines
10-01 14:51:09.352 542 552 W pms : [com.google.android.gms] is not allowed to set wakeup alarm
10-01 14:51:09.379 542 697 W pms : [com.google.android.gms] is not allowed to set wakeup alarm
10-01 14:51:09.393 542 696 W pms : [com.google.android.gms] is not allowed to set wakeup alarm
10-01 14:51:09.405 542 552 W pms : [com.google.android.gms] is not allowed to set wakeup alarm
10-01 14:51:09.447 542 1954 W pms : [com.google.android.gms] is not allowed to set wakeup alarm
10-01 14:51:09.468 542 629 W pms : [com.google.android.gms] is not allowed to set wakeup alarm
10-01 14:51:09.482 542 1469 W pms : [com.google.android.gms] is not allowed to set wakeup alarm
10-01 14:51:09.504 542 553 W pms : [com.google.android.gms] is not allowed to set wakeup alarm
10-01 14:51:09.528 542 698 W pms : [com.google.android.gms] is not allowed to set wakeup alarm
10-01 14:51:09.529 1158 1313 I chatty : uid=10006(com.google.android.gms) lowpool[3] expire 47 lines
10-01 14:51:09.531 1013 1863 W MediaProvider: Missing volume for /system/media/audio/notifications; assuming invalid
10-01 14:51:09.536 542 1468 W pms : [com.google.android.gms] is not allowed to set wakeup alarm
10-01 14:51:09.558 1013 1863 W MediaProvider: Missing volume for /system/media/audio/alarms/Alarm_Rooster_02.ogg; assuming invalid
10-01 14:51:09.560 1013 1863 W MediaProvider: Missing volume for /system/media/audio/alarms/Argon.ogg; assuming invalid
10-01 14:51:09.562 1013 1863 W MediaProvider: Missing volume for /system/media/audio/alarms/Barium.ogg; assuming invalid
10-01 14:51:09.564 1013 1863 W MediaProvider: Missing volume for /system/media/audio/alarms/Carbon.ogg; assuming invalid
10-01 14:51:09.567 1013 1863 W MediaProvider: Missing volume for /system/media/audio/alarms/Cesium.ogg; assuming invalid
10-01 14:51:09.571 1013 1863 W MediaProvider: Missing volume for /system/media/audio/alarms/Fermium.ogg; assuming invalid
10-01 14:51:09.574 1013 1863 W MediaProvider: Missing volume for /system/media/audio/alarms/Hassium.ogg; assuming invalid
10-01 14:51:09.576 1013 1863 W MediaProvider: Missing volume for /system/media/audio/alarms/Helium.ogg; assuming invalid
10-01 14:51:09.580 1013 1863 W MediaProvider: Missing volume for /system/media/audio/alarms/Krypton.ogg; assuming invalid
10-01 14:51:09.587 1013 1863 W MediaProvider: Missing volume for /system/media/audio/alarms/Neon.ogg; assuming invalid
10-01 14:51:09.591 1013 1863 W MediaProvider: Missing volume for /system/media/audio/alarms/Neptunium.ogg; assuming invalid
10-01 14:51:09.593 1013 1863 W MediaProvider: Missing volume for /system/media/audio/alarms/Nobelium.ogg; assuming invalid
10-01 14:51:09.596 1013 1863 W MediaProvider: Missing volume for /system/media/audio/alarms/Osmium.ogg; assuming invalid
10-01 14:51:09.598 1013 1863 W MediaProvider: Missing volume for /system/media/audio/alarms/Oxygen.ogg; assuming invalid
10-01 14:51:09.600 1013 1863 W MediaProvider: Missing volume for /system/media/audio/alarms/Platinum.ogg; assuming invalid
10-01 14:51:09.604 1013 1863 W MediaProvider: Missing volume for /system/media/audio/alarms/Plutonium.ogg; assuming invalid
10-01 14:51:09.607 1013 1863 W MediaProvider: Missing volume for /system/media/audio/alarms/Promethium.ogg; assuming invalid
10-01 14:51:09.609 1013 1863 W MediaProvider: Missing volume for /system/media/audio/alarms/Scandium.ogg; assuming invalid
10-01 14:51:09.613 1013 1863 W MediaProvider: Missing volume for /system/media/audio/notifications/Adara.ogg; assuming invalid
10-01 14:51:09.615 1013 1863 W MediaProvider: Missing volume for /system/media/audio/notifications/Aldebaran.ogg; assuming invalid
10-01 14:51:09.617 1013 1863 W MediaProvider: Missing volume for /system/media/audio/notifications/Altair.ogg; assuming invalid
10-01 14:51:09.619 1013 1863 W MediaProvider: Missing volume for /system/media/audio/notifications/Alya.ogg; assuming invalid
10-01 14:51:09.620 1013 1863 W MediaProvider: Missing volume for /system/media/audio/notifications/Antares.ogg; assuming invalid
10-01 14:51:09.623 1013 1863 W MediaProvider: Missing volume for /system/media/audio/notifications/Antimony.ogg; assuming invalid
10-01 14:51:09.623 219 591 E MetadataRetrieverClient: failed to extract an album art
10-01 14:51:09.627 1013 1863 W MediaProvider: Missing volume for /system/media/audio/notifications/Arcturus.ogg; assuming invalid
10-01 14:51:09.629 1013 1863 W MediaProvider: Missing volume for /system/media/audio/notifications/Argon.ogg; assuming invalid
10-01 14:51:09.631 1013 1863 W MediaProvider: Missing volume for /system/media/audio/notifications/Beat_Box_Android.ogg; assuming invalid
10-01 14:51:09.632 1013 1863 W MediaProvider: Missing volume for /system/media/audio/notifications/Bellatrix.ogg; assuming invalid
10-01 14:51:09.634 1013 1863 W MediaProvider: Missing volume for /system/media/audio/notifications/Beryllium.ogg; assuming invalid
10-01 14:51:09.635 1013 1863 W MediaProvider: Missing volume for /system/media/audio/notifications/Betelgeuse.ogg; assuming invalid
10-01 14:51:09.637 1013 1863 W MediaProvider: Missing volume for /system/media/audio/notifications/CaffeineSnake.ogg; assuming invalid
10-01 14:51:09.640 1013 1863 W MediaProvider: Missing volume for /system/media/audio/notifications/Canopus.ogg; assuming invalid
10-01 14:51:09.642 1013 1863 W MediaProvider: Missing volume for /system/media/audio/notifications/Capella.ogg; assuming invalid
10-01 14:51:09.644 1013 1863 W MediaProvider: Missing volume for /system/media/audio/notifications/Castor.ogg; assuming invalid
10-01 14:51:09.646 1013 1863 W MediaProvider: Missing volume for /system/media/audio/notifications/CetiAlpha.ogg; assuming invalid
10-01 14:51:09.648 1013 1863 W MediaProvider: Missing volume for /system/media/audio/notifications/Cobalt.ogg; assuming invalid
10-01 14:51:09.650 1013 1863 W MediaProvider: Missing volume for /system/media/audio/notifications/Cricket.ogg; assuming invalid
10-01 14:51:09.651 1013 1863 W MediaProvider: Missing volume for /system/media/audio/notifications/DearDeer.ogg; assuming invalid
10-01 14:51:09.652 1013 1863 W MediaProvider: Missing volume for /system/media/audio/notifications/Deneb.ogg; assuming invalid
10-01 14:51:09.654 1013 1863 W MediaProvider: Missing volume for /system/media/audio/notifications/Doink.ogg; assuming invalid
10-01 14:51:09.656 1013 1863 W MediaProvider: Missing volume for /system/media/audio/notifications/DontPanic.ogg; assuming invalid
10-01 14:51:09.657 1013 1863 W MediaProvider: Missing volume for /system/media/audio/notifications/Drip.ogg; assuming invalid
10-01 14:51:09.659 1013 1863 W MediaProvider: Missing volume for /system/media/audio/notifications/Electra.ogg; assuming invalid
10-01 14:51:09.661 1013 1863 W MediaProvider: Missing volume for /system/media/audio/notifications/F1_MissedCall.ogg; assuming invalid
10-01 14:51:09.663 1013 1863 W MediaProvider: Missing volume for /system/media/audio/notifications/F1_New_MMS.ogg; assuming invalid
10-01 14:51:09.665 1013 1863 W MediaProvider: Missing volume for /system/media/audio/notifications/F1_New_SMS.ogg; assuming invalid
10-01 14:51:09.666 1013 1863 W MediaProvider: Missing volume for /system/media/audio/notifications/Fluorine.ogg; assuming invalid
10-01 14:51:09.668 1013 1863 W MediaProvider: Missing volume for /system/media/audio/notifications/Fomalhaut.ogg; assuming invalid
10-01 14:51:09.669 1013 1863 W MediaProvider: Missing volume for /system/media/audio/notifications/Gallium.ogg; assuming invalid
10-01 14:51:09.671 1013 1863 W MediaProvider: Missing volume for /system/media/audio/notifications/Heaven.ogg; assuming invalid
10-01 14:51:09.673 1013 1863 W MediaProvider: Missing volume for /system/media/audio/notifications/Helium.ogg; assuming invalid
10-01 14:51:09.675 1013 1863 W MediaProvider: Missing volume for /system/media/audio/notifications/Highwire.ogg; assuming invalid
10-01 14:51:09.677 1013 1863 W MediaProvider: Missing volume for /system/media/audio/notifications/Hojus.ogg; assuming invalid
10-01 14:51:09.678 1013 1863 W MediaProvider: Missing volume for /system/media/audio/notifications/Iridium.ogg; assuming invalid
10-01 14:51:09.680 1013 1863 W MediaProvider: Missing volume for /system/media/audio/notifications/Krypton.ogg; assuming invalid
10-01 14:51:09.681 1013 1863 W MediaProvider: Missing volume for /system/media/audio/notifications/KzurbSonar.ogg; assuming invalid
10-01 14:51:09.683 1013 1863 W MediaProvider: Missing volume for /system/media/audio/notifications/Lalande.ogg; assuming invalid
10-01 14:51:09.685 1013 1863 W MediaProvider: Missing volume for /system/media/audio/notifications/Merope.ogg; assuming invalid
10-01 14:51:09.687 1013 1863 W MediaProvider: Missing volume for /system/media/audio/notifications/Mira.ogg; assuming invalid
10-01 14:51:09.689 1013 1863 W MediaProvider: Missing volume for /system/media/audio/notifications/OnTheHunt.ogg; assuming invalid
10-01 14:51:09.691 1013 1863 W MediaProvider: Missing volume for /system/media/audio/notifications/Palladium.ogg; assuming invalid
10-01 14:51:09.693 1013 1863 W MediaProvider: Missing volume for /system/media/audio/notifications/Plastic_Pipe.ogg; assuming invalid
10-01 14:51:09.695 1013 1863 W MediaProvider: Missing volume for /system/media/audio/notifications/Polaris.ogg; assuming invalid
10-01 14:51:09.697 1013 1863 W MediaProvider: Missing volume for /system/media/audio/notifications/Pollux.ogg; assuming invalid
10-01 14:51:09.699 1013 1863 W MediaProvider: Missing volume for /system/media/audio/notifications/Procyon.ogg; assuming invalid
10-01 14:51:09.701 1013 1863 W MediaProvider: Missing volume for /system/media/audio/notifications/Proxima.ogg; assuming invalid
10-01 14:51:09.704 1013 1863 W MediaProvider: Missing volume for /system/media/audio/notifications/Radon.ogg; assuming invalid
10-01 14:51:09.705 219 219 E MetadataRetrieverClient: failed to extract an album art
10-01 14:51:09.706 1013 1863 W MediaProvider: Missing volume for /system/media/audio/notifications/Rubidium.ogg; assuming invalid
10-01 14:51:09.708 1013 1863 W MediaProvider: Missing volume for /system/media/audio/notifications/Selenium.ogg; assuming invalid
10-01 14:51:09.710 1013 1863 W MediaProvider: Missing volume for /system/media/audio/notifications/Shaula.ogg; assuming invalid
10-01 14:51:09.712 1013 1863 W MediaProvider: Missing volume for /system/media/audio/notifications/Sirrah.ogg; assuming invalid
10-01 14:51:09.713 1013 1863 W MediaProvider: Missing volume for /system/media/audio/notifications/SpaceSeed.ogg; assuming invalid
10-01 14:51:09.714 1013 1863 W MediaProvider: Missing volume for /system/media/audio/notifications/Spica.ogg; assuming invalid
10-01 14:51:09.717 1013 1863 W MediaProvider: Missing volume for /system/media/audio/notifications/Strontium.ogg; assuming invalid
10-01 14:51:09.719 1013 1863 W MediaProvider: Missing volume for /system/media/audio/notifications/Syrma.ogg; assuming invalid
10-01 14:51:09.721 1013 1863 W MediaProvider: Missing volume for /system/media/audio/notifications/TaDa.ogg; assuming invalid
10-01 14:51:09.723 1013 1863 W MediaProvider: Missing volume for /system/media/audio/notifications/Talitha.ogg; assuming invalid
10-01 14:51:09.725 1013 1863 W MediaProvider: Missing volume for /system/media/audio/notifications/Tejat.ogg; assuming invalid
10-01 14:51:09.726 1013 1863 W MediaProvider: Missing volume for /system/media/audio/notifications/Thallium.ogg; assuming invalid
10-01 14:51:09.728 1013 1863 W MediaProvider: Missing volume for /system/media/audio/notifications/Tinkerbell.ogg; assuming invalid
10-01 14:51:09.730 1013 1863 W MediaProvider: Missing volume for /system/media/audio/notifications/Upsilon.ogg; assuming invalid
10-01 14:51:09.732 1013 1863 W MediaProvider: Missing volume for /system/media/audio/notifications/Vega.ogg; assuming invalid
10-01 14:51:09.735 1013 1863 W MediaProvider: Missing volume for /system/media/audio/notifications/Voila.ogg; assuming invalid
10-01 14:51:09.737 1013 1863 W MediaProvider: Missing volume for /system/media/audio/notifications/Xenon.ogg; assuming invalid
10-01 14:51:09.739 1013 1863 W MediaProvider: Missing volume for /system/media/audio/notifications/Zirconium.ogg; assuming invalid
10-01 14:51:09.740 1013 1863 W MediaProvider: Missing volume for /system/media/audio/notifications/arcturus.ogg; assuming invalid
10-01 14:51:09.741 1013 1863 W MediaProvider: Missing volume for /system/media/audio/notifications/moonbeam.ogg; assuming invalid
10-01 14:51:09.751 1013 1863 W MediaProvider: Missing volume for /system/media/audio/notifications/pixiedust.ogg; assuming invalid
10-01 14:51:09.935 1158 1691 I chatty : uid=10006 com.google.android.gms.persistent expire 1 line
10-01 14:51:09.950 1158 1313 I chatty : uid=10006(com.google.android.gms) lowpool[3] expire 2 lines
10-01 14:51:09.951 1158 1283 I chatty : uid=10006 com.google.android.gms.persistent expire 1 line
10-01 14:51:09.972 1158 1313 I chatty : uid=10006(com.google.android.gms) lowpool[3] expire 2 lines
10-01 14:51:09.973 1158 1691 I chatty : uid=10006 com.google.android.gms.persistent expire 1 line
10-01 14:51:09.998 1158 1313 I chatty : uid=10006(com.google.android.gms) lowpool[3] expire 1 line
10-01 14:51:09.998 1158 1283 I chatty : uid=10006 com.google.android.gms.persistent expire 7 lines
10-01 14:51:10.023 1158 1313 I chatty : uid=10006(com.google.android.gms) lowpool[3] expire 77 lines
10-01 14:51:10.024 1158 1691 I chatty : uid=10006 com.google.android.gms.persistent expire 32 lines
10-01 14:51:10.136 1222 1296 I chatty : uid=10006(com.google.android.gms) lowpool[0] expire 12 lines
10-01 14:51:10.365 1222 1461 I chatty : uid=10006(com.google.android.gms) lowpool[6] expire 13 lines
10-01 14:51:10.768 1158 1313 I chatty : uid=10006(com.google.android.gms) lowpool[3] expire 1 line
10-01 14:51:10.769 1158 1283 I chatty : uid=10006 com.google.android.gms.persistent expire 1 line
10-01 14:51:10.785 1158 1313 I chatty : uid=10006(com.google.android.gms) lowpool[3] expire 2 lines
10-01 14:51:10.786 1158 1691 I chatty : uid=10006 com.google.android.gms.persistent expire 1 line
10-01 14:51:10.802 1158 1313 I chatty : uid=10006(com.google.android.gms) lowpool[3] expire 3 lines
10-01 14:51:10.803 1158 1283 I chatty : uid=10006 com.google.android.gms.persistent expire 1 line
10-01 14:51:10.823 1158 1313 I chatty : uid=10006(com.google.android.gms) lowpool[3] expire 1 line
10-01 14:51:10.824 1158 1691 I chatty : uid=10006 com.google.android.gms.persistent expire 2 lines
10-01 14:51:10.838 1158 1313 I chatty : uid=10006(com.google.android.gms) lowpool[3] expire 13 lines
10-01 14:51:10.854 1158 1691 I chatty : uid=10006 com.google.android.gms.persistent expire 6 lines
10-01 14:51:10.930 1158 1313 I chatty : uid=10006(com.google.android.gms) lowpool[3] expire 4 lines
10-01 14:51:10.946 1158 1691 I chatty : uid=10006 com.google.android.gms.persistent expire 2 lines
10-01 14:51:10.960 1158 1313 I chatty : uid=10006(com.google.android.gms) lowpool[3] expire 4 lines
10-01 14:51:10.976 1158 1691 I chatty : uid=10006 com.google.android.gms.persistent expire 2 lines
10-01 14:51:10.991 1158 1313 I chatty : uid=10006(com.google.android.gms) lowpool[3] expire 3 lines
10-01 14:51:11.007 1158 1691 I chatty : uid=10006 com.google.android.gms.persistent expire 1 line
10-01 14:51:11.021 1158 1313 I chatty : uid=10006(com.google.android.gms) lowpool[3] expire 3 lines
10-01 14:51:11.022 1158 1691 I chatty : uid=10006 com.google.android.gms.persistent expire 2 lines
10-01 14:51:11.037 1158 1313 I chatty : uid=10006(com.google.android.gms) lowpool[3] expire 4 lines
10-01 14:51:11.053 1158 1691 I chatty : uid=10006 com.google.android.gms.persistent expire 2 lines
10-01 14:51:11.068 1158 1313 I chatty : uid=10006(com.google.android.gms) lowpool[3] expire 4 lines
10-01 14:51:11.089 1158 1691 I chatty : uid=10006 com.google.android.gms.persistent expire 2 lines
10-01 14:51:11.107 1158 1313 I chatty : uid=10006(com.google.android.gms) lowpool[3] expire 3 lines
10-01 14:51:11.123 1158 1691 I chatty : uid=10006 com.google.android.gms.persistent expire 7 lines
10-01 14:51:11.138 1158 1313 I chatty : uid=10006(com.google.android.gms) lowpool[3] expire 15 lines
10-01 14:51:11.229 1158 1691 I chatty : uid=10006 com.google.android.gms.persistent expire 2 lines
10-01 14:51:11.246 1158 1313 I chatty : uid=10006(com.google.android.gms) lowpool[3] expire 4 lines
10-01 14:51:11.261 1158 1691 I chatty : uid=10006 com.google.android.gms.persistent expire 2 lines
10-01 14:51:11.276 1158 1313 I chatty : uid=10006(com.google.android.gms) lowpool[3] expire 3 lines
10-01 14:51:11.292 1158 1691 I chatty : uid=10006 com.google.android.gms.persistent expire 2 lines
10-01 14:51:11.306 1158 1313 I chatty : uid=10006(com.google.android.gms) lowpool[3] expire 4 lines
10-01 14:51:11.322 1158 1691 I chatty : uid=10006 com.google.android.gms.persistent expire 2 lines
10-01 14:51:11.336 1158 1313 I chatty : uid=10006(com.google.android.gms) lowpool[3] expire 4 lines
10-01 14:51:11.352 1158 1691 I chatty : uid=10006 com.google.android.gms.persistent expire 1 line
10-01 14:51:11.363 1013 1863 W MediaProvider: Missing volume for /system/media/audio/ringtones; assuming invalid
10-01 14:51:11.366 1158 1313 I chatty : uid=10006(com.google.android.gms) lowpool[3] expire 3 lines
10-01 14:51:11.367 1158 1691 I chatty : uid=10006 com.google.android.gms.persistent expire 1 line
10-01 14:51:11.370 1013 1863 W MediaProvider: Missing volume for /system/media/audio/notifications/pizzicato.ogg; assuming invalid
10-01 14:51:11.371 1013 1863 W MediaProvider: Missing volume for /system/media/audio/notifications/regulus.ogg; assuming invalid
10-01 14:51:11.373 1013 1863 W MediaProvider: Missing volume for /system/media/audio/notifications/sirius.ogg; assuming invalid
10-01 14:51:11.374 1013 1863 W MediaProvider: Missing volume for /system/media/audio/notifications/tweeters.ogg; assuming invalid
10-01 14:51:11.376 1013 1863 W MediaProvider: Missing volume for /system/media/audio/notifications/vega.ogg; assuming invalid
10-01 14:51:11.378 1013 1863 W MediaProvider: Missing volume for /system/media/audio/ringtones/ANDROMEDA.ogg; assuming invalid
10-01 14:51:11.380 1013 1863 W MediaProvider: Missing volume for /system/media/audio/ringtones/Andromeda.ogg; assuming invalid
10-01 14:51:11.382 1158 1313 W GCM : GCM FAILED TO INITIALIZE - missing checkin
10-01 14:51:11.383 1158 1691 E GcmPushIntentOperation: Failed to subscribe to GCM: com.google.android.gms.cast
10-01 14:51:11.383 1158 1691 E GcmPushIntentOperation: java.io.IOException: AUTHENTICATION_FAILED
10-01 14:51:11.383 1158 1691 E GcmPushIntentOperation: at vov.b(:com.google.android.gms@11951434:39)
10-01 14:51:11.383 1158 1691 E GcmPushIntentOperation: at vov.a(:com.google.android.gms@11951434:46)
10-01 14:51:11.383 1158 1691 E GcmPushIntentOperation: at vos.b(:com.google.android.gms@11951434:11)
10-01 14:51:11.383 1158 1691 E GcmPushIntentOperation: at vos.a(:com.google.android.gms@11951434:29)
10-01 14:51:11.383 1158 1691 E GcmPushIntentOperation: at com.google.android.gms.phenotype.gcmpush.GcmPushIntentOperation.a(:com.google.android.gms@11951434:13)
10-01 14:51:11.383 1158 1691 E GcmPushIntentOperation: at com.google.android.gms.phenotype.gcmpush.GcmPushIntentOperation.onHandleIntent(:com.google.android.gms@11951434:6)
10-01 14:51:11.383 1158 1691 E GcmPushIntentOperation: at com.google.android.chimera.IntentOperation.onHandleIntent(:com.google.android.gms@11951434:2)
10-01 14:51:11.383 1158 1691 E GcmPushIntentOperation: at crr.run(:com.google.android.gms@11951434:10)
10-01 14:51:11.383 1158 1691 E GcmPushIntentOperation: at cro.run(:com.google.android.gms@11951434:9)
10-01 14:51:11.383 1158 1691 E GcmPushIntentOperation: at java.util.concurrent.ThreadPoolExecutor.runWorker(ThreadPoolExecutor.java:1113)
10-01 14:51:11.383 1158 1691 E GcmPushIntentOperation: at java.util.concurrent.ThreadPoolExecutor$Worker.run(ThreadPoolExecutor.java:588)
10-01 14:51:11.383 1158 1691 E GcmPushIntentOperation: at java.lang.Thread.run(Thread.java:818)
10-01 14:51:11.384 1013 1863 W MediaProvider: Missing volume for /system/media/audio/ringtones/Aquila.ogg; assuming invalid
10-01 14:51:11.385 219 320 E MetadataRetrieverClient: failed to extract an album art
10-01 14:51:11.386 1013 1863 W MediaProvider: Missing volume for /system/media/audio/ringtones/ArgoNavis.ogg; assuming invalid
10-01 14:51:11.388 1013 1863 W MediaProvider: Missing volume for /system/media/audio/ringtones/Atria.ogg; assuming invalid
10-01 14:51:11.390 1013 1863 W MediaProvider: Missing volume for /system/media/audio/ringtones/BOOTES.ogg; assuming invalid
10-01 14:51:11.392 1013 1863 W MediaProvider: Missing volume for /system/media/audio/ringtones/Backroad.ogg; assuming invalid
10-01 14:51:11.393 1013 1863 W MediaProvider: Missing volume for /system/media/audio/ringtones/BeatPlucker.ogg; assuming invalid
10-01 14:51:11.395 1013 1863 W MediaProvider: Missing volume for /system/media/audio/ringtones/BentleyDubs.ogg; assuming invalid
10-01 14:51:11.396 1013 1863 W MediaProvider: Missing volume for /system/media/audio/ringtones/Big_Easy.ogg; assuming invalid
10-01 14:51:11.398 1013 1863 W MediaProvider: Missing volume for /system/media/audio/ringtones/BirdLoop.ogg; assuming invalid
10-01 14:51:11.398 1158 1313 E GCM : Missing checkin config file
10-01 14:51:11.398 1158 1313 W GCM : GCM FAILED TO INITIALIZE - missing checkin
10-01 14:51:11.399 1158 1691 E GcmPushIntentOperation: Failed to subscribe to GCM: com.google.android.gms.mdns
10-01 14:51:11.399 1158 1691 E GcmPushIntentOperation: java.io.IOException: AUTHENTICATION_FAILED
10-01 14:51:11.399 1158 1691 E GcmPushIntentOperation: at vov.b(:com.google.android.gms@11951434:39)
10-01 14:51:11.399 1158 1691 E GcmPushIntentOperation: at vov.a(:com.google.android.gms@11951434:46)
10-01 14:51:11.399 1158 1691 E GcmPushIntentOperation: at vos.b(:com.google.android.gms@11951434:11)
10-01 14:51:11.399 1158 1691 E GcmPushIntentOperation: at vos.a(:com.google.android.gms@11951434:29)
10-01 14:51:11.399 1158 1691 E GcmPushIntentOperation: at com.google.android.gms.phenotype.gcmpush.GcmPushIntentOperation.a(:com.google.android.gms@11951434:13)
10-01 14:51:11.399 1158 1691 E GcmPushIntentOperation: at com.google.android.gms.phenotype.gcmpush.GcmPushIntentOperation.onHandleIntent(:com.google.android.gms@11951434:6)
10-01 14:51:11.399 1158 1691 E GcmPushIntentOperation: at com.google.android.chimera.IntentOperation.onHandleIntent(:com.google.android.gms@11951434:2)
10-01 14:51:11.399 1158 1691 E GcmPushIntentOperation: at crr.run(:com.google.android.gms@11951434:10)
10-01 14:51:11.399 1158 1691 E GcmPushIntentOperation: at cro.run(:com.google.android.gms@11951434:9)
10-01 14:51:11.399 1158 1691 E GcmPushIntentOperation: at java.util.concurrent.ThreadPoolExecutor.runWorker(ThreadPoolExecutor.java:1113)
10-01 14:51:11.399 1158 1691 E GcmPushIntentOperation: at java.util.concurrent.ThreadPoolExecutor$Worker.run(ThreadPoolExecutor.java:588)
10-01 14:51:11.399 1158 1691 E GcmPushIntentOperation: at java.lang.Thread.run(Thread.java:818)
10-01 14:51:11.400 1013 1863 W MediaProvider: Missing volume for /system/media/audio/ringtones/Bollywood.ogg; assuming invalid
10-01 14:51:11.402 1013 1863 W MediaProvider: Missing volume for /system/media/audio/ringtones/BussaMove.ogg; assuming invalid
10-01 14:51:11.404 1013 1863 W MediaProvider: Missing volume for /system/media/audio/ringtones/CANISMAJOR.ogg; assuming invalid
10-01 14:51:11.405 1013 1863 W MediaProvider: Missing volume for /system/media/audio/ringtones/CASSIOPEIA.ogg; assuming invalid
10-01 14:51:11.406 1013 1863 W MediaProvider: Missing volume for /system/media/audio/ringtones/Cairo.ogg; assuming invalid
10-01 14:51:11.408 1013 1863 W MediaProvider: Missing volume for /system/media/audio/ringtones/Calypso_Steel.ogg; assuming invalid
10-01 14:51:11.409 1013 1863 W MediaProvider: Missing volume for /system/media/audio/ringtones/CanisMajor.ogg; assuming invalid
10-01 14:51:11.411 1013 1863 W MediaProvider: Missing volume for /system/media/audio/ringtones/CaribbeanIce.ogg; assuming invalid
10-01 14:51:11.412 1013 1863 W MediaProvider: Missing volume for /system/media/audio/ringtones/Carina.ogg; assuming invalid
10-01 14:51:11.414 1158 1313 E GCM : Missing checkin config file
10-01 14:51:11.414 1158 1313 W GCM : GCM FAILED TO INITIALIZE - missing checkin
10-01 14:51:11.415 1013 1863 W MediaProvider: Missing volume for /system/media/audio/ringtones/Centaurus.ogg; assuming invalid
10-01 14:51:11.415 1158 1691 E GcmPushIntentOperation: Failed to subscribe to GCM: com.google.android.gms.trustagent
10-01 14:51:11.415 1158 1691 E GcmPushIntentOperation: java.io.IOException: AUTHENTICATION_FAILED
10-01 14:51:11.415 1158 1691 E GcmPushIntentOperation: at vov.b(:com.google.android.gms@11951434:39)
10-01 14:51:11.415 1158 1691 E GcmPushIntentOperation: at vov.a(:com.google.android.gms@11951434:46)
10-01 14:51:11.415 1158 1691 E GcmPushIntentOperation: at vos.b(:com.google.android.gms@11951434:11)
10-01 14:51:11.415 1158 1691 E GcmPushIntentOperation: at vos.a(:com.google.android.gms@11951434:29)
10-01 14:51:11.415 1158 1691 E GcmPushIntentOperation: at com.google.android.gms.phenotype.gcmpush.GcmPushIntentOperation.a(:com.google.android.gms@11951434:13)
10-01 14:51:11.415 1158 1691 E GcmPushIntentOperation: at com.google.android.gms.phenotype.gcmpush.GcmPushIntentOperation.onHandleIntent(:com.google.android.gms@11951434:6)
10-01 14:51:11.415 1158 1691 E GcmPushIntentOperation: at com.google.android.chimera.IntentOperation.onHandleIntent(:com.google.android.gms@11951434:2)
10-01 14:51:11.415 1158 1691 E GcmPushIntentOperation: at crr.run(:com.google.android.gms@11951434:10)
10-01 14:51:11.415 1158 1691 E GcmPushIntentOperation: at cro.run(:com.google.android.gms@11951434:9)
10-01 14:51:11.415 1158 1691 E GcmPushIntentOperation: at java.util.concurrent.ThreadPoolExecutor.runWorker(ThreadPoolExecutor.java:1113)
10-01 14:51:11.415 1158 1691 E GcmPushIntentOperation: at java.util.concurrent.ThreadPoolExecutor$Worker.run(ThreadPoolExecutor.java:588)
10-01 14:51:11.415 1158 1691 E GcmPushIntentOperation: at java.lang.Thread.run(Thread.java:818)
10-01 14:51:11.417 1013 1863 W MediaProvider: Missing volume for /system/media/audio/ringtones/Champagne_Edition.ogg; assuming invalid
10-01 14:51:11.419 1013 1863 W MediaProvider: Missing volume for /system/media/audio/ringtones/Club_Cubano.ogg; assuming invalid
10-01 14:51:11.420 1013 1863 W MediaProvider: Missing volume for /system/media/audio/ringtones/CrayonRock.ogg; assuming invalid
10-01 14:51:11.421 1013 1863 W MediaProvider: Missing volume for /system/media/audio/ringtones/CrazyDream.ogg; assuming invalid
10-01 14:51:11.423 1013 1863 W MediaProvider: Missing volume for /system/media/audio/ringtones/CurveBall.ogg; assuming invalid
10-01 14:51:11.424 1013 1863 W MediaProvider: Missing volume for /system/media/audio/ringtones/Cygnus.ogg; assuming invalid
10-01 14:51:11.426 1013 1863 W MediaProvider: Missing volume for /system/media/audio/ringtones/DancinFool.ogg; assuming invalid
10-01 14:51:11.427 1013 1863 W MediaProvider: Missing volume for /system/media/audio/ringtones/Ding.ogg; assuming invalid
10-01 14:51:11.429 1013 1863 W MediaProvider: Missing volume for /system/media/audio/ringtones/DonMessWivIt.ogg; assuming invalid
10-01 14:51:11.429 1158 1313 E GCM : Missing checkin config file
10-01 14:51:11.430 1158 1313 W GCM : GCM FAILED TO INITIALIZE - missing checkin
10-01 14:51:11.430 1158 1691 E GcmPushIntentOperation: Failed to subscribe to GCM: com.google.android.gms.devicedoctor
10-01 14:51:11.430 1158 1691 E GcmPushIntentOperation: java.io.IOException: AUTHENTICATION_FAILED
10-01 14:51:11.430 1158 1691 E GcmPushIntentOperation: at vov.b(:com.google.android.gms@11951434:39)
10-01 14:51:11.430 1158 1691 E GcmPushIntentOperation: at vov.a(:com.google.android.gms@11951434:46)
10-01 14:51:11.430 1158 1691 E GcmPushIntentOperation: at vos.b(:com.google.android.gms@11951434:11)
10-01 14:51:11.430 1158 1691 E GcmPushIntentOperation: at vos.a(:com.google.android.gms@11951434:29)
10-01 14:51:11.430 1158 1691 E GcmPushIntentOperation: at com.google.android.gms.phenotype.gcmpush.GcmPushIntentOperation.a(:com.google.android.gms@11951434:13)
10-01 14:51:11.430 1158 1691 E GcmPushIntentOperation: at com.google.android.gms.phenotype.gcmpush.GcmPushIntentOperation.onHandleIntent(:com.google.android.gms@11951434:6)
10-01 14:51:11.430 1158 1691 E GcmPushIntentOperation: at com.google.android.chimera.IntentOperation.onHandleIntent(:com.google.android.gms@11951434:2)
10-01 14:51:11.430 1158 1691 E GcmPushIntentOperation: at crr.run(:com.google.android.gms@11951434:10)
10-01 14:51:11.430 1158 1691 E GcmPushIntentOperation: at cro.run(:com.google.android.gms@11951434:9)
10-01 14:51:11.430 1158 1691 E GcmPushIntentOperation: at java.util.concurrent.ThreadPoolExecutor.runWorker(ThreadPoolExecutor.java:1113)
10-01 14:51:11.430 1158 1691 E GcmPushIntentOperation: at java.util.concurrent.ThreadPoolExecutor$Worker.run(ThreadPoolExecutor.java:588)
10-01 14:51:11.430 1158 1691 E GcmPushIntentOperation: at java.lang.Thread.run(Thread.java:818)
10-01 14:51:11.431 1013 1863 W MediaProvider: Missing volume for /system/media/audio/ringtones/Draco.ogg; assuming invalid
