10-01 14:50:27.309 542 575 W PackageManager: Not granting permission android.permission.SEND_DOWNLOAD_COMPLETED_INTENTS to package com.android.vending (protectionLevel=2 flags=0x38cabe45)
10-01 14:50:27.309 542 575 W PackageManager: Unknown permission android.permission.SEND_SMS_NO_CONFIRMATION in package com.android.vending
10-01 14:50:27.309 542 575 W PackageManager: Not granting permission android.permission.SET_PREFERRED_APPLICATIONS to package com.android.vending (protectionLevel=2 flags=0x38cabe45)
10-01 14:50:27.309 542 575 W PackageManager: Unknown permission android.permission.ACCESS_INSTANT_APPS in package com.android.vending
10-01 14:50:27.309 542 575 W PackageManager: Unknown permission com.google.android.partnersetup.permission.WRITE_APP_PROVIDER in package com.android.vending
10-01 14:50:27.309 542 575 W PackageManager: Unknown permission android.permission.ALLOCATE_AGGRESSIVE in package com.android.vending
10-01 14:50:27.310 542 575 W PackageManager: Unknown permission com.sec.android.provider.badge.permission.READ in package com.android.vending
10-01 14:50:27.310 542 575 W PackageManager: Unknown permission com.sec.android.provider.badge.permission.WRITE in package com.android.vending
10-01 14:50:27.310 542 575 W PackageManager: Unknown permission com.htc.launcher.permission.READ_SETTINGS in package com.android.vending
10-01 14:50:27.310 542 575 W PackageManager: Unknown permission com.htc.launcher.permission.UPDATE_SHORTCUT in package com.android.vending
10-01 14:50:27.310 542 575 W PackageManager: Unknown permission com.sonyericsson.home.permission.BROADCAST_BADGE in package com.android.vending
10-01 14:50:27.310 542 575 W PackageManager: Unknown permission com.sonymobile.home.permission.PROVIDER_INSERT_BADGE in package com.android.vending
10-01 14:50:27.310 542 575 W PackageManager: Unknown permission com.anddoes.launcher.permission.UPDATE_COUNT in package com.android.vending
10-01 14:50:27.310 542 575 W PackageManager: Unknown permission com.majeur.launcher.permission.UPDATE_BADGE in package com.android.vending
10-01 14:50:27.310 542 575 W PackageManager: Unknown permission com.huawei.android.launcher.permission.CHANGE_BADGE in package com.android.vending
10-01 14:50:27.310 542 575 W PackageManager: Unknown permission com.huawei.android.launcher.permission.READ_SETTINGS in package com.android.vending
10-01 14:50:27.310 542 575 W PackageManager: Unknown permission com.huawei.android.launcher.permission.WRITE_SETTINGS in package com.android.vending
10-01 14:50:27.310 542 575 W PackageManager: Unknown permission android.permission.READ_APP_BADGE in package com.android.vending
10-01 14:50:27.310 542 575 W PackageManager: Unknown permission com.oppo.launcher.permission.READ_SETTINGS in package com.android.vending
10-01 14:50:27.310 542 575 W PackageManager: Unknown permission com.oppo.launcher.permission.WRITE_SETTINGS in package com.android.vending
10-01 14:50:27.310 542 575 W PackageManager: Unknown permission org.chromium.arc.apkcacheprovider.permission.READ_CACHE in package com.android.vending
10-01 14:50:27.310 542 575 W PackageManager: Unknown permission org.chromium.arc.apkcacheprovider.permission.WRITE_CACHE in package com.android.vending
10-01 14:50:27.310 542 575 W PackageManager: Unknown permission android.Manifest.permission.SUBSTITUTE_NOTIFICATION_APP_NAME in package com.android.vending
10-01 14:50:27.311 542 575 W PackageManager: Not granting permission com.google.android.googleapps.permission.GOOGLE_AUTH.mail to package com.android.calendar (protectionLevel=2 flags=0x3089be45)
10-01 14:50:27.311 542 575 I PackageManager: Un-granting permission android.permission.SET_TIME from package com.onyx.android.startuptutorial (protectionLevel=18 flags=0x3888be45)
10-01 14:50:27.311 542 575 W PackageManager: Unknown permission com.android.launcher.permission.READ_SETTINGS in package com.android.onetimeinitializer
10-01 14:50:27.311 542 575 W PackageManager: Unknown permission com.android.launcher.permission.WRITE_SETTINGS in package com.android.onetimeinitializer
10-01 14:50:27.312 542 575 W PackageManager: Unknown permission com.onyx.android.dict.TOKEN_SEARCH in package com.onyx.kreader
10-01 14:50:27.312 542 575 W PackageManager: Not granting permission android.permission.DUMP to package com.onyx.android.data (protectionLevel=50 flags=0x3888be45)
10-01 14:50:27.312 542 575 W PackageManager: Unknown permission android.permission.MANAGE_SOUND_TRIGGER in package com.google.android.gms
10-01 14:50:27.312 542 575 W PackageManager: Unknown permission android.permission.DISPATCH_PROVISIONING_MESSAGE in package com.google.android.gms
10-01 14:50:27.312 542 575 W PackageManager: Unknown permission com.google.android.apps.enterprise.dmagent.permission.AutoSyncPermission in package com.google.android.gms
10-01 14:50:27.312 542 575 W PackageManager: Unknown permission android.permission.CONNECTIVITY_USE_RESTRICTED_NETWORKS in package com.google.android.gms
10-01 14:50:27.312 542 575 W PackageManager: Unknown permission android.permission.SEND_SMS_NO_CONFIRMATION in package com.google.android.gms
10-01 14:50:27.313 542 575 I PackageManager: Un-granting permission android.permission.BIND_NOTIFICATION_LISTENER_SERVICE from package com.google.android.gms (protectionLevel=2 flags=0xb8c83e45)
10-01 14:50:27.313 542 575 W PackageManager: Unknown permission com.google.android.googlequicksearchbox.permission.PAUSE_HOTWORD in package com.google.android.gms
10-01 14:50:27.313 542 575 W PackageManager: Unknown permission android.permission.TETHER_PRIVILEGED in package com.google.android.gms
10-01 14:50:27.313 542 575 W PackageManager: Unknown permission com.google.android.hangouts.START_HANGOUT in package com.google.android.gms
10-01 14:50:27.313 542 575 W PackageManager: Unknown permission android.permission.READ_OEM_UNLOCK_STATE in package com.google.android.gms
10-01 14:50:27.313 542 575 W PackageManager: Unknown permission com.google.android.permission.ACCESSIBILITY_SCAN_SERVICE in package com.google.android.gms
10-01 14:50:27.313 542 575 W PackageManager: Unknown permission android.permission.ACTIVITY_EMBEDDING in package com.google.android.gms
10-01 14:50:27.313 542 575 W PackageManager: Unknown permission android.permission.PROVIDE_RESOLVER_RANKER_SERVICE in package com.google.android.gms
10-01 14:50:27.313 542 575 W PackageManager: Unknown permission com.google.android.wearable.READ_SETTINGS in package com.google.android.gms
10-01 14:50:27.313 542 575 W PackageManager: Unknown permission android.permission.SUBSTITUTE_NOTIFICATION_APP_NAME in package com.google.android.gms
10-01 14:50:27.313 542 575 W PackageManager: Unknown permission android.permission.MANAGE_SUBSCRIPTION_PLANS in package com.google.android.gms
10-01 14:50:27.314 542 575 W PackageManager: Unknown permission com.google.android.gms.game.notifications.permission.WRITE in package com.google.android.gms
10-01 14:50:27.314 542 575 W PackageManager: Unknown permission com.google.android.launcher.permission.RECEIVE_LAUNCH_BROADCASTS in package com.google.android.gms
10-01 14:50:27.314 542 575 W PackageManager: Unknown permission com.google.android.gm.permission.READ_GMAIL in package com.google.android.gms
10-01 14:50:27.315 542 575 W PackageManager: Not granting permission android.permission.DELETE_PACKAGES to package com.svox.pico (protectionLevel=18 flags=0x3888be45)
10-01 14:50:27.315 542 575 W PackageManager: Unknown permission com.google.android.gallery3d.permission.PICASA_STORE in package com.android.dreams.phototable
10-01 14:50:27.316 542 575 W PackageManager: Not granting permission android.permission.CONTROL_KEYGUARD to package com.google.android.gsf.login (protectionLevel=2 flags=0x30c8be45)
10-01 14:50:27.316 542 575 W PackageManager: Unknown permission com.android.vending.billing.IBillingAccountService.BIND2 in package com.google.android.gsf.login
10-01 14:50:27.317 542 575 W PackageManager: Unknown permission com.android.chrome.TOS_ACKED in package com.google.android.gsf.login
10-01 14:50:27.318 542 575 W PackageManager: Unknown permission com.android.launcher.permission.READ_SETTINGS in package com.android.settings
10-01 14:50:27.319 542 575 W PackageManager: Unknown permission com.android.launcher.permission.WRITE_SETTINGS in package com.android.settings
10-01 14:50:27.323 542 575 I PackageManager: Un-granting permission android.permission.INSTALL_PACKAGES from package com.onyx.appmarket (protectionLevel=18 flags=0x38c8be45)
10-01 14:50:27.324 542 575 W PackageManager: Unknown permission com.google.android.gallery3d.permission.GALLERY_PROVIDER in package com.android.bluetooth
10-01 14:50:27.324 542 575 W PackageManager: Unknown permission com.android.gallery3d.permission.GALLERY_PROVIDER in package com.android.bluetooth
10-01 14:50:27.395 542 542 I SystemServer: LockSettingsService
10-01 14:50:27.396 542 575 W MountService: No primary storage mounted!
10-01 14:50:27.396 542 575 D VoldConnector: SND -> {2 asec list}
10-01 14:50:27.397 542 576 D VoldConnector: RCV <- {200 2 asec operation succeeded}
10-01 14:50:27.400 542 542 I SystemServiceManager: Starting com.android.server.DeviceIdleController
10-01 14:50:27.402 542 542 I SystemServiceManager: Starting com.android.server.devicepolicy.DevicePolicyManagerService$Lifecycle
10-01 14:50:27.405 542 575 I MountService: Running fstrim idle maintenance
10-01 14:50:27.405 542 542 I SystemServer: Status Bar
10-01 14:50:27.406 542 575 D VoldConnector: SND -> {3 fstrim dotrim}
10-01 14:50:27.406 542 576 D VoldConnector: RCV <- {200 3 Command succeeded}
10-01 14:50:27.406 191 578 D vold : Starting trim of /cache
10-01 14:50:27.407 542 542 I SystemServer: Clipboard Service
10-01 14:50:27.411 542 542 I SystemServer: NetworkManagement Service
10-01 14:50:27.415 542 542 I SystemServer: Text Service Manager Service
10-01 14:50:27.418 542 542 I SystemServer: Network Score Service
10-01 14:50:27.427 542 542 I SystemServer: NetworkStats Service
10-01 14:50:27.431 542 542 I SystemServer: NetworkPolicy Service
10-01 14:50:27.438 191 578 I vold : Trimmed 324796416 bytes on /cache in 31ms
10-01 14:50:27.438 542 542 I SystemServiceManager: Starting com.android.server.wifi.p2p.WifiP2pService
10-01 14:50:27.438 191 578 D vold : Starting trim of /metadata
10-01 14:50:27.439 542 576 D VoldConnector: RCV <- {662 /cache 324796416 31706791}
10-01 14:50:27.440 542 557 E VoldConnector: Error handling '662 /cache 324796416 31706791': java.lang.NullPointerException: Attempt to invoke virtual method 'void android.os.DropBoxManager.addText(java.lang.String, java.lang.String)' on a null object reference
10-01 14:50:27.507 191 578 I vold : Trimmed 12263424 bytes on /metadata in 68ms
10-01 14:50:27.507 191 578 D vold : Starting trim of /data
10-01 14:50:27.508 542 576 D VoldConnector: RCV <- {662 /metadata 12263424 68653084}
10-01 14:50:27.508 542 557 E VoldConnector: Error handling '662 /metadata 12263424 68653084': java.lang.NullPointerException: Attempt to invoke virtual method 'void android.os.DropBoxManager.addText(java.lang.String, java.lang.String)' on a null object reference
10-01 14:50:27.509 542 542 I SystemServiceManager: Starting com.android.server.wifi.WifiService
10-01 14:50:27.605 542 542 I SystemServiceManager: Starting com.android.server.wifi.WifiScanningService
10-01 14:50:27.607 542 542 I SystemServiceManager: Starting com.android.server.wifi.RttService
10-01 14:50:27.608 542 542 I SystemServiceManager: Starting com.android.server.ethernet.EthernetService
10-01 14:50:27.611 542 542 I SystemServer: Connectivity Service
10-01 14:50:27.613 542 542 D ConnectivityService: ConnectivityService starting up
10-01 14:50:27.615 542 542 D ConnectivityService: wifiOnly=false
10-01 14:50:27.615 542 542 E ConnectivityService: Ignoring protectedNetwork 10
10-01 14:50:27.615 542 542 E ConnectivityService: Ignoring protectedNetwork 11
10-01 14:50:27.615 542 542 E ConnectivityService: Ignoring protectedNetwork 12
10-01 14:50:27.615 542 542 E ConnectivityService: Ignoring protectedNetwork 14
10-01 14:50:27.619 542 542 I SystemServer: Network Service Discovery Service
10-01 14:50:27.621 542 542 D NsdService: Network service discovery enabled true
10-01 14:50:27.622 542 542 I SystemServer: UpdateLock Service
10-01 14:50:27.623 542 542 I SystemServiceManager: Starting com.android.server.notification.NotificationManagerService
10-01 14:50:27.634 542 542 I SystemServiceManager: Starting com.android.server.storage.DeviceStorageMonitorService
10-01 14:50:27.636 542 542 I SystemServer: Location Manager
10-01 14:50:27.638 542 542 I SystemServer: Country Detector
10-01 14:50:27.639 542 542 I SystemServer: Search Service
10-01 14:50:27.640 542 542 I SystemServer: DropBox Service
10-01 14:50:27.641 542 542 I SystemServer: Wallpaper Service
10-01 14:50:27.643 542 542 W WallpaperManagerService: no current wallpaper -- first boot?
10-01 14:50:27.644 542 542 I SystemServer: Audio Service
10-01 14:50:27.650 219 313 E AudioFlinger: no wake lock to update!
10-01 14:50:27.650 219 320 D PermissionCache: checking android.permission.MODIFY_AUDIO_SETTINGS for uid=1000 => granted (464 us)
10-01 14:50:27.666 542 542 I SystemServer: DockObserver
10-01 14:50:27.667 542 542 I SystemServiceManager: Starting com.android.server.DockObserver
10-01 14:50:27.667 542 542 W DockObserver: This kernel does not have dock station support
10-01 14:50:27.667 542 542 I SystemServer: Wired Accessory Manager
10-01 14:50:27.669 542 542 I SystemServiceManager: Starting com.android.server.usb.UsbService$Lifecycle
10-01 14:50:27.675 542 542 I SystemServer: Serial Service
10-01 14:50:27.676 542 542 I SystemServiceManager: Starting com.android.server.twilight.TwilightService
10-01 14:50:27.678 542 542 I SystemServiceManager: Starting com.android.server.job.JobSchedulerService
10-01 14:50:27.684 542 542 I SystemServiceManager: Starting com.android.server.backup.BackupManagerService$Lifecycle
10-01 14:50:27.685 542 542 I SystemServiceManager: Starting com.android.server.appwidget.AppWidgetService
10-01 14:50:27.687 542 542 I SystemServiceManager: Starting com.android.server.voiceinteraction.VoiceInteractionManagerService
10-01 14:50:27.688 219 592 D PermissionCache: checking android.permission.CAPTURE_AUDIO_HOTWORD for uid=1000 => granted (128 us)
10-01 14:50:27.688 542 542 W SoundTriggerHelper: listModules status=0, # of modules=0
10-01 14:50:27.689 542 542 I SystemServer: DiskStats Service
10-01 14:50:27.690 542 542 I SystemServer: SamplingProfiler Service
10-01 14:50:27.711 542 542 I SystemServer: NetworkTimeUpdateService
10-01 14:50:27.711 542 542 I SystemServer: CommonTimeManagementService
10-01 14:50:27.712 542 542 I SystemServer: CertBlacklister
10-01 14:50:27.713 542 542 I SystemServiceManager: Starting com.android.server.dreams.DreamManagerService
10-01 14:50:27.714 542 542 I SystemServer: Assets Atlas Service
10-01 14:50:27.717 542 593 I chatty : uid=1000 system_server expire 6 lines
10-01 14:50:27.718 542 542 I SystemServiceManager: Starting com.android.server.restrictions.RestrictionsManagerService
10-01 14:50:27.719 542 594 I chatty : uid=1000 system_server expire 1 line
10-01 14:50:27.719 542 595 I chatty : uid=1000 system_server expire 1 line
10-01 14:50:27.720 542 596 I chatty : uid=1000 system_server expire 1 line
10-01 14:50:27.721 542 597 I chatty : uid=1000 system_server expire 1 line
10-01 14:50:27.773 542 542 I SystemServiceManager: Starting com.android.server.media.MediaSessionService
10-01 14:50:27.782 542 542 I SystemServer: Media Router Service
10-01 14:50:27.788 542 542 I SystemServer: DisplayDeviceManagementService Service
10-01 14:50:27.790 542 542 I SystemServiceManager: Starting com.android.server.trust.TrustManagerService
10-01 14:50:27.793 542 542 I SystemServiceManager: Starting com.android.server.fingerprint.FingerprintService
10-01 14:50:27.796 542 542 W FingerprintService: fingerprint service not available
10-01 14:50:27.796 542 542 V FingerprintService: Fingerprint HAL id: 0
10-01 14:50:27.796 542 542 I SystemServer: BackgroundDexOptService
10-01 14:50:27.797 542 542 I SystemServiceManager: Starting com.android.server.pm.LauncherAppsService
10-01 14:50:27.799 542 542 I SystemServiceManager: Starting com.android.server.media.projection.MediaProjectionManagerService
10-01 14:50:27.801 542 583 I chatty : uid=1000(system) WifiStateMachin expire 3 lines
10-01 14:50:27.803 542 542 I SystemServer: begin detectSafeMode
10-01 14:50:27.803 542 542 W WindowManager: safemode detected disabled by config
10-01 14:50:27.803 542 542 I SystemServer: end detectSafeMode
10-01 14:50:27.804 542 542 I SystemServiceManager: Starting com.android.server.MmsServiceBroker
10-01 14:50:27.805 542 542 I SystemServer: vibrator.systemReady
10-01 14:50:27.807 542 542 I SystemServer: lockSettings.systemReady
10-01 14:50:27.971 542 542 I LockSettingsService: Migrated lock settings to new location
10-01 14:50:27.982 542 542 I LockSettingsService: Migrated per-user lock settings to new location
10-01 14:50:27.991 542 542 I LockSettingsService: Migrated biometric weak to use the fallback instead
10-01 14:50:27.996 542 542 I LockSettingsService: Migrated lockscreen disabled flag
10-01 14:50:27.998 542 542 E LockSettingsStorage: Cannot read file java.io.FileNotFoundException: /data/system/gatekeeper.password.key: open failed: ENOENT (No such file or directory)
10-01 14:50:27.999 542 542 E LockSettingsStorage: Cannot read file java.io.FileNotFoundException: /data/system/password.key: open failed: ENOENT (No such file or directory)
10-01 14:50:27.999 542 542 E LockSettingsStorage: Cannot read file java.io.FileNotFoundException: /data/system/gatekeeper.pattern.key: open failed: ENOENT (No such file or directory)
10-01 14:50:27.999 542 542 E LockSettingsStorage: Cannot read file java.io.FileNotFoundException: /data/system/gatekeeper.gesture.key: open failed: ENOENT (No such file or directory)
10-01 14:50:27.999 542 542 E LockSettingsStorage: Cannot read file java.io.FileNotFoundException: /data/system/gesture.key: open failed: ENOENT (No such file or directory)
10-01 14:50:27.999 542 542 I SystemServer: PHASE_LOCK_SETTINGS_READY
10-01 14:50:27.999 542 542 I SystemServiceManager: Starting phase 480
10-01 14:50:28.011 542 542 I SystemServer: PHASE_SYSTEM_SERVICES_READY
10-01 14:50:28.011 542 542 I SystemServiceManager: Starting phase 500
10-01 14:50:28.025 542 542 I WifiService: WifiService starting up with Wi-Fi disabled
10-01 14:50:28.037 542 584 D WifiService: New client listening to asynchronous messages
10-01 14:50:28.044 542 585 D ConnectivityService: Got NetworkFactory Messenger for Ethernet
10-01 14:50:28.045 542 612 I chatty : uid=1000(system) EthernetService expire 1 line
10-01 14:50:28.055 542 542 V BackupManagerService: No ancestral data
10-01 14:50:28.077 542 542 V KeyValueBackupJob: Scheduling k/v pass in 248 minutes
10-01 14:50:28.091 542 542 V BackupManagerService: Starting with transport android/com.android.internal.backup.LocalTransport
10-01 14:50:28.091 542 542 V BackupManagerService: Found transports: 2
10-01 14:50:28.091 542 542 W BackupManagerService: Proposed transport ComponentInfo{android/com.android.internal.backup.LocalTransportService} not whitelisted; ignoring
10-01 14:50:28.092 542 542 W BackupManagerService: Proposed transport ComponentInfo{com.google.android.gms/com.google.android.gms.backup.BackupTransportService} not whitelisted; ignoring
10-01 14:50:28.093 542 542 I SystemServer: wm.systemReady
10-01 14:50:28.094 542 542 I SystemServer: mPowerManagerService.systemReady
10-01 14:50:28.097 542 542 D pms : ######### IDLE mode delay time:3000
10-01 14:50:28.097 542 559 I chatty : uid=1000(system) android.io expire 1 line
10-01 14:50:28.102 542 542 I pms : update StandbyTimeout [300000]
10-01 14:50:28.102 542 542 I pms : update Auto Poweroff Timeout [900000]
10-01 14:50:28.102 542 542 I SystemServer: mPackageManagerService.systemReady
10-01 14:50:28.103 542 542 D VoldConnector: SND -> {4 volume remount_uid 1001 none}
10-01 14:50:28.104 191 207 D vold : Remounting 1001 as mode none
10-01 14:50:28.107 542 576 D VoldConnector: RCV <- {200 4 Command succeeded}
10-01 14:50:28.107 542 542 D VoldConnector: SND -> {5 volume remount_uid 1001 none}
10-01 14:50:28.107 191 207 D vold : Remounting 1001 as mode none
10-01 14:50:28.108 542 562 W KeyguardServiceDelegate: onScreenTurningOn(): no keyguard service!
10-01 14:50:28.110 542 576 D VoldConnector: RCV <- {200 5 Command succeeded}
10-01 14:50:28.113 542 542 D VoldConnector: SND -> {6 volume remount_uid 2000 none}
10-01 14:50:28.113 191 207 D vold : Remounting 2000 as mode none
10-01 14:50:28.115 191 207 D vold : Found matching PID 188
10-01 14:50:28.116 191 207 W vold : Skipping due to root namespace
10-01 14:50:28.116 542 576 D VoldConnector: RCV <- {200 6 Command succeeded}
10-01 14:50:28.116 542 542 D VoldConnector: SND -> {7 volume remount_uid 2000 none}
10-01 14:50:28.116 191 207 D vold : Remounting 2000 as mode none
10-01 14:50:28.118 191 207 D vold : Found matching PID 188
10-01 14:50:28.118 191 207 W vold : Skipping due to root namespace
10-01 14:50:28.118 542 576 D VoldConnector: RCV <- {200 7 Command succeeded}
10-01 14:50:28.119 542 542 D VoldConnector: SND -> {8 volume remount_uid 10014 none}
10-01 14:50:28.119 191 207 D vold : Remounting 10014 as mode none
10-01 14:50:28.121 542 576 D VoldConnector: RCV <- {200 8 Command succeeded}
10-01 14:50:28.121 542 542 D VoldConnector: SND -> {9 volume remount_uid 10014 none}
10-01 14:50:28.121 191 207 D vold : Remounting 10014 as mode none
10-01 14:50:28.126 542 576 D VoldConnector: RCV <- {200 9 Command succeeded}
10-01 14:50:28.126 542 542 D VoldConnector: SND -> {10 volume remount_uid 1002 none}
10-01 14:50:28.127 191 207 D vold : Remounting 1002 as mode none
10-01 14:50:28.129 542 576 D VoldConnector: RCV <- {200 10 Command succeeded}
10-01 14:50:28.129 542 542 D VoldConnector: SND -> {11 volume remount_uid 1002 none}
10-01 14:50:28.129 191 207 D vold : Remounting 1002 as mode none
10-01 14:50:28.131 542 576 D VoldConnector: RCV <- {200 11 Command succeeded}
10-01 14:50:28.132 542 542 W VoiceInteractionManagerService: no available voice interaction services found for user 0
10-01 14:50:28.132 542 542 W VoiceInteractionManagerService: no available voice interaction services found for user 0
10-01 14:50:28.132 542 542 W VoiceInteractionManagerService: no available voice recognition services found for user 0
10-01 14:50:28.132 542 542 D VoldConnector: SND -> {12 volume remount_uid 10009 none}
10-01 14:50:28.132 191 207 D vold : Remounting 10009 as mode none
10-01 14:50:28.136 542 576 D VoldConnector: RCV <- {200 12 Command succeeded}
10-01 14:50:28.136 542 542 D VoldConnector: SND -> {13 volume remount_uid 10010 none}
10-01 14:50:28.137 191 207 D vold : Remounting 10010 as mode none
10-01 14:50:28.139 542 576 D VoldConnector: RCV <- {200 13 Command succeeded}
10-01 14:50:28.139 542 542 D VoldConnector: SND -> {14 volume remount_uid 10010 none}
10-01 14:50:28.139 191 207 D vold : Remounting 10010 as mode none
10-01 14:50:28.141 542 576 D VoldConnector: RCV <- {200 14 Command succeeded}
10-01 14:50:28.142 542 542 D VoldConnector: SND -> {15 volume remount_uid 10004 none}
10-01 14:50:28.142 191 207 D vold : Remounting 10004 as mode none
10-01 14:50:28.144 542 576 D VoldConnector: RCV <- {200 15 Command succeeded}
10-01 14:50:28.144 542 542 D VoldConnector: SND -> {16 volume remount_uid 10004 none}
10-01 14:50:28.145 191 207 D vold : Remounting 10004 as mode none
10-01 14:50:28.148 542 576 D VoldConnector: RCV <- {200 16 Command succeeded}
10-01 14:50:28.148 542 542 D VoldConnector: SND -> {17 volume remount_uid 10005 none}
10-01 14:50:28.149 191 207 D vold : Remounting 10005 as mode none
10-01 14:50:28.151 542 576 D VoldConnector: RCV <- {200 17 Command succeeded}
10-01 14:50:28.151 542 542 D VoldConnector: SND -> {18 volume remount_uid 10005 none}
10-01 14:50:28.151 191 207 D vold : Remounting 10005 as mode none
10-01 14:50:28.153 542 576 D VoldConnector: RCV <- {200 18 Command succeeded}
10-01 14:50:28.154 542 542 D VoldConnector: SND -> {19 volume remount_uid 10001 none}
10-01 14:50:28.154 191 207 D vold : Remounting 10001 as mode none
10-01 14:50:28.156 542 576 D VoldConnector: RCV <- {200 19 Command succeeded}
10-01 14:50:28.157 542 542 D VoldConnector: SND -> {20 volume remount_uid 10001 none}
10-01 14:50:28.158 191 207 D vold : Remounting 10001 as mode none
10-01 14:50:28.161 542 576 D VoldConnector: RCV <- {200 20 Command succeeded}
10-01 14:50:28.164 542 542 I SystemServer: mDisplayManagerService.systemReady
10-01 14:50:28.171 542 542 I ActivityManager: Pre-boot of {com.android.providers.calendar/com.android.providers.calendar.CalendarUpgradeReceiver} for user 0
10-01 14:50:28.183 542 555 I chatty : uid=1000(system) ActivityManager expire 11 lines
10-01 14:50:28.194 542 555 I ActivityManager: Start proc 616:com.android.providers.calendar/u0a1 for broadcast com.android.providers.calendar/.CalendarUpgradeReceiver
10-01 14:50:28.198 542 611 I chatty : uid=1000(system) WifiRttService expire 1 line
10-01 14:50:28.213 542 553 I ActivityManager: Launching preboot mode app: ProcessRecord{53756f1 616:com.android.providers.calendar/u0a1}
10-01 14:50:28.236 191 578 I vold : Trimmed 13267443712 bytes on /data in 728ms
10-01 14:50:28.236 191 578 D vold : Starting trim of none
10-01 14:50:28.236 191 578 W vold : Failed to open none: No such file or directory
10-01 14:50:28.236 191 578 D vold : Starting trim of /vendor
10-01 14:50:28.236 542 576 D VoldConnector: RCV <- {662 /data 13267443712 728346500}
10-01 14:50:28.248 191 578 I vold : Trimmed 12247040 bytes on /vendor in 12ms
10-01 14:50:28.249 542 576 D VoldConnector: RCV <- {662 /vendor 12247040 12442500}
10-01 14:50:28.300 616 616 I viders.calendar: type=1400 audit(0.0:35): avc: denied { read } for name="lib" dev="mmcblk0p13" ino=13 scontext=u:r:untrusted_app:s0:c512,c768 tcontext=u:object_r:unlabeled:s0 tclass=lnk_file permissive=1
10-01 14:50:28.313 616 616 W System : ClassLoader referenced unknown path: /system/priv-app/CalendarProvider/lib/arm
10-01 14:50:28.337 542 553 I ActivityManager: Pre-boot of {com.android.providers.contacts/com.android.providers.contacts.ContactsUpgradeReceiver} for user 0
10-01 14:50:28.348 542 553 I ActivityManager: Start proc 632:android.process.acore/u0a2 for broadcast com.android.providers.contacts/.ContactsUpgradeReceiver
10-01 14:50:28.361 542 552 I ActivityManager: Launching preboot mode app: ProcessRecord{473a2d6 632:android.process.acore/u0a2}
10-01 14:50:28.409 632 632 W System : ClassLoader referenced unknown path: /system/priv-app/ContactsProvider/lib/arm
10-01 14:50:28.437 632 632 I ContactsUpgradeReceiver: Creating or opening contacts database
10-01 14:50:28.459 632 632 I ContactsDatabaseHelper: Bootstrapping database version: 1011
10-01 14:50:28.505 632 632 I ContactsProviderV1: Bootstrapping database legacy support
10-01 14:50:28.612 632 632 I ContactsDatabaseHelper: Bootstrapping database version: 1011
10-01 14:50:28.653 632 632 I ContactsProviderV1: Bootstrapping database legacy support
10-01 14:50:28.747 632 632 I ContactsProvider: Locale has changed from null to zh-CN
10-01 14:50:28.748 632 632 I ContactsDatabaseHelper: Switching to locale zh-CN (ICU v55.1)
10-01 14:50:28.800 632 632 I ContactsDatabaseHelper: Locale change completed in 52ms
10-01 14:50:28.801 632 632 I ContactsDatabaseHelper: Switching to locale zh-CN (ICU v55.1)
10-01 14:50:28.849 632 632 I ContactsDatabaseHelper: Locale change completed in 48ms
10-01 14:50:28.921 542 630 I ActivityManager: Pre-boot of {com.google.android.gsf/com.google.android.gsf.loginservice.MigrateToAccountManagerBroadcastReceiver} for user 0
10-01 14:50:28.933 542 630 I ActivityManager: Start proc 646:com.google.process.gapps/u0a6 for broadcast com.google.android.gsf/.loginservice.MigrateToAccountManagerBroadcastReceiver
10-01 14:50:28.941 542 629 I ActivityManager: Launching preboot mode app: ProcessRecord{85db957 646:com.google.process.gapps/u0a6}
10-01 14:50:29.021 646 646 I chatty : uid=10006(com.google.android.gms) expire 4 lines
10-01 14:50:29.029 542 630 I ActivityManager: Pre-boot of {com.android.managedprovisioning/com.android.managedprovisioning.PreBootListener} for user 0
10-01 14:50:29.040 542 630 I ActivityManager: Start proc 659:com.android.managedprovisioning/u0a7 for broadcast com.android.managedprovisioning/.PreBootListener
10-01 14:50:29.052 542 552 I ActivityManager: Launching preboot mode app: ProcessRecord{eaa9c44 659:com.android.managedprovisioning/u0a7}
10-01 14:50:29.100 659 659 I gedprovisioning: type=1400 audit(0.0:36): avc: denied { read } for name="lib" dev="mmcblk0p13" ino=13 scontext=u:r:platform_app:s0:c512,c768 tcontext=u:object_r:unlabeled:s0 tclass=lnk_file permissive=1
10-01 14:50:29.108 542 556 W WindowManager: Keyguard drawn timeout. Setting mKeyguardDrawComplete
10-01 14:50:29.109 659 659 W System : ClassLoader referenced unknown path: /system/priv-app/ManagedProvisioning/lib/arm
10-01 14:50:29.112 542 553 I ActivityManager: Pre-boot of {com.android.providers.media/com.android.providers.media.MediaUpgradeReceiver} for user 0
10-01 14:50:29.123 542 553 I ActivityManager: Start proc 671:android.process.media/u0a4 for broadcast com.android.providers.media/.MediaUpgradeReceiver
10-01 14:50:29.135 542 552 I ActivityManager: Launching preboot mode app: ProcessRecord{ad9712d 671:android.process.media/u0a4}
10-01 14:50:29.199 671 671 W System : ClassLoader referenced unknown path: /system/priv-app/MediaProvider/lib/arm
10-01 14:50:29.221 542 553 I ActivityManager: Pre-boot of {com.android.settings/com.android.settings.ManagedProfileSetup} for user 0
10-01 14:50:29.233 542 553 I ActivityManager: Start proc 684:com.android.settings/1000 for broadcast com.android.settings/.ManagedProfileSetup
10-01 14:50:29.245 542 630 I ActivityManager: Launching preboot mode app: ProcessRecord{4df1662 684:com.android.settings/1000}
10-01 14:50:29.340 684 684 I chatty : uid=1000(system) com.android.settings expire 2 lines
10-01 14:50:29.429 542 555 D ActivityManager: OK, system ready!
10-01 14:50:29.430 542 555 I ActivityManager: Removing system update proc: ProcessRecord{53756f1 616:com.android.providers.calendar/u0a1}
10-01 14:50:29.430 542 555 I ActivityManager: Killing 616:com.android.providers.calendar/u0a1 (adj 13): system update done
10-01 14:50:29.477 542 555 I ActivityManager: Removing system update proc: ProcessRecord{473a2d6 632:android.process.acore/u0a2}
10-01 14:50:29.477 542 555 I ActivityManager: Killing 632:android.process.acore/u0a2 (adj 13): system update done
10-01 14:50:29.584 542 555 I ActivityManager: Removing system update proc: ProcessRecord{85db957 646:com.google.process.gapps/u0a6}
10-01 14:50:29.584 542 555 I ActivityManager: Killing 646:com.google.process.gapps/u0a6 (adj 11): system update done
10-01 14:50:29.641 542 555 I ActivityManager: Removing system update proc: ProcessRecord{eaa9c44 659:com.android.managedprovisioning/u0a7}
10-01 14:50:29.641 542 555 I ActivityManager: Killing 659:com.android.managedprovisioning/u0a7 (adj 11): system update done
10-01 14:50:29.799 542 555 I ActivityManager: Removing system update proc: ProcessRecord{ad9712d 671:android.process.media/u0a4}
10-01 14:50:29.799 542 555 I ActivityManager: Killing 671:android.process.media/u0a4 (adj 9): system update done
10-01 14:50:29.866 542 555 I ActivityManager: Removing system update proc: ProcessRecord{4df1662 684:com.android.settings/1000}
10-01 14:50:29.866 542 555 I ActivityManager: Killing 684:com.android.settings/1000 (adj 9): system update done
10-01 14:50:29.980 542 555 I ActivityManager: System now ready
10-01 14:50:29.980 542 629 W ActivityManager: Spurious death for ProcessRecord{53756f1 0:com.android.providers.calendar/u0a1}, curProc for 616: null
10-01 14:50:29.980 542 630 W ActivityManager: Spurious death for ProcessRecord{473a2d6 0:android.process.acore/u0a2}, curProc for 632: null
10-01 14:50:29.980 542 553 W ActivityManager: Spurious death for ProcessRecord{85db957 0:com.google.process.gapps/u0a6}, curProc for 646: null
10-01 14:50:29.980 542 696 W ActivityManager: Spurious death for ProcessRecord{eaa9c44 0:com.android.managedprovisioning/u0a7}, curProc for 659: null
10-01 14:50:29.980 542 552 W ActivityManager: Spurious death for ProcessRecord{ad9712d 0:android.process.media/u0a4}, curProc for 671: null
10-01 14:50:29.980 542 698 W ActivityManager: Spurious death for ProcessRecord{4df1662 0:com.android.settings/1000}, curProc for 684: null
10-01 14:50:29.983 542 555 D MountService: onStartUser 0
10-01 14:50:29.984 542 555 D VoldConnector: SND -> {21 volume user_started 0}
10-01 14:50:29.984 542 576 D VoldConnector: RCV <- {200 21 Command succeeded}
10-01 14:50:29.984 542 555 W VoiceInteractionManagerService: no available voice interaction services found for user 0
10-01 14:50:29.984 542 555 W VoiceInteractionManagerService: no available voice interaction services found for user 0
10-01 14:50:29.985 542 555 W VoiceInteractionManagerService: no available voice recognition services found for user 0
10-01 14:50:29.996 542 555 I ActivityManager: Start proc 701:com.android.phone/1001 for added application com.android.phone
10-01 14:50:30.007 542 555 I ActivityManager: Start proc 712:com.android.systemui/u0a14 for added application com.android.systemui
10-01 14:50:30.008 542 555 I ActivityManager: START u0 {act=android.intent.action.MAIN cat=[android.intent.category.HOME] flg=0x10000000 cmp=com.android.settings/.CryptKeeper} from uid 0 on display 0
10-01 14:50:30.030 542 555 I ActivityManager: Start proc 725:com.android.settings:CryptKeeper/1000 for activity com.android.settings/.CryptKeeper
10-01 14:50:30.032 542 555 I SystemServer: Making services ready
10-01 14:50:30.032 542 555 I SystemServiceManager: Starting phase 550
10-01 14:50:30.036 542 575 D MountService: Thinking about reset, mSystemReady=true, mDaemonConnected=true
10-01 14:50:30.036 542 575 D VoldConnector: SND -> {22 volume reset}
10-01 14:50:30.037 542 576 D VoldConnector: RCV <- {651 emulated 7}
10-01 14:50:30.037 542 576 D VoldConnector: RCV <- {659 emulated}
10-01 14:50:30.038 542 576 D VoldConnector: RCV <- {650 emulated 2 "" ""}
10-01 14:50:30.038 542 576 D VoldConnector: RCV <- {651 emulated 0}
10-01 14:50:30.038 542 576 D VoldConnector: RCV <- {200 22 Command succeeded}
10-01 14:50:30.040 542 575 D VoldConnector: SND -> {23 volume user_added 0 0}
10-01 14:50:30.040 542 576 D VoldConnector: RCV <- {200 23 Command succeeded}
10-01 14:50:30.041 542 555 D UsbAlsaManager: Adding ALSA device AlsaDevice: [card: 0, device: 1, type: 1]
10-01 14:50:30.041 542 555 D UsbAlsaManager: Adding ALSA device AlsaDevice: [card: 0, device: 0, type: 1]
10-01 14:50:30.042 542 555 D UsbAlsaManager: Adding ALSA device AlsaDevice: [card: 0, device: 1, type: 2]
10-01 14:50:30.042 542 555 D UsbAlsaManager: Adding ALSA device AlsaDevice: [card: 0, device: 0, type: 2]
10-01 14:50:30.042 542 555 D UsbAlsaManager: Adding ALSA device AlsaDevice: [card: 1, device: 0, type: 1]
10-01 14:50:30.042 542 575 D VoldConnector: SND -> {24 volume user_started 0}
10-01 14:50:30.044 542 576 D VoldConnector: RCV <- {200 24 Command succeeded}
10-01 14:50:30.045 542 557 V MountService: Found primary storage at VolumeInfo{emulated}:
10-01 14:50:30.045 542 557 V MountService: type=EMULATED diskId=null partGuid=null mountFlags=0 mountUserId=-1
10-01 14:50:30.045 542 557 V MountService: state=UNMOUNTED
10-01 14:50:30.045 542 557 V MountService: fsType=null fsUuid=null fsLabel=null
10-01 14:50:30.045 542 557 V MountService: path=null internalPath=null
10-01 14:50:30.050 736 736 I chatty : uid=0(root) /system/bin/sdcard expire 1 line
10-01 14:50:30.050 701 701 I m.android.phone: type=1400 audit(0.0:39): avc: denied { read } for name="lib" dev="mmcblk0p13" ino=13 scontext=u:r:radio:s0 tcontext=u:object_r:unlabeled:s0 tclass=lnk_file permissive=1
10-01 14:50:30.051 542 575 D VoldConnector: SND -> {25 volume mount emulated 3 -1}
10-01 14:50:30.052 191 207 V vold : Waiting for FUSE to spin up...
10-01 14:50:30.053 542 576 D VoldConnector: RCV <- {651 emulated 1}
10-01 14:50:30.053 542 576 D VoldConnector: RCV <- {656 emulated /data/media}
10-01 14:50:30.053 542 576 D VoldConnector: RCV <- {655 emulated /storage/emulated}
10-01 14:50:30.056 542 555 I SystemServer: WebViewFactory preparation
10-01 14:50:30.060 701 701 W System : ClassLoader referenced unknown path: /system/priv-app/TeleService/lib/arm
10-01 14:50:30.065 542 552 W ContextImpl: Calling a method in the system process without a qualified user: android.app.ContextImpl.sendBroadcast:763 android.onyx.BroadcastHelper.sendActivityResume:370 com.android.server.am.ActivityManagerService.onActivityResumed:21088 com.android.server.am.ActivityStack.completeResumeLocked:1167 com.android.server.am.ActivityStack.minimalResumeActivityLocked:677
10-01 14:50:30.080 746 746 I chatty : uid=0(root) sh expire 1 line
10-01 14:50:30.080 542 555 I ActivityManager: Start proc 741:WebViewLoader-armeabi-v7a/1037 [android.webkit.WebViewFactory$RelroFileCreator] for
10-01 14:50:30.082 542 555 D NetworkManagement: enabling bandwidth control
10-01 14:50:30.087 712 712 W System : ClassLoader referenced unknown path: /system/priv-app/SystemUI/lib/arm
10-01 14:50:30.088 725 725 I chatty : uid=1000(system) expire 2 lines
10-01 14:50:30.102 191 207 V vold : Waiting for FUSE to spin up...
10-01 14:50:30.103 741 741 V WebViewFactory: RelroFileCreator (64bit = false), 32-bit lib: /system/app/webview/webview.apk!/lib/armeabi-v7a/libwebviewchromium.so, 64-bit lib:
10-01 14:50:30.106 542 740 I ActivityManager: Start proc 752:android.process.acore/u0a2 for content provider com.android.providers.contacts/.CallLogProvider
10-01 14:50:30.111 701 701 W System : ClassLoader referenced unknown path: /system/priv-app/TelephonyProvider/lib/arm
10-01 14:50:30.112 542 542 I Telecom : Class: TelecomSystem.INSTANCE being set
10-01 14:50:30.112 542 542 W ContextImpl: Calling a method in the system process without a qualified user: android.app.ContextImpl.startService:1221 android.content.ContextWrapper.startService:581 com.android.server.telecom.components.TelecomService.initializeTelecomSystem:107 com.android.server.telecom.components.TelecomService.onBind:46 android.app.ActivityThread.handleBindService:2904
10-01 14:50:30.154 542 576 D VoldConnector: RCV <- {651 emulated 2}
10-01 14:50:30.155 191 207 D vold : Linking /storage/emulated/0 to /mnt/user/0/primary
10-01 14:50:30.155 542 576 D VoldConnector: RCV <- {200 25 Command succeeded}
10-01 14:50:30.183 542 575 D MountService: Volume emulated broadcasting checking to UserHandle{0}
10-01 14:50:30.183 542 575 D MountService: Volume emulated broadcasting mounted to UserHandle{0}
10-01 14:50:30.194 752 752 W System : ClassLoader referenced unknown path: /system/priv-app/ContactsProvider/lib/arm
10-01 14:50:30.204 542 542 I Telecom : PhoneAccountRegistrar: SimCallManager queried, returning: null
10-01 14:50:30.225 752 752 W System : ClassLoader referenced unknown path: /system/app/UserDictionaryProvider/lib/arm
10-01 14:50:30.324 712 712 V SystemUIService: Starting SystemUI services.
10-01 14:50:30.343 542 630 W ContextImpl: Calling a method in the system process without a qualified user: android.app.ContextImpl.sendBroadcast:763 android.onyx.BroadcastHelper.sendActivityPause:377 com.android.server.am.ActivityManagerService.onActivityPaused:21109 com.android.server.am.ActivityStack.activityPausedLocked:944 com.android.server.am.ActivityManagerService.activityPaused:6808
10-01 14:50:30.360 712 712 I ndroid.systemui: type=1400 audit(0.0:41): avc: denied { read } for name="lib" dev="mmcblk0p13" ino=13 scontext=u:r:platform_app:s0:c512,c768 tcontext=u:object_r:unlabeled:s0 tclass=lnk_file permissive=1
10-01 14:50:30.423 216 531 I chatty : uid=0(root) /system/bin/netd expire 24 lines
10-01 14:50:30.486 216 531 I iptables: iptables: No chain/target/match by that name.
10-01 14:50:30.487 216 531 I iptables: iptables terminated by exit(1)
10-01 14:50:30.487 216 531 E Netd : exec() res=0, status=256 for /system/bin/iptables -w -X st_penalty_log
10-01 14:50:30.494 216 531 I ip6tables: ip6tables: No chain/target/match by that name.
10-01 14:50:30.494 216 531 I ip6tables: ip6tables terminated by exit(1)
10-01 14:50:30.494 216 531 E Netd : exec() res=0, status=256 for /system/bin/ip6tables -w -X st_penalty_log
10-01 14:50:30.501 216 531 I iptables: iptables: No chain/target/match by that name.
10-01 14:50:30.502 216 531 I iptables: iptables terminated by exit(1)
10-01 14:50:30.502 216 531 E Netd : exec() res=0, status=256 for /system/bin/iptables -w -X st_penalty_reject
10-01 14:50:30.509 216 531 I ip6tables: ip6tables: No chain/target/match by that name.
10-01 14:50:30.509 216 531 I ip6tables: ip6tables terminated by exit(1)
10-01 14:50:30.509 216 531 E Netd : exec() res=0, status=256 for /system/bin/ip6tables -w -X st_penalty_reject
10-01 14:50:30.516 216 531 I iptables: iptables: No chain/target/match by that name.
10-01 14:50:30.516 216 531 I iptables: iptables terminated by exit(1)
10-01 14:50:30.517 216 531 E Netd : exec() res=0, status=256 for /system/bin/iptables -w -X st_clear_caught
10-01 14:50:30.524 216 531 I ip6tables: ip6tables: No chain/target/match by that name.
10-01 14:50:30.524 216 531 I ip6tables: ip6tables terminated by exit(1)
10-01 14:50:30.524 216 531 E Netd : exec() res=0, status=256 for /system/bin/ip6tables -w -X st_clear_caught
10-01 14:50:30.531 216 531 I iptables: iptables: No chain/target/match by that name.
10-01 14:50:30.532 216 531 I iptables: iptables terminated by exit(1)
10-01 14:50:30.532 216 531 E Netd : exec() res=0, status=256 for /system/bin/iptables -w -X st_clear_detect
10-01 14:50:30.540 216 531 I ip6tables: ip6tables: No chain/target/match by that name.
10-01 14:50:30.540 216 531 I ip6tables: ip6tables terminated by exit(1)
10-01 14:50:30.540 216 531 E Netd : exec() res=0, status=256 for /system/bin/ip6tables -w -X st_clear_detect
10-01 14:50:30.574 752 781 I ContactLocale: AddressBook Labels [zh-CN]: [, A, B, C, D, E, F, G, H, I, J, K, L, M, N, O, P, Q, R, S, T, U, V, W, X, Y, Z, Α, Β, Γ, Δ, Ε, Ζ, Η, Θ, Ι, Κ, Λ, Μ, Ν, Ξ, Ο, Π, Ρ, Σ, Τ, Υ, Φ, Χ, Ψ, Ω, , А, Б, В, Г, Д, Ђ, Е, Є, Ж, З, И, І, Й, Ј, К, Л, Љ, М, Н, Њ, О, П, Р, С, Т, Ћ, У, Ф, Х, Ц, Ч, Џ, Ш, Щ, Ю, Я, , א, ב, ג, ד, ה, ו, ז, ח, ט, י, כ, ל, מ, נ, ס, ע, פ, צ, ק, ר, ש, ת, , ا, ب, ت, ث, ج, ح, خ, د, ذ, ر, ز, س, ش, ص, ض, ط, ظ, ع, غ, ف, ق, ك, ل, م, ن, ه, و, ي, , ก, ข, ฃ, ค, ฅ, ฆ, ง, จ, ฉ, ช, ซ, ฌ, ญ, ฎ, ฏ, ฐ, ฑ, ฒ, ณ, ด, ต, ถ, ท, ธ, น, บ, ป, ผ, ฝ, พ, ฟ, ภ, ม, ย, ร, ฤ, ล, ฦ, ว, ศ, ษ, ส, ห, ฬ, อ, ฮ, , ㄱ, ㄴ, ㄷ, ㄹ, ㅁ, ㅂ, ㅅ, ㅇ, ㅈ, ㅊ, ㅋ, ㅌ, ㅍ, ㅎ, , あ, か, さ, た, な, は, ま, や, ら, わ, #, ]
10-01 14:50:30.580 712 819 D WVMExtractor: Failed to open libwvm.so
10-01 14:50:30.610 219 219 I libstagefrighthw: OMX IL core libOMX_Core.so: declares component OMX.rk.video_decoder.avc
10-01 14:50:30.610 219 219 I libstagefrighthw: OMX IL core libOMX_Core.so: declares component OMX.rk.video_decoder.m4v
10-01 14:50:30.610 219 219 I libstagefrighthw: OMX IL core libOMX_Core.so: declares component OMX.rk.video_decoder.h263
10-01 14:50:30.610 219 219 I libstagefrighthw: OMX IL core libOMX_Core.so: declares component OMX.rk.video_decoder.flv1
10-01 14:50:30.610 219 219 I libstagefrighthw: OMX IL core libOMX_Core.so: declares component OMX.rk.video_decoder.m2v
10-01 14:50:30.610 219 219 I libstagefrighthw: OMX IL core libOMX_Core.so: declares component OMX.rk.video_decoder.rv
10-01 14:50:30.610 219 219 I libstagefrighthw: OMX IL core libOMX_Core.so: declares component OMX.rk.video_decoder.vp8
10-01 14:50:30.610 219 219 I libstagefrighthw: OMX IL core libOMX_Core.so: declares component OMX.rk.video_decoder.vc1
10-01 14:50:30.610 219 219 I libstagefrighthw: OMX IL core libOMX_Core.so: declares component OMX.rk.video_decoder.wmv3
10-01 14:50:30.610 219 219 I libstagefrighthw: OMX IL core libOMX_Core.so: declares component OMX.rk.video_decoder.vp6
10-01 14:50:30.610 219 219 I libstagefrighthw: OMX IL core libOMX_Core.so: declares component OMX.rk.video_decoder.hevc
10-01 14:50:30.610 219 219 I libstagefrighthw: OMX IL core libOMX_Core.so: declares component OMX.rk.video_decoder.mjpeg
10-01 14:50:30.610 219 219 I libstagefrighthw: OMX IL core libOMX_Core.so: declares component OMX.rk.video_decoder.avc.secure
10-01 14:50:30.610 219 219 I libstagefrighthw: OMX IL core libOMX_Core.so: declares component OMX.rk.video_decoder.vp9
10-01 14:50:30.610 219 219 I libstagefrighthw: OMX IL core libOMX_Core.so: declares component OMX.rk.video_encoder.avc
10-01 14:50:30.610 219 219 I libstagefrighthw: OMX IL core libOMX_Core.so: declares component OMX.rk.video_encoder.vp8
10-01 14:50:30.610 219 219 I libstagefrighthw: OMX IL core libOMX_Core.so: contains 16 components
10-01 14:50:30.681 219 219 E ROCKCHIP_RM: pRockchipComponent->codecType 1, Line:282
10-01 14:50:30.681 219 219 E ROCKCHIP_VIDEO_DECCONTROL: OMX_IndexParamdescribeColorFormat get
10-01 14:50:30.681 219 219 E ROCKCHIP_VIDEO_DECCONTROL: OMX_IndexParamdescribeColorFormat get
10-01 14:50:30.681 219 219 W OMXNodeInstance: [e:rk._decoder.avc] component does not support metadata mode; using fallback
10-01 14:50:30.683 219 219 E ROCKCHIP_RM: pRockchipComponent->codecType 1, Line:282
10-01 14:50:30.683 219 219 E ROCKCHIP_VIDEO_DECCONTROL: OMX_IndexParamdescribeColorFormat get
10-01 14:50:30.683 219 219 E ROCKCHIP_VIDEO_DECCONTROL: OMX_IndexParamdescribeColorFormat get
10-01 14:50:30.683 219 219 W OMXNodeInstance: [f:rk._decoder.m2v] component does not support metadata mode; using fallback
10-01 14:50:30.685 219 219 E ROCKCHIP_RM: pRockchipComponent->codecType 1, Line:282
10-01 14:50:30.685 219 219 E ROCKCHIP_VIDEO_DECCONTROL: OMX_IndexParamdescribeColorFormat get
10-01 14:50:30.685 219 219 E ROCKCHIP_VIDEO_DECCONTROL: OMX_IndexParamdescribeColorFormat get
10-01 14:50:30.685 219 219 W OMXNodeInstance: [10:rk._decoder.vp8] component does not support metadata mode; using fallback
10-01 14:50:30.687 219 219 E ROCKCHIP_RM: pRockchipComponent->codecType 1, Line:282
10-01 14:50:30.687 219 219 E ROCKCHIP_VIDEO_DECCONTROL: OMX_IndexParamdescribeColorFormat get
10-01 14:50:30.687 219 219 E ROCKCHIP_VIDEO_DECCONTROL: OMX_IndexParamdescribeColorFormat get
10-01 14:50:30.687 219 219 W OMXNodeInstance: [11:rk._decoder.h263] component does not support metadata mode; using fallback
10-01 14:50:30.690 219 219 E ROCKCHIP_RM: pRockchipComponent->codecType 1, Line:282
10-01 14:50:30.690 219 219 E ROCKCHIP_VIDEO_DECCONTROL: OMX_IndexParamdescribeColorFormat get
10-01 14:50:30.690 219 219 E ROCKCHIP_VIDEO_DECCONTROL: OMX_IndexParamdescribeColorFormat get
10-01 14:50:30.690 219 219 W OMXNodeInstance: [12:rk._decoder.m4v] component does not support metadata mode; using fallback
10-01 14:50:30.691 542 698 W AppWidgetServiceImpl: Failed to read state: java.io.FileNotFoundException: /data/system/users/0/appwidgets.xml: open failed: ENOENT (No such file or directory)
10-01 14:50:30.692 542 698 V AppWidgetServiceImpl: Upgrading widget database from 0 to 1
10-01 14:50:30.692 219 219 E ROCKCHIP_RM: pRockchipComponent->codecType 1, Line:282
10-01 14:50:30.692 219 219 E ROCKCHIP_VIDEO_DECCONTROL: OMX_IndexParamdescribeColorFormat get
10-01 14:50:30.692 219 219 E ROCKCHIP_VIDEO_DECCONTROL: OMX_IndexParamdescribeColorFormat get
10-01 14:50:30.692 219 219 W OMXNodeInstance: [13:rk._decoder.flv1] component does not support metadata mode; using fallback
10-01 14:50:30.695 219 219 E ROCKCHIP_RM: pRockchipComponent->codecType 1, Line:282
10-01 14:50:30.695 219 219 E ROCKCHIP_VIDEO_DECCONTROL: OMX_IndexParamdescribeColorFormat get
10-01 14:50:30.695 219 219 E ROCKCHIP_VIDEO_DECCONTROL: OMX_IndexParamdescribeColorFormat get
10-01 14:50:30.695 219 219 W OMXNodeInstance: [14:rk._decoder.mjpeg] component does not support metadata mode; using fallback
10-01 14:50:30.701 219 219 E ROCKCHIP_RM: pRockchipComponent->codecType 1, Line:282
10-01 14:50:30.701 219 219 E ROCKCHIP_VIDEO_DECCONTROL: OMX_IndexParamdescribeColorFormat get
10-01 14:50:30.701 219 219 E ROCKCHIP_VIDEO_DECCONTROL: OMX_IndexParamdescribeColorFormat get
10-01 14:50:30.701 219 219 W OMXNodeInstance: [15:rk._decoder.hevc] component does not support metadata mode; using fallback
10-01 14:50:30.703 219 219 E ROCKCHIP_RM: pRockchipComponent->codecType 2, Line:282
10-01 14:50:30.704 219 219 W ACodec : do not know color format 0x7f000789 = 2130708361
10-01 14:50:30.743 219 219 W OMXNodeInstance: [17:google.h264.decoder] component does not support metadata mode; using fallback
10-01 14:50:30.760 219 219 W OMXNodeInstance: [18:google.vp9.decoder] component does not support metadata mode; using fallback
10-01 14:50:30.766 219 219 I SoftMPEG4Encoder: Construct SoftMPEG4Encoder
10-01 14:50:30.766 219 219 W ACodec : do not know color format 0x7f000789 = 2130708361
10-01 14:50:30.768 219 219 I SoftMPEG4Encoder: Construct SoftMPEG4Encoder
10-01 14:50:30.768 219 219 W ACodec : do not know color format 0x7f000789 = 2130708361
10-01 14:50:30.791 219 219 W ACodec : do not know color format 0x7f000789 = 2130708361
10-01 14:50:30.794 219 219 W MediaCodecList: unable to open media codecs configuration xml file: /data/misc/media/media_codecs_profiling_results.xml
10-01 14:50:30.795 712 828 I OMXClient: Using client-side OMX mux.
10-01 14:50:30.802 712 828 I libstagefrighthw: OMX IL core libOMX_Core.so: declares component OMX.rk.video_decoder.avc
10-01 14:50:30.802 712 828 I libstagefrighthw: OMX IL core libOMX_Core.so: declares component OMX.rk.video_decoder.m4v
10-01 14:50:30.802 712 828 I libstagefrighthw: OMX IL core libOMX_Core.so: declares component OMX.rk.video_decoder.h263
10-01 14:50:30.802 712 828 I libstagefrighthw: OMX IL core libOMX_Core.so: declares component OMX.rk.video_decoder.flv1
10-01 14:50:30.802 712 828 I libstagefrighthw: OMX IL core libOMX_Core.so: declares component OMX.rk.video_decoder.m2v
10-01 14:50:30.802 712 828 I libstagefrighthw: OMX IL core libOMX_Core.so: declares component OMX.rk.video_decoder.rv
