10-01 15:07:23.527 3052 3066 E SQLiteLog: (1) no such table: _sync_state_metadata
10-01 15:07:23.569 3052 3052 V NFC : this device does not have NFC support
10-01 15:07:23.635 3052 3103 D OpenGLRenderer: Use EGL_SWAP_BEHAVIOR_PRESERVED: true
10-01 15:07:23.642 3104 3104 I rild : type=1400 audit(0.0:71): avc: denied { read } for name="lib" dev="mmcblk0p13" ino=13 scontext=u:r:rild:s0 tcontext=u:object_r:unlabeled:s0 tclass=lnk_file permissive=1
10-01 15:07:23.649 3052 3088 W chromium: [WARNING:data_reduction_proxy_config.cc(423)] SPDY proxy OFF at startup
10-01 15:07:23.732 3052 3103 I OpenGLRenderer: Initialized EGL, version 1.4
10-01 15:07:23.742 192 192 I hwcomposer: update_to_display(): upd_data -- marker[215] waveform_mode = 255, update_mode = 0, Rect[0 0 1872 1404]
10-01 15:07:23.744 3052 3103 D Surface : Surface::final mReqUsage=a00
10-01 15:07:23.745 3052 3103 D mali_winsys: EGLint new_window_surface(egl_winsys_display*, void*, EGLSurface, EGLConfig, egl_winsys_surface**, egl_color_buffer_format*, EGLBoolean) returns 0x3000
10-01 15:07:23.784 192 192 I hwcomposer: update_to_display(): upd_data -- marker[216] waveform_mode = 255, update_mode = 0, Rect[0 0 1872 1404]
10-01 15:07:24.396 192 192 I hwcomposer: update_to_display(): upd_data -- marker[217] waveform_mode = 255, update_mode = 0, Rect[0 0 1872 1404]
10-01 15:07:24.415 542 560 I ActivityManager: Displayed com.android.browser/.BrowserActivity: +2s754ms
10-01 15:07:24.441 192 192 I hwcomposer: update_to_display(): upd_data -- marker[218] waveform_mode = 255, update_mode = 0, Rect[0 0 1872 1404]
10-01 15:07:24.474 192 192 I hwcomposer: update_to_display(): upd_data -- marker[219] waveform_mode = 255, update_mode = 0, Rect[0 0 1872 1404]
10-01 15:07:24.572 192 192 I hwcomposer: update_to_display(): upd_data -- marker[220] waveform_mode = 255, update_mode = 0, Rect[0 0 1872 1404]
10-01 15:07:24.641 192 192 I hwcomposer: update_to_display(): upd_data -- marker[221] waveform_mode = 255, update_mode = 0, Rect[0 0 1872 1404]
10-01 15:07:24.653 3052 3052 W BindingManager: Cannot call determinedVisibility() - never saw a connection for the pid: 3052
10-01 15:07:24.690 192 192 I hwcomposer: update_to_display(): upd_data -- marker[222] waveform_mode = 255, update_mode = 0, Rect[0 0 1872 1404]
10-01 15:07:24.734 192 192 I hwcomposer: update_to_display(): upd_data -- marker[223] waveform_mode = 255, update_mode = 0, Rect[273 0 1599 1404]
10-01 15:07:24.779 192 192 I hwcomposer: update_to_display(): upd_data -- marker[224] waveform_mode = 255, update_mode = 0, Rect[0 0 1872 1404]
10-01 15:07:24.835 192 192 I hwcomposer: update_to_display(): upd_data -- marker[225] waveform_mode = 255, update_mode = 0, Rect[273 0 1599 1404]
10-01 15:07:24.870 3052 3052 W BindingManager: Cannot call determinedVisibility() - never saw a connection for the pid: 3052
10-01 15:07:24.882 192 192 I hwcomposer: update_to_display(): upd_data -- marker[226] waveform_mode = 255, update_mode = 0, Rect[293 0 1579 1404]
10-01 15:07:24.921 192 192 I hwcomposer: update_to_display(): upd_data -- marker[227] waveform_mode = 255, update_mode = 0, Rect[293 0 1579 1404]
10-01 15:07:25.146 3052 3052 E browser : Console: Not allowed to load local resource: file:///android_asset/webkit/android-weberror.png data:text/html,chromewebdata:0
10-01 15:07:25.183 192 192 I hwcomposer: update_to_display(): upd_data -- marker[228] waveform_mode = 255, update_mode = 0, Rect[112 0 1760 1404]
10-01 15:07:25.485 192 192 I hwcomposer: update_to_display(): upd_data -- marker[229] waveform_mode = 255, update_mode = 0, Rect[293 0 1579 1404]
10-01 15:07:25.548 3052 3103 D Surface : Surface::final mReqUsage=a00
10-01 15:07:25.549 3052 3103 D mali_winsys: EGLint new_window_surface(egl_winsys_display*, void*, EGLSurface, EGLConfig, egl_winsys_surface**, egl_color_buffer_format*, EGLBoolean) returns 0x3000
10-01 15:07:25.764 192 192 I hwcomposer: update_to_display(): upd_data -- marker[230] waveform_mode = 255, update_mode = 0, Rect[273 0 1599 1404]
10-01 15:07:25.913 192 192 I hwcomposer: update_to_display(): upd_data -- marker[231] waveform_mode = 255, update_mode = 0, Rect[273 0 1599 1404]
10-01 15:07:25.963 192 192 I hwcomposer: update_to_display(): upd_data -- marker[232] waveform_mode = 255, update_mode = 0, Rect[0 0 1872 1404]
10-01 15:07:26.014 192 192 I hwcomposer: update_to_display(): upd_data -- marker[233] waveform_mode = 255, update_mode = 0, Rect[0 0 1872 1404]
10-01 15:07:26.064 192 192 I hwcomposer: update_to_display(): upd_data -- marker[234] waveform_mode = 255, update_mode = 0, Rect[293 0 1579 1404]
10-01 15:07:26.122 192 192 I hwcomposer: update_to_display(): upd_data -- marker[235] waveform_mode = 255, update_mode = 0, Rect[273 0 1599 1404]
10-01 15:07:26.166 192 192 I hwcomposer: update_to_display(): upd_data -- marker[236] waveform_mode = 255, update_mode = 0, Rect[273 0 1599 1404]
10-01 15:07:26.225 192 192 I hwcomposer: update_to_display(): upd_data -- marker[237] waveform_mode = 255, update_mode = 0, Rect[273 0 38 1404]
10-01 15:07:26.266 192 192 I hwcomposer: update_to_display(): upd_data -- marker[238] waveform_mode = 255, update_mode = 0, Rect[273 0 38 1404]
10-01 15:07:26.313 192 192 I hwcomposer: update_to_display(): upd_data -- marker[239] waveform_mode = 255, update_mode = 0, Rect[273 0 38 1404]
10-01 15:07:26.361 192 192 I hwcomposer: update_to_display(): upd_data -- marker[240] waveform_mode = 255, update_mode = 0, Rect[273 0 38 1404]
10-01 15:07:26.409 192 192 I hwcomposer: update_to_display(): upd_data -- marker[241] waveform_mode = 255, update_mode = 0, Rect[273 0 38 1404]
10-01 15:07:26.455 192 192 I hwcomposer: update_to_display(): upd_data -- marker[242] waveform_mode = 255, update_mode = 0, Rect[273 0 38 1404]
10-01 15:07:26.505 192 192 I hwcomposer: update_to_display(): upd_data -- marker[243] waveform_mode = 255, update_mode = 0, Rect[273 0 38 1404]
10-01 15:07:26.547 192 192 I hwcomposer: update_to_display(): upd_data -- marker[244] waveform_mode = 255, update_mode = 0, Rect[273 0 38 1404]
10-01 15:07:26.597 192 192 I hwcomposer: update_to_display(): upd_data -- marker[245] waveform_mode = 255, update_mode = 0, Rect[273 0 38 1404]
10-01 15:07:26.639 192 192 I hwcomposer: update_to_display(): upd_data -- marker[246] waveform_mode = 255, update_mode = 0, Rect[273 0 38 1404]
10-01 15:07:26.685 192 192 I hwcomposer: update_to_display(): upd_data -- marker[247] waveform_mode = 255, update_mode = 0, Rect[273 0 38 1404]
10-01 15:07:26.731 192 192 I hwcomposer: update_to_display(): upd_data -- marker[248] waveform_mode = 255, update_mode = 0, Rect[273 0 38 1404]
10-01 15:07:26.780 192 192 I hwcomposer: update_to_display(): upd_data -- marker[249] waveform_mode = 255, update_mode = 0, Rect[273 0 38 1404]
10-01 15:07:26.826 192 192 I hwcomposer: update_to_display(): upd_data -- marker[250] waveform_mode = 255, update_mode = 0, Rect[273 0 38 1404]
10-01 15:07:26.879 192 192 I hwcomposer: update_to_display(): upd_data -- marker[251] waveform_mode = 255, update_mode = 0, Rect[203 0 108 1404]
10-01 15:07:27.095 192 192 I hwcomposer: update_to_display(): upd_data -- marker[252] waveform_mode = 255, update_mode = 0, Rect[874 197 86 1010]
10-01 15:07:27.145 192 192 I hwcomposer: update_to_display(): upd_data -- marker[253] waveform_mode = 255, update_mode = 0, Rect[908 197 52 8]
10-01 15:07:27.192 192 192 I hwcomposer: update_to_display(): upd_data -- marker[254] waveform_mode = 255, update_mode = 0, Rect[0 0 1872 1404]
10-01 15:07:27.236 192 192 I hwcomposer: update_to_display(): upd_data -- marker[255] waveform_mode = 255, update_mode = 0, Rect[908 197 52 8]
10-01 15:07:27.303 192 192 I hwcomposer: update_to_display(): upd_data -- marker[256] waveform_mode = 255, update_mode = 0, Rect[0 0 1872 1404]
10-01 15:07:27.351 192 192 I hwcomposer: update_to_display(): upd_data -- marker[257] waveform_mode = 255, update_mode = 0, Rect[908 197 52 8]
10-01 15:07:27.395 192 192 I hwcomposer: update_to_display(): upd_data -- marker[258] waveform_mode = 255, update_mode = 0, Rect[908 197 52 8]
10-01 15:07:27.444 192 192 I hwcomposer: update_to_display(): upd_data -- marker[259] waveform_mode = 255, update_mode = 0, Rect[293 0 1579 1404]
10-01 15:07:27.487 192 192 I hwcomposer: update_to_display(): upd_data -- marker[260] waveform_mode = 255, update_mode = 0, Rect[908 197 52 8]
10-01 15:07:27.560 192 192 I hwcomposer: update_to_display(): upd_data -- marker[261] waveform_mode = 255, update_mode = 0, Rect[908 197 52 8]
10-01 15:07:27.609 192 192 I hwcomposer: update_to_display(): upd_data -- marker[262] waveform_mode = 255, update_mode = 0, Rect[293 0 1579 1404]
10-01 15:07:27.615 542 697 D pms : Enter idle state
10-01 15:07:27.615 542 697 D pms : ######### Switching system power mode to [standby]
10-01 15:07:27.615 542 697 I pms : ========== Setup an [300000]s alarm for standby mode ==========
10-01 15:07:27.615 542 697 D pms :
10-01 15:07:27.615 542 697 D pms :
10-01 15:07:27.615 542 697 D pms : ************** Add alarm:onyx_standby_timeout
10-01 15:07:27.615 542 697 D pms :
10-01 15:07:27.617 542 542 D pms : set alarm:onyx_standby_timeout, now:1538377647616 [ 2018-10-01 15:07:27], wake:1538377947615 [2018-10-01 15:12:27]
10-01 15:07:29.068 542 573 D pms : ######### Switching system power mode to [off]
10-01 15:07:29.069 542 542 D pms : ************** cancel alarm:onyx_standby_timeout
10-01 15:07:29.069 542 542 D pms : ************** cancel alarm:onyx_auto_poweroff
10-01 15:07:29.182 192 192 I surfaceflinger: type=1400 audit(0.0:72): avc: denied { read } for name="lib" dev="mmcblk0p13" ino=13 scontext=u:r:surfaceflinger:s0 tcontext=u:object_r:unlabeled:s0 tclass=lnk_file permissive=1
10-01 15:07:29.184 542 696 I ActivityManager: START u0 {act=onyx.settings.action.wifi cmp=com.onyx/.setting.ui.SettingContainerActivity (has extras)} from uid 10019 on display 0
10-01 15:07:29.187 192 192 D Surface : Surface::final mReqUsage=333
10-01 15:07:29.203 192 192 I hwcomposer: update_to_display(): upd_data -- marker[263] waveform_mode = 255, update_mode = 0, Rect[0 0 1872 1404]
10-01 15:07:29.409 192 192 I hwcomposer: update_to_display(): upd_data -- marker[264] waveform_mode = 255, update_mode = 0, Rect[0 0 1872 1404]
10-01 15:07:29.623 542 560 D WindowStateAnimator: rk_debug2 Starting com.onyx_Force_To_Dual
10-01 15:07:29.630 542 560 D Surface : Surface::final mReqUsage=33
10-01 15:07:29.723 542 1917 W InputMethodManagerService: Window already focused, ignoring focus gain of: com.android.internal.view.IInputMethodClient$Stub$Proxy@278140 attribute=null, token = android.os.BinderProxy@6c7d10e
10-01 15:07:29.727 3052 3052 D WebViewTimersControl: onBrowserActivityPause
10-01 15:07:29.728 3052 3052 D WebViewTimersControl: Pausing webview timers, view=com.android.browser.BrowserWebView{8dccb0e VFEDHVCL. .F....ID 0,0-1404,1579}
10-01 15:07:29.735 542 551 I art : Background partial concurrent mark sweep GC freed 3907(263KB) AllocSpace objects, 3(60KB) LOS objects, 33% free, 12MB/18MB, paused 2.160ms total 534.583ms
10-01 15:07:29.921 542 1954 W ContextImpl: Calling a method in the system process without a qualified user: android.app.ContextImpl.sendBroadcast:763 android.onyx.BroadcastHelper.sendActivityResume:370 com.android.server.am.ActivityManagerService.onActivityResumed:21088 com.android.server.am.ActivityStack.completeResumeLocked:1167 com.android.server.am.ActivityStack.minimalResumeActivityLocked:677
10-01 15:07:29.924 542 1954 W ContextImpl: Calling a method in the system process without a qualified user: android.app.ContextImpl.sendBroadcast:763 android.onyx.BroadcastHelper.sendActivityPause:377 com.android.server.am.ActivityManagerService.onActivityPaused:21109 com.android.server.am.ActivityStack.activityPausedLocked:944 com.android.server.am.ActivityManagerService.activityPaused:6808
10-01 15:07:29.950 192 192 I hwcomposer: update_to_display(): upd_data -- marker[265] waveform_mode = 255, update_mode = 0, Rect[0 0 1872 1404]
10-01 15:07:30.006 192 192 I hwcomposer: update_to_display(): upd_data -- marker[266] waveform_mode = 255, update_mode = 0, Rect[0 0 1872 1404]
10-01 15:07:30.237 2901 2901 W ContextImpl: Calling a method in the system process without a qualified user: android.app.ContextImpl.sendBroadcast:763 android.content.ContextWrapper.sendBroadcast:396 com.onyx.android.sdk.device.BaseDevice.a:490 com.onyx.android.sdk.device.BaseDevice.showSystemStatusBar:453 com.onyx.ContentBrowserApplication$2.onActivityResumed:209
10-01 15:07:31.048 542 584 D WifiService: New client listening to asynchronous messages
10-01 15:07:31.304 192 192 I hwcomposer: update_to_display(): upd_data -- marker[267] waveform_mode = 255, update_mode = 0, Rect[0 0 1872 1404]
10-01 15:07:31.310 2901 2901 D Surface : Surface::final mReqUsage=33
10-01 15:07:31.347 192 192 I hwcomposer: update_to_display(): upd_data -- marker[268] waveform_mode = 255, update_mode = 0, Rect[0 0 1872 1404]
10-01 15:07:31.385 2901 2945 W ContextImpl: Calling a method in the system process without a qualified user: android.app.ContextImpl.sendBroadcast:763 android.content.ContextWrapper.sendBroadcast:396 com.onyx.android.sdk.device.BaseDevice.a:490 com.onyx.android.sdk.device.BaseDevice.showSystemStatusBar:453 com.onyx.android.sdk.kcb.eac.util.EACUtil.exitFullScreen:65
10-01 15:07:31.386 2901 2945 W ContextImpl: Calling a method in the system process without a qualified user: android.app.ContextImpl.sendBroadcast:763 android.content.ContextWrapper.sendBroadcast:396 com.onyx.android.sdk.device.BaseDevice.a:490 com.onyx.android.sdk.device.BaseDevice.mapSideKeyToVolumeKey:457 com.onyx.android.sdk.kcb.eac.util.EACUtil.configSidePageKeyMapping:42
10-01 15:07:31.393 542 560 I ActivityManager: Displayed com.onyx/.setting.ui.SettingContainerActivity: +1s564ms
10-01 15:07:31.410 192 192 I hwcomposer: update_to_display(): upd_data -- marker[269] waveform_mode = 255, update_mode = 0, Rect[0 0 1872 1404]
10-01 15:07:31.457 192 192 I hwcomposer: update_to_display(): upd_data -- marker[270] waveform_mode = 255, update_mode = 0, Rect[0 0 1872 1404]
10-01 15:07:31.573 192 192 I hwcomposer: update_to_display(): upd_data -- marker[271] waveform_mode = 255, update_mode = 0, Rect[0 0 1872 1404]
10-01 15:07:31.611 192 192 I hwcomposer: update_to_display(): upd_data -- marker[272] waveform_mode = 255, update_mode = 0, Rect[0 0 1872 1404]
10-01 15:07:33.263 192 192 I hwcomposer: update_to_display(): upd_data -- marker[273] waveform_mode = 255, update_mode = 0, Rect[229 36 67 1323]
10-01 15:07:33.534 542 1468 D WifiService: setWifiEnabled: true pid=2901, uid=1000
10-01 15:07:33.534 542 1468 E WifiService: Invoking mWifiStateMachine.setWifiEnabled
10-01 15:07:33.557 542 583 D WifiHW : wifi_load_driver
10-01 15:07:33.558 542 583 D WifiHW : check_wifi_preload: Wifi driver is preload when bootup.
10-01 15:07:33.618 192 192 I hwcomposer: update_to_display(): upd_data -- marker[274] waveform_mode = 255, update_mode = 0, Rect[214 36 82 1332]
10-01 15:07:33.638 216 531 D WifiHW : check_wifi_chip_type_string: AP6212
10-01 15:07:33.638 216 531 D SoftapController: Softap fwReload - Ok
10-01 15:07:33.762 216 531 D CommandListener: Setting iface cfg
10-01 15:07:33.762 216 531 D CommandListener: Trying to bring down wlan0
10-01 15:07:33.763 216 531 D CommandListener: Clearing all IP addresses on wlan0
10-01 15:07:33.764 542 583 E WifiMonitor: killSupplicant p2ptrue init.svc.wpa_supplicant=unknown init.svc.p2p_supplicant=unknown
10-01 15:07:33.765 542 583 D WifiHW : check_wifi_chip_type_string: AP6212
10-01 15:07:34.742 542 583 D wifi : set interface wlan0 flags (UP)
10-01 15:07:34.742 542 583 I WifiHAL : Initializing wifi
10-01 15:07:34.742 542 583 I WifiHAL : Creating socket
10-01 15:07:34.743 542 557 D Tethering: interfaceLinkStateChanged wlan0, true
10-01 15:07:34.743 542 557 D Tethering: interfaceStatusChanged wlan0, true
10-01 15:07:34.746 542 583 I WifiHAL : Initialized Wifi HAL Successfully; vendor cmd = 103
10-01 15:07:34.747 542 583 D wifi : Did set static halHandle = 0xb878b160
10-01 15:07:34.747 542 583 D wifi : halHandle = 0xb878b160, mVM = 0xb83088e8, mCls = 0x147a
10-01 15:07:34.747 542 583 D wifi : array field set
10-01 15:07:34.747 542 583 I WifiNative-HAL: interface[0] = wlan0
10-01 15:07:34.748 542 3122 I WifiNative-HAL: Waiting for HAL events mWifiHalHandle=-1200049824
10-01 15:07:34.748 542 3122 D wifi : waitForHalEvents called, vm = 0xb83088e8, obj = 0x147a, env = 0xb868dba0
10-01 15:07:34.752 542 583 D WifiHW : wifi_start_supplicant: p2p_supplicant
10-01 15:07:34.792 3123 3123 I wpa_supplicant: type=1400 audit(0.0:73): avc: denied { read } for name="lib" dev="mmcblk0p13" ino=13 scontext=u:r:wpa:s0 tcontext=u:object_r:unlabeled:s0 tclass=lnk_file permissive=1
10-01 15:07:34.854 542 583 D WifiMonitor: startMonitoring(wlan0) with mConnected = false
10-01 15:07:34.855 2901 2901 I DeviceReceiver: Received[2]: android.net.wifi.WIFI_STATE_CHANGED data null
10-01 15:07:34.856 2901 2901 I DeviceReceiver: Received[3]: android.net.wifi.WIFI_STATE_CHANGED data null
10-01 15:07:34.877 3123 3123 I wpa_supplicant: Successfully initialized wpa_supplicant
10-01 15:07:35.142 542 557 D Tethering: interfaceLinkStateChanged wlan0, true
10-01 15:07:35.142 542 557 D Tethering: interfaceStatusChanged wlan0, true
10-01 15:07:35.309 3123 3123 E wpa_supplicant: Could not read interface p2p-dev-wlan0 flags: No such device
10-01 15:07:35.371 542 583 D WifiConfigStore: Loading config and enabling all networks
10-01 15:07:35.397 2901 2901 I DeviceReceiver: Received[4]: android.net.wifi.WIFI_STATE_CHANGED data null
10-01 15:07:35.397 2901 2901 I DeviceReceiver: Received[5]: android.net.wifi.WIFI_STATE_CHANGED data null
10-01 15:07:35.407 192 192 I hwcomposer: update_to_display(): upd_data -- marker[275] waveform_mode = 255, update_mode = 0, Rect[0 0 1872 1404]
10-01 15:07:35.415 542 583 D WifiConfigStore: loaded 0 passpoint configs
10-01 15:07:35.416 542 696 I ActivityManager: Start proc 3131:com.onyx.android.production.test/u0a42 for broadcast com.onyx.android.production.test/com.onyx.android.agingtest.BooxReceiver
10-01 15:07:35.555 542 583 E WifiConfigStore: Error parsing configuration: java.io.FileNotFoundException: /data/misc/wifi/ipconfig.txt: open failed: ENOENT (No such file or directory)
10-01 15:07:35.556 542 583 E WifiConfigStore: readNetworkHistory: No config file, revert to default, java.io.FileNotFoundException: /data/misc/wifi/networkHistory.txt: open failed: ENOENT (No such file or directory)
10-01 15:07:35.556 542 583 E WifiConfigStore: java.io.FileNotFoundException: /data/misc/wifi/networkHistory.txt: open failed: ENOENT (No such file or directory)
10-01 15:07:35.556 542 583 E WifiConfigStore: at libcore.io.IoBridge.open(IoBridge.java:452)
10-01 15:07:35.556 542 583 E WifiConfigStore: at java.io.FileInputStream.(FileInputStream.java:76)
10-01 15:07:35.556 542 583 E WifiConfigStore: at java.io.FileInputStream.(FileInputStream.java:103)
10-01 15:07:35.556 542 583 E WifiConfigStore: at com.android.server.wifi.WifiConfigStore.readNetworkHistory(WifiConfigStore.java:2404)
10-01 15:07:35.556 542 583 E WifiConfigStore: at com.android.server.wifi.WifiConfigStore.loadConfiguredNetworks(WifiConfigStore.java:1982)
10-01 15:07:35.556 542 583 E WifiConfigStore: at com.android.server.wifi.WifiConfigStore.loadAndEnableAllNetworks(WifiConfigStore.java:726)
10-01 15:07:35.556 542 583 E WifiConfigStore: at com.android.server.wifi.WifiStateMachine$SupplicantStartingState.processMessage(WifiStateMachine.java:5989)
10-01 15:07:35.556 542 583 E WifiConfigStore: at com.android.internal.util.StateMachine$SmHandler.processMsg(StateMachine.java:968)
10-01 15:07:35.556 542 583 E WifiConfigStore: at com.android.internal.util.StateMachine$SmHandler.handleMessage(StateMachine.java:791)
10-01 15:07:35.556 542 583 E WifiConfigStore: at android.os.Handler.dispatchMessage(Handler.java:102)
10-01 15:07:35.556 542 583 E WifiConfigStore: at android.os.Looper.loop(Looper.java:148)
10-01 15:07:35.556 542 583 E WifiConfigStore: at android.os.HandlerThread.run(HandlerThread.java:61)
10-01 15:07:35.556 542 583 E WifiConfigStore: Caused by: android.system.ErrnoException: open failed: ENOENT (No such file or directory)
10-01 15:07:35.556 542 583 E WifiConfigStore: at libcore.io.Posix.open(Native Method)
10-01 15:07:35.556 542 583 E WifiConfigStore: at libcore.io.BlockGuardOs.open(BlockGuardOs.java:186)
10-01 15:07:35.556 542 583 E WifiConfigStore: at libcore.io.IoBridge.open(IoBridge.java:438)
10-01 15:07:35.556 542 583 E WifiConfigStore: ... 11 more
10-01 15:07:35.556 542 583 E WifiConfigStore: readAutoJoinStatus: Error parsing configurationjava.io.FileNotFoundException: /data/misc/wifi/autojoinconfig.txt: open failed: ENOENT (No such file or directory)
10-01 15:07:35.556 542 583 E WifiConfigStore: buildPnoList sortedWifiConfigurations size 0
10-01 15:07:35.669 3131 3131 W System : ClassLoader referenced unknown path: /system/app/ProductionTest-release/lib/arm
10-01 15:07:35.669 542 583 E WifiConfigStore: --- Begin /data/misc/wifi/wpa_supplicant.conf ---
10-01 15:07:35.671 542 583 E WifiConfigStore: update_config=1
10-01 15:07:35.671 542 583 E WifiConfigStore: eapol_version=1
10-01 15:07:35.671 542 583 E WifiConfigStore: ap_scan=1
10-01 15:07:35.671 542 583 E WifiConfigStore: fast_reauth=1
10-01 15:07:35.672 542 583 E WifiConfigStore: pmf=1
10-01 15:07:35.673 542 583 E WifiConfigStore: --- End /data/misc/wifi/wpa_supplicant.conf Contents ---
10-01 15:07:35.673 542 583 E WifiConfigStore: --- Begin /data/misc/wifi/wpa_supplicant.conf.tmp ---
10-01 15:07:35.674 542 583 E WifiConfigStore: Could not open /data/misc/wifi/wpa_supplicant.conf.tmp, java.io.FileNotFoundException: /data/misc/wifi/wpa_supplicant.conf.tmp: open failed: ENOENT (No such file or directory)
10-01 15:07:35.674 542 583 E WifiConfigStore: --- End /data/misc/wifi/wpa_supplicant.conf.tmp Contents ---
10-01 15:07:35.675 542 583 E WifiConfigStore: --- Begin /data/misc/wifi/networkHistory.txt ---
10-01 15:07:35.675 542 583 E WifiConfigStore: Could not open /data/misc/wifi/networkHistory.txt, java.io.FileNotFoundException: /data/misc/wifi/networkHistory.txt: open failed: ENOENT (No such file or directory)
10-01 15:07:35.675 542 583 E WifiConfigStore: --- End /data/misc/wifi/networkHistory.txt Contents ---
10-01 15:07:35.683 542 583 D WifiNative-HAL: Setting external_sim to 1
10-01 15:07:35.685 542 583 D wifi : setting dfs flag to true, 0xb8817cd0
10-01 15:07:35.685 542 583 D WifiStateMachine: Setting OUI to DA-A1-19
10-01 15:07:35.686 542 583 D wifi : setting scan oui 0xb8817cd0
10-01 15:07:35.686 542 583 D WifiHAL : Sending mac address OUI
10-01 15:07:35.686 542 583 E WifiHAL : failed to set scanning mac OUI; result = -95
10-01 15:07:35.706 542 583 E wifi : android_net_wifi_getLinkLayerStats: failed to get link statistics
10-01 15:07:35.708 542 583 D WifiConfigStore: Retrieve network priorities after PNO.
10-01 15:07:35.710 542 583 E wifi : wifi_get_supported_feature_set returned error = 0xffffffa1
10-01 15:07:35.710 542 542 D RttService: SCAN_AVAILABLE : 3
10-01 15:07:35.711 542 583 D wifi : android_net_wifi_setLinkLayerStats: 1
10-01 15:07:35.711 542 611 D RttService: DefaultState got{ when=0 what=160512 target=com.android.internal.util.StateMachine$SmHandler }
10-01 15:07:35.712 542 610 D wifi : failed to get capabilities : -95
10-01 15:07:35.712 542 610 E WifiScanningService: could not get scan capabilities
10-01 15:07:35.716 216 531 W CommandListener: Failed to retrieve HW addr for p2p0 (No such device)
10-01 15:07:35.750 216 531 D CommandListener: Setting iface cfg
10-01 15:07:35.752 542 582 E WifiP2pService: Unable to change interface settings: java.lang.IllegalStateException: command '24 interface setcfg p2p0 0.0.0.0 0 up' failed with '400 24 Failed to set address (No such device)'
10-01 15:07:35.812 192 192 I hwcomposer: update_to_display(): upd_data -- marker[276] waveform_mode = 255, update_mode = 0, Rect[0 0 1872 1404]
10-01 15:07:35.940 542 582 D WifiMonitor: startMonitoring(p2p0) with mConnected = true
10-01 15:07:35.955 2901 2901 I DeviceReceiver: Received[6]: android.net.wifi.STATE_CHANGE data null
10-01 15:07:35.956 2901 2901 I DeviceReceiver: Received[7]: android.net.wifi.STATE_CHANGE data null
10-01 15:07:35.958 542 583 E wifi : android_net_wifi_getLinkLayerStats: failed to get link statistics
10-01 15:07:35.960 542 583 D WifiConfigStore: Retrieve network priorities after PNO.
10-01 15:07:35.961 542 583 E wifi : android_net_wifi_getLinkLayerStats: failed to get link statistics
10-01 15:07:35.964 542 583 E native : do suspend false
10-01 15:07:35.974 542 583 D WifiConfigStore: No blacklist allowed without epno enabled
10-01 15:07:35.975 542 583 D WifiConfigStore: Retrieve network priorities after PNO.
10-01 15:07:36.029 542 583 E wifi : android_net_wifi_getLinkLayerStats: failed to get link statistics
10-01 15:07:36.171 542 582 D WifiNative-HAL: p2pGetDeviceAddress
10-01 15:07:36.171 542 582 D WifiNative-HAL: p2pGetDeviceAddress returning 12:d0:7a:e0:1e:72
10-01 15:07:36.391 2901 2901 I DeviceReceiver: Received[8]: android.net.wifi.STATE_CHANGE data null
10-01 15:07:36.391 2901 2901 I DeviceReceiver: Received[9]: android.net.wifi.STATE_CHANGE data null
10-01 15:07:36.392 2901 2901 I DeviceReceiver: Received[10]: android.net.wifi.STATE_CHANGE data null
10-01 15:07:36.392 2901 2901 I DeviceReceiver: Received[11]: android.net.wifi.STATE_CHANGE data null
10-01 15:07:36.416 192 192 I hwcomposer: update_to_display(): upd_data -- marker[277] waveform_mode = 255, update_mode = 0, Rect[260 132 36 1227]
10-01 15:07:36.523 3131 3131 I MultiDex: VM with version 2.1.0 has multidex support
10-01 15:07:36.523 3131 3131 I MultiDex: install
10-01 15:07:36.523 3131 3131 I MultiDex: VM has multidex support, MultiDex support library is disabled.
10-01 15:07:36.523 3131 3131 I MultiDex: install
10-01 15:07:36.523 3131 3131 I MultiDex: VM has multidex support, MultiDex support library is disabled.
10-01 15:07:36.526 3131 3131 D DeviceInfo: device info: Onyx, Nova, Nova
10-01 15:07:36.542 3131 3131 D DeviceInfo: present device: RK32XX
10-01 15:07:36.546 542 1917 I ActivityManager: Killing 1867:com.android.onetimeinitializer/u0a8 (adj 15): empty #17
10-01 15:07:36.688 192 192 E SurfaceFlinger: App die 1867 0
10-01 15:07:37.053 542 557 D Tethering: interfaceLinkStateChanged wlan0, true
10-01 15:07:37.053 542 557 D Tethering: interfaceStatusChanged wlan0, true
10-01 15:07:37.500 192 192 I hwcomposer: update_to_display(): upd_data -- marker[278] waveform_mode = 255, update_mode = 0, Rect[214 0 1658 1404]
10-01 15:07:41.278 542 698 D pms : Enter idle state
10-01 15:07:41.278 542 698 D pms : ######### Switching system power mode to [standby]
10-01 15:07:41.278 542 698 I pms : ========== Setup an [300000]s alarm for standby mode ==========
10-01 15:07:41.279 542 698 D pms :
10-01 15:07:41.279 542 698 D pms :
10-01 15:07:41.279 542 698 D pms : ************** Add alarm:onyx_standby_timeout
10-01 15:07:41.279 542 698 D pms :
10-01 15:07:41.286 542 542 D pms : set alarm:onyx_standby_timeout, now:1538377661282 [ 2018-10-01 15:07:41], wake:1538377961278 [2018-10-01 15:12:41]
10-01 15:07:41.316 542 583 D WifiConfigStore: Retrieve network priorities after PNO.
10-01 15:07:42.447 542 557 D Tethering: interfaceLinkStateChanged wlan0, true
10-01 15:07:42.447 542 557 D Tethering: interfaceStatusChanged wlan0, true
10-01 15:07:42.774 192 192 I hwcomposer: update_to_display(): upd_data -- marker[279] waveform_mode = 255, update_mode = 0, Rect[260 36 1612 1332]
10-01 15:07:45.073 542 573 D pms : ######### Switching system power mode to [off]
10-01 15:07:45.073 542 542 D pms : ************** cancel alarm:onyx_standby_timeout
10-01 15:07:45.073 542 542 D pms : ************** cancel alarm:onyx_auto_poweroff
10-01 15:07:45.162 192 192 I hwcomposer: update_to_display(): upd_data -- marker[280] waveform_mode = 255, update_mode = 0, Rect[1171 36 171 1332]
10-01 15:07:45.926 2901 2901 I TextInputLayout: EditText added is not a TextInputEditText. Please switch to using that class instead.
10-01 15:07:46.084 192 192 I hwcomposer: update_to_display(): upd_data -- marker[281] waveform_mode = 255, update_mode = 0, Rect[1171 36 171 1332]
10-01 15:07:46.278 2901 2901 D Surface : Surface::final mReqUsage=33
10-01 15:07:46.445 192 192 I hwcomposer: update_to_display(): upd_data -- marker[282] waveform_mode = 255, update_mode = 0, Rect[0 0 1872 1404]
10-01 15:07:46.505 192 192 I hwcomposer: update_to_display(): upd_data -- marker[283] waveform_mode = 255, update_mode = 0, Rect[689 136 576 982]
10-01 15:07:46.577 929 3166 D OpenGLRenderer: Use EGL_SWAP_BEHAVIOR_PRESERVED: true
10-01 15:07:46.585 192 192 I hwcomposer: update_to_display(): upd_data -- marker[284] waveform_mode = 255, update_mode = 0, Rect[229 36 52 96]
10-01 15:07:46.585 192 192 I hwcomposer: update_to_display(): upd_data -- marker[285] waveform_mode = 255, update_mode = 0, Rect[689 136 576 982]
10-01 15:07:46.693 929 3166 I mali_so : [File] : hardware/arm/maliT760/driver/product/base/src/mali_base_kbase.c; [Line] : 928; [Func] : base_context_deal_with_version_affairs_rk_ext;
10-01 15:07:46.693 929 3166 I mali_so : arm_release_ver of this mali_so is 'r12p0-04rel0', rk_so_ver is '12@0', built at '17:00:15', on 'Aug 16 2016'.
10-01 15:07:46.693 929 3166 I mali_so : [File] : hardware/arm/maliT760/driver/product/base/src/mali_base_kbase.c; [Line] : 955; [Func] : base_context_deal_with_version_affairs_rk_ext;
10-01 15:07:46.693 929 3166 I mali_so : mali_ver_property has been set to 'r12p0-04rel0-13-12@0', to return.
10-01 15:07:46.696 929 3166 I OpenGLRenderer: Initialized EGL, version 1.4
10-01 15:07:46.705 929 3166 D Surface : Surface::final mReqUsage=a00
10-01 15:07:46.706 929 3166 D mali_winsys: EGLint new_window_surface(egl_winsys_display*, void*, EGLSurface, EGLConfig, egl_winsys_surface**, egl_color_buffer_format*, EGLBoolean) returns 0x3000
10-01 15:07:46.825 192 192 I hwcomposer: update_to_display(): upd_data -- marker[286] waveform_mode = 255, update_mode = 0, Rect[0 0 1872 1404]
10-01 15:07:46.910 192 192 I hwcomposer: update_to_display(): upd_data -- marker[287] waveform_mode = 255, update_mode = 0, Rect[0 0 1872 1404]
10-01 15:07:46.915 542 589 D NotificationSQLiteLog: Pruned event entries: 0
10-01 15:07:46.968 192 192 I hwcomposer: update_to_display(): upd_data -- marker[288] waveform_mode = 255, update_mode = 0, Rect[0 0 1872 1404]
10-01 15:07:47.068 192 192 I hwcomposer: update_to_display(): upd_data -- marker[289] waveform_mode = 255, update_mode = 0, Rect[1275 0 597 1404]
10-01 15:07:47.945 542 562 D pms : Enter idle state
10-01 15:07:47.946 542 562 D pms : ######### Switching system power mode to [standby]
10-01 15:07:47.946 542 562 I pms : ========== Setup an [300000]s alarm for standby mode ==========
10-01 15:07:47.946 542 562 D pms :
10-01 15:07:47.946 542 562 D pms :
10-01 15:07:47.946 542 562 D pms : ************** Add alarm:onyx_standby_timeout
10-01 15:07:47.946 542 562 D pms :
10-01 15:07:47.947 542 542 D pms : set alarm:onyx_standby_timeout, now:1538377667947 [ 2018-10-01 15:07:47], wake:1538377967946 [2018-10-01 15:12:47]
10-01 15:07:47.997 542 573 D pms : ######### Switching system power mode to [off]
10-01 15:07:47.997 542 542 D pms : ************** cancel alarm:onyx_standby_timeout
10-01 15:07:47.997 542 542 D pms : ************** cancel alarm:onyx_auto_poweroff
10-01 15:07:49.548 192 192 I hwcomposer: update_to_display(): upd_data -- marker[290] waveform_mode = 255, update_mode = 0, Rect[430 136 576 982]
10-01 15:07:49.548 192 192 I hwcomposer: update_to_display(): upd_data -- marker[291] waveform_mode = 255, update_mode = 0, Rect[1275 0 597 1404]
10-01 15:07:49.726 192 192 I hwcomposer: update_to_display(): upd_data -- marker[292] waveform_mode = 255, update_mode = 0, Rect[0 0 1872 1404]
10-01 15:07:49.778 192 192 I hwcomposer: update_to_display(): upd_data -- marker[293] waveform_mode = 255, update_mode = 0, Rect[430 136 576 982]
10-01 15:07:49.778 192 192 I hwcomposer: update_to_display(): upd_data -- marker[294] waveform_mode = 255, update_mode = 0, Rect[0 0 83 1404]
10-01 15:07:49.821 192 192 I hwcomposer: update_to_display(): upd_data -- marker[295] waveform_mode = 255, update_mode = 0, Rect[430 136 576 982]
10-01 15:07:50.632 192 192 I hwcomposer: update_to_display(): upd_data -- marker[296] waveform_mode = 255, update_mode = 0, Rect[1614 1185 124 193]
10-01 15:07:50.792 192 192 I hwcomposer: update_to_display(): upd_data -- marker[297] waveform_mode = 255, update_mode = 0, Rect[1354 0 518 1404]
10-01 15:07:51.590 192 192 I hwcomposer: update_to_display(): upd_data -- marker[298] waveform_mode = 255, update_mode = 0, Rect[1366 159 124 136]
10-01 15:07:51.751 192 192 I hwcomposer: update_to_display(): upd_data -- marker[299] waveform_mode = 255, update_mode = 0, Rect[1366 159 124 136]
10-01 15:07:51.796 192 192 I hwcomposer: update_to_display(): upd_data -- marker[300] waveform_mode = 255, update_mode = 0, Rect[748 159 85 936]
10-01 15:07:52.712 542 583 D WifiConfigStore: Retrieve network priorities after PNO.
10-01 15:07:52.894 192 192 I hwcomposer: update_to_display(): upd_data -- marker[301] waveform_mode = 255, update_mode = 0, Rect[1614 1185 124 193]
10-01 15:07:53.045 192 192 I hwcomposer: update_to_display(): upd_data -- marker[302] waveform_mode = 255, update_mode = 0, Rect[1354 0 518 1404]
10-01 15:07:53.614 192 192 I hwcomposer: update_to_display(): upd_data -- marker[303] waveform_mode = 255, update_mode = 0, Rect[1614 358 124 137]
10-01 15:07:53.813 192 192 I hwcomposer: update_to_display(): upd_data -- marker[304] waveform_mode = 255, update_mode = 0, Rect[1614 358 124 137]
10-01 15:07:53.844 542 557 D Tethering: interfaceLinkStateChanged wlan0, true
10-01 15:07:53.844 542 557 D Tethering: interfaceStatusChanged wlan0, true
10-01 15:07:53.853 192 192 I hwcomposer: update_to_display(): upd_data -- marker[305] waveform_mode = 255, update_mode = 0, Rect[748 159 85 936]
10-01 15:07:54.077 192 192 I hwcomposer: update_to_display(): upd_data -- marker[306] waveform_mode = 255, update_mode = 0, Rect[0 0 1872 1404]
10-01 15:07:54.261 192 192 I hwcomposer: update_to_display(): upd_data -- marker[307] waveform_mode = 255, update_mode = 0, Rect[0 0 1872 1404]
10-01 15:07:54.307 192 192 I hwcomposer: update_to_display(): upd_data -- marker[308] waveform_mode = 255, update_mode = 0, Rect[748 159 85 936]
10-01 15:07:54.538 192 192 I hwcomposer: update_to_display(): upd_data -- marker[309] waveform_mode = 255, update_mode = 0, Rect[1614 909 124 138]
10-01 15:07:54.746 192 192 I hwcomposer: update_to_display(): upd_data -- marker[310] waveform_mode = 255, update_mode = 0, Rect[1614 909 124 138]
10-01 15:07:54.788 192 192 I hwcomposer: update_to_display(): upd_data -- marker[311] waveform_mode = 255, update_mode = 0, Rect[748 159 85 936]
10-01 15:07:55.116 192 192 I hwcomposer: update_to_display(): upd_data -- marker[312] waveform_mode = 255, update_mode = 0, Rect[1614 1185 124 193]
10-01 15:07:55.314 192 192 I hwcomposer: update_to_display(): upd_data -- marker[313] waveform_mode = 255, update_mode = 0, Rect[1354 0 518 1404]
10-01 15:07:55.722 192 192 I hwcomposer: update_to_display(): upd_data -- marker[314] waveform_mode = 255, update_mode = 0, Rect[1490 909 124 138]
10-01 15:07:55.893 192 192 I hwcomposer: update_to_display(): upd_data -- marker[315] waveform_mode = 255, update_mode = 0, Rect[1490 909 124 138]
10-01 15:07:55.943 192 192 I hwcomposer: update_to_display(): upd_data -- marker[316] waveform_mode = 255, update_mode = 0, Rect[748 140 254 955]
10-01 15:07:56.147 192 192 I hwcomposer: update_to_display(): upd_data -- marker[317] waveform_mode = 255, update_mode = 0, Rect[1614 1185 124 193]
10-01 15:07:56.297 192 192 I hwcomposer: update_to_display(): upd_data -- marker[318] waveform_mode = 255, update_mode = 0, Rect[1354 0 518 1404]
10-01 15:07:57.015 192 192 I hwcomposer: update_to_display(): upd_data -- marker[319] waveform_mode = 255, update_mode = 0, Rect[1366 972 124 136]
10-01 15:07:57.200 192 192 I hwcomposer: update_to_display(): upd_data -- marker[320] waveform_mode = 255, update_mode = 0, Rect[1366 972 124 136]
10-01 15:07:57.242 192 192 I hwcomposer: update_to_display(): upd_data -- marker[321] waveform_mode = 255, update_mode = 0, Rect[748 159 85 936]
10-01 15:07:57.593 192 192 I hwcomposer: update_to_display(): upd_data -- marker[322] waveform_mode = 255, update_mode = 0, Rect[1614 633 124 138]
10-01 15:07:57.767 192 192 I hwcomposer: update_to_display(): upd_data -- marker[323] waveform_mode = 255, update_mode = 0, Rect[1614 633 124 138]
10-01 15:07:57.809 192 192 I hwcomposer: update_to_display(): upd_data -- marker[324] waveform_mode = 255, update_mode = 0, Rect[748 159 85 936]
10-01 15:07:58.033 192 192 I hwcomposer: update_to_display(): upd_data -- marker[325] waveform_mode = 255, update_mode = 0, Rect[1738 773 125 207]
10-01 15:07:58.195 192 192 I hwcomposer: update_to_display(): upd_data -- marker[326] waveform_mode = 255, update_mode = 0, Rect[1354 0 518 1404]
10-01 15:07:58.971 192 192 I hwcomposer: update_to_display(): upd_data -- marker[327] waveform_mode = 255, update_mode = 0, Rect[1366 1108 124 135]
10-01 15:07:59.121 192 192 I hwcomposer: update_to_display(): upd_data -- marker[328] waveform_mode = 255, update_mode = 0, Rect[1366 1108 124 135]
10-01 15:07:59.162 192 192 I hwcomposer: update_to_display(): upd_data -- marker[329] waveform_mode = 255, update_mode = 0, Rect[748 159 85 936]
10-01 15:07:59.746 192 192 I hwcomposer: update_to_display(): upd_data -- marker[330] waveform_mode = 255, update_mode = 0, Rect[1366 26 124 136]
10-01 15:07:59.920 192 192 I hwcomposer: update_to_display(): upd_data -- marker[331] waveform_mode = 255, update_mode = 0, Rect[1366 26 124 136]
10-01 15:07:59.960 192 192 I hwcomposer: update_to_display(): upd_data -- marker[332] waveform_mode = 255, update_mode = 0, Rect[748 159 85 936]
10-01 15:08:00.035 192 192 I hwcomposer: update_to_display(): upd_data -- marker[333] waveform_mode = 255, update_mode = 0, Rect[0 239 83 106]
10-01 15:08:00.486 192 192 I hwcomposer: update_to_display(): upd_data -- marker[334] waveform_mode = 255, update_mode = 0, Rect[1366 1243 124 135]
10-01 15:08:00.591 192 192 I hwcomposer: update_to_display(): upd_data -- marker[335] waveform_mode = 255, update_mode = 0, Rect[2 1103 79 79]
10-01 15:08:00.660 192 192 I hwcomposer: update_to_display(): upd_data -- marker[336] waveform_mode = 255, update_mode = 0, Rect[1366 1243 124 135]
10-01 15:08:00.701 192 192 I hwcomposer: update_to_display(): upd_data -- marker[337] waveform_mode = 255, update_mode = 0, Rect[748 159 85 936]
10-01 15:08:01.053 192 192 I hwcomposer: update_to_display(): upd_data -- marker[338] waveform_mode = 255, update_mode = 0, Rect[1366 432 124 135]
10-01 15:08:01.250 192 192 I hwcomposer: update_to_display(): upd_data -- marker[339] waveform_mode = 255, update_mode = 0, Rect[1366 432 124 135]
10-01 15:08:01.291 192 192 I hwcomposer: update_to_display(): upd_data -- marker[340] waveform_mode = 255, update_mode = 0, Rect[748 159 85 936]
10-01 15:08:02.034 192 192 I hwcomposer: update_to_display(): upd_data -- marker[341] waveform_mode = 255, update_mode = 0, Rect[914 140 88 486]
10-01 15:08:02.283 542 696 I addOrUpdateNetwork: uid = 1000 SSID "DevTest" nid=-1
10-01 15:08:02.284 542 583 E WifiConfigStore: key="DevTest"WPA_PSK netId=-1 uid=1000/1000
10-01 15:08:02.285 542 583 E WifiConfigStore: addOrUpdateNetworkNative created netId=0
10-01 15:08:02.335 542 583 D WifiConfigStore: created new config netId=0 uid=1000 name=android.uid.system:1000
10-01 15:08:02.339 542 583 E WifiConfigStore: rewrite network history for "DevTest"WPA_PSK
10-01 15:08:02.343 542 583 E WifiConfigStore: rewrite network history for "DevTest"WPA_PSK
10-01 15:08:02.343 542 583 E WifiConfigStore: saveWifiConfigBSSID Setting BSSID for "DevTest"WPA_PSK to any
10-01 15:08:02.349 542 583 E WifiConfigStore: rewrite network history for "DevTest"WPA_PSK
10-01 15:08:02.418 192 192 I hwcomposer: update_to_display(): upd_data -- marker[342] waveform_mode = 255, update_mode = 0, Rect[0 0 1872 1404]
10-01 15:08:02.467 192 192 I hwcomposer: update_to_display(): upd_data -- marker[343] waveform_mode = 255, update_mode = 0, Rect[0 0 1872 1404]
10-01 15:08:02.720 192 192 I hwcomposer: update_to_display(): upd_data -- marker[344] waveform_mode = 255, update_mode = 0, Rect[0 0 1872 1404]
10-01 15:08:02.784 192 192 I hwcomposer: update_to_display(): upd_data -- marker[345] waveform_mode = 255, update_mode = 0, Rect[0 0 1872 1404]
10-01 15:08:02.854 192 192 I hwcomposer: update_to_display(): upd_data -- marker[346] waveform_mode = 255, update_mode = 0, Rect[229 36 52 96]
10-01 15:08:02.854 192 192 I hwcomposer: update_to_display(): upd_data -- marker[347] waveform_mode = 255, update_mode = 0, Rect[0 408 79 632]
10-01 15:08:03.472 542 557 D Tethering: interfaceLinkStateChanged wlan0, true
10-01 15:08:03.472 542 557 D Tethering: interfaceStatusChanged wlan0, true
10-01 15:08:03.485 3123 3123 I wpa_supplicant: wlan0: Trying to associate with 24:79:2a:0b:07:38 (SSID='DevTest' freq=2427 MHz)
10-01 15:08:03.539 2901 2901 I DeviceReceiver: Received[12]: android.net.wifi.STATE_CHANGE data null
10-01 15:08:03.541 2901 2901 I DeviceReceiver: Received[13]: android.net.wifi.STATE_CHANGE data null
10-01 15:08:03.549 542 557 D Tethering: interfaceLinkStateChanged wlan0, true
10-01 15:08:03.549 542 557 D Tethering: interfaceStatusChanged wlan0, true
10-01 15:08:03.557 542 557 D Tethering: interfaceLinkStateChanged wlan0, true
10-01 15:08:03.557 542 557 D Tethering: interfaceStatusChanged wlan0, true
10-01 15:08:03.557 542 557 D Tethering: interfaceLinkStateChanged wlan0, true
10-01 15:08:03.557 542 557 D Tethering: interfaceStatusChanged wlan0, true
10-01 15:08:03.561 3123 3123 I wpa_supplicant: wlan0: Associated with 24:79:2a:0b:07:38
10-01 15:08:03.568 542 557 D Tethering: interfaceLinkStateChanged wlan0, true
10-01 15:08:03.568 542 557 D Tethering: interfaceStatusChanged wlan0, true
10-01 15:08:03.568 542 557 D Tethering: interfaceLinkStateChanged wlan0, true
10-01 15:08:03.568 542 557 D Tethering: interfaceStatusChanged wlan0, true
10-01 15:08:03.568 542 557 D Tethering: interfaceLinkStateChanged wlan0, true
10-01 15:08:03.568 542 557 D Tethering: interfaceStatusChanged wlan0, true
10-01 15:08:03.654 542 557 D Tethering: interfaceLinkStateChanged wlan0, true
10-01 15:08:03.655 542 557 D Tethering: interfaceStatusChanged wlan0, true
10-01 15:08:03.655 542 557 D Tethering: interfaceLinkStateChanged wlan0, true
10-01 15:08:03.655 542 557 D Tethering: interfaceStatusChanged wlan0, true
10-01 15:08:03.672 3123 3123 I wpa_supplicant: wlan0: WPA: Key negotiation completed with 24:79:2a:0b:07:38 [PTK=CCMP GTK=CCMP]
10-01 15:08:03.672 3123 3123 I wpa_supplicant: wlan0: CTRL-EVENT-CONNECTED - Connection to 24:79:2a:0b:07:38 completed [id=0 id_str=]
10-01 15:08:03.673 542 557 D Tethering: interfaceLinkStateChanged wlan0, true
10-01 15:08:03.673 542 557 D Tethering: interfaceStatusChanged wlan0, true
10-01 15:08:03.673 542 583 D WifiConfigStore: Retrieve network priorities after PNO.
10-01 15:08:03.730 542 583 D ConnectivityService: registerNetworkAgent NetworkAgentInfo{ ni{[type: WIFI[], state: CONNECTING/CONNECTING, reason: (unspecified), extra: "DevTest", roaming: false, failover: false, isAvailable: true]} network{100} lp{{LinkAddresses: [] Routes: [] DnsAddresses: [] Domains: null MTU: 0 TcpBufferSizes: 524288,1048576,2097152,262144,524288,1048576}} nc{[ Transports: WIFI Capabilities: INTERNET&NOT_RESTRICTED&TRUSTED&NOT_VPN LinkUpBandwidth>=1048576Kbps LinkDnBandwidth>=1048576Kbps]} Score{20} everValidated{false} lastValidated{false} created{false} lingering{false} explicitlySelected{false} acceptUnvalidated{false} everCaptivePortalDetected{false} lastCaptivePortalDetected{false} }
10-01 15:08:03.731 542 583 E WifiConfigStore: saveWifiConfigBSSID Setting BSSID for "DevTest"WPA_PSK to any
10-01 15:08:03.741 542 583 E WifiConfigStore: saveWifiConfigBSSID Setting BSSID for "DevTest"WPA_PSK to any
10-01 15:08:03.743 542 585 D ConnectivityService: NetworkAgentInfo [WIFI () - 100] EVENT_NETWORK_INFO_CHANGED, going from null to CONNECTING
10-01 15:08:03.764 216 531 D CommandListener: Setting iface cfg
10-01 15:08:03.781 542 583 D WifiStateMachine: Start Dhcp Watchdog 1
10-01 15:08:03.789 542 3188 D DhcpClient: Receive thread started
10-01 15:08:03.817 542 585 D ConnectivityService: notifyType CAP_CHANGED for NetworkAgentInfo [WIFI () - 100]
10-01 15:08:03.817 542 585 D ConnectivityService: updateNetworkScore for NetworkAgentInfo [WIFI () - 100] to 60
10-01 15:08:03.879 192 192 I hwcomposer: update_to_display(): upd_data -- marker[348] waveform_mode = 255, update_mode = 0, Rect[0 0 1872 1404]
10-01 15:08:03.912 542 583 E native : do suspend false
10-01 15:08:03.927 542 3187 D DhcpClient: Broadcasting DHCPDISCOVER
10-01 15:08:03.965 542 3188 D DhcpClient: Received packet: 10:d0:7a:e0:1e:72 OFFER, ip /192.168.0.131, mask /255.255.255.0, DNS servers: /192.168.0.1 /192.168.0.1 , gateways [/192.168.0.1] lease time 7200, domain null
10-01 15:08:03.966 542 3187 D DhcpClient: Got pending lease: IP address 192.168.0.131/24 Gateway 192.168.0.1 DNS servers: [ 192.168.0.1 192.168.0.1 ] Domains DHCP server /192.168.0.1 Vendor info null lease 7200 seconds
10-01 15:08:03.967 542 3187 D DhcpClient: Broadcasting DHCPREQUEST ciaddr=0.0.0.0 request=192.168.0.131 serverid=192.168.0.1
10-01 15:08:03.972 542 3188 D DhcpClient: Received packet: 10:d0:7a:e0:1e:72 ACK: your new IP /192.168.0.131, netmask /255.255.255.0, gateways [/192.168.0.1] DNS servers: /192.168.0.1 /192.168.0.1 , lease time 7200
10-01 15:08:03.973 542 3187 D DhcpClient: Confirmed lease: IP address 192.168.0.131/24 Gateway 192.168.0.1 DNS servers: [ 192.168.0.1 192.168.0.1 ] Domains DHCP server /192.168.0.1 Vendor info null lease 7200 seconds
10-01 15:08:03.973 216 531 D CommandListener: Setting iface cfg
10-01 15:08:03.976 542 3187 D DhcpClient: Scheduling renewal in 3599s
10-01 15:08:03.980 542 583 D WifiStateMachine: WifiStateMachine: handleSuccessfulIpConfiguration and no scan results"DevTest"WPA_PSK
10-01 15:08:03.980 542 585 D ConnectivityService: NetworkAgentInfo [WIFI () - 100] EVENT_NETWORK_INFO_CHANGED, going from CONNECTING to CONNECTED
10-01 15:08:03.983 542 583 E WifiStateMachine: Did not find remoteAddress {192.168.0.1} in /proc/net/arp
10-01 15:08:03.984 2901 2901 I DeviceReceiver: Received[14]: android.net.wifi.STATE_CHANGE data null
10-01 15:08:03.984 542 585 D ConnectivityService: Adding iface wlan0 to network 100
10-01 15:08:03.984 2901 2901 I DeviceReceiver: Received[15]: android.net.wifi.STATE_CHANGE data null
10-01 15:08:03.985 2901 2901 I DeviceReceiver: Received[16]: android.net.wifi.STATE_CHANGE data null
10-01 15:08:03.985 2901 2901 I DeviceReceiver: Received[17]: android.net.wifi.STATE_CHANGE data null
10-01 15:08:03.990 2901 2901 I DeviceReceiver: Received[18]: android.net.wifi.STATE_CHANGE data null
10-01 15:08:03.991 2901 2901 I DeviceReceiver: Received[19]: android.net.wifi.STATE_CHANGE data null
10-01 15:08:03.995 2901 2901 I DeviceReceiver: Received[20]: android.net.wifi.STATE_CHANGE data null
10-01 15:08:03.996 192 192 I hwcomposer: update_to_display(): upd_data -- marker[349] waveform_mode = 255, update_mode = 0, Rect[0 0 1872 1404]
10-01 15:08:03.996 2901 2901 I DeviceReceiver: Received[21]: android.net.wifi.STATE_CHANGE data null
10-01 15:08:03.996 1158 1158 I GeofencerStateMachine: sendWifiConnectivityChanged: connectivity=true
10-01 15:08:03.997 2901 2901 I DeviceReceiver: Received[22]: android.net.wifi.STATE_CHANGE data null
10-01 15:08:03.997 2901 2901 I DeviceReceiver: Received[23]: android.net.wifi.STATE_CHANGE data null
10-01 15:08:04.002 3189 3189 I iptables: type=1400 audit(0.0:74): avc: denied { read } for name="lib" dev="mmcblk0p13" ino=13 scontext=u:r:netd:s0 tcontext=u:object_r:unlabeled:s0 tclass=lnk_file permissive=1
10-01 15:08:04.045 192 192 I hwcomposer: update_to_display(): upd_data -- marker[350] waveform_mode = 255, update_mode = 0, Rect[0 353 83 829]
10-01 15:08:04.175 542 585 E ConnectivityService: Unexpected mtu value: 0, wlan0
10-01 15:08:04.176 542 585 D ConnectivityService: Adding Route [fe80::/64 -> :: wlan0] to network 100
10-01 15:08:04.178 542 585 D ConnectivityService: Adding Route [192.168.0.0/24 -> 0.0.0.0 wlan0] to network 100
10-01 15:08:04.178 542 585 D ConnectivityService: Adding Route [0.0.0.0/0 -> 192.168.0.1 wlan0] to network 100
10-01 15:08:04.179 542 585 D ConnectivityService: Setting Dns servers for network 100 to [/192.168.0.1]
10-01 15:08:04.189 542 585 D ConnectivityService: notifyType IP_CHANGED for NetworkAgentInfo [WIFI () - 100]
10-01 15:08:04.191 542 585 D ConnectivityService: scheduleUnvalidatedPrompt 100
10-01 15:08:04.192 542 585 D ConnectivityService: updateSignalStrengthThresholds: CONNECT, sending [] to NetworkAgentInfo [WIFI () - 100]
10-01 15:08:04.192 542 585 D ConnectivityService: rematch for NetworkAgentInfo [WIFI () - 100]
10-01 15:08:04.192 542 585 D ConnectivityService: accepting network in place of null
10-01 15:08:04.192 542 583 D WifiNetworkAgent: NetworkAgent: Received signal strength thresholds: []
10-01 15:08:04.193 542 583 D WifiNative-HAL: stopRssiMonitoring, cmdId 0
