10-01 14:53:34.282 1222 1429 E PowerManager: WakeLock tag:Icing from [com.google.android.gms] is forbidden
10-01 14:53:34.285 1222 1461 E PowerManager: WakeLock tag:Icing from [com.google.android.gms] is forbidden
10-01 14:53:34.289 1222 1304 E PowerManager: WakeLock tag:Icing from [com.google.android.gms] is forbidden
10-01 14:53:34.294 1222 1304 E PowerManager: WakeLock under-locked: Icing
10-01 14:53:34.294 1158 2775 I NetRec : [409] zng.a: Removed 0 records from the database
10-01 14:53:34.294 1158 2775 E NetworkScheduler.ATC: Trying to release unacquired lock: com.google.android.gms/.netrec.module.NetRecGcmTaskService
10-01 14:53:34.295 1158 1625 E PowerManager: WakeLock tag:*net_scheduler* from [com.google.android.gms] is forbidden
10-01 14:53:34.296 1222 1429 E PowerManager: WakeLock under-locked: Icing
10-01 14:53:34.306 1222 1545 E PowerManager: WakeLock tag:Icing from [com.google.android.gms] is forbidden
10-01 14:53:34.310 1222 1304 I Icing : Usage reports ok 0, Failed Usage reports 0, indexed 0, rejected 0, imm upload false
10-01 14:53:34.315 1222 1545 E PowerManager: WakeLock under-locked: Icing
10-01 14:53:34.316 1158 1625 E NetworkScheduler: Trying to release unacquired lock: EXECUTION_CALLBACK
10-01 14:53:34.316 1158 1625 E PowerManager: WakeLock tag:*net_scheduler* from [com.google.android.gms] is forbidden
10-01 14:53:34.318 1222 1304 E PowerManager: WakeLock under-locked: Icing
10-01 14:53:34.320 1222 1545 E PowerManager: WakeLock under-locked: Icing
10-01 14:53:34.325 1222 1461 E PowerManager: WakeLock tag:Icing from [com.google.android.gms] is forbidden
10-01 14:53:34.329 542 1917 W pms : [com.google.android.gms] is not allowed to set wakeup alarm
10-01 14:53:34.329 1158 1625 E NetworkScheduler: Trying to release unacquired lock: EXECUTION_CALLBACK
10-01 14:53:34.329 1222 1304 E PowerManager: WakeLock tag:Icing from [com.google.android.gms] is forbidden
10-01 14:53:34.331 1222 1304 E PowerManager: WakeLock under-locked: Icing
10-01 14:53:34.341 1222 1304 I Icing : Usage reports ok 0, Failed Usage reports 0, indexed 0, rejected 0, imm upload false
10-01 14:53:34.341 1222 1304 E PowerManager: WakeLock under-locked: Icing
10-01 14:53:34.343 1222 1304 E PowerManager: WakeLock tag:Icing from [com.google.android.gms] is forbidden
10-01 14:53:34.347 1222 1304 E PowerManager: WakeLock under-locked: Icing
10-01 14:53:34.352 1222 1304 E PowerManager: WakeLock tag:Icing from [com.google.android.gms] is forbidden
10-01 14:53:34.353 1222 1304 E PowerManager: WakeLock under-locked: Icing
10-01 14:53:34.388 1222 1284 E PowerManager: WakeLock tag:Icing from [com.google.android.gms] is forbidden
10-01 14:53:34.392 1222 1545 E PowerManager: WakeLock tag:Icing from [com.google.android.gms] is forbidden
10-01 14:53:34.396 1222 1545 E PowerManager: WakeLock under-locked: Icing
10-01 14:53:34.399 1222 1545 I Icing : IndexChimeraService.getServiceInterface callingPackage=com.google.android.gms componentName=AppsCorpus serviceId=36
10-01 14:53:34.399 1222 1284 E PowerManager: WakeLock tag:Icing from [com.google.android.gms] is forbidden
10-01 14:53:34.400 1222 1429 E PowerManager: WakeLock tag:Icing from [com.google.android.gms] is forbidden
10-01 14:53:34.407 1222 1429 E PowerManager: WakeLock under-locked: Icing
10-01 14:53:34.410 1222 1429 I Icing : IndexChimeraService.getServiceInterface callingPackage=com.google.android.gms componentName=AppsCorpus serviceId=32
10-01 14:53:34.410 1222 1545 E PowerManager: WakeLock tag:Icing from [com.google.android.gms] is forbidden
10-01 14:53:34.411 1222 1545 E PowerManager: WakeLock under-locked: Icing
10-01 14:53:34.413 1222 1304 E PowerManager: WakeLock tag:Icing from [com.google.android.gms] is forbidden
10-01 14:53:34.417 1222 1304 E PowerManager: WakeLock under-locked: Icing
10-01 14:53:34.421 1222 1429 E PowerManager: WakeLock tag:Icing from [com.google.android.gms] is forbidden
10-01 14:53:34.423 1222 1461 E PowerManager: WakeLock tag:Icing from [com.google.android.gms] is forbidden
10-01 14:53:34.427 1222 1304 I Icing : Usage reports ok 0, Failed Usage reports 0, indexed 0, rejected 0, imm upload false
10-01 14:53:34.428 1222 1429 E PowerManager: WakeLock under-locked: Icing
10-01 14:53:34.433 1222 1304 E PowerManager: WakeLock under-locked: Icing
10-01 14:53:34.435 1222 1545 E PowerManager: WakeLock tag:Icing from [com.google.android.gms] is forbidden
10-01 14:53:34.436 1222 1545 E PowerManager: WakeLock under-locked: Icing
10-01 14:53:34.441 1222 1304 E PowerManager: WakeLock tag:Icing from [com.google.android.gms] is forbidden
10-01 14:53:34.446 1222 1304 E PowerManager: WakeLock under-locked: Icing
10-01 14:53:34.447 1222 1545 E PowerManager: WakeLock under-locked: Icing
10-01 14:53:34.451 1222 1461 E PowerManager: WakeLock tag:Icing from [com.google.android.gms] is forbidden
10-01 14:53:34.454 1222 1304 I Icing : Usage reports ok 0, Failed Usage reports 0, indexed 0, rejected 0, imm upload false
10-01 14:53:34.454 1222 1304 E PowerManager: WakeLock under-locked: Icing
10-01 14:53:34.455 1222 1304 E PowerManager: WakeLock tag:Icing from [com.google.android.gms] is forbidden
10-01 14:53:34.457 1222 1304 E PowerManager: WakeLock under-locked: Icing
10-01 14:53:34.458 1222 1304 E PowerManager: WakeLock tag:Icing from [com.google.android.gms] is forbidden
10-01 14:53:34.462 1222 1304 E PowerManager: WakeLock under-locked: Icing
10-01 14:53:34.515 542 555 W ActivityManager: Process ProcessRecord{d16a0f 1918:com.onyx/1000} failed to attach
10-01 14:53:34.633 542 1954 I ActivityManager: Killing 1144:com.android.externalstorage/u0a5 (adj 15): empty #17
10-01 14:53:34.781 192 192 E SurfaceFlinger: App die 1144 0
10-01 14:53:35.136 1222 1304 E PowerManager: WakeLock tag:Icing from [com.google.android.gms] is forbidden
10-01 14:53:35.146 1222 1304 E PowerManager: WakeLock under-locked: Icing
10-01 14:53:35.159 1222 1304 E PowerManager: WakeLock tag:Icing from [com.google.android.gms] is forbidden
10-01 14:53:35.165 1222 1304 E PowerManager: WakeLock under-locked: Icing
10-01 14:53:35.172 1222 1304 E PowerManager: WakeLock tag:Icing from [com.google.android.gms] is forbidden
10-01 14:53:35.178 1222 1304 E PowerManager: WakeLock under-locked: Icing
10-01 14:53:35.187 1222 1304 I Icing : Indexing DC55F68FD7DC7CEF3C533DC48FD93D0E688CBFB5 from com.google.android.gms
10-01 14:53:35.263 1222 1304 E PowerManager: WakeLock tag:Icing from [com.google.android.gms] is forbidden
10-01 14:53:35.269 1222 1304 E PowerManager: WakeLock under-locked: Icing
10-01 14:53:35.274 1222 1304 E PowerManager: WakeLock tag:Icing from [com.google.android.gms] is forbidden
10-01 14:53:35.278 1222 1304 E PowerManager: WakeLock under-locked: Icing
10-01 14:53:35.283 1222 1304 E PowerManager: WakeLock under-locked: Icing
10-01 14:53:35.286 1222 1304 E PowerManager: WakeLock tag:Icing from [com.google.android.gms] is forbidden
10-01 14:53:35.290 1222 1304 E PowerManager: WakeLock under-locked: Icing
10-01 14:53:35.296 1222 1304 I Icing : Indexing done DC55F68FD7DC7CEF3C533DC48FD93D0E688CBFB5
10-01 14:53:35.297 1222 1304 E PowerManager: WakeLock under-locked: Icing
10-01 14:53:35.394 1222 1304 E PowerManager: WakeLock tag:Icing from [com.google.android.gms] is forbidden
10-01 14:53:35.403 1222 1304 E PowerManager: WakeLock under-locked: Icing
10-01 14:53:35.416 1222 1304 E PowerManager: WakeLock tag:Icing from [com.google.android.gms] is forbidden
10-01 14:53:35.423 1222 1304 E PowerManager: WakeLock under-locked: Icing
10-01 14:53:35.430 1222 1304 E PowerManager: WakeLock tag:Icing from [com.google.android.gms] is forbidden
10-01 14:53:35.436 1222 1304 E PowerManager: WakeLock under-locked: Icing
10-01 14:53:35.444 1222 1304 I Icing : Indexing DC55F68FD7DC7CEF3C533DC48FD93D0E688CBFB5 from com.google.android.gms
10-01 14:53:35.448 1222 1304 I Icing : Indexing done DC55F68FD7DC7CEF3C533DC48FD93D0E688CBFB5
10-01 14:53:35.448 1222 1304 E PowerManager: WakeLock under-locked: Icing
10-01 14:53:35.503 1222 1304 E PowerManager: WakeLock tag:Icing from [com.google.android.gms] is forbidden
10-01 14:53:35.509 1222 1304 E PowerManager: WakeLock under-locked: Icing
10-01 14:53:35.518 1222 1304 E PowerManager: WakeLock tag:Icing from [com.google.android.gms] is forbidden
10-01 14:53:35.525 1222 1304 E PowerManager: WakeLock under-locked: Icing
10-01 14:53:35.531 1222 1304 E PowerManager: WakeLock tag:Icing from [com.google.android.gms] is forbidden
10-01 14:53:35.537 1222 1304 E PowerManager: WakeLock under-locked: Icing
10-01 14:53:35.546 1222 1304 I Icing : Indexing DC55F68FD7DC7CEF3C533DC48FD93D0E688CBFB5 from com.google.android.gms
10-01 14:53:35.549 1222 1304 I Icing : Indexing done DC55F68FD7DC7CEF3C533DC48FD93D0E688CBFB5
10-01 14:53:35.550 1222 1304 E PowerManager: WakeLock tag:Icing from [com.google.android.gms] is forbidden
10-01 14:53:35.557 1222 1304 E PowerManager: WakeLock under-locked: Icing
10-01 14:53:35.563 1222 1304 E PowerManager: WakeLock tag:Icing from [com.google.android.gms] is forbidden
10-01 14:53:35.568 1222 1304 E PowerManager: WakeLock under-locked: Icing
10-01 14:53:35.583 1222 1304 E PowerManager: WakeLock under-locked: Icing
10-01 14:53:36.653 542 562 D pms : Enter idle state
10-01 14:53:36.654 542 562 D pms : ######### Switching system power mode to [standby]
10-01 14:53:36.654 542 562 I pms : ========== Setup an [300000]s alarm for standby mode ==========
10-01 14:53:36.655 542 562 D pms :
10-01 14:53:36.655 542 562 D pms :
10-01 14:53:36.655 542 562 D pms : ************** Add alarm:onyx_standby_timeout
10-01 14:53:36.655 542 562 D pms :
10-01 14:53:36.659 542 542 D pms : set alarm:onyx_standby_timeout, now:1538376816657 [ 2018-10-01 14:53:36], wake:1538377116654 [2018-10-01 14:58:36]
10-01 14:53:42.072 542 573 D pms : ######### Switching system power mode to [off]
10-01 14:53:42.072 542 542 D pms : ************** cancel alarm:onyx_standby_timeout
10-01 14:53:42.072 542 542 D pms : ************** cancel alarm:onyx_auto_poweroff
10-01 14:53:42.084 192 192 I hwcomposer: update_to_display(): upd_data -- marker[74] waveform_mode = 2, update_mode = 1, Rect[0 0 1872 1404]
10-01 14:53:44.224 542 555 I ActivityManager: Waited long enough for: ServiceRecord{686e53d u0 com.android.calendar/.alerts.InitAlarmsService}
10-01 14:53:44.947 542 562 D pms : Enter idle state
10-01 14:53:44.947 542 562 D pms : ######### Switching system power mode to [standby]
10-01 14:53:44.947 542 562 I pms : ========== Setup an [300000]s alarm for standby mode ==========
10-01 14:53:44.948 542 562 D pms :
10-01 14:53:44.948 542 562 D pms :
10-01 14:53:44.948 542 562 D pms : ************** Add alarm:onyx_standby_timeout
10-01 14:53:44.948 542 562 D pms :
10-01 14:53:44.952 542 542 D pms : set alarm:onyx_standby_timeout, now:1538376824950 [ 2018-10-01 14:53:44], wake:1538377124947 [2018-10-01 14:58:44]
10-01 14:53:45.371 542 1917 I ActivityManager: Killing 1448:com.google.android.gms.ui/u0a6 (adj 15): empty #17
10-01 14:55:27.072 192 192 E SurfaceFlinger: App die 1448 0
10-01 14:55:27.072 542 573 D pms : ######### Switching system power mode to [off]
10-01 14:55:27.072 542 542 D pms : ************** cancel alarm:onyx_standby_timeout
10-01 14:55:27.073 542 542 D pms : ************** cancel alarm:onyx_auto_poweroff
10-01 14:55:27.110 542 629 I ActivityManager: START u0 {act=com.android.systemui.recents.SHOW_RECENTS flg=0x10804000 cmp=com.android.systemui/.recents.OnyxRecentsActivity} from uid 10014 on display 0
10-01 14:55:27.119 542 629 W ContextImpl: Calling a method in the system process without a qualified user: android.app.ContextImpl.sendBroadcast:763 android.onyx.BroadcastHelper.sendActivityResume:370 com.android.server.am.ActivityManagerService.onActivityResumed:21088 com.android.server.am.ActivityStack.completeResumeLocked:1167 com.android.server.am.ActivityStack.minimalResumeActivityLocked:677
10-01 14:55:27.133 542 555 I ActivityManager: Start proc 2901:com.onyx/1000 for broadcast com.onyx/.applications.receiver.EACStatusChangedReceiver
10-01 14:55:27.134 192 192 I hwcomposer: update_to_display(): upd_data -- marker[75] waveform_mode = 255, update_mode = 0, Rect[2 49 79 79]
10-01 14:55:27.156 542 560 D WindowStateAnimator: rk_debug2 Starting com.android.systemui_Force_To_Dual
10-01 14:55:27.168 192 192 I hwcomposer: update_to_display(): upd_data -- marker[76] waveform_mode = 255, update_mode = 0, Rect[0 0 1872 1404]
10-01 14:55:27.212 542 560 D Surface : Surface::final mReqUsage=33
10-01 14:55:27.226 192 192 I hwcomposer: update_to_display(): upd_data -- marker[77] waveform_mode = 255, update_mode = 0, Rect[0 0 1872 1404]
10-01 14:55:27.342 192 192 I hwcomposer: update_to_display(): upd_data -- marker[78] waveform_mode = 255, update_mode = 0, Rect[0 0 1872 1404]
10-01 14:55:27.375 192 192 I hwcomposer: update_to_display(): upd_data -- marker[79] waveform_mode = 255, update_mode = 0, Rect[0 0 1872 1404]
10-01 14:55:27.407 192 192 I hwcomposer: update_to_display(): upd_data -- marker[80] waveform_mode = 255, update_mode = 0, Rect[0 0 1872 1404]
10-01 14:55:27.562 2901 2901 I com.onyx: type=1400 audit(0.0:55): avc: denied { read } for name="lib" dev="mmcblk0p13" ino=13 scontext=u:r:system_app:s0 tcontext=u:object_r:unlabeled:s0 tclass=lnk_file permissive=1
10-01 14:55:27.573 2901 2901 W System : ClassLoader referenced unknown path: /system/priv-app/kcb-release/lib/arm
10-01 14:55:27.623 192 192 I hwcomposer: update_to_display(): upd_data -- marker[81] waveform_mode = 255, update_mode = 0, Rect[0 0 1872 1404]
10-01 14:55:27.719 542 1469 D WindowStateAnimator: rk_debug2 com.android.systemui/com.android.systemui.recents.OnyxRecentsActivity_Force_To_Dual
10-01 14:55:27.736 712 1044 D Surface : Surface::final mReqUsage=a00
10-01 14:55:27.737 712 1044 D mali_winsys: EGLint new_window_surface(egl_winsys_display*, void*, EGLSurface, EGLConfig, egl_winsys_surface**, egl_color_buffer_format*, EGLBoolean) returns 0x3000
10-01 14:55:27.764 192 192 I hwcomposer: update_to_display(): upd_data -- marker[82] waveform_mode = 255, update_mode = 0, Rect[0 0 1872 1404]
10-01 14:55:27.779 2901 2901 I MultiDex: VM with version 2.1.0 has multidex support
10-01 14:55:27.779 2901 2901 I MultiDex: Installing application
10-01 14:55:27.779 2901 2901 I MultiDex: VM has multidex support, MultiDex support library is disabled.
10-01 14:55:28.195 542 1469 W InputMethodManagerService: Got RemoteException sending setActive(false) notification to pid 967 uid 1000
10-01 14:55:28.222 1044 1044 I RenderThread: type=1400 audit(0.0:56): avc: denied { read } for name="lib" dev="mmcblk0p13" ino=13 scontext=u:r:platform_app:s0:c512,c768 tcontext=u:object_r:unlabeled:s0 tclass=lnk_file permissive=1
10-01 14:55:28.245 192 192 I hwcomposer: update_to_display(): upd_data -- marker[83] waveform_mode = 255, update_mode = 0, Rect[0 0 1872 1404]
10-01 14:55:28.249 2901 2901 W ResourceType: No package identifier when getting value for resource number 0x00000000
10-01 14:55:28.253 542 560 I ActivityManager: Displayed com.android.systemui/.recents.OnyxRecentsActivity: +1s138ms (total +17s920ms)
10-01 14:55:28.295 192 192 I hwcomposer: update_to_display(): upd_data -- marker[84] waveform_mode = 255, update_mode = 0, Rect[0 0 1872 1404]
10-01 14:55:28.295 2901 2901 W ActivityThread: ClassLoader.getResourceAsStream: The class loader returned by Thread.getContextClassLoader() may fail for processes that host multiple applications. You should explicitly specify a context class loader. For example: Thread.setContextClassLoader(getClass().getClassLoader());
10-01 14:55:28.331 192 192 I hwcomposer: update_to_display(): upd_data -- marker[85] waveform_mode = 255, update_mode = 0, Rect[0 0 1872 1404]
10-01 14:55:28.452 542 1468 W ContextImpl: Calling a method in the system process without a qualified user: android.app.ContextImpl.sendBroadcast:763 android.onyx.BroadcastHelper.sendActivityResume:370 com.android.server.am.ActivityManagerService.onActivityResumed:21088 com.android.server.am.ActivityStack.completeResumeLocked:1167 com.android.server.am.ActivityStack.minimalResumeActivityLocked:677
10-01 14:55:28.453 542 1468 W ContextImpl: Calling a method in the system process without a qualified user: android.app.ContextImpl.sendBroadcast:763 android.onyx.BroadcastHelper.sendActivityPause:377 com.android.server.am.ActivityManagerService.onActivityPaused:21109 com.android.server.am.ActivityStack.activityPausedLocked:944 com.android.server.am.ActivityManagerService.activityPaused:6808
10-01 14:55:28.461 542 560 D WindowStateAnimator: rk_debug2 Starting com.onyx_Force_To_Dual
10-01 14:55:28.479 542 560 D Surface : Surface::final mReqUsage=33
10-01 14:55:28.554 2901 2901 I DeviceConfig: Using device model.
10-01 14:55:28.568 192 192 I hwcomposer: update_to_display(): upd_data -- marker[86] waveform_mode = 255, update_mode = 0, Rect[0 0 1872 1404]
10-01 14:55:28.580 2901 2901 D SoLoader: init start
10-01 14:55:28.618 192 192 I hwcomposer: update_to_display(): upd_data -- marker[87] waveform_mode = 255, update_mode = 0, Rect[0 0 1872 1404]
10-01 14:55:28.622 2901 2901 I com.onyx: type=1400 audit(0.0:57): avc: denied { getattr } for path="/vendor" dev="mmcblk0p13" ino=2 scontext=u:r:system_app:s0 tcontext=u:object_r:unlabeled:s0 tclass=dir permissive=1
10-01 14:55:28.622 2901 2901 I com.onyx: type=1400 audit(0.0:58): avc: denied { getattr } for path="/vendor/lib" dev="mmcblk0p13" ino=13 scontext=u:r:system_app:s0 tcontext=u:object_r:unlabeled:s0 tclass=lnk_file permissive=1
10-01 14:55:28.628 2901 2901 D SoLoader: Preparing SO source: com.facebook.soloader.DirectorySoSource[root = /system/lib flags = 2]
10-01 14:55:28.628 2901 2901 D SoLoader: Preparing SO source: com.facebook.soloader.DirectorySoSource[root = /system/vendor/lib flags = 2]
10-01 14:55:28.628 2901 2901 D SoLoader: Preparing SO source: com.facebook.soloader.ApkSoSource[root = /data/data/com.onyx/lib-main flags = 1]
10-01 14:55:28.629 2901 2901 V fb-UnpackingSoSource: locked dso store /data/user/0/com.onyx/lib-main
10-01 14:55:28.632 2901 2901 I fb-UnpackingSoSource: dso store is up-to-date: /data/user/0/com.onyx/lib-main
10-01 14:55:28.633 2901 2901 V fb-UnpackingSoSource: releasing dso store lock for /data/user/0/com.onyx/lib-main
10-01 14:55:28.633 2901 2901 D SoLoader: init finish: 3 SO sources prepared
10-01 14:55:28.862 2901 2925 E ===AVOS Cloud===: get router error err:com.avos.avoscloud.AVException: java.net.ConnectException: Failed to connect to /:::443
10-01 14:55:28.862 2901 2925 W System.err: com.avos.avoscloud.AVException: java.net.ConnectException: Failed to connect to /:::443
10-01 14:55:28.863 2901 2925 W System.err: at com.avos.avoscloud.AppRouterManager$1.onFailure(SourceFile:194)
10-01 14:55:28.863 2901 2925 W System.err: at com.avos.avoscloud.GenericObjectCallback.onFailure(SourceFile:14)
10-01 14:55:28.863 2901 2925 W System.err: at com.avos.avoscloud.GetHttpResponseHandler.onFailure(SourceFile:121)
10-01 14:55:28.863 2901 2925 W System.err: at com.avos.avoscloud.AsyncHttpResponseHandler.onFailure(SourceFile:37)
10-01 14:55:28.863 2901 2925 W System.err: at okhttp3.a$a.execute(SourceFile:161)
10-01 14:55:28.863 2901 2925 W System.err: at okhttp3.internal.NamedRunnable.run(SourceFile:32)
10-01 14:55:28.863 2901 2925 W System.err: at java.util.concurrent.ThreadPoolExecutor.runWorker(ThreadPoolExecutor.java:1113)
10-01 14:55:28.863 2901 2925 W System.err: at java.util.concurrent.ThreadPoolExecutor$Worker.run(ThreadPoolExecutor.java:588)
10-01 14:55:28.863 2901 2925 W System.err: at java.lang.Thread.run(Thread.java:818)
10-01 14:55:28.863 2901 2925 W System.err: Caused by: java.net.ConnectException: Failed to connect to /:::443
10-01 14:55:28.863 2901 2925 W System.err: at okhttp3.internal.connection.RealConnection.a(SourceFile:242)
10-01 14:55:28.863 2901 2925 W System.err: at okhttp3.internal.connection.RealConnection.connect(SourceFile:160)
10-01 14:55:28.863 2901 2925 W System.err: at okhttp3.internal.connection.StreamAllocation.a(SourceFile:257)
10-01 14:55:28.863 2901 2925 W System.err: at okhttp3.internal.connection.StreamAllocation.a(SourceFile:135)
10-01 14:55:28.863 2901 2925 W System.err: at okhttp3.internal.connection.StreamAllocation.newStream(SourceFile:114)
10-01 14:55:28.863 2901 2925 W System.err: at okhttp3.internal.connection.ConnectInterceptor.intercept(SourceFile:42)
10-01 14:55:28.863 2901 2925 W System.err: at okhttp3.internal.http.RealInterceptorChain.proceed(SourceFile:147)
10-01 14:55:28.863 2901 2925 W System.err: at okhttp3.internal.http.RealInterceptorChain.proceed(SourceFile:121)
10-01 14:55:28.863 2901 2925 W System.err: at okhttp3.internal.cache.CacheInterceptor.intercept(SourceFile:93)
10-01 14:55:28.863 2901 2925 W System.err: at okhttp3.internal.http.RealInterceptorChain.proceed(SourceFile:147)
10-01 14:55:28.863 2901 2925 W System.err: at okhttp3.internal.http.RealInterceptorChain.proceed(SourceFile:121)
10-01 14:55:28.863 2901 2925 W System.err: at okhttp3.internal.http.BridgeInterceptor.intercept(SourceFile:93)
10-01 14:55:28.863 2901 2925 W System.err: at okhttp3.internal.http.RealInterceptorChain.proceed(SourceFile:147)
10-01 14:55:28.863 2901 2925 W System.err: at okhttp3.internal.http.RetryAndFollowUpInterceptor.intercept(SourceFile:126)
10-01 14:55:28.863 2901 2925 W System.err: at okhttp3.internal.http.RealInterceptorChain.proceed(SourceFile:147)
10-01 14:55:28.864 2901 2925 W System.err: at okhttp3.internal.http.RealInterceptorChain.proceed(SourceFile:121)
10-01 14:55:28.864 2901 2925 W System.err: at com.avos.avoscloud.AVHttpClient$RequestStatisticInterceptor.intercept(SourceFile:105)
10-01 14:55:28.864 2901 2925 W System.err: at okhttp3.internal.http.RealInterceptorChain.proceed(SourceFile:147)
10-01 14:55:28.864 2901 2925 W System.err: at okhttp3.internal.http.RealInterceptorChain.proceed(SourceFile:121)
10-01 14:55:28.864 2901 2925 W System.err: at okhttp3.a.e(SourceFile:200)
10-01 14:55:28.864 2901 2925 W System.err: at okhttp3.a$a.execute(SourceFile:147)
10-01 14:55:28.864 2901 2925 W System.err: ... 4 more
10-01 14:55:28.864 2901 2925 W System.err: Caused by: java.net.ConnectException: failed to connect to localhost/127.0.0.1 (port 443) after 15000ms: isConnected failed: ECONNREFUSED (Connection refused)
10-01 14:55:28.866 2901 2925 W System.err: at libcore.io.IoBridge.isConnected(IoBridge.java:234)
10-01 14:55:28.866 2901 2925 W System.err: at libcore.io.IoBridge.connectErrno(IoBridge.java:171)
10-01 14:55:28.866 2901 2925 W System.err: at libcore.io.IoBridge.connect(IoBridge.java:122)
10-01 14:55:28.866 2901 2925 W System.err: at java.net.PlainSocketImpl.connect(PlainSocketImpl.java:183)
10-01 14:55:28.866 2901 2925 W System.err: at java.net.PlainSocketImpl.connect(PlainSocketImpl.java:452)
10-01 14:55:28.866 2901 2925 W System.err: at java.net.Socket.connect(Socket.java:884)
10-01 14:55:28.866 2901 2925 W System.err: at okhttp3.internal.platform.a.connectSocket(SourceFile:71)
10-01 14:55:28.866 2901 2925 W System.err: at okhttp3.internal.connection.RealConnection.a(SourceFile:240)
10-01 14:55:28.866 2901 2925 W System.err: ... 24 more
10-01 14:55:28.866 2901 2925 W System.err: Caused by: android.system.ErrnoException: isConnected failed: ECONNREFUSED (Connection refused)
10-01 14:55:28.867 2901 2925 W System.err: at libcore.io.IoBridge.isConnected(IoBridge.java:223)
10-01 14:55:28.867 2901 2925 W System.err: ... 31 more
10-01 14:55:28.881 2901 2928 E ===AVOS Cloud===: AnalyticsOnlineConfig$1->onFailure->67: Failed null
10-01 14:55:28.932 2901 2901 I com.onyx: type=1400 audit(0.0:59): avc: denied { read } for name="mac_address" dev="mmcblk0p13" ino=15 scontext=u:r:system_app:s0 tcontext=u:object_r:unlabeled:s0 tclass=file permissive=1
10-01 14:55:28.932 2901 2901 I com.onyx: type=1400 audit(0.0:60): avc: denied { open } for path="/vendor/mac_address" dev="mmcblk0p13" ino=15 scontext=u:r:system_app:s0 tcontext=u:object_r:unlabeled:s0 tclass=file permissive=1
10-01 14:55:28.932 2901 2901 I com.onyx: type=1400 audit(0.0:61): avc: denied { getattr } for path="/vendor/mac_address" dev="mmcblk0p13" ino=15 scontext=u:r:system_app:s0 tcontext=u:object_r:unlabeled:s0 tclass=file permissive=1
10-01 14:55:28.937 2901 2901 D RK32XXDevice: init device EINK_ONYX_GC_MASK.
10-01 14:55:28.942 2901 2901 I com.onyx: type=1400 audit(0.0:62): avc: denied { write } for name="mac_address" dev="mmcblk0p13" ino=15 scontext=u:r:system_app:s0 tcontext=u:object_r:unlabeled:s0 tclass=file permissive=1
10-01 14:55:28.942 2901 2901 I com.onyx: type=1400 audit(0.0:63): avc: denied { setattr } for name="mac_address" dev="mmcblk0p13" ino=15 scontext=u:r:system_app:s0 tcontext=u:object_r:unlabeled:s0 tclass=file permissive=1
10-01 14:55:29.008 2901 2901 D com.avos.avoscloud.PushService: PushService->startServiceIfRequired->265: No network available now
10-01 14:55:29.023 2901 2928 D ===AVOS Cloud===: LogUtil$avlog->d->43: roll back installationId since error there
10-01 14:55:29.052 2901 2945 W ResourceType: No package identifier when getting value for resource number 0x00000000
10-01 14:55:29.067 2901 2944 W ResourceType: No package identifier when getting value for resource number 0x00000000
10-01 14:55:29.082 2944 2944 I Thread-204: type=1400 audit(0.0:64): avc: denied { write } for name="hall_ctl" dev="sysfs" ino=12717 scontext=u:r:system_app:s0 tcontext=u:object_r:sysfs:s0 tclass=file permissive=1
10-01 14:55:29.113 2901 2901 W System.err: java.lang.NullPointerException: Attempt to invoke virtual method 'java.util.Map com.onyx.android.sdk.kcb.eac.data.EACDeviceConfig.getAppConfig()' on a null object reference
10-01 14:55:29.113 2901 2901 W System.err: at com.onyx.android.sdk.kcb.eac.EACManager.getEACAppConfigByPkgName(SourceFile:138)
10-01 14:55:29.113 2901 2901 W System.err: at com.onyx.android.sdk.kcb.eac.EACManager.activateEAC(SourceFile:181)
10-01 14:55:29.113 2901 2901 W System.err: at com.onyx.applications.receiver.EACStatusChangedReceiver.a(SourceFile:79)
10-01 14:55:29.114 2901 2901 W System.err: at com.onyx.applications.receiver.EACStatusChangedReceiver.onReceive(SourceFile:50)
10-01 14:55:29.114 2901 2901 W System.err: at android.app.ActivityThread.handleReceiver(ActivityThread.java:2725)
10-01 14:55:29.114 2901 2901 W System.err: at android.app.ActivityThread.-wrap14(ActivityThread.java)
10-01 14:55:29.114 2901 2901 W System.err: at android.app.ActivityThread$H.handleMessage(ActivityThread.java:1421)
10-01 14:55:29.114 2901 2901 W System.err: at android.os.Handler.dispatchMessage(Handler.java:102)
10-01 14:55:29.114 2901 2901 W System.err: at android.os.Looper.loop(Looper.java:148)
10-01 14:55:29.114 2901 2901 W System.err: at android.app.ActivityThread.main(ActivityThread.java:5417)
10-01 14:55:29.114 2901 2901 W System.err: at java.lang.reflect.Method.invoke(Native Method)
10-01 14:55:29.114 2901 2901 W System.err: at com.android.internal.os.ZygoteInit$MethodAndArgsCaller.run(ZygoteInit.java:772)
10-01 14:55:29.114 2901 2901 W System.err: at com.android.internal.os.ZygoteInit.main(ZygoteInit.java:662)
10-01 14:55:29.245 542 696 I ActivityManager: START u0 {cmp=com.onyx/.startuptutorial.StartupTutorialActivity} from uid 1000 on display 0
10-01 14:55:29.266 2901 2901 I LeanCloudManager: Save installation failed.com.avos.avoscloud.AVException: java.net.ConnectException: Failed to connect to /:::443
10-01 14:55:29.266 2901 2901 I DeviceReceiver: Received[0]: android.hardware.usb.action.USB_STATE data null
10-01 14:55:29.273 2901 2945 W ContextImpl: Calling a method in the system process without a qualified user: android.app.ContextImpl.sendBroadcast:763 android.content.ContextWrapper.sendBroadcast:396 com.onyx.android.sdk.device.BaseDevice.a:490 com.onyx.android.sdk.device.BaseDevice.showSystemStatusBar:453 com.onyx.android.sdk.kcb.eac.util.EACUtil.exitFullScreen:65
10-01 14:55:29.291 542 629 W ContextImpl: Calling a method in the system process without a qualified user: android.app.ContextImpl.sendBroadcast:763 android.onyx.BroadcastHelper.sendActivityResume:370 com.android.server.am.ActivityManagerService.onActivityResumed:21088 com.android.server.am.ActivityStack.completeResumeLocked:1167 com.android.server.am.ActivityStack.minimalResumeActivityLocked:677
10-01 14:55:29.292 542 629 W ContextImpl: Calling a method in the system process without a qualified user: android.app.ContextImpl.sendBroadcast:763 android.onyx.BroadcastHelper.sendActivityPause:377 com.android.server.am.ActivityManagerService.onActivityPaused:21109 com.android.server.am.ActivityStack.activityPausedLocked:944 com.android.server.am.ActivityManagerService.activityPaused:6808
10-01 14:55:29.293 2901 2945 W ContextImpl: Calling a method in the system process without a qualified user: android.app.ContextImpl.sendBroadcast:763 android.content.ContextWrapper.sendBroadcast:396 com.onyx.android.sdk.device.BaseDevice.a:490 com.onyx.android.sdk.device.BaseDevice.mapSideKeyToVolumeKey:457 com.onyx.android.sdk.kcb.eac.util.EACUtil.configSidePageKeyMapping:42
10-01 14:55:29.445 2901 2901 W ContextImpl: Calling a method in the system process without a qualified user: android.app.ContextImpl.sendBroadcast:763 android.content.ContextWrapper.sendBroadcast:396 com.onyx.android.sdk.device.BaseDevice.a:490 com.onyx.android.sdk.device.BaseDevice.showSystemStatusBar:453 com.onyx.ContentBrowserApplication$2.onActivityResumed:209
10-01 14:55:29.455 2901 2945 W ContextImpl: Calling a method in the system process without a qualified user: android.app.ContextImpl.sendBroadcast:763 android.content.ContextWrapper.sendBroadcast:396 com.onyx.android.sdk.device.BaseDevice.a:490 com.onyx.android.sdk.device.BaseDevice.showSystemStatusBar:453 com.onyx.android.sdk.kcb.eac.util.EACUtil.exitFullScreen:65
10-01 14:55:29.457 2901 2945 W ContextImpl: Calling a method in the system process without a qualified user: android.app.ContextImpl.sendBroadcast:763 android.content.ContextWrapper.sendBroadcast:396 com.onyx.android.sdk.device.BaseDevice.a:490 com.onyx.android.sdk.device.BaseDevice.mapSideKeyToVolumeKey:457 com.onyx.android.sdk.kcb.eac.util.EACUtil.configSidePageKeyMapping:42
10-01 14:55:29.510 2901 2901 D Surface : Surface::final mReqUsage=33
10-01 14:55:29.519 192 192 I hwcomposer: update_to_display(): upd_data -- marker[88] waveform_mode = 255, update_mode = 0, Rect[0 0 1872 1404]
10-01 14:55:29.595 542 560 I ActivityManager: Displayed com.onyx/.startuptutorial.StartupTutorialActivity: +321ms (total +1s152ms)
10-01 14:55:29.611 192 192 I hwcomposer: update_to_display(): upd_data -- marker[89] waveform_mode = 255, update_mode = 0, Rect[0 0 1872 1404]
10-01 14:55:29.653 192 192 I hwcomposer: update_to_display(): upd_data -- marker[90] waveform_mode = 255, update_mode = 0, Rect[0 0 1872 1404]
10-01 14:55:29.681 542 629 W ContextImpl: Calling a method in the system process without a qualified user: android.app.ContextImpl.sendBroadcast:763 android.onyx.BroadcastHelper.sendActivityFinish:384 com.android.server.am.ActivityManagerService.onActivityFinished:21098 com.android.server.am.ActivityStack.removeActivityFromHistoryLocked:3274 com.android.server.am.ActivityStack.activityDestroyedLocked:3521
10-01 14:55:29.694 542 1916 W ContextImpl: Calling a method in the system process without a qualified user: android.app.ContextImpl.sendBroadcast:763 android.onyx.BroadcastHelper.sendActivityFinish:384 com.android.server.am.ActivityManagerService.onActivityFinished:21098 com.android.server.am.ActivityStack.removeActivityFromHistoryLocked:3274 com.android.server.am.ActivityStack.activityDestroyedLocked:3521
10-01 14:55:29.696 192 192 I hwcomposer: update_to_display(): upd_data -- marker[91] waveform_mode = 255, update_mode = 0, Rect[0 0 1872 1404]
10-01 14:55:29.737 192 192 I hwcomposer: update_to_display(): upd_data -- marker[92] waveform_mode = 255, update_mode = 0, Rect[0 0 1872 1404]
10-01 14:55:32.808 192 192 I hwcomposer: update_to_display(): upd_data -- marker[93] waveform_mode = 255, update_mode = 0, Rect[0 0 1872 1404]
10-01 14:55:32.938 542 629 I ActivityManager: START u0 {act=com.android.systemui.recents.SHOW_RECENTS flg=0x10804000 cmp=com.android.systemui/.recents.OnyxRecentsActivity} from uid 10014 on display 0
10-01 14:55:32.946 542 629 W ContextImpl: Calling a method in the system process without a qualified user: android.app.ContextImpl.sendBroadcast:763 android.onyx.BroadcastHelper.sendActivityResume:370 com.android.server.am.ActivityManagerService.onActivityResumed:21088 com.android.server.am.ActivityStack.completeResumeLocked:1167 com.android.server.am.ActivityStack.minimalResumeActivityLocked:677
10-01 14:55:32.960 542 560 D WindowStateAnimator: rk_debug2 Starting com.android.systemui_Force_To_Dual
10-01 14:55:32.963 192 192 I hwcomposer: update_to_display(): upd_data -- marker[94] waveform_mode = 255, update_mode = 0, Rect[2 49 79 79]
10-01 14:55:33.025 542 560 D Surface : Surface::final mReqUsage=33
10-01 14:55:33.135 192 192 I hwcomposer: update_to_display(): upd_data -- marker[95] waveform_mode = 255, update_mode = 0, Rect[0 0 1872 1404]
10-01 14:55:33.137 542 696 D WindowStateAnimator: rk_debug2 com.android.systemui/com.android.systemui.recents.OnyxRecentsActivity_Force_To_Dual
10-01 14:55:33.170 712 1044 D Surface : Surface::final mReqUsage=a00
10-01 14:55:33.171 712 1044 D mali_winsys: EGLint new_window_surface(egl_winsys_display*, void*, EGLSurface, EGLConfig, egl_winsys_surface**, egl_color_buffer_format*, EGLBoolean) returns 0x3000
10-01 14:55:33.172 2901 2945 W ContextImpl: Calling a method in the system process without a qualified user: android.app.ContextImpl.sendBroadcast:763 android.content.ContextWrapper.sendBroadcast:396 com.onyx.android.sdk.device.BaseDevice.a:490 com.onyx.android.sdk.device.BaseDevice.showSystemStatusBar:453 com.onyx.android.sdk.kcb.eac.util.EACUtil.exitFullScreen:65
10-01 14:55:33.176 2901 2945 W ContextImpl: Calling a method in the system process without a qualified user: android.app.ContextImpl.sendBroadcast:763 android.content.ContextWrapper.sendBroadcast:396 com.onyx.android.sdk.device.BaseDevice.a:490 com.onyx.android.sdk.device.BaseDevice.resetKeyMapping:465 com.onyx.android.sdk.kcb.eac.util.EACUtil.configSidePageKeyMapping:39
10-01 14:55:33.191 192 192 I hwcomposer: update_to_display(): upd_data -- marker[96] waveform_mode = 255, update_mode = 0, Rect[0 0 1872 1404]
10-01 14:55:33.303 192 192 I hwcomposer: update_to_display(): upd_data -- marker[97] waveform_mode = 255, update_mode = 0, Rect[0 0 1872 1404]
10-01 14:55:33.346 192 192 I hwcomposer: update_to_display(): upd_data -- marker[98] waveform_mode = 255, update_mode = 0, Rect[0 0 1872 1404]
10-01 14:55:33.482 542 560 I ActivityManager: Displayed com.android.systemui/.recents.OnyxRecentsActivity: +542ms
10-01 14:55:33.505 192 192 I hwcomposer: update_to_display(): upd_data -- marker[99] waveform_mode = 255, update_mode = 0, Rect[0 0 1872 1404]
10-01 14:55:33.546 192 192 I hwcomposer: update_to_display(): upd_data -- marker[100] waveform_mode = 255, update_mode = 0, Rect[0 0 1872 1404]
10-01 14:55:34.525 192 192 I hwcomposer: update_to_display(): upd_data -- marker[101] waveform_mode = 255, update_mode = 0, Rect[2 1103 79 79]
10-01 14:55:38.328 542 697 I MediaFocusControl: AudioFocus abandonAudioFocus() from android.media.AudioManager@e8bc26dcom.onyx.music.MediaPlaybackService$3@40d2ea2
10-01 14:55:38.363 542 629 I ActivityManager: Killing 999:com.onyx.music/u0a51 (adj 15): empty #17
10-01 14:55:38.527 192 192 E SurfaceFlinger: App die 999 0
10-01 14:55:40.797 1751 1940 D InitAlarmsService: Clearing and rescheduling alarms.
10-01 14:55:40.819 542 552 W pms : [com.android.providers.calendar] is not allowed to set wakeup alarm
10-01 14:55:40.827 542 1468 I ActivityManager: Killing 1194:com.android.provision/u0a43 (adj 15): empty #17
10-01 14:55:40.898 192 192 E SurfaceFlinger: App die 1194 0
10-01 14:55:43.211 542 1469 D pms : Enter idle state
10-01 14:55:43.212 542 1469 D pms : ######### Switching system power mode to [standby]
10-01 14:55:43.212 542 1469 I pms : ========== Setup an [300000]s alarm for standby mode ==========
10-01 14:55:43.213 542 1469 D pms :
10-01 14:55:43.213 542 1469 D pms :
10-01 14:55:43.213 542 1469 D pms : ************** Add alarm:onyx_standby_timeout
10-01 14:55:43.213 542 1469 D pms :
10-01 14:55:43.218 542 542 D pms : set alarm:onyx_standby_timeout, now:1538376943216 [ 2018-10-01 14:55:43], wake:1538377243212 [2018-10-01 15:00:43]
10-01 14:57:44.071 542 573 D pms : ######### Switching system power mode to [off]
10-01 14:57:44.071 542 542 D pms : ************** cancel alarm:onyx_standby_timeout
10-01 14:57:44.071 542 542 D pms : ************** cancel alarm:onyx_auto_poweroff
10-01 14:57:44.102 192 192 I hwcomposer: update_to_display(): upd_data -- marker[102] waveform_mode = 255, update_mode = 0, Rect[2 1197 79 79]
10-01 14:57:44.114 542 697 W ContextImpl: Calling a method in the system process without a qualified user: android.app.ContextImpl.sendBroadcast:763 android.onyx.BroadcastHelper.sendActivityResume:370 com.android.server.am.ActivityManagerService.onActivityResumed:21088 com.android.server.am.ActivityStack.completeResumeLocked:1167 com.android.server.am.ActivityStack.resumeTopActivityInnerLocked:2050
10-01 14:57:44.114 542 697 W ContextImpl: Calling a method in the system process without a qualified user: android.app.ContextImpl.sendBroadcast:763 android.onyx.BroadcastHelper.sendActivityPause:377 com.android.server.am.ActivityManagerService.onActivityPaused:21109 com.android.server.am.ActivityStack.activityPausedLocked:944 com.android.server.am.ActivityManagerService.activityPaused:6808
10-01 14:57:44.137 192 192 I hwcomposer: update_to_display(): upd_data -- marker[103] waveform_mode = 255, update_mode = 0, Rect[0 0 1872 1404]
10-01 14:57:44.150 2901 2901 W ContextImpl: Calling a method in the system process without a qualified user: android.app.ContextImpl.sendBroadcast:763 android.content.ContextWrapper.sendBroadcast:396 com.onyx.android.sdk.device.BaseDevice.a:490 com.onyx.android.sdk.device.BaseDevice.showSystemStatusBar:453 com.onyx.ContentBrowserApplication$2.onActivityResumed:209
10-01 14:57:44.235 2901 2945 W ContextImpl: Calling a method in the system process without a qualified user: android.app.ContextImpl.sendBroadcast:763 android.content.ContextWrapper.sendBroadcast:396 com.onyx.android.sdk.device.BaseDevice.a:490 com.onyx.android.sdk.device.BaseDevice.showSystemStatusBar:453 com.onyx.android.sdk.kcb.eac.util.EACUtil.exitFullScreen:65
10-01 14:57:44.242 192 192 I hwcomposer: update_to_display(): upd_data -- marker[104] waveform_mode = 255, update_mode = 0, Rect[0 0 1872 1404]
10-01 14:57:44.244 2901 2945 W ContextImpl: Calling a method in the system process without a qualified user: android.app.ContextImpl.sendBroadcast:763 android.content.ContextWrapper.sendBroadcast:396 com.onyx.android.sdk.device.BaseDevice.a:490 com.onyx.android.sdk.device.BaseDevice.mapSideKeyToVolumeKey:457 com.onyx.android.sdk.kcb.eac.util.EACUtil.configSidePageKeyMapping:42
10-01 14:57:44.335 2901 2901 D Surface : Surface::final mReqUsage=33
10-01 14:57:44.466 542 630 W ContextImpl: Calling a method in the system process without a qualified user: android.app.ContextImpl.sendBroadcast:763 android.onyx.BroadcastHelper.sendActivityFinish:384 com.android.server.am.ActivityManagerService.onActivityFinished:21098 com.android.server.am.ActivityStack.removeActivityFromHistoryLocked:3274 com.android.server.am.ActivityStack.activityDestroyedLocked:3521
10-01 14:57:44.475 192 192 I hwcomposer: update_to_display(): upd_data -- marker[105] waveform_mode = 255, update_mode = 0, Rect[0 0 1872 1404]
10-01 14:57:44.524 192 192 I hwcomposer: update_to_display(): upd_data -- marker[106] waveform_mode = 255, update_mode = 0, Rect[0 0 1872 1404]
10-01 14:57:54.235 542 553 D pms : Enter idle state
10-01 14:57:54.235 542 553 D pms : ######### Switching system power mode to [standby]
10-01 14:57:54.236 542 553 I pms : ========== Setup an [300000]s alarm for standby mode ==========
10-01 14:57:54.237 542 553 D pms :
10-01 14:57:54.237 542 553 D pms :
10-01 14:57:54.237 542 553 D pms : ************** Add alarm:onyx_standby_timeout
10-01 14:57:54.237 542 553 D pms :
10-01 14:57:54.240 542 542 D pms : set alarm:onyx_standby_timeout, now:1538377074238 [ 2018-10-01 14:57:54], wake:1538377374236 [2018-10-01 15:02:54]
10-01 14:58:09.072 542 573 D pms : ######### Switching system power mode to [off]
10-01 14:58:09.072 542 542 D pms : ************** cancel alarm:onyx_standby_timeout
10-01 14:58:09.073 542 542 D pms : ************** cancel alarm:onyx_auto_poweroff
10-01 14:58:09.096 192 192 I hwcomposer: update_to_display(): upd_data -- marker[107] waveform_mode = 255, update_mode = 0, Rect[0 0 1872 1404]
10-01 14:58:09.387 192 192 I hwcomposer: update_to_display(): upd_data -- marker[108] waveform_mode = 255, update_mode = 0, Rect[83 0 1789 1404]
10-01 14:58:09.462 2960 2960 I RxCachedThreadS: type=1400 audit(0.0:65): avc: denied { write } for name="/" dev="mmcblk0p13" ino=2 scontext=u:r:system_app:s0 tcontext=u:object_r:unlabeled:s0 tclass=dir permissive=1
10-01 14:58:09.462 2960 2960 I RxCachedThreadS: type=1400 audit(0.0:66): avc: denied { add_name } for name="tutorial" scontext=u:r:system_app:s0 tcontext=u:object_r:unlabeled:s0 tclass=dir permissive=1
10-01 14:58:09.462 2960 2960 I RxCachedThreadS: type=1400 audit(0.0:67): avc: denied { create } for name="tutorial" scontext=u:r:system_app:s0 tcontext=u:object_r:unlabeled:s0 tclass=file permissive=1
10-01 14:58:09.537 192 192 I hwcomposer: update_to_display(): upd_data -- marker[109] waveform_mode = 255, update_mode = 0, Rect[83 0 1789 1404]
10-01 14:58:09.646 2901 2960 E Debug : io.reactivex.exceptions.OnErrorNotImplementedException: Callable returned null
10-01 14:58:09.646 2901 2960 E Debug : at io.reactivex.internal.functions.Functions$ag.a(SourceFile:704)
10-01 14:58:09.646 2901 2960 E Debug : at io.reactivex.internal.functions.Functions$ag.accept(SourceFile:701)
10-01 14:58:09.646 2901 2960 E Debug : at io.reactivex.internal.observers.LambdaObserver.onError(SourceFile:77)
10-01 14:58:09.646 2901 2960 E Debug : at io.reactivex.internal.operators.observable.ObservableSubscribeOn$a.onError(SourceFile:63)
10-01 14:58:09.646 2901 2960 E Debug : at io.reactivex.internal.operators.observable.ObservableFromCallable.subscribeActual(SourceFile:46)
10-01 14:58:09.646 2901 2960 E Debug : at io.reactivex.Observable.subscribe(SourceFile:12025)
10-01 14:58:09.646 2901 2960 E Debug : at io.reactivex.internal.operators.observable.ObservableSubscribeOn$b.run(SourceFile:96)
10-01 14:58:09.646 2901 2960 E Debug : at io.reactivex.Scheduler$a.run(SourceFile:571)
10-01 14:58:09.646 2901 2960 E Debug : at io.reactivex.internal.schedulers.ScheduledRunnable.run(SourceFile:66)
10-01 14:58:09.646 2901 2960 E Debug : at io.reactivex.internal.schedulers.ScheduledRunnable.call(SourceFile:57)
10-01 14:58:09.646 2901 2960 E Debug : at java.util.concurrent.FutureTask.run(FutureTask.java:237)
10-01 14:58:09.646 2901 2960 E Debug : at java.util.concurrent.ScheduledThreadPoolExecutor$ScheduledFutureTask.run(ScheduledThreadPoolExecutor.java:269)
10-01 14:58:09.646 2901 2960 E Debug : at java.util.concurrent.ThreadPoolExecutor.runWorker(ThreadPoolExecutor.java:1113)
10-01 14:58:09.646 2901 2960 E Debug : at java.util.concurrent.ThreadPoolExecutor$Worker.run(ThreadPoolExecutor.java:588)
10-01 14:58:09.646 2901 2960 E Debug : at java.lang.Thread.run(Thread.java:818)
10-01 14:58:09.646 2901 2960 E Debug : Caused by: java.lang.NullPointerException: Callable returned null
10-01 14:58:09.646 2901 2960 E Debug : at io.reactivex.internal.functions.ObjectHelper.requireNonNull(SourceFile:39)
10-01 14:58:09.646 2901 2960 E Debug : at io.reactivex.internal.operators.observable.ObservableFromCallable.subscribeActual(SourceFile:42)
10-01 14:58:09.646 2901 2960 E Debug : ... 10 more
10-01 14:58:09.999 192 192 I hwcomposer: update_to_display(): upd_data -- marker[110] waveform_mode = 255, update_mode = 0, Rect[1118 515 41 375]
10-01 14:58:10.510 192 192 I hwcomposer: update_to_display(): upd_data -- marker[111] waveform_mode = 255, update_mode = 0, Rect[1118 515 41 375]
10-01 14:58:11.007 192 192 I hwcomposer: update_to_display(): upd_data -- marker[112] waveform_mode = 255, update_mode = 0, Rect[1118 515 41 375]
10-01 14:58:11.500 542 1469 I ActivityManager: START u0 {cmp=com.onyx/.main.ui.MainActivity} from uid 1000 on display 0
10-01 14:58:11.507 192 192 I hwcomposer: update_to_display(): upd_data -- marker[113] waveform_mode = 255, update_mode = 0, Rect[1118 515 41 375]
10-01 14:58:11.582 542 560 D WindowStateAnimator: rk_debug2 Starting com.onyx_Force_To_Dual
10-01 14:58:11.599 542 696 W ContextImpl: Calling a method in the system process without a qualified user: android.app.ContextImpl.sendBroadcast:763 android.onyx.BroadcastHelper.sendActivityResume:370 com.android.server.am.ActivityManagerService.onActivityResumed:21088 com.android.server.am.ActivityStack.completeResumeLocked:1167 com.android.server.am.ActivityStack.minimalResumeActivityLocked:677
10-01 14:58:11.600 542 696 W ContextImpl: Calling a method in the system process without a qualified user: android.app.ContextImpl.sendBroadcast:763 android.onyx.BroadcastHelper.sendActivityPause:377 com.android.server.am.ActivityManagerService.onActivityPaused:21109 com.android.server.am.ActivityStack.activityPausedLocked:944 com.android.server.am.ActivityManagerService.activityPaused:6808
10-01 14:58:11.604 542 560 D Surface : Surface::final mReqUsage=33
10-01 14:58:11.669 192 192 I hwcomposer: update_to_display(): upd_data -- marker[114] waveform_mode = 255, update_mode = 0, Rect[0 0 1872 1404]
10-01 14:58:12.131 2901 2901 W ContextImpl: Calling a method in the system process without a qualified user: android.app.ContextImpl.sendBroadcast:763 android.content.ContextWrapper.sendBroadcast:396 com.onyx.android.sdk.device.BaseDevice.a:490 com.onyx.android.sdk.device.BaseDevice.showSystemStatusBar:453 com.onyx.ContentBrowserApplication$2.onActivityResumed:209
10-01 14:58:12.140 2901 2945 W ContextImpl: Calling a method in the system process without a qualified user: android.app.ContextImpl.sendBroadcast:763 android.content.ContextWrapper.sendBroadcast:396 com.onyx.android.sdk.device.BaseDevice.a:490 com.onyx.android.sdk.device.BaseDevice.showSystemStatusBar:453 com.onyx.android.sdk.kcb.eac.util.EACUtil.exitFullScreen:65
10-01 14:58:12.142 2901 2945 W ContextImpl: Calling a method in the system process without a qualified user: android.app.ContextImpl.sendBroadcast:763 android.content.ContextWrapper.sendBroadcast:396 com.onyx.android.sdk.device.BaseDevice.a:490 com.onyx.android.sdk.device.BaseDevice.mapSideKeyToVolumeKey:457 com.onyx.android.sdk.kcb.eac.util.EACUtil.configSidePageKeyMapping:42
10-01 14:58:12.154 192 192 I hwcomposer: update_to_display(): upd_data -- marker[115] waveform_mode = 255, update_mode = 0, Rect[0 0 1872 1404]
10-01 14:58:12.224 192 192 I hwcomposer: update_to_display(): upd_data -- marker[116] waveform_mode = 255, update_mode = 0, Rect[0 0 1872 1404]
10-01 14:58:12.474 192 192 I hwcomposer: update_to_display(): upd_data -- marker[117] waveform_mode = 255, update_mode = 0, Rect[0 0 1872 1404]
10-01 14:58:12.485 2901 2901 D Surface : Surface::final mReqUsage=33
10-01 14:58:12.557 542 560 I ActivityManager: Displayed com.onyx/.main.ui.MainActivity: +964ms
10-01 14:58:12.567 192 192 I hwcomposer: update_to_display(): upd_data -- marker[118] waveform_mode = 255, update_mode = 0, Rect[0 0 1872 1404]
10-01 14:58:12.607 192 192 I hwcomposer: update_to_display(): upd_data -- marker[119] waveform_mode = 255, update_mode = 0, Rect[0 0 1872 1404]
10-01 14:58:12.646 192 192 I hwcomposer: update_to_display(): upd_data -- marker[120] waveform_mode = 255, update_mode = 0, Rect[0 0 1872 1404]
10-01 14:58:12.744 2901 2901 E RecyclerView: No adapter attached; skipping layout
10-01 14:58:12.799 2901 2901 I DeviceReceiver: Received[1]: android.hardware.usb.action.USB_STATE data null
10-01 14:58:12.799 2901 2901 D EventBus: No subscribers registered for event class com.onyx.common.event.UsbStatusEvent
10-01 14:58:12.799 2901 2901 D EventBus: No subscribers registered for event class org.greenrobot.eventbus.NoSubscriberEvent
10-01 14:58:12.811 192 192 I hwcomposer: update_to_display(): upd_data -- marker[121] waveform_mode = 255, update_mode = 0, Rect[83 0 1789 1254]
10-01 14:58:12.867 542 698 I ActivityManager: Start proc 2963:com.onyx.kreader/u0a50 for content provider com.onyx.kreader/com.onyx.android.sdk.data.db.OnyxDataBaseContentProvider_Provider
10-01 14:58:12.912 2963 2963 I om.onyx.kreader: type=1400 audit(0.0:68): avc: denied { read } for name="lib" dev="mmcblk0p13" ino=13 scontext=u:r:untrusted_app:s0:c512,c768 tcontext=u:object_r:unlabeled:s0 tclass=lnk_file permissive=1
10-01 14:58:12.918 2963 2963 W System : ClassLoader referenced unknown path: /system/app/kreader-release/lib/arm
10-01 14:58:12.943 542 1468 W ContextImpl: Calling a method in the system process without a qualified user: android.app.ContextImpl.sendBroadcast:763 android.onyx.BroadcastHelper.sendActivityFinish:384 com.android.server.am.ActivityManagerService.onActivityFinished:21098 com.android.server.am.ActivityStack.removeActivityFromHistoryLocked:3274 com.android.server.am.ActivityStack.activityDestroyedLocked:3521
10-01 14:58:12.944 192 192 I hwcomposer: update_to_display(): upd_data -- marker[122] waveform_mode = 255, update_mode = 0, Rect[0 0 1872 1404]
10-01 14:58:13.001 192 192 I hwcomposer: update_to_display(): upd_data -- marker[123] waveform_mode = 255, update_mode = 0, Rect[0 0 1872 1404]
10-01 14:58:13.430 2963 2963 I MultiDex: VM with version 2.1.0 has multidex support
10-01 14:58:13.430 2963 2963 I MultiDex: Installing application
10-01 14:58:13.430 2963 2963 I MultiDex: VM has multidex support, MultiDex support library is disabled.
10-01 14:58:13.430 2963 2963 I MultiDex: Installing application
10-01 14:58:13.430 2963 2963 I MultiDex: VM has multidex support, MultiDex support library is disabled.
