10-01 15:08:25.430 192 192 I hwcomposer: update_to_display(): upd_data -- marker[404] waveform_mode = 255, update_mode = 0, Rect[273 0 38 1404]
10-01 15:08:25.492 192 192 I hwcomposer: update_to_display(): upd_data -- marker[405] waveform_mode = 255, update_mode = 0, Rect[273 0 38 1404]
10-01 15:08:25.550 192 192 I hwcomposer: update_to_display(): upd_data -- marker[406] waveform_mode = 255, update_mode = 0, Rect[273 0 38 1404]
10-01 15:08:25.562 542 629 W pms : [com.google.android.gms] is not allowed to set wakeup alarm
10-01 15:08:25.562 1158 1625 E NetworkScheduler: Trying to release unacquired lock: CLIENT_LIB
10-01 15:08:25.563 1158 1625 E PowerManager: WakeLock tag:*net_scheduler* from [com.google.android.gms] is forbidden
10-01 15:08:25.581 542 629 W pms : [com.google.android.gms] is not allowed to set wakeup alarm
10-01 15:08:25.581 1158 1625 E NetworkScheduler: Trying to release unacquired lock: CLIENT_LIB
10-01 15:08:26.115 542 555 I ActivityManager: Waited long enough for: ServiceRecord{e18c9de u0 com.google.android.gms/.chimera.GmsIntentOperationService}
10-01 15:08:26.175 192 192 I hwcomposer: update_to_display(): upd_data -- marker[407] waveform_mode = 255, update_mode = 0, Rect[273 0 1599 1404]
10-01 15:08:26.265 192 192 I hwcomposer: update_to_display(): upd_data -- marker[408] waveform_mode = 255, update_mode = 0, Rect[0 0 1872 1404]
10-01 15:08:26.336 192 192 I hwcomposer: update_to_display(): upd_data -- marker[409] waveform_mode = 255, update_mode = 0, Rect[273 0 38 1404]
10-01 15:08:26.358 1158 1158 I WearableService: Wearable Services stopping
10-01 15:08:26.396 192 192 I hwcomposer: update_to_display(): upd_data -- marker[410] waveform_mode = 255, update_mode = 0, Rect[0 0 1872 1404]
10-01 15:08:26.446 192 192 I hwcomposer: update_to_display(): upd_data -- marker[411] waveform_mode = 255, update_mode = 0, Rect[273 0 38 1404]
10-01 15:08:26.506 192 192 I hwcomposer: update_to_display(): upd_data -- marker[412] waveform_mode = 255, update_mode = 0, Rect[273 0 38 1404]
10-01 15:08:26.561 192 192 I hwcomposer: update_to_display(): upd_data -- marker[413] waveform_mode = 255, update_mode = 0, Rect[273 0 38 1404]
10-01 15:08:26.607 192 192 I hwcomposer: update_to_display(): upd_data -- marker[414] waveform_mode = 255, update_mode = 0, Rect[273 0 38 1404]
10-01 15:08:26.673 192 192 I hwcomposer: update_to_display(): upd_data -- marker[415] waveform_mode = 255, update_mode = 0, Rect[0 0 1872 1404]
10-01 15:08:26.743 192 192 I hwcomposer: update_to_display(): upd_data -- marker[416] waveform_mode = 255, update_mode = 0, Rect[273 0 38 1404]
10-01 15:08:26.813 192 192 I hwcomposer: update_to_display(): upd_data -- marker[417] waveform_mode = 255, update_mode = 0, Rect[273 0 38 1404]
10-01 15:08:26.855 192 192 I hwcomposer: update_to_display(): upd_data -- marker[418] waveform_mode = 255, update_mode = 0, Rect[273 0 38 1404]
10-01 15:08:26.896 192 192 I hwcomposer: update_to_display(): upd_data -- marker[419] waveform_mode = 255, update_mode = 0, Rect[273 0 38 1404]
10-01 15:08:26.951 192 192 I hwcomposer: update_to_display(): upd_data -- marker[420] waveform_mode = 255, update_mode = 0, Rect[273 0 38 1404]
10-01 15:08:27.011 192 192 I hwcomposer: update_to_display(): upd_data -- marker[421] waveform_mode = 255, update_mode = 0, Rect[273 0 38 1404]
10-01 15:08:27.055 192 192 I hwcomposer: update_to_display(): upd_data -- marker[422] waveform_mode = 255, update_mode = 0, Rect[0 0 1872 1404]
10-01 15:08:27.100 192 192 I hwcomposer: update_to_display(): upd_data -- marker[423] waveform_mode = 255, update_mode = 0, Rect[273 0 38 1404]
10-01 15:08:27.147 192 192 I hwcomposer: update_to_display(): upd_data -- marker[424] waveform_mode = 255, update_mode = 0, Rect[273 0 38 1404]
10-01 15:08:27.191 192 192 I hwcomposer: update_to_display(): upd_data -- marker[425] waveform_mode = 255, update_mode = 0, Rect[273 0 38 1404]
10-01 15:08:27.328 192 192 I hwcomposer: update_to_display(): upd_data -- marker[426] waveform_mode = 255, update_mode = 0, Rect[273 0 38 1404]
10-01 15:08:27.383 1222 3288 W ChimeraConfigService: Configuration fetch did not complete: NOT_AVAILABLE
10-01 15:08:27.407 192 192 I hwcomposer: update_to_display(): upd_data -- marker[427] waveform_mode = 255, update_mode = 0, Rect[273 0 38 1404]
10-01 15:08:27.459 192 192 I hwcomposer: update_to_display(): upd_data -- marker[428] waveform_mode = 255, update_mode = 0, Rect[0 0 1872 1404]
10-01 15:08:27.508 192 192 I hwcomposer: update_to_display(): upd_data -- marker[429] waveform_mode = 255, update_mode = 0, Rect[273 0 38 1404]
10-01 15:08:27.558 192 192 I hwcomposer: update_to_display(): upd_data -- marker[430] waveform_mode = 255, update_mode = 0, Rect[273 0 38 1404]
10-01 15:08:27.599 192 192 I hwcomposer: update_to_display(): upd_data -- marker[431] waveform_mode = 255, update_mode = 0, Rect[0 0 1872 1404]
10-01 15:08:27.663 2901 2901 I DeviceReceiver: Received[28]: android.intent.action.ACTION_POWER_CONNECTED data null
10-01 15:08:27.664 2901 2901 I DeviceReceiver: Received[29]: android.intent.action.ACTION_POWER_CONNECTED data null
10-01 15:08:28.053 192 192 I hwcomposer: update_to_display(): upd_data -- marker[432] waveform_mode = 255, update_mode = 0, Rect[273 0 38 1404]
10-01 15:08:28.115 192 192 I hwcomposer: update_to_display(): upd_data -- marker[433] waveform_mode = 255, update_mode = 0, Rect[0 0 1872 1404]
10-01 15:08:28.162 192 192 I hwcomposer: update_to_display(): upd_data -- marker[434] waveform_mode = 255, update_mode = 0, Rect[273 0 38 1404]
10-01 15:08:28.377 1222 3288 I ChimeraConfigService: Scheduling checkin every 43200 seconds, with flex of 1800 seconds
10-01 15:08:28.477 1222 3369 W ChmraDebugLogger: Suspected failure status/reason: [38] NOT_AVAILABLE
10-01 15:08:28.636 1158 1158 E PowerManager: WakeLock tag:Wakeful StateMachine: GeofencerStateMachine from [com.google.android.gms] is forbidden
10-01 15:08:28.854 192 192 I hwcomposer: update_to_display(): upd_data -- marker[435] waveform_mode = 255, update_mode = 0, Rect[2 1103 79 79]
10-01 15:08:28.984 1222 1461 E PowerManager: WakeLock under-locked: Icing
10-01 15:08:29.187 1158 1625 E PowerManager: WakeLock tag:*net_scheduler* from [com.google.android.gms] is forbidden
10-01 15:08:29.414 542 574 D pms : ######### Switching system power mode to [off]
10-01 15:08:29.415 542 542 D pms : ************** cancel alarm:onyx_standby_timeout
10-01 15:08:29.415 542 542 D pms : ************** cancel alarm:onyx_auto_poweroff
10-01 15:08:29.537 542 1469 W pms : [com.google.android.gms] is not allowed to set wakeup alarm
10-01 15:08:29.537 1158 1625 E NetworkScheduler: Trying to release unacquired lock: DEVICE_CHARGING
10-01 15:08:29.841 2901 2901 I DeviceReceiver: Received[30]: android.hardware.usb.action.USB_STATE data null
10-01 15:08:29.841 2901 2901 I DeviceReceiver: Received[31]: android.hardware.usb.action.USB_STATE data null
10-01 15:08:29.842 542 542 D Tethering: ACTION_USB_STATE received, usbConnected=true, mRndisEnabled=false
10-01 15:08:30.152 1222 1222 I iu.Environment: update battery state; isPlugged? true*
10-01 15:08:30.311 1222 1222 E PowerManager: WakeLock tag:wake:com.google.android.gms/com.google.android.libraries.social.autobackup.FingerprintScannerIntentService from [com.google.android.gms] is forbidden
10-01 15:08:30.442 1222 3228 I iu.UploadsManager: num queued entries: 0
10-01 15:08:30.442 1222 3228 I iu.UploadsManager: num updated entries: 0
10-01 15:08:30.443 1222 3228 I iu.SyncManager: NEXT; no task
10-01 15:08:30.502 3052 3052 I Choreographer: Skipped 30 frames! The application may be doing too much work on its main thread.
10-01 15:08:30.563 1222 1461 E PowerManager: WakeLock tag:Icing from [com.google.android.gms] is forbidden
10-01 15:08:30.565 1222 1461 E PowerManager: WakeLock under-locked: Icing
10-01 15:08:30.658 192 192 I hwcomposer: update_to_display(): upd_data -- marker[436] waveform_mode = 255, update_mode = 0, Rect[0 0 1872 1404]
10-01 15:08:30.692 3052 3052 W browser : Console: Mixed Content: The page at 'https://www.baidu.com/' was loaded over HTTPS, but requested an insecure image 'http://127.0.0.1:59468/?data=fCMxIzsjMi8xLzUjLSMyIzsjbVRmW1ZlT3daWElUN1cyZFQzNm15ZVlyelpDLFpsOUIyejpYcGJSU3pwcXUwTHFmQ1Y3ZldiNGNqYnhZbGt0dzpxLDY0WEpDezdmWXZaTGhxb3piS1I%2BPiMtIzMjOyM5NTVjfSMtIzQjOzI2NDk0ODg4MjExNzJ%2B'. This content should also be served over HTTPS. https://www.baidu.com/:0
10-01 15:08:30.713 1013 1013 D MtpService: starting MTP server in MTP mode
10-01 15:08:30.724 1013 1013 D MtpService: Adding MTP storage 0x10001 at /storage/emulated/0
10-01 15:08:30.778 1158 1312 E NetworkScheduler.ATC: Trying to release unacquired lock: com.google.android.gms/.chimera.container.ConfigService
10-01 15:08:30.910 192 192 I hwcomposer: update_to_display(): upd_data -- marker[437] waveform_mode = 255, update_mode = 0, Rect[0 0 1872 1404]
10-01 15:08:30.960 192 192 I hwcomposer: update_to_display(): upd_data -- marker[438] waveform_mode = 255, update_mode = 0, Rect[0 0 1872 1404]
10-01 15:08:31.031 1222 1222 E PowerManager: WakeLock tag:fingerprint_scanner_local from [com.google.android.gms] is forbidden
10-01 15:08:31.044 1222 3388 I iu.FingerprintManager: Start processing all media
10-01 15:08:31.049 1222 3388 I iu.FingerprintManager: Start processing media store URI: content://media/external/images/media
10-01 15:08:31.051 1222 1461 I Icing : Usage reports ok 0, Failed Usage reports 0, indexed 0, rejected 0, imm upload false
10-01 15:08:31.052 1222 1461 E PowerManager: WakeLock under-locked: Icing
10-01 15:08:31.055 1222 1461 E PowerManager: WakeLock tag:Icing from [com.google.android.gms] is forbidden
10-01 15:08:31.057 1222 3388 I iu.FingerprintManager: Start processing media store URI: content://media/external/video/media
10-01 15:08:31.058 1222 1461 E PowerManager: WakeLock under-locked: Icing
10-01 15:08:31.065 1222 3388 I iu.FingerprintManager: Start processing media store URI: content://media/phoneStorage/images/media
10-01 15:08:31.067 1222 3388 I iu.FingerprintManager: Start processing media store URI: content://media/phoneStorage/video/media
10-01 15:08:31.072 1222 1461 I Icing : Usage reports ok 0, Failed Usage reports 0, indexed 0, rejected 0, imm upload false
10-01 15:08:31.072 1222 1461 E PowerManager: WakeLock under-locked: Icing
10-01 15:08:31.075 1222 1461 E PowerManager: WakeLock tag:Icing from [com.google.android.gms] is forbidden
10-01 15:08:31.078 1222 1461 E PowerManager: WakeLock under-locked: Icing
10-01 15:08:31.080 1222 1461 E PowerManager: WakeLock tag:Icing from [com.google.android.gms] is forbidden
10-01 15:08:31.083 1222 1461 E PowerManager: WakeLock under-locked: Icing
10-01 15:08:31.406 1222 3388 I iu.FingerprintManager: Finished generating fingerprints; 0.026 seconds
10-01 15:08:31.412 1222 3388 I iu.FingerprintManager: numSeen=0 numGenerated=0 numDeleted=0 numFailed=0
10-01 15:08:31.412 1222 3388 E PowerManager: WakeLock under-locked: fingerprint_scanner_local
10-01 15:08:31.416 1158 1303 I Backup : [GmsBackupAccountManager] Backup account not found in gmscore.
10-01 15:08:31.791 192 192 I hwcomposer: update_to_display(): upd_data -- marker[439] waveform_mode = 255, update_mode = 0, Rect[203 0 1448 1404]
10-01 15:08:31.791 192 192 I hwcomposer: update_to_display(): upd_data -- marker[440] waveform_mode = 255, update_mode = 0, Rect[112 976 181 428]
10-01 15:08:31.844 192 192 I hwcomposer: update_to_display(): upd_data -- marker[441] waveform_mode = 255, update_mode = 0, Rect[0 0 1872 1404]
10-01 15:08:31.886 1158 1625 E PowerManager: WakeLock tag:*net_scheduler* from [com.google.android.gms] is forbidden
10-01 15:08:31.909 1158 1625 E PowerManager: WakeLock tag:*net_scheduler* from [com.google.android.gms] is forbidden
10-01 15:08:31.923 542 696 W pms : [com.google.android.gms] is not allowed to set wakeup alarm
10-01 15:08:31.923 1158 1625 E NetworkScheduler: Trying to release unacquired lock: CLIENT_LIB
10-01 15:08:32.092 1158 1167 W art : Suspending all threads took: 101.330ms
10-01 15:08:32.121 1222 1461 E PowerManager: WakeLock tag:Icing from [com.google.android.gms] is forbidden
10-01 15:08:32.141 1222 1461 E PowerManager: WakeLock under-locked: Icing
10-01 15:08:32.199 1222 1461 E PowerManager: WakeLock tag:Icing from [com.google.android.gms] is forbidden
10-01 15:08:32.346 1158 1313 E GCM : Missing checkin config file
10-01 15:08:32.347 1158 1313 W GCM : GCM FAILED TO INITIALIZE - missing checkin
10-01 15:08:32.380 1158 3408 E acfp : Abort attempt to contact server without URL
10-01 15:08:32.443 1158 3387 E GcmPushIntentOperation: Failed to subscribe to GCM: com.google.android.gms.settings.platform
10-01 15:08:32.443 1158 3387 E GcmPushIntentOperation: java.io.IOException: AUTHENTICATION_FAILED
10-01 15:08:32.443 1158 3387 E GcmPushIntentOperation: at vov.b(:com.google.android.gms@11951434:39)
10-01 15:08:32.443 1158 3387 E GcmPushIntentOperation: at vov.a(:com.google.android.gms@11951434:46)
10-01 15:08:32.443 1158 3387 E GcmPushIntentOperation: at vos.b(:com.google.android.gms@11951434:11)
10-01 15:08:32.443 1158 3387 E GcmPushIntentOperation: at vos.a(:com.google.android.gms@11951434:29)
10-01 15:08:32.443 1158 3387 E GcmPushIntentOperation: at com.google.android.gms.phenotype.gcmpush.GcmPushIntentOperation.a(:com.google.android.gms@11951434:13)
10-01 15:08:32.443 1158 3387 E GcmPushIntentOperation: at com.google.android.gms.phenotype.gcmpush.GcmPushIntentOperation.onHandleIntent(:com.google.android.gms@11951434:6)
10-01 15:08:32.443 1158 3387 E GcmPushIntentOperation: at com.google.android.chimera.IntentOperation.onHandleIntent(:com.google.android.gms@11951434:2)
10-01 15:08:32.443 1158 3387 E GcmPushIntentOperation: at crr.run(:com.google.android.gms@11951434:10)
10-01 15:08:32.443 1158 3387 E GcmPushIntentOperation: at cro.run(:com.google.android.gms@11951434:9)
10-01 15:08:32.443 1158 3387 E GcmPushIntentOperation: at java.util.concurrent.ThreadPoolExecutor.runWorker(ThreadPoolExecutor.java:1113)
10-01 15:08:32.443 1158 3387 E GcmPushIntentOperation: at java.util.concurrent.ThreadPoolExecutor$Worker.run(ThreadPoolExecutor.java:588)
10-01 15:08:32.443 1158 3387 E GcmPushIntentOperation: at java.lang.Thread.run(Thread.java:818)
10-01 15:08:32.469 1158 1313 E GCM : Missing checkin config file
10-01 15:08:32.469 1158 1313 W GCM : GCM FAILED TO INITIALIZE - missing checkin
10-01 15:08:32.471 1158 3387 E GcmPushIntentOperation: Failed to subscribe to GCM: com.google.android.gms.phenotype
10-01 15:08:32.471 1158 3387 E GcmPushIntentOperation: java.io.IOException: AUTHENTICATION_FAILED
10-01 15:08:32.471 1158 3387 E GcmPushIntentOperation: at vov.b(:com.google.android.gms@11951434:39)
10-01 15:08:32.471 1158 3387 E GcmPushIntentOperation: at vov.a(:com.google.android.gms@11951434:46)
10-01 15:08:32.471 1158 3387 E GcmPushIntentOperation: at vos.b(:com.google.android.gms@11951434:11)
10-01 15:08:32.471 1158 3387 E GcmPushIntentOperation: at vos.a(:com.google.android.gms@11951434:29)
10-01 15:08:32.471 1158 3387 E GcmPushIntentOperation: at com.google.android.gms.phenotype.gcmpush.GcmPushIntentOperation.a(:com.google.android.gms@11951434:13)
10-01 15:08:32.471 1158 3387 E GcmPushIntentOperation: at com.google.android.gms.phenotype.gcmpush.GcmPushIntentOperation.onHandleIntent(:com.google.android.gms@11951434:6)
10-01 15:08:32.471 1158 3387 E GcmPushIntentOperation: at com.google.android.chimera.IntentOperation.onHandleIntent(:com.google.android.gms@11951434:2)
10-01 15:08:32.471 1158 3387 E GcmPushIntentOperation: at crr.run(:com.google.android.gms@11951434:10)
10-01 15:08:32.471 1158 3387 E GcmPushIntentOperation: at cro.run(:com.google.android.gms@11951434:9)
10-01 15:08:32.471 1158 3387 E GcmPushIntentOperation: at java.util.concurrent.ThreadPoolExecutor.runWorker(ThreadPoolExecutor.java:1113)
10-01 15:08:32.471 1158 3387 E GcmPushIntentOperation: at java.util.concurrent.ThreadPoolExecutor$Worker.run(ThreadPoolExecutor.java:588)
10-01 15:08:32.471 1158 3387 E GcmPushIntentOperation: at java.lang.Thread.run(Thread.java:818)
10-01 15:08:32.650 3052 3052 W browser : Console: Mixed Content: The page at 'https://www.baidu.com/' was loaded over HTTPS, but requested an insecure resource 'baiduboxapp://utils?action=sendIntent&minver=7.4¶ms=%7B%22intent%22%3A%22intent%3A%23Intent%3Baction%3Dcom.baidu.searchbox.action.HOME%3Bpackage%3Dcom.baidu.searchbox%3BS.targetCommand%3D%257B%2522mode%2522%253A%25220%2522%252C%2522intent%2522%253A%2522intent%253A%2523Intent%253Baction%253Dcom.baidu.searchbox.action.HOME%253Bcategory%253Dandroid.intent.category.DEFAULT%253BS.extra_target_tab%253DFeed%253Bend%2522%252C%2522min_v%2522%253A%252216787968%2522%257D%3Bend%22%7D&needlog=1&logargs=%7B%22source%22%3A%221021206d%22%2C%22from%22%3A%22openbox%22%2C%22page%22%3A%22chrome%22%2C%22type%22%3A%22%22%2C%22value%22%3A%22%22%2C%22channel%22%3A%221021206r%22%2C%22extlog%22%3A%22%22%2C%22baiduId%22%3A%226AA060D40134F2759C77CF1D97DF7F70%3AFG%3D1%22%2C%22app_now%22%3A%22chrome_1538377711115_0322513878%22%2C%22yyb_pkg%22%3A%22com.baidu.searchbox%22%2C%22idmData%22%3A%7B%7D%2C%22matrix%22%3A%22main%22%7D'. This content should also be served over HTTPS. https://www.baidu.com/:0
10-01 15:08:32.671 1158 3408 I acfq : Scheduling adaptive one off task with window [14400, 604800] in seconds
10-01 15:08:32.693 1158 3408 E NetworkScheduler.ATC: Trying to release unacquired lock: com.google.android.gms/.phenotype.service.sync.PhenotypeConfigurator
10-01 15:08:32.693 1158 1625 E PowerManager: WakeLock tag:*net_scheduler* from [com.google.android.gms] is forbidden
10-01 15:08:33.332 1222 1461 E PowerManager: WakeLock under-locked: Icing
10-01 15:08:33.338 1222 1461 E PowerManager: WakeLock tag:Icing from [com.google.android.gms] is forbidden
10-01 15:08:33.343 1222 1461 E PowerManager: WakeLock under-locked: Icing
10-01 15:08:33.354 1222 1461 I Icing : Indexing DC55F68FD7DC7CEF3C533DC48FD93D0E688CBFB5 from com.google.android.gms
10-01 15:08:33.614 1222 1461 I Icing : Indexing done DC55F68FD7DC7CEF3C533DC48FD93D0E688CBFB5
10-01 15:08:33.615 1222 1461 E PowerManager: WakeLock tag:Icing from [com.google.android.gms] is forbidden
10-01 15:08:33.619 1222 1461 E PowerManager: WakeLock under-locked: Icing
10-01 15:08:33.621 1222 1461 E PowerManager: WakeLock tag:Icing from [com.google.android.gms] is forbidden
10-01 15:08:33.623 1222 1461 E PowerManager: WakeLock under-locked: Icing
10-01 15:08:33.679 3052 3052 W BindingManager: Cannot call determinedVisibility() - never saw a connection for the pid: 3052
10-01 15:08:33.712 1158 1625 E NetworkScheduler: Trying to release unacquired lock: EXECUTION_CALLBACK
10-01 15:08:33.712 1158 1625 E PowerManager: WakeLock tag:*net_scheduler* from [com.google.android.gms] is forbidden
10-01 15:08:33.738 192 192 I hwcomposer: update_to_display(): upd_data -- marker[442] waveform_mode = 255, update_mode = 0, Rect[293 0 1358 1404]
10-01 15:08:34.031 1222 1461 E PowerManager: WakeLock under-locked: Icing
10-01 15:08:34.158 3052 3052 W BindingManager: Cannot call determinedVisibility() - never saw a connection for the pid: 3052
10-01 15:08:34.213 192 192 I hwcomposer: update_to_display(): upd_data -- marker[443] waveform_mode = 255, update_mode = 0, Rect[0 0 1872 1404]
10-01 15:08:34.273 192 192 I hwcomposer: update_to_display(): upd_data -- marker[444] waveform_mode = 255, update_mode = 0, Rect[112 976 181 428]
10-01 15:08:34.670 1158 1625 E PowerManager: WakeLock tag:*net_scheduler* from [com.google.android.gms] is forbidden
10-01 15:08:34.684 192 192 I hwcomposer: update_to_display(): upd_data -- marker[445] waveform_mode = 255, update_mode = 0, Rect[293 0 1358 1404]
10-01 15:08:34.695 542 699 W pms : [com.google.android.gms] is not allowed to set wakeup alarm
10-01 15:08:34.696 1158 1625 E NetworkScheduler: Trying to release unacquired lock: EXECUTION_CALLBACK
10-01 15:08:34.696 1158 1625 E PowerManager: WakeLock tag:*net_scheduler* from [com.google.android.gms] is forbidden
10-01 15:08:34.702 542 696 W pms : [com.google.android.gms] is not allowed to set wakeup alarm
10-01 15:08:34.702 1158 1625 E NetworkScheduler: Trying to release unacquired lock: CLIENT_LIB
10-01 15:08:34.857 1158 3429 I VacuumService: Vacuum at: now=1538377714744 tag=VacuumService
10-01 15:08:34.872 1158 3429 E NetworkScheduler.ATC: Trying to release unacquired lock: com.google.android.gms/.clearcut.service.VacuumService
10-01 15:08:34.873 1158 1625 E PowerManager: WakeLock tag:*net_scheduler* from [com.google.android.gms] is forbidden
10-01 15:08:34.924 1158 1625 E NetworkScheduler: Trying to release unacquired lock: EXECUTION_CALLBACK
10-01 15:08:34.925 1158 1625 E PowerManager: WakeLock tag:*net_scheduler* from [com.google.android.gms] is forbidden
10-01 15:08:34.939 1158 1625 E PowerManager: WakeLock tag:*net_scheduler* from [com.google.android.gms] is forbidden
10-01 15:08:34.951 542 699 W pms : [com.google.android.gms] is not allowed to set wakeup alarm
10-01 15:08:34.951 1158 1625 E NetworkScheduler: Trying to release unacquired lock: EXECUTION_CALLBACK
10-01 15:08:36.044 1158 1658 W NearbyDiscovery: Runnable[stopIfNotScheduled] was delayed for 14:30.390
10-01 15:08:36.212 192 192 I hwcomposer: update_to_display(): upd_data -- marker[446] waveform_mode = 255, update_mode = 0, Rect[293 0 1358 1404]
10-01 15:08:36.262 192 192 I hwcomposer: update_to_display(): upd_data -- marker[447] waveform_mode = 255, update_mode = 0, Rect[0 0 1872 1404]
10-01 15:08:36.303 192 192 I hwcomposer: update_to_display(): upd_data -- marker[448] waveform_mode = 255, update_mode = 0, Rect[293 0 1358 1404]
10-01 15:08:36.342 192 192 I hwcomposer: update_to_display(): upd_data -- marker[449] waveform_mode = 255, update_mode = 0, Rect[0 0 1872 1404]
10-01 15:08:36.660 542 555 I ActivityManager: Waited long enough for: ServiceRecord{f9e28bb u0 com.google.android.gms/.checkin.CheckinService}
10-01 15:08:36.806 1158 1577 I acfq : Scheduling Phenotype for a PhenotypeSyncImmediately(6, com.google.android.gms.playlog.uploader) one off with window [1, 2] in seconds
10-01 15:08:36.831 542 551 W art : Suspending all threads took: 76.721ms
10-01 15:08:37.047 542 551 I art : Background partial concurrent mark sweep GC freed 51240(4MB) AllocSpace objects, 12(284KB) LOS objects, 33% free, 12MB/18MB, paused 80.178ms total 1.771s
10-01 15:08:37.260 1158 1167 W art : Suspending all threads took: 50.736ms
10-01 15:08:37.469 1158 1625 E PowerManager: WakeLock tag:*net_scheduler* from [com.google.android.gms] is forbidden
10-01 15:08:37.586 1158 1267 E GCM : Missing checkin config file
10-01 15:08:37.587 1158 1267 W GCM : GCM FAILED TO INITIALIZE - missing checkin
10-01 15:08:37.939 542 699 W pms : [com.google.android.gms] is not allowed to set wakeup alarm
10-01 15:08:37.940 1158 1625 E NetworkScheduler: Trying to release unacquired lock: CLIENT_LIB
10-01 15:08:38.013 1158 3387 E GcmPushIntentOperation: Failed to subscribe to GCM: com.google.android.gms.playlog.uploader
10-01 15:08:38.013 1158 3387 E GcmPushIntentOperation: java.io.IOException: AUTHENTICATION_FAILED
10-01 15:08:38.013 1158 3387 E GcmPushIntentOperation: at vov.b(:com.google.android.gms@11951434:39)
10-01 15:08:38.013 1158 3387 E GcmPushIntentOperation: at vov.a(:com.google.android.gms@11951434:46)
10-01 15:08:38.013 1158 3387 E GcmPushIntentOperation: at vos.b(:com.google.android.gms@11951434:11)
10-01 15:08:38.013 1158 3387 E GcmPushIntentOperation: at vos.a(:com.google.android.gms@11951434:29)
10-01 15:08:38.013 1158 3387 E GcmPushIntentOperation: at com.google.android.gms.phenotype.gcmpush.GcmPushIntentOperation.a(:com.google.android.gms@11951434:13)
10-01 15:08:38.013 1158 3387 E GcmPushIntentOperation: at com.google.android.gms.phenotype.gcmpush.GcmPushIntentOperation.onHandleIntent(:com.google.android.gms@11951434:6)
10-01 15:08:38.013 1158 3387 E GcmPushIntentOperation: at com.google.android.chimera.IntentOperation.onHandleIntent(:com.google.android.gms@11951434:2)
10-01 15:08:38.013 1158 3387 E GcmPushIntentOperation: at crr.run(:com.google.android.gms@11951434:10)
10-01 15:08:38.013 1158 3387 E GcmPushIntentOperation: at cro.run(:com.google.android.gms@11951434:9)
10-01 15:08:38.013 1158 3387 E GcmPushIntentOperation: at java.util.concurrent.ThreadPoolExecutor.runWorker(ThreadPoolExecutor.java:1113)
10-01 15:08:38.013 1158 3387 E GcmPushIntentOperation: at java.util.concurrent.ThreadPoolExecutor$Worker.run(ThreadPoolExecutor.java:588)
10-01 15:08:38.013 1158 3387 E GcmPushIntentOperation: at java.lang.Thread.run(Thread.java:818)
10-01 15:08:38.068 1158 3434 E NetworkScheduler.ATC: Trying to release unacquired lock: com.google.android.gms/.clearcut.uploader.QosUploaderService
10-01 15:08:38.068 1158 1625 E PowerManager: WakeLock tag:*net_scheduler* from [com.google.android.gms] is forbidden
10-01 15:08:38.094 1158 1625 E NetworkScheduler: Trying to release unacquired lock: EXECUTION_CALLBACK
10-01 15:08:38.094 1158 1625 E PowerManager: WakeLock tag:*net_scheduler* from [com.google.android.gms] is forbidden
10-01 15:08:38.117 1158 1625 E PowerManager: WakeLock tag:*net_scheduler* from [com.google.android.gms] is forbidden
10-01 15:08:38.137 542 1468 W pms : [com.google.android.gms] is not allowed to set wakeup alarm
10-01 15:08:38.137 1158 1625 E NetworkScheduler: Trying to release unacquired lock: EXECUTION_CALLBACK
10-01 15:08:38.187 1158 1298 E GCM : Missing checkin config file
10-01 15:08:38.188 1158 1298 W GCM : GCM FAILED TO INITIALIZE - missing checkin
10-01 15:08:38.189 1158 3387 E GcmPushIntentOperation: Failed to subscribe to GCM: com.google.android.gms.playlog.uploader
10-01 15:08:38.189 1158 3387 E GcmPushIntentOperation: java.io.IOException: AUTHENTICATION_FAILED
10-01 15:08:38.189 1158 3387 E GcmPushIntentOperation: at vov.b(:com.google.android.gms@11951434:39)
10-01 15:08:38.189 1158 3387 E GcmPushIntentOperation: at vov.a(:com.google.android.gms@11951434:46)
10-01 15:08:38.189 1158 3387 E GcmPushIntentOperation: at vos.b(:com.google.android.gms@11951434:11)
10-01 15:08:38.189 1158 3387 E GcmPushIntentOperation: at vos.a(:com.google.android.gms@11951434:29)
10-01 15:08:38.189 1158 3387 E GcmPushIntentOperation: at com.google.android.gms.phenotype.gcmpush.GcmPushIntentOperation.a(:com.google.android.gms@11951434:13)
10-01 15:08:38.189 1158 3387 E GcmPushIntentOperation: at com.google.android.gms.phenotype.gcmpush.GcmPushIntentOperation.onHandleIntent(:com.google.android.gms@11951434:6)
10-01 15:08:38.189 1158 3387 E GcmPushIntentOperation: at com.google.android.chimera.IntentOperation.onHandleIntent(:com.google.android.gms@11951434:2)
10-01 15:08:38.189 1158 3387 E GcmPushIntentOperation: at crr.run(:com.google.android.gms@11951434:10)
10-01 15:08:38.189 1158 3387 E GcmPushIntentOperation: at cro.run(:com.google.android.gms@11951434:9)
10-01 15:08:38.189 1158 3387 E GcmPushIntentOperation: at java.util.concurrent.ThreadPoolExecutor.runWorker(ThreadPoolExecutor.java:1113)
10-01 15:08:38.189 1158 3387 E GcmPushIntentOperation: at java.util.concurrent.ThreadPoolExecutor$Worker.run(ThreadPoolExecutor.java:588)
10-01 15:08:38.189 1158 3387 E GcmPushIntentOperation: at java.lang.Thread.run(Thread.java:818)
10-01 15:08:38.289 1158 1625 E PowerManager: WakeLock tag:*net_scheduler* from [com.google.android.gms] is forbidden
10-01 15:08:38.762 542 1916 W pms : [com.google.android.gms] is not allowed to set wakeup alarm
10-01 15:08:38.762 1158 1625 E NetworkScheduler: Trying to release unacquired lock: CLIENT_LIB
10-01 15:08:40.474 192 192 I hwcomposer: update_to_display(): upd_data -- marker[450] waveform_mode = 255, update_mode = 0, Rect[2 1291 79 79]
10-01 15:08:40.660 542 573 I ActivityManager: START u0 {act=android.intent.action.MAIN cat=[android.intent.category.HOME] flg=0x10200000 cmp=com.onyx/.StartupActivity (has extras)} from uid 1000 on display 0
10-01 15:08:40.824 192 192 D Surface : Surface::final mReqUsage=333
10-01 15:08:40.985 3052 3052 D WebViewTimersControl: onBrowserActivityPause
10-01 15:08:40.985 3052 3052 D WebViewTimersControl: Pausing webview timers, view=com.android.browser.BrowserWebView{8dccb0e VFEDHVCL. .F...... 0,0-1404,1358}
10-01 15:08:41.038 192 192 I hwcomposer: update_to_display(): upd_data -- marker[451] waveform_mode = 255, update_mode = 0, Rect[0 0 1872 1404]
10-01 15:08:41.053 542 560 D WindowStateAnimator: rk_debug2 Starting com.onyx_Force_To_Dual
10-01 15:08:41.059 542 551 I art : Background partial concurrent mark sweep GC freed 7102(539KB) AllocSpace objects, 0(0B) LOS objects, 33% free, 12MB/18MB, paused 28.835ms total 132.676ms
10-01 15:08:41.092 192 192 I hwcomposer: update_to_display(): upd_data -- marker[452] waveform_mode = 255, update_mode = 0, Rect[0 0 1872 1404]
10-01 15:08:41.101 542 560 D Surface : Surface::final mReqUsage=33
10-01 15:08:41.291 542 1917 W ContextImpl: Calling a method in the system process without a qualified user: android.app.ContextImpl.sendBroadcast:763 android.onyx.BroadcastHelper.sendActivityResume:370 com.android.server.am.ActivityManagerService.onActivityResumed:21088 com.android.server.am.ActivityStack.completeResumeLocked:1167 com.android.server.am.ActivityStack.minimalResumeActivityLocked:677
10-01 15:08:41.331 542 1917 W ContextImpl: Calling a method in the system process without a qualified user: android.app.ContextImpl.sendBroadcast:763 android.onyx.BroadcastHelper.sendActivityPause:377 com.android.server.am.ActivityManagerService.onActivityPaused:21109 com.android.server.am.ActivityStack.activityPausedLocked:944 com.android.server.am.ActivityManagerService.activityPaused:6808
10-01 15:08:41.398 192 192 I hwcomposer: update_to_display(): upd_data -- marker[453] waveform_mode = 255, update_mode = 0, Rect[0 0 1872 1404]
10-01 15:08:41.753 192 192 I hwcomposer: update_to_display(): upd_data -- marker[454] waveform_mode = 255, update_mode = 0, Rect[0 0 1872 1404]
10-01 15:08:41.761 542 629 I ActivityManager: START u0 {cmp=com.onyx/.main.ui.MainActivity} from uid 1000 on display 0
10-01 15:08:41.805 192 192 I hwcomposer: update_to_display(): upd_data -- marker[455] waveform_mode = 255, update_mode = 0, Rect[0 0 1872 1404]
10-01 15:08:41.808 1494 1504 V NativeCrypto: SSL handshake aborted: ssl=0xb8467460: I/O error during system call, Connection reset by peer
10-01 15:08:41.811 1494 3219 V NativeCrypto: SSL handshake aborted: ssl=0xb83fb620: I/O error during system call, Connection reset by peer
10-01 15:08:41.830 1494 1504 V NativeCrypto: SSL handshake aborted: ssl=0xb83fb620: I/O error during system call, Connection reset by peer
10-01 15:08:41.833 1494 3219 V NativeCrypto: SSL handshake aborted: ssl=0xb8467460: I/O error during system call, Connection reset by peer
10-01 15:08:41.853 1494 1504 V NativeCrypto: SSL handshake aborted: ssl=0xb8467460: I/O error during system call, Connection reset by peer
10-01 15:08:41.864 192 192 I hwcomposer: update_to_display(): upd_data -- marker[456] waveform_mode = 255, update_mode = 0, Rect[0 0 1872 1404]
10-01 15:08:41.868 1494 3219 V NativeCrypto: SSL handshake aborted: ssl=0xb83fb620: I/O error during system call, Connection reset by peer
10-01 15:08:41.884 1494 3219 V NativeCrypto: SSL handshake aborted: ssl=0xb83fb620: I/O error during system call, Connection reset by peer
10-01 15:08:41.904 1494 3219 V NativeCrypto: SSL handshake aborted: ssl=0xb83fb620: I/O error during system call, Connection reset by peer
10-01 15:08:41.993 2901 2945 W ContextImpl: Calling a method in the system process without a qualified user: android.app.ContextImpl.sendBroadcast:763 android.content.ContextWrapper.sendBroadcast:396 com.onyx.android.sdk.device.BaseDevice.a:490 com.onyx.android.sdk.device.BaseDevice.showSystemStatusBar:453 com.onyx.android.sdk.kcb.eac.util.EACUtil.exitFullScreen:65
10-01 15:08:42.010 2901 2945 W ContextImpl: Calling a method in the system process without a qualified user: android.app.ContextImpl.sendBroadcast:763 android.content.ContextWrapper.sendBroadcast:396 com.onyx.android.sdk.device.BaseDevice.a:490 com.onyx.android.sdk.device.BaseDevice.mapSideKeyToVolumeKey:457 com.onyx.android.sdk.kcb.eac.util.EACUtil.configSidePageKeyMapping:42
10-01 15:08:42.137 1494 3219 V NativeCrypto: SSL handshake aborted: ssl=0xb83fb620: I/O error during system call, Connection reset by peer
10-01 15:08:42.161 1494 3219 V NativeCrypto: SSL handshake aborted: ssl=0xb83fb620: I/O error during system call, Connection reset by peer
10-01 15:08:42.167 542 1916 W ContextImpl: Calling a method in the system process without a qualified user: android.app.ContextImpl.sendBroadcast:763 android.onyx.BroadcastHelper.sendActivityResume:370 com.android.server.am.ActivityManagerService.onActivityResumed:21088 com.android.server.am.ActivityStack.completeResumeLocked:1167 com.android.server.am.ActivityStack.resumeTopActivityInnerLocked:2050
10-01 15:08:42.168 542 1916 W ContextImpl: Calling a method in the system process without a qualified user: android.app.ContextImpl.sendBroadcast:763 android.onyx.BroadcastHelper.sendActivityPause:377 com.android.server.am.ActivityManagerService.onActivityPaused:21109 com.android.server.am.ActivityStack.activityPausedLocked:944 com.android.server.am.ActivityManagerService.activityPaused:6808
10-01 15:08:42.221 2901 2901 W ContextImpl: Calling a method in the system process without a qualified user: android.app.ContextImpl.sendBroadcast:763 android.content.ContextWrapper.sendBroadcast:396 com.onyx.android.sdk.device.BaseDevice.a:490 com.onyx.android.sdk.device.BaseDevice.showSystemStatusBar:453 com.onyx.ContentBrowserApplication$2.onActivityResumed:209
10-01 15:08:42.349 2901 2945 W ContextImpl: Calling a method in the system process without a qualified user: android.app.ContextImpl.sendBroadcast:763 android.content.ContextWrapper.sendBroadcast:396 com.onyx.android.sdk.device.BaseDevice.a:490 com.onyx.android.sdk.device.BaseDevice.showSystemStatusBar:453 com.onyx.android.sdk.kcb.eac.util.EACUtil.exitFullScreen:65
10-01 15:08:42.350 2901 2945 W ContextImpl: Calling a method in the system process without a qualified user: android.app.ContextImpl.sendBroadcast:763 android.content.ContextWrapper.sendBroadcast:396 com.onyx.android.sdk.device.BaseDevice.a:490 com.onyx.android.sdk.device.BaseDevice.mapSideKeyToVolumeKey:457 com.onyx.android.sdk.kcb.eac.util.EACUtil.configSidePageKeyMapping:42
10-01 15:08:42.360 192 192 I hwcomposer: update_to_display(): upd_data -- marker[457] waveform_mode = 2, update_mode = 1, Rect[0 0 1872 1404]
10-01 15:08:42.370 2901 2901 D Surface : Surface::final mReqUsage=33
10-01 15:08:42.615 192 192 I hwcomposer: update_to_display(): upd_data -- marker[458] waveform_mode = 255, update_mode = 0, Rect[0 0 1872 1404]
10-01 15:08:42.690 192 192 I hwcomposer: update_to_display(): upd_data -- marker[459] waveform_mode = 255, update_mode = 0, Rect[0 0 1872 1404]
10-01 15:08:42.705 542 696 W ContextImpl: Calling a method in the system process without a qualified user: android.app.ContextImpl.sendBroadcast:763 android.onyx.BroadcastHelper.sendActivityFinish:384 com.android.server.am.ActivityManagerService.onActivityFinished:21098 com.android.server.am.ActivityStack.removeActivityFromHistoryLocked:3274 com.android.server.am.ActivityStack.activityDestroyedLocked:3521
10-01 15:08:42.756 192 192 I hwcomposer: update_to_display(): upd_data -- marker[460] waveform_mode = 255, update_mode = 0, Rect[0 0 1872 1404]
10-01 15:08:47.182 192 192 I hwcomposer: update_to_display(): upd_data -- marker[461] waveform_mode = 255, update_mode = 0, Rect[0 0 1872 1404]
10-01 15:08:47.310 192 192 I hwcomposer: update_to_display(): upd_data -- marker[462] waveform_mode = 255, update_mode = 0, Rect[0 0 1872 1404]
10-01 15:08:47.391 192 192 I hwcomposer: update_to_display(): upd_data -- marker[463] waveform_mode = 255, update_mode = 0, Rect[83 0 1789 1254]
10-01 15:08:51.764 192 192 I hwcomposer: update_to_display(): upd_data -- marker[464] waveform_mode = 255, update_mode = 0, Rect[1483 836 387 418]
10-01 15:08:51.876 192 192 I hwcomposer: update_to_display(): upd_data -- marker[465] waveform_mode = 255, update_mode = 0, Rect[1483 836 387 418]
10-01 15:08:52.087 192 192 I hwcomposer: update_to_display(): upd_data -- marker[466] waveform_mode = 255, update_mode = 0, Rect[83 0 1789 1254]
10-01 15:08:52.138 192 192 I hwcomposer: update_to_display(): upd_data -- marker[467] waveform_mode = 255, update_mode = 0, Rect[83 0 1789 1254]
10-01 15:08:52.443 2901 2901 W Settings: Setting install_non_market_apps has moved from android.provider.Settings.Global to android.provider.Settings.Secure, returning read-only value.
10-01 15:08:52.854 192 192 I hwcomposer: update_to_display(): upd_data -- marker[468] waveform_mode = 255, update_mode = 0, Rect[214 0 1658 1254]
10-01 15:08:53.143 542 555 I ActivityManager: Waited long enough for: ServiceRecord{26bbd55 u0 com.google.android.gms/.clearcut.uploader.QosUploaderService}
10-01 15:08:53.967 192 192 I hwcomposer: update_to_display(): upd_data -- marker[469] waveform_mode = 255, update_mode = 0, Rect[0 0 1872 1404]
10-01 15:08:54.094 192 192 I hwcomposer: update_to_display(): upd_data -- marker[470] waveform_mode = 255, update_mode = 0, Rect[0 0 1872 1404]
10-01 15:08:54.224 2901 2901 D Surface : Surface::final mReqUsage=33
10-01 15:08:54.240 192 192 I hwcomposer: update_to_display(): upd_data -- marker[471] waveform_mode = 255, update_mode = 0, Rect[429 90 60 60]
10-01 15:08:54.306 192 192 I hwcomposer: update_to_display(): upd_data -- marker[472] waveform_mode = 255, update_mode = 0, Rect[789 136 376 982]
10-01 15:08:54.377 192 192 I hwcomposer: update_to_display(): upd_data -- marker[473] waveform_mode = 255, update_mode = 0, Rect[429 90 60 60]
10-01 15:08:54.377 192 192 I hwcomposer: update_to_display(): upd_data -- marker[474] waveform_mode = 255, update_mode = 0, Rect[789 136 376 982]
10-01 15:08:54.459 192 192 I hwcomposer: update_to_display(): upd_data -- marker[475] waveform_mode = 255, update_mode = 0, Rect[267 90 363 60]
10-01 15:08:55.196 192 192 I hwcomposer: update_to_display(): upd_data -- marker[476] waveform_mode = 255, update_mode = 0, Rect[789 0 1083 1118]
10-01 15:08:55.375 192 192 I hwcomposer: update_to_display(): upd_data -- marker[477] waveform_mode = 255, update_mode = 0, Rect[0 0 1872 1404]
10-01 15:08:55.376 542 557 I UsbDeviceManager: Setting USB config to mtp,adb
10-01 15:08:55.430 192 192 I hwcomposer: update_to_display(): upd_data -- marker[478] waveform_mode = 255, update_mode = 0, Rect[0 0 1872 1404]
10-01 15:08:55.497 192 192 I hwcomposer: update_to_display(): upd_data -- marker[479] waveform_mode = 255, update_mode = 0, Rect[267 90 363 60]
10-01 15:08:55.658 192 192 I hwcomposer: update_to_display(): upd_data -- marker[480] waveform_mode = 255, update_mode = 0, Rect[0 0 1872 1404]
10-01 15:08:56.384 2901 2901 I DeviceReceiver: Received[32]: android.hardware.usb.action.USB_STATE data null
10-01 15:08:56.385 2901 2901 I DeviceReceiver: Received[33]: android.hardware.usb.action.USB_STATE data null
10-01 15:08:56.397 542 542 D Tethering: ACTION_USB_STATE received, usbConnected=false, mRndisEnabled=false
10-01 15:08:56.436 192 192 I hwcomposer: update_to_display(): upd_data -- marker[481] waveform_mode = 255, update_mode = 0, Rect[0 0 1872 1404]
10-01 15:08:56.476 192 192 I hwcomposer: update_to_display(): upd_data -- marker[482] waveform_mode = 255, update_mode = 0, Rect[0 398 79 632]
10-01 15:08:56.493 2901 3456 I StorageUtils: blocks: 3219851 |block size:4096 |amount: 12577MB
10-01 15:08:56.501 2901 3456 W FileUtils: Sort duration:0ms
10-01 15:09:00.146 192 192 I hwcomposer: update_to_display(): upd_data -- marker[483] waveform_mode = 255, update_mode = 0, Rect[0 239 83 106]
10-01 15:09:04.709 542 557 D Tethering: interfaceLinkStateChanged wlan0, true
10-01 15:09:04.709 542 557 D Tethering: interfaceStatusChanged wlan0, true
10-01 15:09:06.851 2901 2901 I DeviceReceiver: Received[34]: android.hardware.usb.action.USB_STATE data null
10-01 15:09:06.852 2901 2901 I DeviceReceiver: Received[35]: android.hardware.usb.action.USB_STATE data null
10-01 15:09:06.856 542 542 D Tethering: ACTION_USB_STATE received, usbConnected=true, mRndisEnabled=false
10-01 15:09:06.928 2901 2901 I DeviceReceiver: Received[36]: android.hardware.usb.action.USB_STATE data null
10-01 15:09:06.928 2901 2901 I DeviceReceiver: Received[37]: android.hardware.usb.action.USB_STATE data null
10-01 15:09:06.929 542 542 D Tethering: ACTION_USB_STATE received, usbConnected=true, mRndisEnabled=false
10-01 15:09:06.965 1013 1013 D MtpService: starting MTP server in MTP mode
10-01 15:09:06.992 192 192 I hwcomposer: update_to_display(): upd_data -- marker[484] waveform_mode = 255, update_mode = 0, Rect[0 0 1872 1404]
10-01 15:09:07.002 1013 1013 D MtpService: Adding MTP storage 0x10001 at /storage/emulated/0
10-01 15:09:07.037 192 192 I hwcomposer: update_to_display(): upd_data -- marker[485] waveform_mode = 255, update_mode = 0, Rect[0 0 1872 1404]
10-01 15:09:08.325 542 3455 D UsbDebuggingManager: Received public key: QAAAAIdUl+3JzgZ1znCMRC7VjhXrQOb3f5lw2TOgB5B0GvUNCxz0Zw9MbFa88nizG+cs47MCOQSbDIAoB2e4orcmx4wKvgS+yG07I5F80HBq6TK7Osj2OoIHnphpywtMCnQR+j5Ud9uPJDsLdqEdMWlhiZ++/pF9ycxL9zp4YbirIVgN2FdK1lbiQBifN9vSNEd4xkm0XqVZwZUgN6jsN2pFopPxQW9xeZbGU5oRLEb01pO0cq3XLbhnyEvPuwirL4s1TYjpjIctS8W7D2Qx6E8LQr+jOQWS/kKp2OTYDV9CM9Kph/YAPOOf86V7etmXH29HHZ9gTBQtMGFQ0LsiyE4WRyRlaTS1YyWH9v2Og8S+nTNW3Ry5n/NpEqfXT88CyU+uYPD5Nue1tHykwvlmdcH9axTeKFC4dADo02ym6xwgVMuHIU+0XFLDdEL3Z7wR+980vhoWA5o3/x5tHEs6+FxM1b1N0jXVJSWI8O1Q4RBrQhjcV48UUzjVOwRob4MesEuXQcOpGlTTpHNwF03/q2UuVniY0tIaVvTprs/9eas4iEpRhkxzHuiu/jXAEbDIWbSrhz4AUc93bdPSQu17kY4m7jHHH78qvwJMXzVX+sOWqF5kBKwoxWmwlg64us/bGs1jmC4l/R6KDQjV34BrfiAz7oeRPWCb1OM/6+9EzplyG9x0/lcmqAEAAQA= unknown@unknown
10-01 15:09:08.408 542 557 I ActivityManager: START u0 {flg=0x10000000 cmp=com.android.systemui/.usb.UsbDebuggingActivity (has extras)} from uid 1000 on display 0
10-01 15:09:08.419 192 192 D Surface : Surface::final mReqUsage=333
10-01 15:09:08.669 542 553 W ContextImpl: Calling a method in the system process without a qualified user: android.app.ContextImpl.sendBroadcast:763 android.onyx.BroadcastHelper.sendActivityResume:370 com.android.server.am.ActivityManagerService.onActivityResumed:21088 com.android.server.am.ActivityStack.completeResumeLocked:1167 com.android.server.am.ActivityStack.minimalResumeActivityLocked:677
10-01 15:09:08.672 542 553 W ContextImpl: Calling a method in the system process without a qualified user: android.app.ContextImpl.sendBroadcast:763 android.onyx.BroadcastHelper.sendActivityPause:377 com.android.server.am.ActivityManagerService.onActivityPaused:21109 com.android.server.am.ActivityStack.activityPausedLocked:944 com.android.server.am.ActivityManagerService.activityPaused:6808
10-01 15:09:08.685 2901 2945 W ContextImpl: Calling a method in the system process without a qualified user: android.app.ContextImpl.sendBroadcast:763 android.content.ContextWrapper.sendBroadcast:396 com.onyx.android.sdk.device.BaseDevice.a:490 com.onyx.android.sdk.device.BaseDevice.showSystemStatusBar:453 com.onyx.android.sdk.kcb.eac.util.EACUtil.exitFullScreen:65
10-01 15:09:08.686 542 551 I art : Background partial concurrent mark sweep GC freed 2122(129KB) AllocSpace objects, 0(0B) LOS objects, 33% free, 12MB/18MB, paused 3.265ms total 233.730ms
10-01 15:09:08.686 2901 2945 W ContextImpl: Calling a method in the system process without a qualified user: android.app.ContextImpl.sendBroadcast:763 android.content.ContextWrapper.sendBroadcast:396 com.onyx.android.sdk.device.BaseDevice.a:490 com.onyx.android.sdk.device.BaseDevice.resetKeyMapping:465 com.onyx.android.sdk.kcb.eac.util.EACUtil.configSidePageKeyMapping:39
10-01 15:09:08.774 192 192 I hwcomposer: update_to_display(): upd_data -- marker[486] waveform_mode = 255, update_mode = 0, Rect[267 90 363 60]
10-01 15:09:08.812 542 553 D WindowStateAnimator: rk_debug2 com.android.systemui/com.android.systemui.usb.UsbDebuggingActivity_Force_To_Dual
10-01 15:09:08.818 712 1044 D Surface : Surface::final mReqUsage=a00
10-01 15:09:08.819 712 1044 D mali_winsys: EGLint new_window_surface(egl_winsys_display*, void*, EGLSurface, EGLConfig, egl_winsys_surface**, egl_color_buffer_format*, EGLBoolean) returns 0x3000
10-01 15:09:09.169 542 560 I ActivityManager: Displayed com.android.systemui/.usb.UsbDebuggingActivity: +647ms
10-01 15:09:09.182 192 192 I hwcomposer: update_to_display(): upd_data -- marker[487] waveform_mode = 255, update_mode = 0, Rect[766 197 423 1010]
10-01 15:09:10.450 192 192 I hwcomposer: update_to_display(): upd_data -- marker[488] waveform_mode = 255, update_mode = 0, Rect[766 197 423 1010]
10-01 15:09:10.484 192 192 I hwcomposer: update_to_display(): upd_data -- marker[489] waveform_mode = 255, update_mode = 0, Rect[0 0 1872 1404]
10-01 15:09:10.527 192 192 I hwcomposer: update_to_display(): upd_data -- marker[490] waveform_mode = 255, update_mode = 0, Rect[886 197 156 984]
10-01 15:09:10.560 192 192 I hwcomposer: update_to_display(): upd_data -- marker[491] waveform_mode = 255, update_mode = 0, Rect[0 0 1872 1404]
10-01 15:09:10.595 192 192 I hwcomposer: update_to_display(): upd_data -- marker[492] waveform_mode = 255, update_mode = 0, Rect[886 197 96 8]
10-01 15:09:10.628 192 192 I hwcomposer: update_to_display(): upd_data -- marker[493] waveform_mode = 255, update_mode = 0, Rect[886 197 96 8]
10-01 15:09:10.661 192 192 I hwcomposer: update_to_display(): upd_data -- marker[494] waveform_mode = 255, update_mode = 0, Rect[886 197 96 8]
10-01 15:09:10.693 192 192 I hwcomposer: update_to_display(): upd_data -- marker[495] waveform_mode = 255, update_mode = 0, Rect[886 197 96 8]
10-01 15:09:10.726 192 192 I hwcomposer: update_to_display(): upd_data -- marker[496] waveform_mode = 255, update_mode = 0, Rect[0 0 1872 1404]
10-01 15:09:10.772 192 192 I hwcomposer: update_to_display(): upd_data -- marker[497] waveform_mode = 255, update_mode = 0, Rect[886 197 96 8]
10-01 15:09:10.803 192 192 I hwcomposer: update_to_display(): upd_data -- marker[498] waveform_mode = 255, update_mode = 0, Rect[982 225 60 956]
10-01 15:09:10.839 192 192 I hwcomposer: update_to_display(): upd_data -- marker[499] waveform_mode = 255, update_mode = 0, Rect[982 1121 60 60]
10-01 15:09:11.854 192 192 I hwcomposer: update_to_display(): upd_data -- marker[500] waveform_mode = 255, update_mode = 0, Rect[1080 220 101 120]
10-01 15:09:11.881 192 192 D Surface : Surface::final mReqUsage=333
10-01 15:09:12.042 1494 1504 V NativeCrypto: SSL handshake aborted: ssl=0xb83fb620: I/O error during system call, Connection reset by peer
10-01 15:09:12.068 2901 2901 W ContextImpl: Calling a method in the system process without a qualified user: android.app.ContextImpl.sendBroadcast:763 android.content.ContextWrapper.sendBroadcast:396 com.onyx.android.sdk.device.BaseDevice.a:490 com.onyx.android.sdk.device.BaseDevice.showSystemStatusBar:453 com.onyx.ContentBrowserApplication$2.onActivityResumed:209
10-01 15:09:12.068 1494 1504 V NativeCrypto: SSL handshake aborted: ssl=0xb83fb620: I/O error during system call, Connection reset by peer
10-01 15:09:12.084 1494 1504 V NativeCrypto: SSL handshake aborted: ssl=0xb83fb620: I/O error during system call, Connection reset by peer
10-01 15:09:12.087 192 192 I hwcomposer: update_to_display(): upd_data -- marker[501] waveform_mode = 255, update_mode = 0, Rect[1080 220 101 120]
10-01 15:09:12.248 542 1916 W ContextImpl: Calling a method in the system process without a qualified user: android.app.ContextImpl.sendBroadcast:763 android.onyx.BroadcastHelper.sendActivityResume:370 com.android.server.am.ActivityManagerService.onActivityResumed:21088 com.android.server.am.ActivityStack.completeResumeLocked:1167 com.android.server.am.ActivityStack.resumeTopActivityInnerLocked:2050
10-01 15:09:12.250 542 1916 W ContextImpl: Calling a method in the system process without a qualified user: android.app.ContextImpl.sendBroadcast:763 android.onyx.BroadcastHelper.sendActivityPause:377 com.android.server.am.ActivityManagerService.onActivityPaused:21109 com.android.server.am.ActivityStack.activityPausedLocked:944 com.android.server.am.ActivityManagerService.activityPaused:6808
10-01 15:09:12.257 2901 2901 W Settings: Setting install_non_market_apps has moved from android.provider.Settings.Global to android.provider.Settings.Secure, returning read-only value.
10-01 15:09:12.264 542 551 I art : Background partial concurrent mark sweep GC freed 1650(124KB) AllocSpace objects, 0(0B) LOS objects, 33% free, 12MB/18MB, paused 1.758ms total 304.597ms
10-01 15:09:12.340 542 696 W InputMethodManagerService: Window already focused, ignoring focus gain of: com.android.internal.view.IInputMethodClient$Stub$Proxy@76f6aa5 attribute=null, token = android.os.BinderProxy@6b17153
10-01 15:09:12.427 2901 2945 W ContextImpl: Calling a method in the system process without a qualified user: android.app.ContextImpl.sendBroadcast:763 android.content.ContextWrapper.sendBroadcast:396 com.onyx.android.sdk.device.BaseDevice.a:490 com.onyx.android.sdk.device.BaseDevice.showSystemStatusBar:453 com.onyx.android.sdk.kcb.eac.util.EACUtil.exitFullScreen:65
10-01 15:09:12.429 2901 2945 W ContextImpl: Calling a method in the system process without a qualified user: android.app.ContextImpl.sendBroadcast:763 android.content.ContextWrapper.sendBroadcast:396 com.onyx.android.sdk.device.BaseDevice.a:490 com.onyx.android.sdk.device.BaseDevice.mapSideKeyToVolumeKey:457 com.onyx.android.sdk.kcb.eac.util.EACUtil.configSidePageKeyMapping:42
10-01 15:09:12.434 192 192 I hwcomposer: update_to_display(): upd_data -- marker[502] waveform_mode = 255, update_mode = 0, Rect[267 90 363 60]
10-01 15:09:12.457 3466 3466 I sh : type=1400 audit(0.0:76): avc: denied { read } for name="lib" dev="mmcblk0p13" ino=13 scontext=u:r:shell:s0 tcontext=u:object_r:unlabeled:s0 tclass=lnk_file permissive=1
10-01 15:09:12.480 192 192 I hwcomposer: update_to_display(): upd_data -- marker[503] waveform_mode = 255, update_mode = 0, Rect[0 0 1872 1404]
