--------- beginning of main
10-01 14:49:55.525 186 186 W auditd : type=2000 audit(0.0:1): initialized
10-01 14:49:58.590 186 186 I auditd : type=1403 audit(0.0:2): policy loaded auid=4294967295 ses=4294967295
10-01 14:49:58.730 1 1 I chatty : uid=0(root) /init expire 2 lines
10-01 14:49:58.740 160 160 I init : type=1400 audit(0.0:4): avc: denied { execute_no_trans } for path="/sbin/resize2fs" dev="rootfs" ino=5730 scontext=u:r:init:s0 tcontext=u:object_r:rootfs:s0 tclass=file permissive=1
10-01 14:49:58.960 186 186 I logd : type=1400 audit(0.0:5): avc: denied { read } for name="lib" dev="mmcblk0p13" ino=13 scontext=u:r:logd:s0 tcontext=u:object_r:unlabeled:s0 tclass=lnk_file permissive=1
10-01 14:49:58.970 190 190 I chatty : uid=1000(system) /system/bin/servicemanager expire 2 lines
10-01 14:49:58.970 192 192 I chatty : uid=0(root) /system/bin/surfaceflinger expire 51 lines
10-01 14:49:58.980 191 191 I chatty : uid=0(root) /system/bin/vold expire 1 line
10-01 14:49:59.300 193 193 I chatty : uid=0(root) main expire 149 lines --------- beginning of system
10-01 14:49:59.319 191 191 I vold : Vold 3.0 (the awakening) firing up
10-01 14:49:59.319 191 191 V vold : Detected support for: ext4 vfat
10-01 14:49:59.460 209 209 I chatty : uid=1000(system) /system/bin/tzdatacheck expire 2 lines
10-01 14:49:59.830 219 219 I mediaserver: type=1400 audit(0.0:18): avc: denied { read } for name="lib" dev="mmcblk0p13" ino=13 scontext=u:r:mediaserver:s0 tcontext=u:object_r:unlabeled:s0 tclass=lnk_file permissive=1
10-01 14:49:59.930 221 221 I chatty : uid=0(root) /system/bin/sh expire 1 line
10-01 14:49:59.930 220 220 I chatty : uid=0(root) /system/bin/installd expire 2 lines
10-01 14:49:59.930 224 224 I chatty : uid=1000(system) /system/bin/gatekeeperd expire 4 lines
10-01 14:49:59.930 223 223 I chatty : uid=0(root) /system/bin/drmservice expire 1 line
10-01 14:49:59.930 217 217 I chatty : uid=0(root) /system/bin/debuggerd expire 2 lines
10-01 14:49:59.930 218 218 I drmserver: type=1400 audit(0.0:24): avc: denied { read } for name="lib" dev="mmcblk0p13" ino=13 scontext=u:r:drmserver:s0 tcontext=u:object_r:unlabeled:s0 tclass=lnk_file permissive=1
10-01 14:49:59.940 216 216 I chatty : uid=0(root) /system/bin/netd expire 12 lines
10-01 14:49:59.940 215 215 I chatty : uid=0(root) /system/bin/rild expire 1 line
10-01 14:49:59.940 222 222 I keystore: type=1400 audit(0.0:27): avc: denied { read } for name="lib" dev="mmcblk0p13" ino=13 scontext=u:r:keystore:s0 tcontext=u:object_r:unlabeled:s0 tclass=lnk_file permissive=1
10-01 14:49:59.954 223 223 E DrmService: ----------------running drmservice---------------
10-01 14:49:59.954 223 223 E DrmService: get prop_board_platform,prop_board_platform = rk3288 , diff=-1
10-01 14:49:59.954 223 223 E DrmService: sndata:
10-01 14:49:59.954 223 223 E DrmService: 0 0 0 0
10-01 14:49:59.954 223 223 E DrmService: 0 0 0 0
10-01 14:49:59.955 223 223 E DrmService: get serialno from idb,serialno =
10-01 14:49:59.955 223 223 E DrmService: drm keybox disable!!
10-01 14:49:59.956 223 223 E DrmService: detect keybox disabled
10-01 14:49:59.970 225 225 I chatty : uid=0(root) applypatch expire 3 lines
10-01 14:50:00.026 222 222 I keystore: Found keymaster0 module Keymaster OpenSSL HAL, version 2
10-01 14:50:00.026 222 222 I SoftKeymaster: system/keymaster/soft_keymaster_device.cpp, Line 122: Creating device
10-01 14:50:00.026 222 222 D SoftKeymaster: system/keymaster/soft_keymaster_device.cpp, Line 123: Device address: 0xb7d455a0
10-01 14:50:00.026 222 222 I keystore: Keymaster0 module is software-only. Using SoftKeymasterDevice instead.
10-01 14:50:00.026 222 222 I SoftKeymaster: system/keymaster/soft_keymaster_device.cpp, Line 122: Creating device
10-01 14:50:00.026 222 222 D SoftKeymaster: system/keymaster/soft_keymaster_device.cpp, Line 123: Device address: 0xb7d45788
10-01 14:50:00.890 219 219 V MediaUtils: physMem: 1045254144
10-01 14:50:00.890 219 219 V MediaUtils: requested limit: 679415165
10-01 14:50:00.890 219 219 V MediaUtils: actual limit: 679415165
10-01 14:50:00.890 219 219 V MediaUtils: original limits: 4294967295/4294967295
10-01 14:50:00.890 219 219 V MediaUtils: new limits: 679415165/4294967295
10-01 14:50:01.000 219 219 I mediaserver: ServiceManager: 0xb7e3fcd0
10-01 14:50:01.000 219 219 I AudioFlinger: Using default 3000 mSec as standby time.
10-01 14:50:01.001 219 219 I AudioPolicyService: AudioPolicyService CSTOR in new mode
10-01 14:50:01.016 219 219 I APM::ConfigParsingUtils: loadAudioPolicyConfig() loaded /system/etc/audio_policy.conf
10-01 14:50:01.023 219 219 D AudioHardwareTiny: ALSA Audio Version: V1.0.9
10-01 14:50:01.024 219 219 D alsa_route: Get route table for sound card0 RKRT5670
10-01 14:50:01.024 219 219 I AudioFlinger: loadHwModule() Loaded primary audio interface from Manta audio HW HAL (audio) handle 1
10-01 14:50:01.024 219 219 I AudioFlinger: openOutput(), module 1 Device 2, SamplingRate 48000, Format 0x000001, Channels 3, flags 2
10-01 14:50:01.024 219 219 D AudioHardwareTiny: audio hal adev_open_output_stream devices = 0x2, flags = 2
10-01 14:50:01.024 219 219 D AudioHardwareTiny: out->config.rate = 44100, out->config.channels = 2
10-01 14:50:01.024 219 219 I AudioFlinger: AudioStreamOut::open(), mHalFormatIsLinearPcm = 1
10-01 14:50:01.024 219 219 I AudioFlinger: HAL output buffer size 512 frames, normal sink buffer size 1024 frames
10-01 14:50:01.038 219 219 I BufferProvider: found effect "Multichannel Downmix To Stereo" from The Android Open Source Project
10-01 14:50:01.038 219 219 E MonoPipe: Failed to fetch local time frequency when constructing a MonoPipe (res = -32). getNextWriteTimestamp calls will be non-functional
10-01 14:50:01.038 219 219 I AudioFlinger: Using module 1 has the primary audio interface
10-01 14:50:01.038 219 313 I AudioFlinger: AudioFlinger's thread 0xb3608008 ready to run
10-01 14:50:01.038 219 313 E AudioFlinger: no wake lock to update!
10-01 14:50:01.039 219 219 D AudioHardwareTiny: pcm_config->rate:44100,in->requested_rate:48000,in->channel_mask:2
10-01 14:50:01.041 219 315 I AudioFlinger: AudioFlinger's thread 0xb3349008 ready to run
10-01 14:50:01.042 219 314 E FastThread: did not receive expected priority boost
10-01 14:50:01.043 219 219 I bt_a2dp_hw: adev_open: adev_open in A2dp_hw module
10-01 14:50:01.043 219 219 I AudioFlinger: loadHwModule() Loaded a2dp audio interface from A2DP Audio HW HAL (audio) handle 4
10-01 14:50:01.063 219 219 I AudioFlinger: loadHwModule() Loaded usb audio interface from USB audio HW HAL (audio) handle 5
10-01 14:50:01.065 219 219 I r_submix: adev_open(name=audio_hw_if)
10-01 14:50:01.065 219 219 I r_submix: adev_init_check()
10-01 14:50:01.065 219 219 I AudioFlinger: loadHwModule() Loaded r_submix audio interface from Wifi Display audio HAL (audio) handle 6
10-01 14:50:01.065 219 219 D r_submix: adev_open_input_stream(addr=0)
10-01 14:50:01.066 219 219 D r_submix: submix_audio_device_create_pipe_l(addr=0, idx=9)
10-01 14:50:01.066 219 219 D r_submix: now using address 0 for route 9
10-01 14:50:01.066 219 319 I AudioFlinger: AudioFlinger's thread 0xb3315008 ready to run
10-01 14:50:01.066 219 219 D r_submix: adev_close_input_stream()
10-01 14:50:01.066 219 219 D r_submix: submix_audio_device_release_pipe_l(idx=9) addr=0
10-01 14:50:01.066 219 219 D r_submix: submix_audio_device_destroy_pipe_l(): pipe destroyed
10-01 14:50:01.067 219 219 E : batterystats service unavailable!
10-01 14:50:01.067 219 219 E : batterystats service unavailable!
10-01 14:50:01.067 219 219 I CameraService: CameraService started (pid=219)
10-01 14:50:01.067 219 219 I CameraService: CameraService process starting
10-01 14:50:01.067 219 219 E : batterystats service unavailable!
10-01 14:50:01.067 219 219 E : batterystats service unavailable!
10-01 14:50:01.067 219 219 E CameraService: Could not load camera HAL module: -2 (No such file or directory)
10-01 14:50:01.068 219 219 E SoundTriggerHwService: couldn't load sound trigger module sound_trigger.primary (No such file or directory)
10-01 14:50:01.068 219 219 I RadioService: RadioService
10-01 14:50:01.068 219 219 I RadioService: onFirstRef
10-01 14:50:01.068 219 219 E RadioService: couldn't load radio module radio.primary (No such file or directory)
10-01 14:50:01.697 408 408 I chatty : uid=0(root) expire 1 line
10-01 14:50:01.717 192 415 I chatty : uid=0(root) /system/bin/surfaceflinger expire 1 line
10-01 14:50:01.717 192 416 I chatty : uid=0(root) /system/bin/surfaceflinger expire 1 line
10-01 14:50:01.720 419 419 I bootanimation: type=1400 audit(0.0:31): avc: denied { read } for name="lib" dev="mmcblk0p13" ino=13 scontext=u:r:bootanim:s0 tcontext=u:object_r:unlabeled:s0 tclass=lnk_file permissive=1
10-01 14:50:01.851 419 435 I libEGL : to search mali_so in soc specific path : /vendor/lib/egl/rk3288w
10-01 14:50:01.881 419 435 D libEGL : loaded /vendor/lib/egl/rk3288w/libGLES_mali.so
10-01 14:50:01.894 419 435 I mali_so : [File] : hardware/arm/maliT760/driver/product/base/src/mali_base_kbase.c; [Line] : 928; [Func] : base_context_deal_with_version_affairs_rk_ext;
10-01 14:50:01.894 419 435 I mali_so : arm_release_ver of this mali_so is 'r12p0-04rel0', rk_so_ver is '12@0', built at '17:00:15', on 'Aug 16 2016'.
10-01 14:50:01.894 419 435 I mali_so : [File] : hardware/arm/maliT760/driver/product/base/src/mali_base_kbase.c; [Line] : 955; [Func] : base_context_deal_with_version_affairs_rk_ext;
10-01 14:50:01.894 419 435 I mali_so : mali_ver_property has been set to 'r12p0-04rel0-13-12@0', to return.
10-01 14:50:01.897 419 435 D Surface : Surface::final mReqUsage=a00
10-01 14:50:01.897 419 435 D mali_winsys: EGLint new_window_surface(egl_winsys_display*, void*, EGLSurface, EGLConfig, egl_winsys_surface**, egl_color_buffer_format*, EGLBoolean) returns 0x3000
10-01 14:50:01.904 419 435 D BootAnimation: startup_ring file can not access
10-01 14:50:01.905 419 435 E BootAnimation: couldn't find audio_conf.txt
10-01 14:50:02.238 192 211 I chatty : uid=0(root) Binder_1 expire 3 lines
10-01 14:50:02.517 216 528 I chatty : uid=0(root) /system/bin/netd expire 2 lines
10-01 14:50:03.901 193 193 I chatty : uid=0(root) main expire 255 lines
10-01 14:50:04.271 192 192 I chatty : uid=0(root) /system/bin/surfaceflinger expire 4 lines
10-01 14:50:04.945 193 193 I chatty : uid=0(root) main expire 13 lines
10-01 14:50:08.215 192 192 I chatty : uid=0(root) /system/bin/surfaceflinger expire 4 lines
10-01 14:50:11.563 193 193 I chatty : uid=0(root) main expire 16 lines
10-01 14:50:11.848 541 541 I chatty : uid=1000(system) expire 1 line
10-01 14:50:11.919 192 192 I chatty : uid=0(root) /system/bin/surfaceflinger expire 1 line
10-01 14:50:12.231 193 193 I chatty : uid=0(root) main expire 11 lines
10-01 14:50:12.407 193 538 I chatty : uid=0(root) main expire 1 line
10-01 14:50:12.409 193 193 I chatty : uid=0(root) main expire 3 lines
10-01 14:50:12.475 542 542 I InstallerConnection: connecting...
10-01 14:50:12.476 220 220 I chatty : uid=0(root) /system/bin/installd expire 5 lines
10-01 14:50:12.670 542 542 I chatty : uid=1000 system_server expire 98 lines
10-01 14:50:12.672 542 542 I InstallerConnection: disconnecting...
10-01 14:50:12.885 542 542 I SystemServer: Entered the Android system server!
10-01 14:50:12.889 542 542 I SystemServer: ---before clearGrowthLimit---
10-01 14:50:12.889 542 542 I SystemServer: ---before loadLibrary---
10-01 14:50:12.926 192 192 I chatty : uid=0(root) /system/bin/surfaceflinger expire 5 lines
10-01 14:50:12.959 542 542 I SystemServer: ---before performPendingShutdown---
10-01 14:50:12.959 542 542 I SystemServer: ---before createSystemContext---
10-01 14:50:12.961 542 542 I SystemServer: ---before new SystemServiceManager---
10-01 14:50:12.961 542 542 I SystemServer: ---before startBootstrapServices---
10-01 14:50:12.961 542 542 I SystemServer: ------------enter startBootstrapServices-----------
10-01 14:50:12.961 542 542 I SystemServiceManager: Starting com.android.server.pm.Installer
10-01 14:50:13.011 542 542 I Installer: Waiting for installd to be ready.
10-01 14:50:13.011 542 542 I InstallerConnection: connecting...
10-01 14:50:13.011 542 542 I SystemServer: ------------start installer-----------
10-01 14:50:13.011 542 542 I SystemServiceManager: Starting com.android.server.am.ActivityManagerService$Lifecycle
10-01 14:50:13.083 542 542 I ActivityManager: Memory class: 192
10-01 14:50:13.094 542 542 D BatteryStatsImpl: Reading daily items from /data/system/batterystats-daily.xml
10-01 14:50:13.097 542 542 I AppOps : No existing app ops /data/system/appops.xml; starting empty
10-01 14:50:13.143 542 542 I IntentFirewall: Read new rules (A:0 B:0 S:0)
10-01 14:50:13.160 542 542 D AppOps : AppOpsService published
10-01 14:50:13.160 542 542 I SystemServer: ------------start ams-----------
10-01 14:50:13.160 542 542 I SystemServiceManager: Starting com.android.server.power.PowerManagerService
10-01 14:50:13.176 542 542 I SystemServer: ------------start pms-----------
10-01 14:50:13.176 542 542 I SystemServiceManager: Starting com.android.server.lights.LightsService
10-01 14:50:13.179 542 542 I SystemServer: ------------start lightservice----------
10-01 14:50:13.179 542 542 I SystemServiceManager: Starting com.android.server.display.DisplayManagerService
10-01 14:50:13.184 542 542 I SystemServer: ------------start displaymanager-----------
10-01 14:50:13.185 542 542 I SystemServiceManager: Starting phase 100
10-01 14:50:13.189 542 560 I DisplayManagerService: Display device added: DisplayDeviceInfo{"内置屏幕": uniqueId="local:0", 1404 x 1872, modeId 1, defaultModeId 1, supportedModes [{id=1, width=1404, height=1872, fps=20.0}], colorTransformId 1, defaultColorTransformId 1, supportedColorTransforms [{id=1, colorTransform=0}], density 300, 159.91748 x 160.09697 dpi, appVsyncOff 0, presDeadline 51000000, touch INTERNAL, rotation 0, type BUILT_IN, state UNKNOWN, FLAG_DEFAULT_DISPLAY, FLAG_ROTATES_WITH_CONTENT, FLAG_SECURE, FLAG_SUPPORTS_PROTECTED_BUFFERS}
10-01 14:50:13.190 542 560 I chatty : uid=1000(system) android.display expire 8 lines
10-01 14:50:13.190 542 542 I SystemServer: ----------- startBootPhase-----------
10-01 14:50:13.190 542 542 I SystemServer: Package Manager
10-01 14:50:13.190 542 560 I DisplayManagerService: Display device changed state: "内置屏幕", ON
10-01 14:50:13.194 542 542 W SELinuxMMAC: Error opening /data/system/seapp_hash. Assuming first boot.
10-01 14:50:13.199 542 542 W FileUtils: Failed to chmod(/data/system/packages.list): android.system.ErrnoException: chmod failed: ENOENT (No such file or directory)
10-01 14:50:13.202 542 542 W SystemConfig: No directory /system/etc/sysconfig, skipping
10-01 14:50:13.230 542 542 D SELinuxMMAC: Using policy file /system/etc/security/mac_permissions.xml
10-01 14:50:13.234 542 542 I PackageManager: No settings file; creating initial state
10-01 14:50:13.260 542 542 W PackageManager: Library not found: /system/framework/org.apache.http.legacy.jar
10-01 14:50:13.337 542 542 W PackageManager: Failed to parse /system/framework/arm: Missing base APK in /system/framework/arm
10-01 14:50:13.789 542 542 W PackageManager: Failed to parse /system/framework/oat: Missing base APK in /system/framework/oat
10-01 14:50:13.947 542 542 W PackageParser: No actions in intent filter at /system/priv-app/Contacts/Contacts.apk Binary XML file line #388
10-01 14:50:14.422 542 542 W PackageManager: Permission android.permission.DOWNLOAD_WITHOUT_NOTIFICATION from package com.android.providers.downloads in an unknown group android.permission-group.NETWORK
10-01 14:50:14.880 565 565 I chatty : uid=0(root) /system/bin/rild expire 1 line
10-01 14:50:15.677 542 542 W PackageManager: Permission com.google.android.gms.permission.ACTIVITY_RECOGNITION from package com.google.android.gms in an unknown group android.permission-group.PERSONAL_INFO
10-01 14:50:15.923 192 192 I chatty : uid=0(root) /system/bin/surfaceflinger expire 11 lines
10-01 14:50:16.286 542 542 W PackageManager: Permission com.google.android.googleapps.permission.GOOGLE_AUTH from package com.google.android.gsf in an unknown group android.permission-group.ACCOUNTS
10-01 14:50:16.286 542 542 W PackageManager: Permission com.google.android.googleapps.permission.GOOGLE_AUTH.ALL_SERVICES from package com.google.android.gsf in an unknown group android.permission-group.ACCOUNTS
10-01 14:50:16.286 542 542 W PackageManager: Permission com.google.android.googleapps.permission.GOOGLE_AUTH.OTHER_SERVICES from package com.google.android.gsf in an unknown group android.permission-group.ACCOUNTS
10-01 14:50:16.286 542 542 W PackageManager: Permission com.google.android.googleapps.permission.GOOGLE_AUTH.mail from package com.google.android.gsf in an unknown group android.permission-group.ACCOUNTS
10-01 14:50:16.286 542 542 W PackageManager: Permission com.google.android.googleapps.permission.GOOGLE_AUTH.cl from package com.google.android.gsf in an unknown group android.permission-group.ACCOUNTS
10-01 14:50:16.286 542 542 W PackageManager: Permission com.google.android.googleapps.permission.GOOGLE_AUTH.android from package com.google.android.gsf in an unknown group android.permission-group.ACCOUNTS
10-01 14:50:16.286 542 542 W PackageManager: Permission com.google.android.googleapps.permission.GOOGLE_AUTH.androidsecure from package com.google.android.gsf in an unknown group android.permission-group.ACCOUNTS
10-01 14:50:16.286 542 542 W PackageManager: Permission com.google.android.googleapps.permission.GOOGLE_AUTH.sierra from package com.google.android.gsf in an unknown group android.permission-group.ACCOUNTS
10-01 14:50:16.286 542 542 W PackageManager: Permission com.google.android.googleapps.permission.GOOGLE_AUTH.sierraqa from package com.google.android.gsf in an unknown group android.permission-group.ACCOUNTS
10-01 14:50:16.286 542 542 W PackageManager: Permission com.google.android.googleapps.permission.GOOGLE_AUTH.sierrasandbox from package com.google.android.gsf in an unknown group android.permission-group.ACCOUNTS
10-01 14:50:16.286 542 542 W PackageManager: Permission com.google.android.googleapps.permission.GOOGLE_AUTH.youtube from package com.google.android.gsf in an unknown group android.permission-group.ACCOUNTS
10-01 14:50:16.286 542 542 W PackageManager: Permission com.google.android.googleapps.permission.GOOGLE_AUTH.YouTubeUser from package com.google.android.gsf in an unknown group android.permission-group.ACCOUNTS
10-01 14:50:16.286 542 542 W PackageManager: Permission com.google.android.googleapps.permission.GOOGLE_AUTH.talk from package com.google.android.gsf in an unknown group android.permission-group.ACCOUNTS
10-01 14:50:16.286 542 542 W PackageManager: Permission com.google.android.googleapps.permission.GOOGLE_AUTH.ig from package com.google.android.gsf in an unknown group android.permission-group.ACCOUNTS
10-01 14:50:16.286 542 542 W PackageManager: Permission com.google.android.googleapps.permission.GOOGLE_AUTH.lh2 from package com.google.android.gsf in an unknown group android.permission-group.ACCOUNTS
10-01 14:50:16.286 542 542 W PackageManager: Permission com.google.android.googleapps.permission.GOOGLE_AUTH.mobile from package com.google.android.gsf in an unknown group android.permission-group.ACCOUNTS
10-01 14:50:16.286 542 542 W PackageManager: Permission com.google.android.googleapps.permission.GOOGLE_AUTH.cp from package com.google.android.gsf in an unknown group android.permission-group.ACCOUNTS
10-01 14:50:16.286 542 542 W PackageManager: Permission com.google.android.googleapps.permission.GOOGLE_AUTH.adsense from package com.google.android.gsf in an unknown group android.permission-group.ACCOUNTS
10-01 14:50:16.287 542 542 W PackageManager: Permission com.google.android.googleapps.permission.GOOGLE_AUTH.adwords from package com.google.android.gsf in an unknown group android.permission-group.ACCOUNTS
10-01 14:50:16.287 542 542 W PackageManager: Permission com.google.android.googleapps.permission.GOOGLE_AUTH.blogger from package com.google.android.gsf in an unknown group android.permission-group.ACCOUNTS
10-01 14:50:16.287 542 542 W PackageManager: Permission com.google.android.googleapps.permission.GOOGLE_AUTH.dodgeball from package com.google.android.gsf in an unknown group android.permission-group.ACCOUNTS
10-01 14:50:16.287 542 542 W PackageManager: Permission com.google.android.googleapps.permission.GOOGLE_AUTH.gbase from package com.google.android.gsf in an unknown group android.permission-group.ACCOUNTS
10-01 14:50:16.287 542 542 W PackageManager: Permission com.google.android.googleapps.permission.GOOGLE_AUTH.groups2 from package com.google.android.gsf in an unknown group android.permission-group.ACCOUNTS
10-01 14:50:16.287 542 542 W PackageManager: Permission com.google.android.googleapps.permission.GOOGLE_AUTH.health from package com.google.android.gsf in an unknown group android.permission-group.ACCOUNTS
10-01 14:50:16.287 542 542 W PackageManager: Permission com.google.android.googleapps.permission.GOOGLE_AUTH.jotspot from package com.google.android.gsf in an unknown group android.permission-group.ACCOUNTS
10-01 14:50:16.287 542 542 W PackageManager: Permission com.google.android.googleapps.permission.GOOGLE_AUTH.knol from package com.google.android.gsf in an unknown group android.permission-group.ACCOUNTS
10-01 14:50:16.287 542 542 W PackageManager: Permission com.google.android.googleapps.permission.GOOGLE_AUTH.news from package com.google.android.gsf in an unknown group android.permission-group.ACCOUNTS
10-01 14:50:16.287 542 542 W PackageManager: Permission com.google.android.googleapps.permission.GOOGLE_AUTH.orkut from package com.google.android.gsf in an unknown group android.permission-group.ACCOUNTS
10-01 14:50:16.287 542 542 W PackageManager: Permission com.google.android.googleapps.permission.GOOGLE_AUTH.print from package com.google.android.gsf in an unknown group android.permission-group.ACCOUNTS
10-01 14:50:16.287 542 542 W PackageManager: Permission com.google.android.googleapps.permission.GOOGLE_AUTH.sitemaps from package com.google.android.gsf in an unknown group android.permission-group.ACCOUNTS
10-01 14:50:16.287 542 542 W PackageManager: Permission com.google.android.googleapps.permission.GOOGLE_AUTH.wifi from package com.google.android.gsf in an unknown group android.permission-group.ACCOUNTS
10-01 14:50:16.287 542 542 W PackageManager: Permission com.google.android.googleapps.permission.GOOGLE_AUTH.finance from package com.google.android.gsf in an unknown group android.permission-group.ACCOUNTS
10-01 14:50:16.287 542 542 W PackageManager: Permission com.google.android.googleapps.permission.GOOGLE_AUTH.local from package com.google.android.gsf in an unknown group android.permission-group.ACCOUNTS
10-01 14:50:16.287 542 542 W PackageManager: Permission com.google.android.googleapps.permission.GOOGLE_AUTH.ah from package com.google.android.gsf in an unknown group android.permission-group.ACCOUNTS
10-01 14:50:16.287 542 542 W PackageManager: Permission com.google.android.googleapps.permission.GOOGLE_AUTH.notebook from package com.google.android.gsf in an unknown group android.permission-group.ACCOUNTS
10-01 14:50:16.287 542 542 W PackageManager: Permission com.google.android.googleapps.permission.GOOGLE_AUTH.writely from package com.google.android.gsf in an unknown group android.permission-group.ACCOUNTS
10-01 14:50:16.287 542 542 W PackageManager: Permission com.google.android.googleapps.permission.GOOGLE_AUTH.wise from package com.google.android.gsf in an unknown group android.permission-group.ACCOUNTS
10-01 14:50:16.287 542 542 W PackageManager: Permission com.google.android.googleapps.permission.GOOGLE_AUTH.grandcentral from package com.google.android.gsf in an unknown group android.permission-group.ACCOUNTS
10-01 14:50:16.287 542 542 W PackageManager: Permission com.google.android.googleapps.permission.GOOGLE_AUTH.speechpersonalization from package com.google.android.gsf in an unknown group android.permission-group.ACCOUNTS
10-01 14:50:16.287 542 542 W PackageManager: Permission com.google.android.googleapps.permission.GOOGLE_AUTH.speech from package com.google.android.gsf in an unknown group android.permission-group.ACCOUNTS
10-01 14:50:16.287 542 542 W PackageManager: Permission com.google.android.providers.talk.permission.READ_ONLY from package com.google.android.gsf in an unknown group android.permission-group.MESSAGES
10-01 14:50:16.287 542 542 W PackageManager: Permission com.google.android.providers.talk.permission.WRITE_ONLY from package com.google.android.gsf in an unknown group android.permission-group.MESSAGES
10-01 14:50:16.287 542 542 W PackageManager: Permission com.google.android.gtalkservice.permission.GTALK_SERVICE from package com.google.android.gsf in an unknown group android.permission-group.MESSAGES
10-01 14:50:16.287 542 542 W PackageManager: Permission com.google.android.gtalkservice.permission.SEND_HEARTBEAT from package com.google.android.gsf in an unknown group android.permission-group.NETWORK
10-01 14:50:16.287 542 542 W PackageManager: Permission com.google.android.permission.BROADCAST_DATA_MESSAGE from package com.google.android.gsf in an unknown group android.permission-group.NETWORK
10-01 14:50:16.287 542 542 W PackageManager: Permission com.google.android.c2dm.permission.SEND from package com.google.android.gsf in an unknown group android.permission-group.NETWORK
10-01 14:50:16.287 542 542 W PackageManager: Permission com.google.android.c2dm.permission.RECEIVE from package com.google.android.gsf in an unknown group android.permission-group.NETWORK
10-01 14:50:16.287 542 542 W PackageManager: Permission com.google.android.xmpp.permission.BROADCAST from package com.google.android.gsf in an unknown group android.permission-group.NETWORK
10-01 14:50:16.287 542 542 W PackageManager: Permission com.google.android.xmpp.permission.SEND_RECEIVE from package com.google.android.gsf in an unknown group android.permission-group.NETWORK
10-01 14:50:16.287 542 542 W PackageManager: Permission com.google.android.xmpp.permission.XMPP_ENDPOINT_BROADCAST from package com.google.android.gsf in an unknown group android.permission-group.NETWORK
10-01 14:50:16.287 542 542 W PackageManager: Permission com.google.android.xmpp.permission.USE_XMPP_ENDPOINT from package com.google.android.gsf in an unknown group android.permission-group.NETWORK
10-01 14:50:16.287 542 542 W PackageManager: Permission com.google.android.providers.gsf.permission.READ_GSERVICES from package com.google.android.gsf in an unknown group android.permission-group.ACCOUNTS
10-01 14:50:17.500 542 542 W PackageManager: Permission com.android.vending.appdiscoveryservice.permission.ACCESS_APP_DISCOVERY_SERVICE from package com.android.vending in an unknown group android.permission-group.NETWORK
10-01 14:50:17.500 542 542 W PackageManager: Permission com.android.vending.CHECK_LICENSE from package com.android.vending in an unknown group android.permission-group.NETWORK
10-01 14:50:17.500 542 542 W PackageManager: Permission com.android.vending.BILLING from package com.android.vending in an unknown group android.permission-group.NETWORK
10-01 14:50:17.621 542 542 W PackageParser: Ignoring duplicate uses-permissions/uses-permissions-sdk-m: android.permission.USE_CREDENTIALS in package: com.android.settings at: Binary XML file line #55
10-01 14:50:17.621 542 542 W PackageParser: Ignoring duplicate uses-permissions/uses-permissions-sdk-m: android.permission.READ_SYNC_SETTINGS in package: com.android.settings at: Binary XML file line #60
10-01 14:50:17.621 542 542 W PackageParser: Ignoring duplicate uses-permissions/uses-permissions-sdk-m: android.permission.WRITE_SYNC_SETTINGS in package: com.android.settings at: Binary XML file line #61
10-01 14:50:18.043 542 542 W PackageParser: Ignoring duplicate uses-permissions/uses-permissions-sdk-m: android.permission.INSTALL_GRANT_RUNTIME_PERMISSIONS in package: com.android.shell at: Binary XML file line #101
10-01 14:50:18.141 542 542 W PackageParser: Ignoring duplicate uses-permissions/uses-permissions-sdk-m: android.permission.CONFIGURE_WIFI_DISPLAY in package: com.android.systemui at: Binary XML file line #120
10-01 14:50:19.650 542 542 W PackageParser: Ignoring duplicate uses-permissions/uses-permissions-sdk-m: android.permission.READ_CONTACTS in package: com.android.bluetooth at: Binary XML file line #58
10-01 14:50:19.652 542 542 W PackageParser: No actions in intent filter at /system/app/Bluetooth/Bluetooth.apk Binary XML file line #217
10-01 14:50:20.231 542 542 W PackageParser: Ignoring duplicate uses-permissions/uses-permissions-sdk-m: android.permission.WRITE_CONTACTS in package: com.android.email at: Binary XML file line #40
10-01 14:50:21.646 542 542 W PackageParser: Unknown element under : action at /system/app/OnyxOtaService/OnyxOtaService.apk Binary XML file line #33
10-01 14:50:24.154 542 542 I chatty : uid=1000 system_server expire 53 lines
10-01 14:50:26.732 542 542 W PackageManager: Package com.google.android.gms desires unavailable shared library com.google.android.ble; ignoring!
10-01 14:50:26.732 542 542 W PackageManager: Package com.google.android.gms desires unavailable shared library com.google.android.wearable; ignoring!
10-01 14:50:26.732 542 542 I PackageManager: Adjusting ABI for : com.google.android.gsf.login to armeabi-v7a
10-01 14:50:26.733 542 542 I PackageManager: Adjusting ABI for : com.google.android.gsf to armeabi-v7a
10-01 14:50:26.733 542 542 I PackageManager: Adjusting ABI for : com.android.server.telecom to armeabi-v7a
10-01 14:50:26.733 542 542 I PackageManager: Adjusting ABI for : com.android.inputdevices to armeabi-v7a
10-01 14:50:26.733 542 542 I PackageManager: Adjusting ABI for : com.android.providers.settings to armeabi-v7a
10-01 14:50:26.733 542 542 I PackageManager: Adjusting ABI for : com.android.settings to armeabi-v7a
10-01 14:50:26.733 542 542 I PackageManager: Adjusting ABI for : com.android.soundrecorder to armeabi-v7a
10-01 14:50:26.733 542 542 I PackageManager: Adjusting ABI for : com.android.keychain to armeabi-v7a
10-01 14:50:26.734 542 542 I PackageManager: Adjusting ABI for : com.android.location.fused to armeabi-v7a
10-01 14:50:26.734 542 542 I PackageManager: Time to scan packages: 13.499 seconds
10-01 14:50:26.737 542 542 W PackageManager: Not granting permission com.google.android.googleapps.permission.GOOGLE_AUTH to package com.android.providers.calendar (protectionLevel=2 flags=0x30083e45)
10-01 14:50:26.737 542 542 W PackageManager: Not granting permission com.google.android.googleapps.permission.GOOGLE_AUTH.cl to package com.android.providers.calendar (protectionLevel=2 flags=0x30083e45)
10-01 14:50:26.738 542 542 W PackageManager: Not granting permission android.permission.FORCE_STOP_PACKAGES to package com.onyx.dict (protectionLevel=18 flags=0x3818be45)
10-01 14:50:26.738 542 542 W PackageManager: Not granting permission android.permission.MASTER_CLEAR to package com.onyx.dict (protectionLevel=18 flags=0x3818be45)
10-01 14:50:26.738 542 542 W PackageManager: Not granting permission android.permission.BIND_DEVICE_ADMIN to package com.onyx.dict (protectionLevel=2 flags=0x3818be45)
10-01 14:50:26.738 542 542 W PackageManager: Not granting permission android.permission.DUMP to package com.onyx.dict (protectionLevel=50 flags=0x3818be45)
10-01 14:50:26.738 542 542 W PackageManager: Not granting permission android.permission.GLOBAL_SEARCH to package com.android.quicksearchbox (protectionLevel=18 flags=0x3808be45)
10-01 14:50:26.739 542 542 W PackageManager: Not granting permission android.permission.ACCESS_DOWNLOAD_MANAGER to package com.android.browser (protectionLevel=18 flags=0x3809be45)
10-01 14:50:26.739 542 542 W PackageManager: Not granting permission android.permission.SEND_DOWNLOAD_COMPLETED_INTENTS to package com.android.browser (protectionLevel=2 flags=0x3809be45)
10-01 14:50:26.739 542 542 W PackageManager: Not granting permission android.permission.SEND_DOWNLOAD_COMPLETED_INTENTS to package com.android.vending (protectionLevel=2 flags=0x384abe45)
10-01 14:50:26.739 542 542 W PackageManager: Unknown permission android.permission.SEND_SMS_NO_CONFIRMATION in package com.android.vending
10-01 14:50:26.740 542 542 W PackageManager: Not granting permission android.permission.INSTALL_GRANT_RUNTIME_PERMISSIONS to package com.android.vending (protectionLevel=770 flags=0x384abe45)
10-01 14:50:26.740 542 542 W PackageManager: Not granting permission android.permission.GRANT_RUNTIME_PERMISSIONS to package com.android.vending (protectionLevel=770 flags=0x384abe45)
10-01 14:50:26.740 542 542 W PackageManager: Not granting permission android.permission.REVOKE_RUNTIME_PERMISSIONS to package com.android.vending (protectionLevel=770 flags=0x384abe45)
10-01 14:50:26.740 542 542 W PackageManager: Not granting permission android.permission.SET_PREFERRED_APPLICATIONS to package com.android.vending (protectionLevel=2 flags=0x384abe45)
10-01 14:50:26.740 542 542 W PackageManager: Unknown permission android.permission.ACCESS_INSTANT_APPS in package com.android.vending
10-01 14:50:26.740 542 542 W PackageManager: Unknown permission com.google.android.partnersetup.permission.WRITE_APP_PROVIDER in package com.android.vending
10-01 14:50:26.740 542 542 W PackageManager: Unknown permission android.permission.ALLOCATE_AGGRESSIVE in package com.android.vending
10-01 14:50:26.740 542 542 W PackageManager: Unknown permission com.sec.android.provider.badge.permission.READ in package com.android.vending
10-01 14:50:26.740 542 542 W PackageManager: Unknown permission com.sec.android.provider.badge.permission.WRITE in package com.android.vending
10-01 14:50:26.740 542 542 W PackageManager: Unknown permission com.htc.launcher.permission.READ_SETTINGS in package com.android.vending
10-01 14:50:26.740 542 542 W PackageManager: Unknown permission com.htc.launcher.permission.UPDATE_SHORTCUT in package com.android.vending
10-01 14:50:26.740 542 542 W PackageManager: Unknown permission com.sonyericsson.home.permission.BROADCAST_BADGE in package com.android.vending
10-01 14:50:26.740 542 542 W PackageManager: Unknown permission com.sonymobile.home.permission.PROVIDER_INSERT_BADGE in package com.android.vending
10-01 14:50:26.740 542 542 W PackageManager: Unknown permission com.anddoes.launcher.permission.UPDATE_COUNT in package com.android.vending
10-01 14:50:26.740 542 542 W PackageManager: Unknown permission com.majeur.launcher.permission.UPDATE_BADGE in package com.android.vending
10-01 14:50:26.740 542 542 W PackageManager: Unknown permission com.huawei.android.launcher.permission.CHANGE_BADGE in package com.android.vending
10-01 14:50:26.740 542 542 W PackageManager: Unknown permission com.huawei.android.launcher.permission.READ_SETTINGS in package com.android.vending
10-01 14:50:26.740 542 542 W PackageManager: Unknown permission com.huawei.android.launcher.permission.WRITE_SETTINGS in package com.android.vending
10-01 14:50:26.740 542 542 W PackageManager: Unknown permission android.permission.READ_APP_BADGE in package com.android.vending
10-01 14:50:26.740 542 542 W PackageManager: Unknown permission com.oppo.launcher.permission.READ_SETTINGS in package com.android.vending
10-01 14:50:26.740 542 542 W PackageManager: Unknown permission com.oppo.launcher.permission.WRITE_SETTINGS in package com.android.vending
10-01 14:50:26.740 542 542 W PackageManager: Unknown permission org.chromium.arc.apkcacheprovider.permission.READ_CACHE in package com.android.vending
10-01 14:50:26.740 542 542 W PackageManager: Unknown permission org.chromium.arc.apkcacheprovider.permission.WRITE_CACHE in package com.android.vending
10-01 14:50:26.740 542 542 W PackageManager: Unknown permission android.Manifest.permission.SUBSTITUTE_NOTIFICATION_APP_NAME in package com.android.vending
10-01 14:50:26.741 542 542 W PackageManager: Not granting permission com.google.android.googleapps.permission.GOOGLE_AUTH.mail to package com.android.calendar (protectionLevel=2 flags=0x3009be45)
10-01 14:50:26.741 542 542 W PackageManager: Not granting permission android.permission.WRITE_SECURE_SETTINGS to package com.onyx.android.startuptutorial (protectionLevel=50 flags=0x3808be45)
10-01 14:50:26.741 542 542 W PackageManager: Not granting permission android.permission.CHANGE_CONFIGURATION to package com.onyx.android.startuptutorial (protectionLevel=50 flags=0x3808be45)
10-01 14:50:26.741 542 542 W PackageManager: Not granting permission android.permission.SET_TIME to package com.onyx.android.startuptutorial (protectionLevel=18 flags=0x3808be45)
10-01 14:50:26.741 542 542 W PackageManager: Not granting permission android.permission.DUMP to package com.onyx.android.startuptutorial (protectionLevel=50 flags=0x3808be45)
10-01 14:50:26.741 542 542 W PackageManager: Unknown permission com.android.launcher.permission.READ_SETTINGS in package com.android.onetimeinitializer
10-01 14:50:26.741 542 542 W PackageManager: Unknown permission com.android.launcher.permission.WRITE_SETTINGS in package com.android.onetimeinitializer
10-01 14:50:26.741 542 542 W PackageManager: Unknown permission com.onyx.android.dict.TOKEN_SEARCH in package com.onyx.kreader
10-01 14:50:26.741 542 542 W PackageManager: Not granting permission android.permission.BATTERY_STATS to package com.onyx.kreader (protectionLevel=50 flags=0x3858be45)
10-01 14:50:26.742 542 542 W PackageManager: Not granting permission android.permission.READ_LOGS to package com.onyx.kreader (protectionLevel=50 flags=0x3858be45)
10-01 14:50:26.742 542 542 W PackageManager: Not granting permission android.permission.DUMP to package com.onyx.kreader (protectionLevel=50 flags=0x3858be45)
10-01 14:50:26.742 542 542 W PackageManager: Not granting permission android.permission.DUMP to package com.onyx.android.data (protectionLevel=50 flags=0x3808be45)
10-01 14:50:26.742 542 542 W PackageManager: Unknown permission android.permission.MANAGE_SOUND_TRIGGER in package com.google.android.gms
10-01 14:50:26.742 542 542 W PackageManager: Unknown permission android.permission.DISPATCH_PROVISIONING_MESSAGE in package com.google.android.gms
10-01 14:50:26.742 542 542 W PackageManager: Unknown permission com.google.android.apps.enterprise.dmagent.permission.AutoSyncPermission in package com.google.android.gms
10-01 14:50:26.742 542 542 W PackageManager: Unknown permission android.permission.CONNECTIVITY_USE_RESTRICTED_NETWORKS in package com.google.android.gms
10-01 14:50:26.742 542 542 W PackageManager: Unknown permission android.permission.SEND_SMS_NO_CONFIRMATION in package com.google.android.gms
10-01 14:50:26.742 542 542 W PackageManager: Not granting permission android.permission.BIND_NOTIFICATION_LISTENER_SERVICE to package com.google.android.gms (protectionLevel=2 flags=0xb8483e45)
10-01 14:50:26.742 542 542 W PackageManager: Unknown permission com.google.android.googlequicksearchbox.permission.PAUSE_HOTWORD in package com.google.android.gms
10-01 14:50:26.742 542 542 W PackageManager: Unknown permission android.permission.TETHER_PRIVILEGED in package com.google.android.gms
10-01 14:50:26.743 542 542 W PackageManager: Unknown permission com.google.android.hangouts.START_HANGOUT in package com.google.android.gms
10-01 14:50:26.743 542 542 W PackageManager: Unknown permission android.permission.READ_OEM_UNLOCK_STATE in package com.google.android.gms
10-01 14:50:26.743 542 542 W PackageManager: Unknown permission com.google.android.permission.ACCESSIBILITY_SCAN_SERVICE in package com.google.android.gms
10-01 14:50:26.743 542 542 W PackageManager: Unknown permission android.permission.ACTIVITY_EMBEDDING in package com.google.android.gms
10-01 14:50:26.743 542 542 W PackageManager: Unknown permission android.permission.PROVIDE_RESOLVER_RANKER_SERVICE in package com.google.android.gms
10-01 14:50:26.743 542 542 W PackageManager: Unknown permission com.google.android.wearable.READ_SETTINGS in package com.google.android.gms
10-01 14:50:26.743 542 542 W PackageManager: Unknown permission android.permission.SUBSTITUTE_NOTIFICATION_APP_NAME in package com.google.android.gms
10-01 14:50:26.743 542 542 W PackageManager: Unknown permission android.permission.MANAGE_SUBSCRIPTION_PLANS in package com.google.android.gms
10-01 14:50:26.743 542 542 W PackageManager: Unknown permission com.google.android.gms.game.notifications.permission.WRITE in package com.google.android.gms
10-01 14:50:26.743 542 542 W PackageManager: Unknown permission com.google.android.launcher.permission.RECEIVE_LAUNCH_BROADCASTS in package com.google.android.gms
10-01 14:50:26.743 542 542 W PackageManager: Unknown permission com.google.android.gm.permission.READ_GMAIL in package com.google.android.gms
10-01 14:50:26.745 542 542 W PackageManager: Not granting permission android.permission.DELETE_PACKAGES to package com.svox.pico (protectionLevel=18 flags=0x3808be45)
10-01 14:50:26.746 542 542 W PackageManager: Unknown permission com.google.android.gallery3d.permission.PICASA_STORE in package com.android.dreams.phototable
10-01 14:50:26.746 542 542 W PackageManager: Not granting permission android.permission.CONTROL_KEYGUARD to package com.google.android.gsf.login (protectionLevel=2 flags=0x3048be45)
10-01 14:50:26.746 542 542 W PackageManager: Unknown permission com.android.vending.billing.IBillingAccountService.BIND2 in package com.google.android.gsf.login
10-01 14:50:26.746 542 542 W PackageManager: Unknown permission com.android.chrome.TOS_ACKED in package com.google.android.gsf.login
10-01 14:50:26.747 542 542 W PackageManager: Unknown permission com.android.launcher.permission.READ_SETTINGS in package com.android.settings
10-01 14:50:26.747 542 542 W PackageManager: Unknown permission com.android.launcher.permission.WRITE_SETTINGS in package com.android.settings
10-01 14:50:26.750 542 542 W PackageManager: Not granting permission android.permission.INSTALL_PACKAGES to package com.onyx.appmarket (protectionLevel=18 flags=0x3848be45)
10-01 14:50:26.750 542 542 W PackageManager: Not granting permission android.permission.READ_LOGS to package com.onyx.appmarket (protectionLevel=50 flags=0x3848be45)
10-01 14:50:26.750 542 542 W PackageManager: Not granting permission android.permission.DUMP to package com.onyx.appmarket (protectionLevel=50 flags=0x3848be45)
10-01 14:50:26.750 542 542 W PackageManager: Unknown permission com.google.android.gallery3d.permission.GALLERY_PROVIDER in package com.android.bluetooth
10-01 14:50:26.750 542 542 W PackageManager: Unknown permission com.android.gallery3d.permission.GALLERY_PROVIDER in package com.android.bluetooth
10-01 14:50:26.837 542 542 I SystemServer: User Service
10-01 14:50:26.837 542 542 I SystemServer: AttributeCache.init
10-01 14:50:26.837 542 542 I SystemServer: mActivityManagerService.setSystemProcess
10-01 14:50:26.841 189 189 I chatty : uid=0(root) /system/bin/lmkd expire 1 line
10-01 14:50:26.927 542 542 I SystemServer: after mActivityManagerService.setSystemProcess
10-01 14:50:26.928 542 542 I SystemServer: after startSensorService
10-01 14:50:26.928 542 542 I SystemServiceManager: Starting com.android.server.BatteryService
10-01 14:50:26.932 542 557 I chatty : uid=1000(system) android.fg expire 1 line
10-01 14:50:26.934 542 557 I BatteryStatsImpl: Resetting battery stats: level=93 status=3 dischargeLevel=93 lowAmount=0 highAmount=0
10-01 14:50:26.935 542 542 I SystemServer: after BatteryService
10-01 14:50:26.935 542 542 I SystemServiceManager: Starting com.android.server.usage.UsageStatsService
10-01 14:50:26.942 192 192 I chatty : uid=0(root) /system/bin/surfaceflinger expire 13 lines
10-01 14:50:26.981 542 542 I UsageStatsDatabase: Upgrading from version 0 to 3
10-01 14:50:26.981 542 542 I UsageStatsDatabase: Deleting all usage stats files
10-01 14:50:26.983 542 542 I UsageStatsService: User[0] Rollover scheduled @ 2018-10-02 08:00:00(1538438400000)
10-01 14:50:26.989 542 542 I UsageStatsService: User[0] Flushing usage stats to disk
10-01 14:50:27.008 542 542 I SystemServer: after UsageStatsService
10-01 14:50:27.009 542 542 I SystemServiceManager: Starting com.android.server.webkit.WebViewUpdateService
10-01 14:50:27.010 542 542 I SystemServer: after WebViewUpdateService
10-01 14:50:27.010 542 542 I SystemServer: Reading configuration...
10-01 14:50:27.010 542 542 I SystemServer: Scheduling Policy
10-01 14:50:27.010 542 542 I SystemServiceManager: Starting com.android.server.telecom.TelecomLoaderService
10-01 14:50:27.011 542 542 I SystemServer: Telephony Registry
10-01 14:50:27.013 542 542 I SystemServer: Camera Service
10-01 14:50:27.013 542 542 I SystemServiceManager: Starting com.android.server.camera.CameraService
10-01 14:50:27.015 542 542 I SystemServer: Account Manager
10-01 14:50:27.017 542 542 I SystemServer: Content Manager
10-01 14:50:27.018 542 542 I SystemServer: System Content Providers
10-01 14:50:27.084 542 542 D SettingsProvider: Generated and saved new ANDROID_ID [8430c5c6a74fbfb3] for user 0
10-01 14:50:27.099 542 542 I SystemServer: Vibrator Service
10-01 14:50:27.101 542 554 I chatty : uid=1000(system) android.bg expire 3 lines
10-01 14:50:27.101 542 542 I SystemServer: Consumer IR Service
10-01 14:50:27.101 542 542 I SystemServiceManager: Starting com.android.server.AlarmManagerService
10-01 14:50:27.103 542 542 W AlarmAlignmentManager: updating App alarm config:
10-01 14:50:27.104 542 542 W AlarmAlignmentManager: old config:strategy:SCREEN_OFF_ALARM_STRATEGY_NONE, repeat alignment:0, fixed alignment:0, skip short interval:0, strict:true, ignore top:false, skip nonwakeup:true, align nonwakeup:false, align system alarm:false, whitelist size:0, blacklist size:0
10-01 14:50:27.104 542 542 W AlarmAlignmentManager: new config:strategy:SCREEN_OFF_ALARM_STRATEGY_NONE, repeat alignment:0, fixed alignment:0, skip short interval:0, strict:true, ignore top:false, skip nonwakeup:true, align nonwakeup:false, align system alarm:false, whitelist size:0, blacklist size:0
10-01 14:50:27.138 542 542 I SystemServer: Init Watchdog
10-01 14:50:27.139 542 542 I SystemServer: Input Manager
10-01 14:50:27.139 542 542 I InputManager: Initializing input manager, mUseDevInputEventForAudioJack=false
10-01 14:50:27.140 542 542 I SystemServer: Window Manager
10-01 14:50:27.151 542 560 I WindowManager: No existing display settings /data/system/display_settings.xml; starting empty
10-01 14:50:27.216 542 542 I InputManager: Starting input manager
10-01 14:50:27.219 542 574 I chatty : uid=1000(system) InputReader expire 17 lines
10-01 14:50:27.219 542 542 I SystemServer: Bluetooth Service
10-01 14:50:27.219 542 542 I SystemServiceManager: Starting com.android.server.BluetoothService
10-01 14:50:27.224 542 542 I SystemServer: Input Method Service
10-01 14:50:27.258 542 542 I SystemServer: Accessibility Manager
10-01 14:50:27.275 542 542 I ActivityManager: Config changes=1df8 {1.0 ?mcc?mnc zh_CN ldltr sw748dp w748dp h998dp 300dpi xlrg port ?uimode ?night -touch -keyb/v/h -nav/h s.2}
10-01 14:50:27.289 542 542 I ActivityManager: Config changes=408 {1.0 ?mcc?mnc zh_CN ldltr sw748dp w748dp h954dp 300dpi xlrg port ?uimode ?night finger -keyb/v/h -nav/h s.3}
10-01 14:50:27.291 542 542 I SystemServiceManager: Starting com.android.server.MountService$Lifecycle
10-01 14:50:27.299 542 575 D MountService: Thinking about reset, mSystemReady=false, mDaemonConnected=true
10-01 14:50:27.300 542 542 I SystemServiceManager: Starting com.android.server.UiModeManagerService
10-01 14:50:27.301 542 542 I ActivityManager: Config changes=200 {1.0 ?mcc?mnc zh_CN ldltr sw748dp w748dp h954dp 300dpi xlrg port finger -keyb/v/h -nav/h s.4}
10-01 14:50:27.302 542 575 D MountService: Thinking about reset, mSystemReady=false, mDaemonConnected=true
10-01 14:50:27.302 542 575 D CryptdConnector: SND -> {1 cryptfs getfield SystemLocale}
10-01 14:50:27.303 191 208 I Ext4Crypt: ext4 crypto complete called on /data
10-01 14:50:27.303 191 208 I Ext4Crypt: No master key, so not ext4enc
10-01 14:50:27.303 542 577 D CryptdConnector: RCV <- {200 1 -1}
10-01 14:50:27.304 542 575 W MountService: No primary storage mounted!
10-01 14:50:27.304 542 575 D VoldConnector: SND -> {1 asec list}
10-01 14:50:27.305 542 576 D VoldConnector: RCV <- {200 1 asec operation succeeded}
10-01 14:50:27.306 542 575 I chatty : uid=1000(system) MountService expire 3 lines
10-01 14:50:27.306 542 575 W PackageManager: Not granting permission com.google.android.googleapps.permission.GOOGLE_AUTH to package com.android.providers.calendar (protectionLevel=2 flags=0x30883e45)
10-01 14:50:27.307 542 575 W PackageManager: Not granting permission com.google.android.googleapps.permission.GOOGLE_AUTH.cl to package com.android.providers.calendar (protectionLevel=2 flags=0x30883e45)
10-01 14:50:27.307 542 575 I PackageManager: Un-granting permission android.permission.FORCE_STOP_PACKAGES from package com.onyx.dict (protectionLevel=18 flags=0x3898be45)
10-01 14:50:27.307 542 575 I PackageManager: Un-granting permission android.permission.MASTER_CLEAR from package com.onyx.dict (protectionLevel=18 flags=0x3898be45)
10-01 14:50:27.307 542 575 I PackageManager: Un-granting permission android.permission.BIND_DEVICE_ADMIN from package com.onyx.dict (protectionLevel=2 flags=0x3898be45)
10-01 14:50:27.308 542 575 W PackageManager: Not granting permission android.permission.GLOBAL_SEARCH to package com.android.quicksearchbox (protectionLevel=18 flags=0x3888be45)
10-01 14:50:27.308 542 542 W PackageManager: No disk maintenance in 1538376627308; running immediately
10-01 14:50:27.308 542 575 W PackageManager: Not granting permission android.permission.ACCESS_DOWNLOAD_MANAGER to package com.android.browser (protectionLevel=18 flags=0x3889be45)
10-01 14:50:27.308 542 575 W PackageManager: Not granting permission android.permission.SEND_DOWNLOAD_COMPLETED_INTENTS to package com.android.browser (protectionLevel=2 flags=0x3889be45)
