10-01 14:58:13.962 2963 2963 I om.onyx.kreader: type=1400 audit(0.0:69): avc: denied { getattr } for path="/vendor/lib" dev="mmcblk0p13" ino=13 scontext=u:r:untrusted_app:s0:c512,c768 tcontext=u:object_r:unlabeled:s0 tclass=lnk_file permissive=1
10-01 14:58:13.968 2963 2963 D SoLoader: init start
10-01 14:58:13.972 2963 2963 D SoLoader: Preparing SO source: com.facebook.soloader.DirectorySoSource[root = /system/lib flags = 2]
10-01 14:58:13.972 2963 2963 D SoLoader: Preparing SO source: com.facebook.soloader.DirectorySoSource[root = /system/vendor/lib flags = 2]
10-01 14:58:13.972 2963 2963 D SoLoader: Preparing SO source: com.facebook.soloader.ApkSoSource[root = /data/data/com.onyx.kreader/lib-main flags = 1]
10-01 14:58:13.973 2963 2963 V fb-UnpackingSoSource: locked dso store /data/user/0/com.onyx.kreader/lib-main
10-01 14:58:13.975 2963 2963 V fb-UnpackingSoSource: deps mismatch on deps store: regenerating
10-01 14:58:13.976 2963 2963 V fb-UnpackingSoSource: so store dirty: regenerating
10-01 14:58:14.105 2963 2963 D ApkSoSource: allowing consideration of lib/armeabi-v7a/libCHMlibrary.so: self-extraction preferred
10-01 14:58:14.105 2963 2963 D ApkSoSource: allowing consideration of lib/armeabi-v7a/libDecryptorJni.so: self-extraction preferred
10-01 14:58:14.105 2963 2963 D ApkSoSource: allowing consideration of lib/armeabi-v7a/libdecryptionoperation.so: self-extraction preferred
10-01 14:58:14.105 2963 2963 D ApkSoSource: allowing consideration of lib/armeabi-v7a/libimagepipeline.so: self-extraction preferred
10-01 14:58:14.105 2963 2963 D ApkSoSource: allowing consideration of lib/armeabi-v7a/libjdcpaEncryptUtil.so: self-extraction preferred
10-01 14:58:14.105 2963 2963 D ApkSoSource: allowing consideration of lib/armeabi-v7a/libjdcrypto.so: self-extraction preferred
10-01 14:58:14.105 2963 2963 D ApkSoSource: allowing consideration of lib/armeabi-v7a/libjdrdrm.so: self-extraction preferred
10-01 14:58:14.105 2963 2963 D ApkSoSource: allowing consideration of lib/armeabi-v7a/libjdrebr.so: self-extraction preferred
10-01 14:58:14.105 2963 2963 D ApkSoSource: allowing consideration of lib/armeabi-v7a/libjdssl.so: self-extraction preferred
10-01 14:58:14.105 2963 2963 D ApkSoSource: allowing consideration of lib/armeabi-v7a/libneo_cropper.so: self-extraction preferred
10-01 14:58:14.105 2963 2963 D ApkSoSource: allowing consideration of lib/armeabi-v7a/libneo_djvu.so: self-extraction preferred
10-01 14:58:14.105 2963 2963 D ApkSoSource: allowing consideration of lib/armeabi-v7a/libneo_images.so: self-extraction preferred
10-01 14:58:14.105 2963 2963 D ApkSoSource: allowing consideration of lib/armeabi-v7a/libneo_pdf.so: self-extraction preferred
10-01 14:58:14.105 2963 2963 D ApkSoSource: allowing consideration of lib/armeabi-v7a/libneo_unrar.so: self-extraction preferred
10-01 14:58:14.105 2963 2963 D ApkSoSource: allowing consideration of lib/armeabi-v7a/libonyx_algorithm.so: self-extraction preferred
10-01 14:58:14.105 2963 2963 D ApkSoSource: allowing consideration of lib/armeabi-v7a/libonyx_brush_render.so: self-extraction preferred
10-01 14:58:14.105 2963 2963 D ApkSoSource: allowing consideration of lib/armeabi-v7a/libonyx_pen_touch_reader.so: self-extraction preferred
10-01 14:58:14.105 2963 2963 D ApkSoSource: allowing consideration of lib/armeabi-v7a/libtiff.so: self-extraction preferred
10-01 14:58:14.105 2963 2963 D ApkSoSource: allowing consideration of lib/armeabi-v7a/libtiffconverter.so: self-extraction preferred
10-01 14:58:14.105 2963 2963 D ApkSoSource: allowing consideration of lib/armeabi-v7a/libtifffactory.so: self-extraction preferred
10-01 14:58:14.105 2963 2963 D ApkSoSource: allowing consideration of lib/armeabi-v7a/libtiffsaver.so: self-extraction preferred
10-01 14:58:14.105 2963 2963 D ApkSoSource: allowing consideration of lib/armeabi-v7a/libtouch_reader.so: self-extraction preferred
10-01 14:58:14.106 2963 2963 V fb-UnpackingSoSource: regenerating DSO store com.facebook.soloader.ApkSoSource
10-01 14:58:14.107 2963 2963 I fb-UnpackingSoSource: extracting DSO libCHMlibrary.so
10-01 14:58:14.107 2963 2963 I fb-UnpackingSoSource: extracting DSO libDecryptorJni.so
10-01 14:58:14.108 2963 2963 I fb-UnpackingSoSource: extracting DSO libdecryptionoperation.so
10-01 14:58:14.238 2963 2963 I fb-UnpackingSoSource: extracting DSO libimagepipeline.so
10-01 14:58:14.287 2963 2963 I fb-UnpackingSoSource: extracting DSO libjdcpaEncryptUtil.so
10-01 14:58:14.298 2963 2963 I fb-UnpackingSoSource: extracting DSO libjdcrypto.so
10-01 14:58:14.311 2963 2963 I fb-UnpackingSoSource: extracting DSO libjdrdrm.so
10-01 14:58:14.312 2963 2963 I fb-UnpackingSoSource: extracting DSO libjdrebr.so
10-01 14:58:14.314 2963 2963 I fb-UnpackingSoSource: extracting DSO libjdssl.so
10-01 14:58:14.318 2963 2963 I fb-UnpackingSoSource: extracting DSO libneo_cropper.so
10-01 14:58:14.328 2963 2963 I fb-UnpackingSoSource: extracting DSO libneo_djvu.so
10-01 14:58:14.345 2963 2963 I fb-UnpackingSoSource: extracting DSO libneo_images.so
10-01 14:58:14.349 542 696 I ActivityManager: Killing 1583:com.android.settings/1000 (adj 15): empty #17
10-01 14:58:14.350 2963 2963 I fb-UnpackingSoSource: extracting DSO libneo_pdf.so
10-01 14:58:14.474 192 192 E SurfaceFlinger: App die 1583 0
10-01 14:58:14.538 2963 2963 I fb-UnpackingSoSource: extracting DSO libneo_unrar.so
10-01 14:58:14.542 2963 2963 I fb-UnpackingSoSource: extracting DSO libonyx_algorithm.so
10-01 14:58:14.543 2963 2963 I fb-UnpackingSoSource: extracting DSO libonyx_brush_render.so
10-01 14:58:14.544 542 697 I ActivityManager: Start proc 2984:com.onyx.android.data/u0a32 for content provider com.onyx.android.data/.OnyxCmsProvider
10-01 14:58:14.545 2963 2963 I fb-UnpackingSoSource: extracting DSO libonyx_pen_touch_reader.so
10-01 14:58:14.548 2963 2963 I fb-UnpackingSoSource: extracting DSO libtiff.so
10-01 14:58:14.553 2963 2963 I fb-UnpackingSoSource: extracting DSO libtiffconverter.so
10-01 14:58:14.556 2963 2963 I fb-UnpackingSoSource: extracting DSO libtifffactory.so
10-01 14:58:14.557 2963 2963 I fb-UnpackingSoSource: extracting DSO libtiffsaver.so
10-01 14:58:14.558 2963 2963 I fb-UnpackingSoSource: extracting DSO libtouch_reader.so
10-01 14:58:14.562 2963 2963 V fb-UnpackingSoSource: Finished regenerating DSO store com.facebook.soloader.ApkSoSource
10-01 14:58:14.562 2963 2963 V fb-UnpackingSoSource: starting syncer worker
10-01 14:58:14.567 192 192 I hwcomposer: update_to_display(): upd_data -- marker[124] waveform_mode = 255, update_mode = 0, Rect[0 0 1872 1404]
10-01 14:58:14.760 2984 2984 W System : ClassLoader referenced unknown path: /system/app/OnyxData-release/lib/arm
10-01 14:58:15.258 2984 2995 V com.onyx.android.data.OnyxCmsProvider: DefaultDBHelper, onCreate
10-01 14:58:15.322 2963 2963 V fb-UnpackingSoSource: releasing dso store lock for /data/user/0/com.onyx.kreader/lib-main (from syncer thread)
10-01 14:58:15.322 2963 2963 V fb-UnpackingSoSource: not releasing dso store lock for /data/user/0/com.onyx.kreader/lib-main (syncer thread started)
10-01 14:58:15.323 2963 2963 D SoLoader: init finish: 3 SO sources prepared
10-01 14:58:15.416 192 192 I hwcomposer: update_to_display(): upd_data -- marker[125] waveform_mode = 255, update_mode = 0, Rect[83 0 1789 1254]
10-01 14:58:15.478 192 192 I hwcomposer: update_to_display(): upd_data -- marker[126] waveform_mode = 255, update_mode = 0, Rect[83 0 1789 1254]
10-01 14:58:15.914 192 192 I hwcomposer: update_to_display(): upd_data -- marker[127] waveform_mode = 255, update_mode = 0, Rect[83 0 1789 1254]
10-01 14:58:16.151 2901 2908 W CursorWrapperInner: Cursor finalized without prior close()
10-01 14:58:16.152 2901 2908 W CursorWrapperInner: Cursor finalized without prior close()
10-01 14:58:16.153 2901 2908 W CursorWrapperInner: Cursor finalized without prior close()
10-01 14:58:16.292 192 192 I hwcomposer: update_to_display(): upd_data -- marker[128] waveform_mode = 255, update_mode = 0, Rect[214 0 1624 1254]
10-01 14:58:16.370 542 552 I ActivityManager: Killing 1729:com.android.keychain/1000 (adj 15): empty #17
10-01 14:58:16.472 192 192 E SurfaceFlinger: App die 1729 0
10-01 14:58:22.145 542 553 D pms : Enter idle state
10-01 14:58:22.146 542 553 D pms : ######### Switching system power mode to [standby]
10-01 14:58:22.146 542 553 I pms : ========== Setup an [300000]s alarm for standby mode ==========
10-01 14:58:22.147 542 553 D pms :
10-01 14:58:22.147 542 553 D pms :
10-01 14:58:22.147 542 553 D pms : ************** Add alarm:onyx_standby_timeout
10-01 14:58:22.147 542 553 D pms :
10-01 14:58:22.151 542 542 D pms : set alarm:onyx_standby_timeout, now:1538377102149 [ 2018-10-01 14:58:22], wake:1538377402146 [2018-10-01 15:03:22]
10-01 15:02:07.071 542 573 D pms : ######### Switching system power mode to [off]
10-01 15:02:07.072 542 542 D pms : ************** cancel alarm:onyx_standby_timeout
10-01 15:02:07.073 542 542 D pms : ************** cancel alarm:onyx_auto_poweroff
10-01 15:02:07.117 542 553 I ActivityManager: START u0 {act=com.android.systemui.recents.SHOW_RECENTS flg=0x10804000 cmp=com.android.systemui/.recents.OnyxRecentsActivity} from uid 10014 on display 0
10-01 15:02:07.149 192 952 D PermissionCache: checking android.permission.READ_FRAME_BUFFER for uid=1000 => granted (531 us)
10-01 15:02:07.150 192 192 D Surface : Surface::final mReqUsage=333
10-01 15:02:07.172 192 192 I surfaceflinger: type=1400 audit(0.0:70): avc: denied { read } for name="lib" dev="mmcblk0p13" ino=13 scontext=u:r:surfaceflinger:s0 tcontext=u:object_r:unlabeled:s0 tclass=lnk_file permissive=1
10-01 15:02:07.211 542 560 D WindowStateAnimator: rk_debug2 Starting com.android.systemui_Force_To_Dual
10-01 15:02:07.248 542 560 D Surface : Surface::final mReqUsage=33
10-01 15:02:07.248 542 551 I art : Background partial concurrent mark sweep GC freed 14897(1018KB) AllocSpace objects, 3(60KB) LOS objects, 33% free, 12MB/18MB, paused 20.599ms total 102.408ms
10-01 15:02:07.269 542 553 W ContextImpl: Calling a method in the system process without a qualified user: android.app.ContextImpl.sendBroadcast:763 android.onyx.BroadcastHelper.sendActivityResume:370 com.android.server.am.ActivityManagerService.onActivityResumed:21088 com.android.server.am.ActivityStack.completeResumeLocked:1167 com.android.server.am.ActivityStack.minimalResumeActivityLocked:677
10-01 15:02:07.292 192 192 I hwcomposer: update_to_display(): upd_data -- marker[129] waveform_mode = 255, update_mode = 0, Rect[2 49 79 79]
10-01 15:02:07.299 2901 2945 W ContextImpl: Calling a method in the system process without a qualified user: android.app.ContextImpl.sendBroadcast:763 android.content.ContextWrapper.sendBroadcast:396 com.onyx.android.sdk.device.BaseDevice.a:490 com.onyx.android.sdk.device.BaseDevice.showSystemStatusBar:453 com.onyx.android.sdk.kcb.eac.util.EACUtil.exitFullScreen:65
10-01 15:02:07.300 2901 2945 W ContextImpl: Calling a method in the system process without a qualified user: android.app.ContextImpl.sendBroadcast:763 android.content.ContextWrapper.sendBroadcast:396 com.onyx.android.sdk.device.BaseDevice.a:490 com.onyx.android.sdk.device.BaseDevice.resetKeyMapping:465 com.onyx.android.sdk.kcb.eac.util.EACUtil.configSidePageKeyMapping:39
10-01 15:02:07.463 542 560 D Surface : Surface::final mReqUsage=33
10-01 15:02:07.478 542 1954 D WindowStateAnimator: rk_debug2 com.android.systemui/com.android.systemui.recents.OnyxRecentsActivity_Force_To_Dual
10-01 15:02:07.491 192 192 I hwcomposer: update_to_display(): upd_data -- marker[130] waveform_mode = 255, update_mode = 0, Rect[0 0 1872 1404]
10-01 15:02:07.531 192 192 I hwcomposer: update_to_display(): upd_data -- marker[131] waveform_mode = 255, update_mode = 0, Rect[0 0 1872 1404]
10-01 15:02:07.575 712 1044 D Surface : Surface::final mReqUsage=a00
10-01 15:02:07.576 712 1044 D mali_winsys: EGLint new_window_surface(egl_winsys_display*, void*, EGLSurface, EGLConfig, egl_winsys_surface**, egl_color_buffer_format*, EGLBoolean) returns 0x3000
10-01 15:02:07.581 192 192 I hwcomposer: update_to_display(): upd_data -- marker[132] waveform_mode = 255, update_mode = 0, Rect[379 164 94 1074]
10-01 15:02:08.068 542 560 I ActivityManager: Displayed com.android.systemui/.recents.OnyxRecentsActivity: +803ms
10-01 15:02:08.096 192 192 I hwcomposer: update_to_display(): upd_data -- marker[133] waveform_mode = 255, update_mode = 0, Rect[0 0 1872 1404]
10-01 15:02:08.128 192 192 I hwcomposer: update_to_display(): upd_data -- marker[134] waveform_mode = 255, update_mode = 0, Rect[0 0 1872 1404]
10-01 15:02:08.170 192 192 I hwcomposer: update_to_display(): upd_data -- marker[135] waveform_mode = 255, update_mode = 0, Rect[0 0 1872 1404]
10-01 15:02:17.339 542 698 D pms : Enter idle state
10-01 15:02:17.340 542 698 D pms : ######### Switching system power mode to [standby]
10-01 15:02:17.340 542 698 I pms : ========== Setup an [300000]s alarm for standby mode ==========
10-01 15:02:17.341 542 698 D pms :
10-01 15:02:17.341 542 698 D pms :
10-01 15:02:17.341 542 698 D pms : ************** Add alarm:onyx_standby_timeout
10-01 15:02:17.341 542 698 D pms :
10-01 15:02:17.345 542 542 D pms : set alarm:onyx_standby_timeout, now:1538377337343 [ 2018-10-01 15:02:17], wake:1538377637340 [2018-10-01 15:07:17]
10-01 15:03:00.072 542 573 D pms : ######### Switching system power mode to [off]
10-01 15:03:00.072 542 542 D pms : ************** cancel alarm:onyx_standby_timeout
10-01 15:03:00.072 542 542 D pms : ************** cancel alarm:onyx_auto_poweroff
10-01 15:03:00.093 542 629 W ContextImpl: Calling a method in the system process without a qualified user: android.app.ContextImpl.sendBroadcast:763 android.onyx.BroadcastHelper.sendActivityResume:370 com.android.server.am.ActivityManagerService.onActivityResumed:21088 com.android.server.am.ActivityStack.completeResumeLocked:1167 com.android.server.am.ActivityStack.resumeTopActivityInnerLocked:2050
10-01 15:03:00.094 542 629 W ContextImpl: Calling a method in the system process without a qualified user: android.app.ContextImpl.sendBroadcast:763 android.onyx.BroadcastHelper.sendActivityPause:377 com.android.server.am.ActivityManagerService.onActivityPaused:21109 com.android.server.am.ActivityStack.activityPausedLocked:944 com.android.server.am.ActivityManagerService.activityPaused:6808
10-01 15:03:00.107 192 192 I hwcomposer: update_to_display(): upd_data -- marker[136] waveform_mode = 255, update_mode = 0, Rect[0 0 1872 1404]
10-01 15:03:00.109 2901 2901 W ContextImpl: Calling a method in the system process without a qualified user: android.app.ContextImpl.sendBroadcast:763 android.content.ContextWrapper.sendBroadcast:396 com.onyx.android.sdk.device.BaseDevice.a:490 com.onyx.android.sdk.device.BaseDevice.showSystemStatusBar:453 com.onyx.ContentBrowserApplication$2.onActivityResumed:209
10-01 15:03:00.147 192 192 I hwcomposer: update_to_display(): upd_data -- marker[137] waveform_mode = 255, update_mode = 0, Rect[0 0 1872 1404]
10-01 15:03:00.149 2901 2945 W ContextImpl: Calling a method in the system process without a qualified user: android.app.ContextImpl.sendBroadcast:763 android.content.ContextWrapper.sendBroadcast:396 com.onyx.android.sdk.device.BaseDevice.a:490 com.onyx.android.sdk.device.BaseDevice.showSystemStatusBar:453 com.onyx.android.sdk.kcb.eac.util.EACUtil.exitFullScreen:65
10-01 15:03:00.152 2901 2945 W ContextImpl: Calling a method in the system process without a qualified user: android.app.ContextImpl.sendBroadcast:763 android.content.ContextWrapper.sendBroadcast:396 com.onyx.android.sdk.device.BaseDevice.a:490 com.onyx.android.sdk.device.BaseDevice.mapSideKeyToVolumeKey:457 com.onyx.android.sdk.kcb.eac.util.EACUtil.configSidePageKeyMapping:42
10-01 15:03:00.157 2901 2901 D Surface : Surface::final mReqUsage=33
10-01 15:03:00.397 192 192 I hwcomposer: update_to_display(): upd_data -- marker[138] waveform_mode = 2, update_mode = 1, Rect[0 0 1872 1404]
10-01 15:03:00.458 192 192 I hwcomposer: update_to_display(): upd_data -- marker[139] waveform_mode = 255, update_mode = 0, Rect[0 0 1872 1404]
10-01 15:03:00.592 192 192 I hwcomposer: update_to_display(): upd_data -- marker[140] waveform_mode = 255, update_mode = 0, Rect[0 0 1872 1404]
10-01 15:03:00.687 192 192 I hwcomposer: update_to_display(): upd_data -- marker[141] waveform_mode = 255, update_mode = 0, Rect[560 675 568 508]
10-01 15:03:10.084 1222 1304 I CastDatabase: Saving the database
10-01 15:03:10.107 1222 1304 I SQLiteCastStore: [CastNetworkInfo] saved: 0, skipped: 0, [CastDeviceInfo]: saved 0, skipped 0, Paired Guest Mode DeviceInfo] saved: 0, skipped: 0.
10-01 15:03:10.158 542 1468 D pms : Enter idle state
10-01 15:03:10.158 542 1468 D pms : ######### Switching system power mode to [standby]
10-01 15:03:10.158 542 1468 I pms : ========== Setup an [300000]s alarm for standby mode ==========
10-01 15:03:10.159 542 1468 D pms :
10-01 15:03:10.159 542 1468 D pms :
10-01 15:03:10.159 542 1468 D pms : ************** Add alarm:onyx_standby_timeout
10-01 15:03:10.159 542 1468 D pms :
10-01 15:03:10.160 542 542 D pms : set alarm:onyx_standby_timeout, now:1538377390160 [ 2018-10-01 15:03:10], wake:1538377690158 [2018-10-01 15:08:10]
10-01 15:03:29.072 542 573 D pms : ######### Switching system power mode to [off]
10-01 15:03:29.072 542 542 D pms : ************** cancel alarm:onyx_standby_timeout
10-01 15:03:29.072 542 542 D pms : ************** cancel alarm:onyx_auto_poweroff
10-01 15:03:29.154 192 192 I hwcomposer: update_to_display(): upd_data -- marker[142] waveform_mode = 255, update_mode = 0, Rect[101 23 94 94]
10-01 15:03:29.635 2901 2901 D Surface : Surface::final mReqUsage=33
10-01 15:03:29.646 192 192 I hwcomposer: update_to_display(): upd_data -- marker[143] waveform_mode = 255, update_mode = 0, Rect[101 23 94 94]
10-01 15:03:29.693 192 192 I hwcomposer: update_to_display(): upd_data -- marker[144] waveform_mode = 255, update_mode = 0, Rect[198 42 192 216]
10-01 15:03:30.861 192 192 I hwcomposer: update_to_display(): upd_data -- marker[145] waveform_mode = 255, update_mode = 0, Rect[198 42 192 216]
10-01 15:03:30.861 192 192 I hwcomposer: update_to_display(): upd_data -- marker[146] waveform_mode = 255, update_mode = 0, Rect[2 1291 79 79]
10-01 15:03:31.093 192 192 I hwcomposer: update_to_display(): upd_data -- marker[147] waveform_mode = 255, update_mode = 0, Rect[2 1291 79 79]
10-01 15:03:31.174 192 192 I hwcomposer: update_to_display(): upd_data -- marker[148] waveform_mode = 255, update_mode = 0, Rect[198 42 192 216]
10-01 15:03:31.187 542 573 I ActivityManager: START u0 {act=android.intent.action.MAIN cat=[android.intent.category.HOME] flg=0x10200000 cmp=com.onyx/.StartupActivity (has extras)} from uid 1000 on display 0
10-01 15:03:31.204 192 192 D Surface : Surface::final mReqUsage=333
10-01 15:03:31.223 192 192 I hwcomposer: update_to_display(): upd_data -- marker[149] waveform_mode = 255, update_mode = 0, Rect[198 42 192 216]
10-01 15:03:31.228 542 560 D WindowStateAnimator: rk_debug2 Starting com.onyx_Force_To_Dual
10-01 15:03:31.267 192 192 I hwcomposer: update_to_display(): upd_data -- marker[150] waveform_mode = 255, update_mode = 0, Rect[0 0 1872 1404]
10-01 15:03:31.303 542 560 D Surface : Surface::final mReqUsage=33
10-01 15:03:31.303 192 192 I hwcomposer: update_to_display(): upd_data -- marker[151] waveform_mode = 255, update_mode = 0, Rect[0 0 1872 1404]
10-01 15:03:31.308 542 697 W ContextImpl: Calling a method in the system process without a qualified user: android.app.ContextImpl.sendBroadcast:763 android.onyx.BroadcastHelper.sendActivityResume:370 com.android.server.am.ActivityManagerService.onActivityResumed:21088 com.android.server.am.ActivityStack.completeResumeLocked:1167 com.android.server.am.ActivityStack.minimalResumeActivityLocked:677
10-01 15:03:31.310 542 697 W ContextImpl: Calling a method in the system process without a qualified user: android.app.ContextImpl.sendBroadcast:763 android.onyx.BroadcastHelper.sendActivityPause:377 com.android.server.am.ActivityManagerService.onActivityPaused:21109 com.android.server.am.ActivityStack.activityPausedLocked:944 com.android.server.am.ActivityManagerService.activityPaused:6808
10-01 15:03:31.345 542 629 I ActivityManager: START u0 {cmp=com.onyx/.main.ui.MainActivity} from uid 1000 on display 0
10-01 15:03:31.356 192 192 I hwcomposer: update_to_display(): upd_data -- marker[152] waveform_mode = 255, update_mode = 0, Rect[0 0 1872 1404]
10-01 15:03:31.357 2901 2945 W ContextImpl: Calling a method in the system process without a qualified user: android.app.ContextImpl.sendBroadcast:763 android.content.ContextWrapper.sendBroadcast:396 com.onyx.android.sdk.device.BaseDevice.a:490 com.onyx.android.sdk.device.BaseDevice.showSystemStatusBar:453 com.onyx.android.sdk.kcb.eac.util.EACUtil.exitFullScreen:65
10-01 15:03:31.358 2901 2945 W ContextImpl: Calling a method in the system process without a qualified user: android.app.ContextImpl.sendBroadcast:763 android.content.ContextWrapper.sendBroadcast:396 com.onyx.android.sdk.device.BaseDevice.a:490 com.onyx.android.sdk.device.BaseDevice.mapSideKeyToVolumeKey:457 com.onyx.android.sdk.kcb.eac.util.EACUtil.configSidePageKeyMapping:42
10-01 15:03:31.369 542 630 W ContextImpl: Calling a method in the system process without a qualified user: android.app.ContextImpl.sendBroadcast:763 android.onyx.BroadcastHelper.sendActivityResume:370 com.android.server.am.ActivityManagerService.onActivityResumed:21088 com.android.server.am.ActivityStack.completeResumeLocked:1167 com.android.server.am.ActivityStack.resumeTopActivityInnerLocked:2050
10-01 15:03:31.370 542 630 W ContextImpl: Calling a method in the system process without a qualified user: android.app.ContextImpl.sendBroadcast:763 android.onyx.BroadcastHelper.sendActivityPause:377 com.android.server.am.ActivityManagerService.onActivityPaused:21109 com.android.server.am.ActivityStack.activityPausedLocked:944 com.android.server.am.ActivityManagerService.activityPaused:6808
10-01 15:03:31.380 2901 2901 W ContextImpl: Calling a method in the system process without a qualified user: android.app.ContextImpl.sendBroadcast:763 android.content.ContextWrapper.sendBroadcast:396 com.onyx.android.sdk.device.BaseDevice.a:490 com.onyx.android.sdk.device.BaseDevice.showSystemStatusBar:453 com.onyx.ContentBrowserApplication$2.onActivityResumed:209
10-01 15:03:31.388 542 630 W InputMethodManagerService: Focus gain on non-focused client com.android.internal.view.IInputMethodClient$Stub$Proxy@6fbcbd9 (uid=1000 pid=2901)
10-01 15:03:31.390 2901 2945 W ContextImpl: Calling a method in the system process without a qualified user: android.app.ContextImpl.sendBroadcast:763 android.content.ContextWrapper.sendBroadcast:396 com.onyx.android.sdk.device.BaseDevice.a:490 com.onyx.android.sdk.device.BaseDevice.showSystemStatusBar:453 com.onyx.android.sdk.kcb.eac.util.EACUtil.exitFullScreen:65
10-01 15:03:31.398 192 192 I hwcomposer: update_to_display(): upd_data -- marker[153] waveform_mode = 255, update_mode = 0, Rect[0 0 1872 1404]
10-01 15:03:31.400 542 552 W InputMethodManagerService: Focus gain on non-focused client com.android.internal.view.IInputMethodClient$Stub$Proxy@6fbcbd9 (uid=1000 pid=2901)
10-01 15:03:31.403 2901 2945 W ContextImpl: Calling a method in the system process without a qualified user: android.app.ContextImpl.sendBroadcast:763 android.content.ContextWrapper.sendBroadcast:396 com.onyx.android.sdk.device.BaseDevice.a:490 com.onyx.android.sdk.device.BaseDevice.mapSideKeyToVolumeKey:457 com.onyx.android.sdk.kcb.eac.util.EACUtil.configSidePageKeyMapping:42
10-01 15:03:31.452 192 192 I hwcomposer: update_to_display(): upd_data -- marker[154] waveform_mode = 255, update_mode = 0, Rect[0 0 1872 1404]
10-01 15:03:31.495 2901 2901 D Surface : Surface::final mReqUsage=33
10-01 15:03:31.616 2901 2901 D Surface : Surface::final mReqUsage=33
10-01 15:03:31.648 192 192 I hwcomposer: update_to_display(): upd_data -- marker[155] waveform_mode = 255, update_mode = 0, Rect[0 0 1872 1404]
10-01 15:03:31.715 192 192 I hwcomposer: update_to_display(): upd_data -- marker[156] waveform_mode = 255, update_mode = 0, Rect[0 0 1872 1404]
10-01 15:03:31.765 192 192 I hwcomposer: update_to_display(): upd_data -- marker[157] waveform_mode = 255, update_mode = 0, Rect[198 42 192 216]
10-01 15:03:31.917 192 192 I hwcomposer: update_to_display(): upd_data -- marker[158] waveform_mode = 255, update_mode = 0, Rect[198 0 1558 1254]
10-01 15:03:32.010 542 698 W ContextImpl: Calling a method in the system process without a qualified user: android.app.ContextImpl.sendBroadcast:763 android.onyx.BroadcastHelper.sendActivityFinish:384 com.android.server.am.ActivityManagerService.onActivityFinished:21098 com.android.server.am.ActivityStack.removeActivityFromHistoryLocked:3274 com.android.server.am.ActivityStack.activityDestroyedLocked:3521
10-01 15:03:32.028 192 192 I hwcomposer: update_to_display(): upd_data -- marker[159] waveform_mode = 255, update_mode = 0, Rect[560 675 568 508]
10-01 15:03:33.086 192 192 I hwcomposer: update_to_display(): upd_data -- marker[160] waveform_mode = 255, update_mode = 0, Rect[198 42 192 216]
10-01 15:03:33.133 192 192 I hwcomposer: update_to_display(): upd_data -- marker[161] waveform_mode = 255, update_mode = 0, Rect[198 42 192 216]
10-01 15:03:33.172 192 192 I hwcomposer: update_to_display(): upd_data -- marker[162] waveform_mode = 255, update_mode = 0, Rect[198 42 192 216]
10-01 15:03:33.209 192 192 I hwcomposer: update_to_display(): upd_data -- marker[163] waveform_mode = 255, update_mode = 0, Rect[198 42 192 216]
10-01 15:03:33.240 192 192 I hwcomposer: update_to_display(): upd_data -- marker[164] waveform_mode = 255, update_mode = 0, Rect[198 42 192 216]
10-01 15:03:33.272 192 192 I hwcomposer: update_to_display(): upd_data -- marker[165] waveform_mode = 255, update_mode = 0, Rect[198 42 192 216]
10-01 15:03:33.304 192 192 I hwcomposer: update_to_display(): upd_data -- marker[166] waveform_mode = 255, update_mode = 0, Rect[198 42 192 216]
10-01 15:03:33.336 192 192 I hwcomposer: update_to_display(): upd_data -- marker[167] waveform_mode = 255, update_mode = 0, Rect[198 42 192 216]
10-01 15:03:33.367 192 192 I hwcomposer: update_to_display(): upd_data -- marker[168] waveform_mode = 255, update_mode = 0, Rect[198 42 192 216]
10-01 15:03:33.398 192 192 I hwcomposer: update_to_display(): upd_data -- marker[169] waveform_mode = 255, update_mode = 0, Rect[198 42 192 216]
10-01 15:03:35.095 192 192 I hwcomposer: update_to_display(): upd_data -- marker[170] waveform_mode = 255, update_mode = 0, Rect[2 1103 79 79]
10-01 15:03:41.390 542 1469 D pms : Enter idle state
10-01 15:03:41.390 542 1469 D pms : ######### Switching system power mode to [standby]
10-01 15:03:41.391 542 1469 I pms : ========== Setup an [300000]s alarm for standby mode ==========
10-01 15:03:41.392 542 1469 D pms :
10-01 15:03:41.392 542 1469 D pms :
10-01 15:03:41.392 542 1469 D pms : ************** Add alarm:onyx_standby_timeout
10-01 15:03:41.392 542 1469 D pms :
10-01 15:03:41.398 542 542 D pms : set alarm:onyx_standby_timeout, now:1538377421396 [ 2018-10-01 15:03:41], wake:1538377721391 [2018-10-01 15:08:41]
10-01 15:07:05.070 542 573 D pms : ######### Switching system power mode to [off]
10-01 15:07:05.071 542 542 D pms : ************** cancel alarm:onyx_standby_timeout
10-01 15:07:05.071 542 542 D pms : ************** cancel alarm:onyx_auto_poweroff
10-01 15:07:05.088 2901 2901 W InputEventReceiver: Attempted to finish an input event but the input event receiver has already been disposed.
10-01 15:07:05.091 2901 2901 W ViewRootImpl: Dropping event due to root view being removed: MotionEvent { action=ACTION_UP, actionButton=0, id[0]=0, x[0]=-1086.0, y[0]=468.0, toolType[0]=TOOL_TYPE_UNKNOWN, buttonState=0, metaState=0, flags=0x0, edgeFlags=0x0, pointerCount=1, historySize=0, eventTime=161953, downTime=161889, deviceId=1, source=0x5002 }
10-01 15:07:05.091 2901 2901 W InputEventReceiver: Attempted to finish an input event but the input event receiver has already been disposed.
10-01 15:07:05.096 192 192 I hwcomposer: update_to_display(): upd_data -- marker[171] waveform_mode = 255, update_mode = 0, Rect[0 0 1872 1404]
10-01 15:07:05.132 192 192 I hwcomposer: update_to_display(): upd_data -- marker[172] waveform_mode = 255, update_mode = 0, Rect[0 0 1872 1404]
10-01 15:07:06.904 192 192 I hwcomposer: update_to_display(): upd_data -- marker[173] waveform_mode = 255, update_mode = 0, Rect[0 0 1872 1404]
10-01 15:07:06.947 192 192 I hwcomposer: update_to_display(): upd_data -- marker[174] waveform_mode = 255, update_mode = 0, Rect[83 0 1789 1254]
10-01 15:07:07.132 2901 2901 E RecyclerView: No adapter attached; skipping layout
10-01 15:07:07.190 192 192 I hwcomposer: update_to_display(): upd_data -- marker[175] waveform_mode = 255, update_mode = 0, Rect[0 0 1872 1404]
10-01 15:07:07.281 2901 3016 I StorageUtils: blocks: 3220904 |block size:4096 |amount: 12581MB
10-01 15:07:07.285 2901 3016 W FileUtils: Sort duration:0ms
10-01 15:07:07.334 192 192 I hwcomposer: update_to_display(): upd_data -- marker[176] waveform_mode = 255, update_mode = 0, Rect[83 0 1789 1254]
10-01 15:07:07.456 192 192 I hwcomposer: update_to_display(): upd_data -- marker[177] waveform_mode = 255, update_mode = 0, Rect[83 0 1789 1254]
10-01 15:07:08.269 192 192 I hwcomposer: update_to_display(): upd_data -- marker[178] waveform_mode = 255, update_mode = 0, Rect[0 0 1872 1404]
10-01 15:07:08.308 192 192 I hwcomposer: update_to_display(): upd_data -- marker[179] waveform_mode = 2, update_mode = 1, Rect[0 0 1872 1404]
10-01 15:07:08.380 2901 2901 E Debug : please call initStatusLayoutManager(contentView)!
10-01 15:07:08.394 192 192 I hwcomposer: update_to_display(): upd_data -- marker[180] waveform_mode = 255, update_mode = 0, Rect[83 0 1789 1254]
10-01 15:07:08.489 192 192 I hwcomposer: update_to_display(): upd_data -- marker[181] waveform_mode = 255, update_mode = 0, Rect[83 0 1789 1254]
10-01 15:07:08.509 2901 2910 I art : Background sticky concurrent mark sweep GC freed 25338(1671KB) AllocSpace objects, 16(320KB) LOS objects, 15% free, 13MB/15MB, paused 7.282ms total 71.071ms
10-01 15:07:08.746 2901 3017 W AppLoadRequest: Sort duration:45ms
10-01 15:07:08.960 192 192 I hwcomposer: update_to_display(): upd_data -- marker[182] waveform_mode = 255, update_mode = 0, Rect[83 0 1789 1254]
10-01 15:07:09.898 192 192 I hwcomposer: update_to_display(): upd_data -- marker[183] waveform_mode = 255, update_mode = 0, Rect[0 0 1872 1404]
10-01 15:07:09.938 192 192 I hwcomposer: update_to_display(): upd_data -- marker[184] waveform_mode = 255, update_mode = 0, Rect[83 0 1789 1254]
10-01 15:07:09.996 2901 2901 E RecyclerView: No adapter attached; skipping layout
10-01 15:07:10.036 192 192 I hwcomposer: update_to_display(): upd_data -- marker[185] waveform_mode = 255, update_mode = 0, Rect[83 0 1789 1254]
10-01 15:07:10.118 192 192 I hwcomposer: update_to_display(): upd_data -- marker[186] waveform_mode = 255, update_mode = 0, Rect[83 0 1789 1254]
10-01 15:07:10.395 192 192 I hwcomposer: update_to_display(): upd_data -- marker[187] waveform_mode = 255, update_mode = 0, Rect[83 0 1789 1254]
10-01 15:07:11.258 192 192 I hwcomposer: update_to_display(): upd_data -- marker[188] waveform_mode = 255, update_mode = 0, Rect[0 0 1872 1404]
10-01 15:07:11.318 192 192 I hwcomposer: update_to_display(): upd_data -- marker[189] waveform_mode = 255, update_mode = 0, Rect[83 0 1789 1254]
10-01 15:07:14.015 542 562 D pms : Enter idle state
10-01 15:07:14.016 542 562 D pms : ######### Switching system power mode to [standby]
10-01 15:07:14.016 542 562 I pms : ========== Setup an [300000]s alarm for standby mode ==========
10-01 15:07:14.017 542 562 D pms :
10-01 15:07:14.017 542 562 D pms :
10-01 15:07:14.017 542 562 D pms : ************** Add alarm:onyx_standby_timeout
10-01 15:07:14.017 542 562 D pms :
10-01 15:07:14.021 542 542 D pms : set alarm:onyx_standby_timeout, now:1538377634019 [ 2018-10-01 15:07:14], wake:1538377934016 [2018-10-01 15:12:14]
10-01 15:07:14.426 542 573 D pms : ######### Switching system power mode to [off]
10-01 15:07:14.426 542 542 D pms : ************** cancel alarm:onyx_standby_timeout
10-01 15:07:14.426 542 542 D pms : ************** cancel alarm:onyx_auto_poweroff
10-01 15:07:14.564 542 1469 I ActivityManager: START u0 {act=android.intent.action.MAIN cat=[android.intent.category.LAUNCHER] flg=0x10000000 pkg=com.onyx.music cmp=com.onyx.music/.MusicBrowserActivity} from uid 1000 on display 0
10-01 15:07:14.568 192 192 D Surface : Surface::final mReqUsage=333
10-01 15:07:14.589 542 560 D WindowStateAnimator: rk_debug2 Starting com.onyx.music_Force_To_Dual
10-01 15:07:14.609 542 560 D Surface : Surface::final mReqUsage=33
10-01 15:07:14.628 542 699 I ActivityManager: Start proc 3022:com.onyx.music/u0a51 for activity com.onyx.music/.MusicBrowserActivity
10-01 15:07:14.631 542 699 W ContextImpl: Calling a method in the system process without a qualified user: android.app.ContextImpl.sendBroadcast:763 android.onyx.BroadcastHelper.sendActivityPause:377 com.android.server.am.ActivityManagerService.onActivityPaused:21109 com.android.server.am.ActivityStack.activityPausedLocked:944 com.android.server.am.ActivityManagerService.activityPaused:6808
10-01 15:07:14.659 542 696 W ContextImpl: Calling a method in the system process without a qualified user: android.app.ContextImpl.sendBroadcast:763 android.onyx.BroadcastHelper.sendActivityResume:370 com.android.server.am.ActivityManagerService.onActivityResumed:21088 com.android.server.am.ActivityStack.completeResumeLocked:1167 com.android.server.am.ActivityStack.minimalResumeActivityLocked:677
10-01 15:07:14.663 2901 2945 W ContextImpl: Calling a method in the system process without a qualified user: android.app.ContextImpl.sendBroadcast:763 android.content.ContextWrapper.sendBroadcast:396 com.onyx.android.sdk.device.BaseDevice.a:490 com.onyx.android.sdk.device.BaseDevice.showSystemStatusBar:453 com.onyx.android.sdk.kcb.eac.util.EACUtil.exitFullScreen:65
10-01 15:07:14.663 2901 2945 W ContextImpl: Calling a method in the system process without a qualified user: android.app.ContextImpl.sendBroadcast:763 android.content.ContextWrapper.sendBroadcast:396 com.onyx.android.sdk.device.BaseDevice.a:490 com.onyx.android.sdk.device.BaseDevice.resetKeyMapping:465 com.onyx.android.sdk.kcb.eac.util.EACUtil.configSidePageKeyMapping:39
10-01 15:07:14.680 3022 3022 W System : ClassLoader referenced unknown path: /system/app/music-release/lib/arm
10-01 15:07:14.690 542 629 I ActivityManager: START u0 {act=android.intent.action.PICK dat= typ=vnd.android.cursor.dir/artistalbum flg=0x4000000 cmp=com.onyx.music/.ArtistAlbumBrowserActivity (has extras)} from uid 10051 on display 0
10-01 15:07:14.694 192 192 I hwcomposer: update_to_display(): upd_data -- marker[190] waveform_mode = 255, update_mode = 0, Rect[0 0 1872 1404]
10-01 15:07:14.718 542 553 W ContextImpl: Calling a method in the system process without a qualified user: android.app.ContextImpl.sendBroadcast:763 android.onyx.BroadcastHelper.sendActivityResume:370 com.android.server.am.ActivityManagerService.onActivityResumed:21088 com.android.server.am.ActivityStack.completeResumeLocked:1167 com.android.server.am.ActivityStack.minimalResumeActivityLocked:677
10-01 15:07:14.719 542 553 W ContextImpl: Calling a method in the system process without a qualified user: android.app.ContextImpl.sendBroadcast:763 android.onyx.BroadcastHelper.sendActivityPause:377 com.android.server.am.ActivityManagerService.onActivityPaused:21109 com.android.server.am.ActivityStack.activityPausedLocked:944 com.android.server.am.ActivityManagerService.activityPaused:6808
10-01 15:07:14.897 3022 3036 D OpenGLRenderer: Use EGL_SWAP_BEHAVIOR_PRESERVED: true
10-01 15:07:15.175 192 192 I hwcomposer: update_to_display(): upd_data -- marker[191] waveform_mode = 255, update_mode = 0, Rect[0 0 1872 1404]
10-01 15:07:15.185 3022 3036 I mali_so : [File] : hardware/arm/maliT760/driver/product/base/src/mali_base_kbase.c; [Line] : 928; [Func] : base_context_deal_with_version_affairs_rk_ext;
10-01 15:07:15.185 3022 3036 I mali_so : arm_release_ver of this mali_so is 'r12p0-04rel0', rk_so_ver is '12@0', built at '17:00:15', on 'Aug 16 2016'.
10-01 15:07:15.185 3022 3036 I mali_so : [File] : hardware/arm/maliT760/driver/product/base/src/mali_base_kbase.c; [Line] : 955; [Func] : base_context_deal_with_version_affairs_rk_ext;
10-01 15:07:15.185 3022 3036 I mali_so : mali_ver_property has been set to 'r12p0-04rel0-13-12@0', to return.
10-01 15:07:15.190 3022 3036 I OpenGLRenderer: Initialized EGL, version 1.4
10-01 15:07:15.234 192 192 I hwcomposer: update_to_display(): upd_data -- marker[192] waveform_mode = 255, update_mode = 0, Rect[0 0 1872 1404]
10-01 15:07:15.242 3022 3036 D Surface : Surface::final mReqUsage=a00
10-01 15:07:15.243 3022 3036 D mali_winsys: EGLint new_window_surface(egl_winsys_display*, void*, EGLSurface, EGLConfig, egl_winsys_surface**, egl_color_buffer_format*, EGLBoolean) returns 0x3000
10-01 15:07:15.634 192 192 I hwcomposer: update_to_display(): upd_data -- marker[193] waveform_mode = 255, update_mode = 0, Rect[0 0 1872 1404]
10-01 15:07:15.638 542 560 I ActivityManager: Displayed com.onyx.music/.ArtistAlbumBrowserActivity: +923ms (total +1s31ms)
10-01 15:07:15.680 192 192 I hwcomposer: update_to_display(): upd_data -- marker[194] waveform_mode = 255, update_mode = 0, Rect[0 0 1872 1404]
10-01 15:07:15.715 192 192 I hwcomposer: update_to_display(): upd_data -- marker[195] waveform_mode = 255, update_mode = 0, Rect[0 0 1872 1404]
10-01 15:07:15.716 542 1916 W ContextImpl: Calling a method in the system process without a qualified user: android.app.ContextImpl.sendBroadcast:763 android.onyx.BroadcastHelper.sendActivityFinish:384 com.android.server.am.ActivityManagerService.onActivityFinished:21098 com.android.server.am.ActivityStack.removeActivityFromHistoryLocked:3274 com.android.server.am.ActivityStack.activityDestroyedLocked:3521
10-01 15:07:15.750 192 192 I hwcomposer: update_to_display(): upd_data -- marker[196] waveform_mode = 255, update_mode = 0, Rect[0 0 1872 1404]
10-01 15:07:16.666 192 192 I hwcomposer: update_to_display(): upd_data -- marker[197] waveform_mode = 255, update_mode = 0, Rect[233 0 1639 1404]
10-01 15:07:16.721 192 192 I hwcomposer: update_to_display(): upd_data -- marker[198] waveform_mode = 255, update_mode = 0, Rect[0 0 1872 1404]
10-01 15:07:16.762 192 192 I hwcomposer: update_to_display(): upd_data -- marker[199] waveform_mode = 255, update_mode = 0, Rect[233 0 1639 8]
10-01 15:07:16.808 192 192 I hwcomposer: update_to_display(): upd_data -- marker[200] waveform_mode = 255, update_mode = 0, Rect[233 0 1639 8]
10-01 15:07:16.845 192 192 I hwcomposer: update_to_display(): upd_data -- marker[201] waveform_mode = 255, update_mode = 0, Rect[233 0 1639 8]
10-01 15:07:16.882 192 192 I hwcomposer: update_to_display(): upd_data -- marker[202] waveform_mode = 255, update_mode = 0, Rect[0 0 1872 1404]
10-01 15:07:16.921 192 192 I hwcomposer: update_to_display(): upd_data -- marker[203] waveform_mode = 255, update_mode = 0, Rect[233 0 1639 8]
10-01 15:07:16.953 192 192 I hwcomposer: update_to_display(): upd_data -- marker[204] waveform_mode = 255, update_mode = 0, Rect[233 0 1639 8]
10-01 15:07:16.984 192 192 I hwcomposer: update_to_display(): upd_data -- marker[205] waveform_mode = 255, update_mode = 0, Rect[0 0 1872 1404]
10-01 15:07:17.017 192 192 I hwcomposer: update_to_display(): upd_data -- marker[206] waveform_mode = 255, update_mode = 0, Rect[233 0 1639 8]
10-01 15:07:17.308 192 192 I hwcomposer: update_to_display(): upd_data -- marker[207] waveform_mode = 255, update_mode = 0, Rect[2 1197 79 79]
10-01 15:07:17.474 192 192 D Surface : Surface::final mReqUsage=333
10-01 15:07:17.500 192 192 I hwcomposer: update_to_display(): upd_data -- marker[208] waveform_mode = 255, update_mode = 0, Rect[2 1197 79 79]
10-01 15:07:17.546 542 553 W ContextImpl: Calling a method in the system process without a qualified user: android.app.ContextImpl.sendBroadcast:763 android.onyx.BroadcastHelper.sendActivityResume:370 com.android.server.am.ActivityManagerService.onActivityResumed:21088 com.android.server.am.ActivityStack.completeResumeLocked:1167 com.android.server.am.ActivityStack.resumeTopActivityInnerLocked:2050
10-01 15:07:17.548 542 553 W ContextImpl: Calling a method in the system process without a qualified user: android.app.ContextImpl.sendBroadcast:763 android.onyx.BroadcastHelper.sendActivityPause:377 com.android.server.am.ActivityManagerService.onActivityPaused:21109 com.android.server.am.ActivityStack.activityPausedLocked:944 com.android.server.am.ActivityManagerService.activityPaused:6808
10-01 15:07:17.553 2901 2901 W ContextImpl: Calling a method in the system process without a qualified user: android.app.ContextImpl.sendBroadcast:763 android.content.ContextWrapper.sendBroadcast:396 com.onyx.android.sdk.device.BaseDevice.a:490 com.onyx.android.sdk.device.BaseDevice.showSystemStatusBar:453 com.onyx.ContentBrowserApplication$2.onActivityResumed:209
10-01 15:07:17.577 192 192 I hwcomposer: update_to_display(): upd_data -- marker[209] waveform_mode = 255, update_mode = 0, Rect[83 0 150 1404]
10-01 15:07:17.582 2901 2945 W ContextImpl: Calling a method in the system process without a qualified user: android.app.ContextImpl.sendBroadcast:763 android.content.ContextWrapper.sendBroadcast:396 com.onyx.android.sdk.device.BaseDevice.a:490 com.onyx.android.sdk.device.BaseDevice.showSystemStatusBar:453 com.onyx.android.sdk.kcb.eac.util.EACUtil.exitFullScreen:65
10-01 15:07:17.589 2901 2945 W ContextImpl: Calling a method in the system process without a qualified user: android.app.ContextImpl.sendBroadcast:763 android.content.ContextWrapper.sendBroadcast:396 com.onyx.android.sdk.device.BaseDevice.a:490 com.onyx.android.sdk.device.BaseDevice.mapSideKeyToVolumeKey:457 com.onyx.android.sdk.kcb.eac.util.EACUtil.configSidePageKeyMapping:42
10-01 15:07:17.593 542 551 I art : Background partial concurrent mark sweep GC freed 3485(259KB) AllocSpace objects, 1(20KB) LOS objects, 33% free, 11MB/17MB, paused 1.586ms total 104.175ms
10-01 15:07:17.668 2901 2901 D Surface : Surface::final mReqUsage=33
10-01 15:07:17.899 192 192 I hwcomposer: update_to_display(): upd_data -- marker[210] waveform_mode = 255, update_mode = 0, Rect[0 0 1872 1404]
10-01 15:07:17.947 192 192 I hwcomposer: update_to_display(): upd_data -- marker[211] waveform_mode = 255, update_mode = 0, Rect[0 0 1872 1404]
10-01 15:07:17.956 542 553 W ContextImpl: Calling a method in the system process without a qualified user: android.app.ContextImpl.sendBroadcast:763 android.onyx.BroadcastHelper.sendActivityFinish:384 com.android.server.am.ActivityManagerService.onActivityFinished:21098 com.android.server.am.ActivityStack.removeActivityFromHistoryLocked:3274 com.android.server.am.ActivityStack.activityDestroyedLocked:3521
10-01 15:07:17.987 542 630 I MediaFocusControl: AudioFocus abandonAudioFocus() from android.media.AudioManager@587b6ccom.onyx.music.MediaPlaybackService$3@ccfa535
10-01 15:07:17.989 542 552 I ActivityManager: Killing 1831:com.android.managedprovisioning/u0a7 (adj 15): empty #17
10-01 15:07:18.047 192 192 E SurfaceFlinger: App die 1831 0
10-01 15:07:21.629 542 697 I ActivityManager: START u0 {act=android.intent.action.MAIN cat=[android.intent.category.LAUNCHER] flg=0x10000000 pkg=com.android.browser cmp=com.android.browser/.BrowserActivity} from uid 1000 on display 0
10-01 15:07:21.633 192 192 D Surface : Surface::final mReqUsage=333
10-01 15:07:21.671 192 192 I hwcomposer: update_to_display(): upd_data -- marker[212] waveform_mode = 255, update_mode = 0, Rect[0 0 1872 1404]
10-01 15:07:21.674 542 1469 I ActivityManager: Start proc 3052:com.android.browser/u0a19 for activity com.android.browser/.BrowserActivity
10-01 15:07:21.675 542 1469 W ContextImpl: Calling a method in the system process without a qualified user: android.app.ContextImpl.sendBroadcast:763 android.onyx.BroadcastHelper.sendActivityPause:377 com.android.server.am.ActivityManagerService.onActivityPaused:21109 com.android.server.am.ActivityStack.activityPausedLocked:944 com.android.server.am.ActivityManagerService.activityPaused:6808
10-01 15:07:21.694 542 698 W ContextImpl: Calling a method in the system process without a qualified user: android.app.ContextImpl.sendBroadcast:763 android.onyx.BroadcastHelper.sendActivityResume:370 com.android.server.am.ActivityManagerService.onActivityResumed:21088 com.android.server.am.ActivityStack.completeResumeLocked:1167 com.android.server.am.ActivityStack.minimalResumeActivityLocked:677
10-01 15:07:21.696 2901 2901 W System.err: java.lang.NullPointerException: Attempt to invoke interface method 'int java.util.Map.size()' on a null object reference
10-01 15:07:21.736 2901 2901 W System.err: at java.util.HashMap.putAll(HashMap.java:502)
10-01 15:07:21.736 2901 2901 W System.err: at com.onyx.android.sdk.kcb.eac.data.EACAppConfig.(SourceFile:69)
10-01 15:07:21.736 2901 2901 W System.err: at com.onyx.android.sdk.kcb.eac.request.ActivateEACRequest.setAppConfig(SourceFile:24)
10-01 15:07:21.736 2901 2901 W System.err: at com.onyx.android.sdk.kcb.eac.EACManager.activateEAC(SourceFile:185)
10-01 15:07:21.736 2901 2901 W System.err: at com.onyx.applications.receiver.EACStatusChangedReceiver.a(SourceFile:79)
10-01 15:07:21.736 2901 2901 W System.err: at com.onyx.applications.receiver.EACStatusChangedReceiver.onReceive(SourceFile:50)
10-01 15:07:21.736 2901 2901 W System.err: at android.app.ActivityThread.handleReceiver(ActivityThread.java:2725)
10-01 15:07:21.736 2901 2901 W System.err: at android.app.ActivityThread.-wrap14(ActivityThread.java)
10-01 15:07:21.736 2901 2901 W System.err: at android.app.ActivityThread$H.handleMessage(ActivityThread.java:1421)
10-01 15:07:21.736 2901 2901 W System.err: at android.os.Handler.dispatchMessage(Handler.java:102)
10-01 15:07:21.736 2901 2901 W System.err: at android.os.Looper.loop(Looper.java:148)
10-01 15:07:21.736 2901 2901 W System.err: at android.app.ActivityThread.main(ActivityThread.java:5417)
10-01 15:07:21.736 2901 2901 W System.err: at java.lang.reflect.Method.invoke(Native Method)
10-01 15:07:21.737 2901 2901 W System.err: at com.android.internal.os.ZygoteInit$MethodAndArgsCaller.run(ZygoteInit.java:772)
10-01 15:07:21.737 2901 2901 W System.err: at com.android.internal.os.ZygoteInit.main(ZygoteInit.java:662)
10-01 15:07:21.833 3052 3052 W System : ClassLoader referenced unknown path: /system/app/Browser/lib/arm
10-01 15:07:21.920 542 551 W art : Suspending all threads took: 32.328ms
10-01 15:07:21.925 542 551 I art : Background partial concurrent mark sweep GC freed 2880(239KB) AllocSpace objects, 3(60KB) LOS objects, 33% free, 11MB/17MB, paused 33.665ms total 281.528ms
10-01 15:07:21.944 542 560 D WindowStateAnimator: rk_debug2 Starting com.android.browser_Force_To_Dual
10-01 15:07:21.953 542 560 D Surface : Surface::final mReqUsage=33
10-01 15:07:21.953 192 192 I hwcomposer: update_to_display(): upd_data -- marker[213] waveform_mode = 255, update_mode = 0, Rect[0 0 1872 1404]
10-01 15:07:22.028 3052 3052 I WebViewFactory: Loading com.android.webview version 44.0.2403.119 (code 246011900)
10-01 15:07:22.041 192 192 I hwcomposer: update_to_display(): upd_data -- marker[214] waveform_mode = 255, update_mode = 0, Rect[0 0 1872 1404]
10-01 15:07:22.070 3052 3052 W System : ClassLoader referenced unknown path: /system/app/webview/lib/arm
10-01 15:07:22.208 3052 3052 I LibraryLoader: Time to load native libraries: 120 ms (timestamps 9033-9153)
10-01 15:07:22.208 3052 3052 I LibraryLoader: Expected native library version number "",actual native library version number ""
10-01 15:07:22.538 3052 3052 V WebViewChromiumFactoryProvider: Binding Chromium to main looper Looper (main, tid 1) {1d5aaf0}
10-01 15:07:22.539 3052 3052 I LibraryLoader: Expected native library version number "",actual native library version number ""
10-01 15:07:22.545 3052 3052 I chromium: [INFO:library_loader_hooks.cc(120)] Chromium logging enabled: level = 0, default verbosity = 0
10-01 15:07:22.552 3052 3052 I BrowserStartupController: Initializing chromium process, singleProcess=true
10-01 15:07:22.554 3052 3052 E SysUtils: ApplicationContext is null in ApplicationStatus
10-01 15:07:22.657 3052 3070 W chromium: [WARNING:dns_config_service_posix.cc(297)] Failed to read DnsConfig.
10-01 15:07:22.675 3052 3052 W chromium: [WARNING:resource_bundle.cc(285)] locale_file_path.empty()
10-01 15:07:22.743 3052 3052 E libEGL : validate_display:255 error 3008 (EGL_BAD_DISPLAY)
10-01 15:07:22.743 3052 3052 E libEGL : validate_display:255 error 3008 (EGL_BAD_DISPLAY)
10-01 15:07:22.770 3052 3052 I mali_so : [File] : hardware/arm/maliT760/driver/product/base/src/mali_base_kbase.c; [Line] : 928; [Func] : base_context_deal_with_version_affairs_rk_ext;
10-01 15:07:22.770 3052 3052 I mali_so : arm_release_ver of this mali_so is 'r12p0-04rel0', rk_so_ver is '12@0', built at '17:00:15', on 'Aug 16 2016'.
10-01 15:07:22.770 3052 3052 I mali_so : [File] : hardware/arm/maliT760/driver/product/base/src/mali_base_kbase.c; [Line] : 955; [Func] : base_context_deal_with_version_affairs_rk_ext;
10-01 15:07:22.770 3052 3052 I mali_so : mali_ver_property has been set to 'r12p0-04rel0-13-12@0', to return.
10-01 15:07:22.820 3052 3052 E DataReductionProxySettingListener: No DRP key due to exception:java.lang.ClassNotFoundException: com.android.webview.chromium.Drp
10-01 15:07:22.824 3052 3090 W AudioManagerAndroid: Requires BLUETOOTH permission
10-01 15:07:23.333 3052 3052 W AwContents: onDetachedFromWindow called when already detached. Ignoring
10-01 15:07:23.392 3052 3052 D WebViewTimersControl: onBrowserActivityResume
10-01 15:07:23.392 3052 3052 D WebViewTimersControl: Resuming webview timers, view=com.android.browser.BrowserWebView{8dccb0e VFEDHVCL. .F....I. 0,0-0,0}
