10-01 15:08:04.193 542 585 D ConnectivityService: Switching to new default network: NetworkAgentInfo{ ni{[type: WIFI[], state: CONNECTED/CONNECTED, reason: (unspecified), extra: "DevTest", roaming: false, failover: false, isAvailable: true]} network{100} lp{{InterfaceName: wlan0 LinkAddresses: [fe80::12d0:7aff:fee0:1e72/64,192.168.0.131/24,] Routes: [fe80::/64 -> :: wlan0,192.168.0.0/24 -> 0.0.0.0 wlan0,0.0.0.0/0 -> 192.168.0.1 wlan0,] DnsAddresses: [192.168.0.1,] Domains: null MTU: 0 TcpBufferSizes: 524288,1048576,2097152,262144,524288,1048576}} nc{[ Transports: WIFI Capabilities: INTERNET&NOT_RESTRICTED&TRUSTED&NOT_VPN LinkUpBandwidth>=1048576Kbps LinkDnBandwidth>=1048576Kbps SignalStrength: -38]} Score{20} everValidated{false} lastValidated{false} created{true} lingering{false} explicitlySelected{true} acceptUnvalidated{false} everCaptivePortalDetected{false} lastCaptivePortalDetected{false} }
10-01 15:08:04.199 1158 1158 E PowerManager: WakeLock tag:Wakeful StateMachine: GeofencerStateMachine from [com.google.android.gms] is forbidden
10-01 15:08:04.224 216 531 V IdletimerController: runCmd(/system/bin/ip6tables -w -t raw -A idletimer_raw_PREROUTING -i wlan0 -j IDLETIMER --timeout 15 --label 1 --send_nl_msg 1) res_ipv4=0, res_ipv6=0
10-01 15:08:04.250 216 531 V IdletimerController: runCmd(/system/bin/ip6tables -w -t mangle -A idletimer_mangle_POSTROUTING -o wlan0 -j IDLETIMER --timeout 15 --label 1 --send_nl_msg 1) res_ipv4=0, res_ipv6=0
10-01 15:08:04.252 542 585 D ConnectivityService: Setting tx/rx TCP buffers to 524288,1048576,2097152,262144,524288,1048576
10-01 15:08:04.309 542 585 D CSLegacyTypeTracker: Sending CONNECTED broadcast for type 1 NetworkAgentInfo [WIFI () - 100] isDefaultNetwork=true
10-01 15:08:04.310 542 585 D ConnectivityService: sendStickyBroadcast: action=android.net.conn.CONNECTIVITY_CHANGE
10-01 15:08:04.310 192 192 I hwcomposer: update_to_display(): upd_data -- marker[351] waveform_mode = 255, update_mode = 0, Rect[296 36 1576 1332]
10-01 15:08:04.427 542 585 D ConnectivityService: notifyType PRECHECK for NetworkAgentInfo [WIFI () - 100]
10-01 15:08:04.427 542 585 D ConnectivityService: setProvNotificationVisibleIntent null visible=false networkType=MOBILE extraInfo=null highPriority=false
10-01 15:08:04.428 542 585 D ConnectivityService: NetworkAgentInfo [WIFI () - 100] validation passed
10-01 15:08:04.428 542 585 D ConnectivityService: notifyType CAP_CHANGED for NetworkAgentInfo [WIFI () - 100]
10-01 15:08:04.428 542 542 D Tethering: Tethering got CONNECTIVITY_ACTION
10-01 15:08:04.429 542 559 D Tethering: MasterInitialState.processMessage what=3
10-01 15:08:04.432 542 585 D ConnectivityService: sendStickyBroadcast: action=android.net.conn.INET_CONDITION_ACTION
10-01 15:08:04.433 542 583 E WifiConfigStore: rewrite network history for "DevTest"WPA_PSK
10-01 15:08:06.101 1268 1268 W Finsky : [1] com.google.android.finsky.application.d.cY(896): No account configured on this device.
10-01 15:08:06.283 542 941 D pms : Enter idle state
10-01 15:08:06.283 542 941 D pms : ######### Switching system power mode to [standby]
10-01 15:08:06.283 542 941 I pms : ========== Setup an [300000]s alarm for standby mode ==========
10-01 15:08:06.441 542 941 D pms :
10-01 15:08:06.441 542 941 D pms :
10-01 15:08:06.441 542 941 D pms : ************** Add alarm:onyx_standby_timeout
10-01 15:08:06.441 542 941 D pms :
10-01 15:08:06.446 542 542 D pms : set alarm:onyx_standby_timeout, now:1538377686444 [ 2018-10-01 15:08:06], wake:1538377986283 [2018-10-01 15:13:06]
10-01 15:08:06.499 542 941 D AlarmManagerService: Setting time of day to sec=1538377686
10-01 15:08:06.614 542 585 D ConnectivityService: notifyType CAP_CHANGED for NetworkAgentInfo [WIFI () - 100]
10-01 15:08:06.650 192 192 I hwcomposer: update_to_display(): upd_data -- marker[352] waveform_mode = 255, update_mode = 0, Rect[0 239 83 106]
10-01 15:08:08.314 1268 1268 W Finsky : [1] com.google.android.finsky.application.d.cY(896): No account configured on this device.
10-01 15:08:08.316 1268 1268 W Finsky : [1] com.google.android.finsky.application.d.cY(896): No account configured on this device.
10-01 15:08:08.359 1268 1268 W Finsky : [1] com.google.android.finsky.application.d.cY(896): No account configured on this device.
10-01 15:08:08.626 1158 1625 E PowerManager: WakeLock tag:*net_scheduler* from [com.google.android.gms] is forbidden
10-01 15:08:08.740 2901 3201 D CaptivePortal: url: http://140.143.24.126/generate_204 --- response code: 204
10-01 15:08:09.012 1158 1625 E PowerManager: WakeLock tag:*net_scheduler* from [com.google.android.gms] is forbidden
10-01 15:08:09.055 1158 1625 E PowerManager: WakeLock tag:*net_scheduler* from [com.google.android.gms] is forbidden
10-01 15:08:09.502 542 696 W pms : [com.google.android.gms] is not allowed to set wakeup alarm
10-01 15:08:09.503 1158 1625 E NetworkScheduler: Trying to release unacquired lock: DEVICE_CONNECTED
10-01 15:08:09.914 1222 3209 E PowerManager: WakeLock tag:DG:service from [com.google.android.gms] is forbidden
10-01 15:08:09.922 1158 1169 E NetworkScheduler.ATC: Trying to release unacquired lock: com.google.android.gms/.droidguard.DroidGuardGcmTaskService
10-01 15:08:09.923 1158 1625 E PowerManager: WakeLock tag:*net_scheduler* from [com.google.android.gms] is forbidden
10-01 15:08:09.934 1158 1625 E NetworkScheduler: Trying to release unacquired lock: EXECUTION_CALLBACK
10-01 15:08:09.935 1158 1625 E PowerManager: WakeLock tag:*net_scheduler* from [com.google.android.gms] is forbidden
10-01 15:08:09.958 1158 1625 E PowerManager: WakeLock tag:*net_scheduler* from [com.google.android.gms] is forbidden
10-01 15:08:09.980 542 1916 W pms : [com.google.android.gms] is not allowed to set wakeup alarm
10-01 15:08:09.980 1158 1625 E NetworkScheduler: Trying to release unacquired lock: EXECUTION_CALLBACK
10-01 15:08:10.138 1158 1464 E NetworkScheduler.ATC: Trying to release unacquired lock: com.google.android.gms/.ads.social.GcmSchedulerWakeupService
10-01 15:08:10.139 1158 1625 E PowerManager: WakeLock tag:*net_scheduler* from [com.google.android.gms] is forbidden
10-01 15:08:10.144 1158 1625 E NetworkScheduler: Trying to release unacquired lock: EXECUTION_CALLBACK
10-01 15:08:10.145 1158 1625 E PowerManager: WakeLock tag:*net_scheduler* from [com.google.android.gms] is forbidden
10-01 15:08:10.164 1158 1625 E PowerManager: WakeLock tag:*net_scheduler* from [com.google.android.gms] is forbidden
10-01 15:08:10.267 2901 2901 I DeviceReceiver: Received[24]: android.net.wifi.STATE_CHANGE data null
10-01 15:08:10.271 2901 2901 I DeviceReceiver: Received[25]: android.net.wifi.STATE_CHANGE data null
10-01 15:08:10.286 2901 2901 I DeviceReceiver: Received[26]: android.net.wifi.STATE_CHANGE data null
10-01 15:08:10.288 2901 2901 I DeviceReceiver: Received[27]: android.net.wifi.STATE_CHANGE data null
10-01 15:08:10.295 2901 2901 I Choreographer: Skipped 130 frames! The application may be doing too much work on its main thread.
10-01 15:08:10.430 2901 2901 D EventBus: No subscribers registered for event class com.onyx.setting.event.CloudFirmwareErrorEvent
10-01 15:08:10.430 2901 2901 D EventBus: No subscribers registered for event class org.greenrobot.eventbus.NoSubscriberEvent
10-01 15:08:10.441 192 192 I hwcomposer: update_to_display(): upd_data -- marker[353] waveform_mode = 255, update_mode = 0, Rect[296 36 1576 1332]
10-01 15:08:10.932 542 697 W pms : [com.google.android.gms] is not allowed to set wakeup alarm
10-01 15:08:10.932 1158 1625 E NetworkScheduler: Trying to release unacquired lock: EXECUTION_CALLBACK
10-01 15:08:11.068 1222 3228 I iu.SyncManager: SYNC; picasa accounts
10-01 15:08:11.112 1222 1222 I iu.Environment: update connectivity state; isNetworkMetered? false, isRoaming? false, isBackgroundDataAllowed? true*
10-01 15:08:11.113 1158 1303 E NetworkScheduler.ATC: Trying to release unacquired lock: com.google.android.gms/.gass.chimera.SchedulePeriodicTasksService
10-01 15:08:11.113 1158 1625 E PowerManager: WakeLock tag:*net_scheduler* from [com.google.android.gms] is forbidden
10-01 15:08:11.118 1222 3228 I iu.UploadsManager: num queued entries: 0
10-01 15:08:11.118 1222 3228 I iu.UploadsManager: num updated entries: 0
10-01 15:08:11.119 1158 1625 E NetworkScheduler: Trying to release unacquired lock: EXECUTION_CALLBACK
10-01 15:08:11.119 1222 3228 I iu.SyncManager: NEXT; no task
10-01 15:08:11.119 1158 1625 E PowerManager: WakeLock tag:*net_scheduler* from [com.google.android.gms] is forbidden
10-01 15:08:11.132 1158 1158 E PowerManager: WakeLock tag:GCM_CONN_ALARM from [com.google.android.gms] is forbidden
10-01 15:08:11.427 1158 1625 E NetworkScheduler.ATC: Provided calling package not found: com.google.android.apps.photos
10-01 15:08:11.449 1158 1625 E PowerManager: WakeLock tag:*net_scheduler* from [com.google.android.gms] is forbidden
10-01 15:08:11.472 542 1468 W pms : [com.google.android.gms] is not allowed to set wakeup alarm
10-01 15:08:11.472 1158 1625 E NetworkScheduler: Trying to release unacquired lock: EXECUTION_CALLBACK
10-01 15:08:11.474 1158 1168 E NetworkScheduler.ATC: Trying to release unacquired lock: com.google.android.gms/com.google.android.libraries.social.autobackup.AutoBackupGcmTaskService
10-01 15:08:11.474 1158 1625 E PowerManager: WakeLock tag:*net_scheduler* from [com.google.android.gms] is forbidden
10-01 15:08:11.479 1158 1625 E NetworkScheduler: Trying to release unacquired lock: EXECUTION_CALLBACK
10-01 15:08:11.479 1158 1625 E PowerManager: WakeLock tag:*net_scheduler* from [com.google.android.gms] is forbidden
10-01 15:08:11.505 1158 1625 E PowerManager: WakeLock tag:*net_scheduler* from [com.google.android.gms] is forbidden
10-01 15:08:11.526 542 630 W pms : [com.google.android.gms] is not allowed to set wakeup alarm
10-01 15:08:11.526 1158 1625 E NetworkScheduler: Trying to release unacquired lock: EXECUTION_CALLBACK
10-01 15:08:11.587 1158 1535 I acfq : Scheduling Phenotype for a PhenotypeSyncImmediately(6, com.google.android.gms.settings.platform) one off with window [1, 2] in seconds
10-01 15:08:11.612 1222 1545 E MDM : [210] xqg.a: No Google accounts; deferring server state update.
10-01 15:08:11.613 1222 3243 I GCM-GMS : Registering GMS 745476177629
10-01 15:08:11.621 2901 2901 W ContextImpl: Calling a method in the system process without a qualified user: android.app.ContextImpl.startService:1221 android.content.ContextWrapper.startService:581 android.content.ContextWrapper.startService:581 com.avos.avoscloud.AVBroadcastReceiver.onReceive:19 android.app.ActivityThread.handleReceiver:2725
10-01 15:08:11.627 2901 2901 D com.avos.avoscloud.PushService: PushService->onCreate->100: On Create
10-01 15:08:11.627 2901 2901 D ===AVOS Cloud===: AVPushConnectionManager->->47: begin to invoke AVPushConnectionManager(Context)
10-01 15:08:11.632 1963 1963 D OnyxOtaReceiver: action = android.net.conn.CONNECTIVITY_CHANGE
10-01 15:08:11.662 1494 1504 V NativeCrypto: SSL handshake aborted: ssl=0xb8467460: I/O error during system call, Connection reset by peer
10-01 15:08:11.665 1158 1313 E GCM : Missing checkin config file
10-01 15:08:11.666 1158 1313 W GCM : GCM FAILED TO INITIALIZE - missing checkin
10-01 15:08:11.667 1158 3245 E GcmPushIntentOperation: Failed to subscribe to GCM: com.google.android.gms.settings.platform
10-01 15:08:11.667 1158 3245 E GcmPushIntentOperation: java.io.IOException: AUTHENTICATION_FAILED
10-01 15:08:11.667 1158 3245 E GcmPushIntentOperation: at vov.b(:com.google.android.gms@11951434:39)
10-01 15:08:11.667 1158 3245 E GcmPushIntentOperation: at vov.a(:com.google.android.gms@11951434:46)
10-01 15:08:11.667 1158 3245 E GcmPushIntentOperation: at vos.b(:com.google.android.gms@11951434:11)
10-01 15:08:11.667 1158 3245 E GcmPushIntentOperation: at vos.a(:com.google.android.gms@11951434:29)
10-01 15:08:11.667 1158 3245 E GcmPushIntentOperation: at com.google.android.gms.phenotype.gcmpush.GcmPushIntentOperation.a(:com.google.android.gms@11951434:13)
10-01 15:08:11.667 1158 3245 E GcmPushIntentOperation: at com.google.android.gms.phenotype.gcmpush.GcmPushIntentOperation.onHandleIntent(:com.google.android.gms@11951434:6)
10-01 15:08:11.667 1158 3245 E GcmPushIntentOperation: at com.google.android.chimera.IntentOperation.onHandleIntent(:com.google.android.gms@11951434:2)
10-01 15:08:11.667 1158 3245 E GcmPushIntentOperation: at crr.run(:com.google.android.gms@11951434:10)
10-01 15:08:11.667 1158 3245 E GcmPushIntentOperation: at cro.run(:com.google.android.gms@11951434:9)
10-01 15:08:11.667 1158 3245 E GcmPushIntentOperation: at java.util.concurrent.ThreadPoolExecutor.runWorker(ThreadPoolExecutor.java:1113)
10-01 15:08:11.667 1158 3245 E GcmPushIntentOperation: at java.util.concurrent.ThreadPoolExecutor$Worker.run(ThreadPoolExecutor.java:588)
10-01 15:08:11.667 1158 3245 E GcmPushIntentOperation: at java.lang.Thread.run(Thread.java:818)
10-01 15:08:11.679 1494 1504 V NativeCrypto: SSL handshake aborted: ssl=0xb8467460: I/O error during system call, Connection reset by peer
10-01 15:08:11.696 1494 1504 V NativeCrypto: SSL handshake aborted: ssl=0xb8467460: I/O error during system call, Connection reset by peer
10-01 15:08:11.716 1494 1504 V NativeCrypto: SSL handshake aborted: ssl=0xb8467460: I/O error during system call, Connection reset by peer
10-01 15:08:11.835 1158 1577 I acfq : Scheduling Phenotype for a PhenotypeSyncImmediately(6, com.google.android.gms.phenotype) one off with window [1, 2] in seconds
10-01 15:08:11.911 1158 1298 E GCM : Missing checkin config file
10-01 15:08:11.911 1158 1298 W GCM : GCM FAILED TO INITIALIZE - missing checkin
10-01 15:08:11.912 1158 3245 E GcmPushIntentOperation: Failed to subscribe to GCM: com.google.android.gms.phenotype
10-01 15:08:11.912 1158 3245 E GcmPushIntentOperation: java.io.IOException: AUTHENTICATION_FAILED
10-01 15:08:11.912 1158 3245 E GcmPushIntentOperation: at vov.b(:com.google.android.gms@11951434:39)
10-01 15:08:11.912 1158 3245 E GcmPushIntentOperation: at vov.a(:com.google.android.gms@11951434:46)
10-01 15:08:11.912 1158 3245 E GcmPushIntentOperation: at vos.b(:com.google.android.gms@11951434:11)
10-01 15:08:11.912 1158 3245 E GcmPushIntentOperation: at vos.a(:com.google.android.gms@11951434:29)
10-01 15:08:11.912 1158 3245 E GcmPushIntentOperation: at com.google.android.gms.phenotype.gcmpush.GcmPushIntentOperation.a(:com.google.android.gms@11951434:13)
10-01 15:08:11.912 1158 3245 E GcmPushIntentOperation: at com.google.android.gms.phenotype.gcmpush.GcmPushIntentOperation.onHandleIntent(:com.google.android.gms@11951434:6)
10-01 15:08:11.912 1158 3245 E GcmPushIntentOperation: at com.google.android.chimera.IntentOperation.onHandleIntent(:com.google.android.gms@11951434:2)
10-01 15:08:11.912 1158 3245 E GcmPushIntentOperation: at crr.run(:com.google.android.gms@11951434:10)
10-01 15:08:11.912 1158 3245 E GcmPushIntentOperation: at cro.run(:com.google.android.gms@11951434:9)
10-01 15:08:11.912 1158 3245 E GcmPushIntentOperation: at java.util.concurrent.ThreadPoolExecutor.runWorker(ThreadPoolExecutor.java:1113)
10-01 15:08:11.912 1158 3245 E GcmPushIntentOperation: at java.util.concurrent.ThreadPoolExecutor$Worker.run(ThreadPoolExecutor.java:588)
10-01 15:08:11.912 1158 3245 E GcmPushIntentOperation: at java.lang.Thread.run(Thread.java:818)
10-01 15:08:11.962 542 573 D pms : ######### Switching system power mode to [off]
10-01 15:08:11.962 542 542 D pms : ************** cancel alarm:onyx_standby_timeout
10-01 15:08:11.962 542 542 D pms : ************** cancel alarm:onyx_auto_poweroff
10-01 15:08:12.009 2901 2901 D ===AVOS Cloud===: AVPushConnectionManager->initConnection->114: try to query connection server via push router.
10-01 15:08:12.075 2901 2901 D ===AVOS Cloud===: AVPushConnectionManager->->80: end of AVPushConnectionManager(Context)
10-01 15:08:12.080 2901 2901 D com.avos.avoscloud.PushService: PushService->onStartCommand->146: Start to connect to push server with installationId 78ada4e0319ecb5003929de65e08b9ce
10-01 15:08:12.080 2901 2901 D ===AVOS Cloud===: AVPushConnectionManager->initConnection->114: try to query connection server via push router.
10-01 15:08:12.081 2901 2901 D ===AVOS Cloud===: AVPushConnectionManager->initConnection->114: try to query connection server via push router.
10-01 15:08:12.230 1158 1298 E GCM : Missing checkin config file
10-01 15:08:12.233 1158 1298 W GCM : GCM FAILED TO INITIALIZE - missing checkin
10-01 15:08:12.235 1158 1158 E PowerManager: WakeLock tag:GmsChimeraWakelockManager from [com.google.android.gms] is forbidden
10-01 15:08:12.412 542 585 D ConnectivityService: handlePromptUnvalidated 100
10-01 15:08:12.614 1222 3230 E PowerManager: WakeLock tag:GmsChimeraWakelockManager from [com.google.android.gms] is forbidden
10-01 15:08:12.726 542 629 W pms : [com.google.android.gms] is not allowed to set wakeup alarm
10-01 15:08:12.726 1222 3230 E PowerManager: WakeLock tag:GmsChimeraWakelockManager from [com.google.android.gms] is forbidden
10-01 15:08:13.408 1986 1986 I AlarmClock: AlarmInitReceiver android.intent.action.TIME_SET
10-01 15:08:13.477 2901 2901 W art : Verification of void android.support.v4.app.ActivityCompat.() took 320.095ms
10-01 15:08:13.952 542 557 D Tethering: interfaceLinkStateChanged wlan0, true
10-01 15:08:13.952 542 557 D Tethering: interfaceStatusChanged wlan0, true
10-01 15:08:14.015 1222 3243 W GCM-GMS : Failed to get registration: java.io.IOException: AUTHENTICATION_FAILED
10-01 15:08:14.016 1158 1169 E NetworkScheduler.ATC: Trying to release unacquired lock: com.google.android.gms/.gcm.gmsproc.GcmInGmsTaskService
10-01 15:08:14.017 1158 1625 E PowerManager: WakeLock tag:*net_scheduler* from [com.google.android.gms] is forbidden
10-01 15:08:14.436 2901 2901 W art : Verification of void android.support.v4.app.ActivityCompat.finishAffinity(android.app.Activity) took 959.149ms
10-01 15:08:14.625 2901 2901 W art : Verification of android.support.v4.app.ActivityCompat$PermissionCompatDelegate android.support.v4.app.ActivityCompat.getPermissionCompatDelegate() took 187.992ms
10-01 15:08:15.128 192 192 D Surface : Surface::final mReqUsage=333
10-01 15:08:15.157 630 630 I Binder_4: type=1400 audit(0.0:75): avc: denied { read } for name="lib" dev="mmcblk0p13" ino=13 scontext=u:r:system_server:s0 tcontext=u:object_r:unlabeled:s0 tclass=lnk_file permissive=1
10-01 15:08:15.946 1158 1625 E NetworkScheduler: Trying to release unacquired lock: EXECUTION_CALLBACK
10-01 15:08:15.946 1158 1625 E PowerManager: WakeLock tag:*net_scheduler* from [com.google.android.gms] is forbidden
10-01 15:08:16.024 1158 1625 E PowerManager: WakeLock tag:*net_scheduler* from [com.google.android.gms] is forbidden
10-01 15:08:16.044 542 551 I art : Background partial concurrent mark sweep GC freed 37008(2MB) AllocSpace objects, 7(196KB) LOS objects, 33% free, 12MB/18MB, paused 1.547ms total 622.098ms
10-01 15:08:16.130 1158 1298 E NetworkScheduler.ATC: Trying to release unacquired lock: com.google.android.gms/.phenotype.service.sync.PhenotypeConfigurator
10-01 15:08:16.177 542 1917 W ContextImpl: Calling a method in the system process without a qualified user: android.app.ContextImpl.sendBroadcast:763 android.onyx.BroadcastHelper.sendActivityResume:370 com.android.server.am.ActivityManagerService.onActivityResumed:21088 com.android.server.am.ActivityStack.completeResumeLocked:1167 com.android.server.am.ActivityStack.resumeTopActivityInnerLocked:2050
10-01 15:08:16.179 542 1917 W ContextImpl: Calling a method in the system process without a qualified user: android.app.ContextImpl.sendBroadcast:763 android.onyx.BroadcastHelper.sendActivityPause:377 com.android.server.am.ActivityManagerService.onActivityPaused:21109 com.android.server.am.ActivityStack.activityPausedLocked:944 com.android.server.am.ActivityManagerService.activityPaused:6808
10-01 15:08:16.183 542 1468 W pms : [com.google.android.gms] is not allowed to set wakeup alarm
10-01 15:08:16.185 1158 1625 E NetworkScheduler: Trying to release unacquired lock: EXECUTION_CALLBACK
10-01 15:08:16.413 3052 3052 D WebViewTimersControl: onBrowserActivityResume
10-01 15:08:16.413 3052 3052 D WebViewTimersControl: Resuming webview timers, view=com.android.browser.BrowserWebView{8dccb0e VFEDHVCL. .F....ID 0,0-1404,1579}
10-01 15:08:16.481 1158 3278 E NetworkScheduler.ATC: Trying to release unacquired lock: com.google.android.gms/.auth.account.be.legacy.AuthCronService
10-01 15:08:16.481 1158 1625 E PowerManager: WakeLock tag:*net_scheduler* from [com.google.android.gms] is forbidden
10-01 15:08:16.713 542 629 W ActivityManager: Finishing task with all activities already finished
10-01 15:08:16.713 542 629 W ActivityManager: Duplicate finish request for ActivityRecord{710f3e6 u0 com.onyx/.setting.ui.SettingContainerActivity t13 f}
10-01 15:08:16.723 192 192 I hwcomposer: update_to_display(): upd_data -- marker[354] waveform_mode = 255, update_mode = 0, Rect[0 0 1872 1404]
10-01 15:08:16.793 2901 2901 W System.err: java.lang.NullPointerException: Attempt to invoke interface method 'int java.util.Map.size()' on a null object reference
10-01 15:08:16.794 2901 2901 W System.err: at java.util.HashMap.putAll(HashMap.java:502)
10-01 15:08:16.794 2901 2901 W System.err: at com.onyx.android.sdk.kcb.eac.data.EACAppConfig.(SourceFile:69)
10-01 15:08:16.794 2901 2901 W System.err: at com.onyx.android.sdk.kcb.eac.request.ActivateEACRequest.setAppConfig(SourceFile:24)
10-01 15:08:16.794 2901 2901 W System.err: at com.onyx.android.sdk.kcb.eac.EACManager.activateEAC(SourceFile:185)
10-01 15:08:16.794 2901 2901 W System.err: at com.onyx.applications.receiver.EACStatusChangedReceiver.a(SourceFile:79)
10-01 15:08:16.794 2901 2901 W System.err: at com.onyx.applications.receiver.EACStatusChangedReceiver.onReceive(SourceFile:50)
10-01 15:08:16.794 2901 2901 W System.err: at android.app.ActivityThread.handleReceiver(ActivityThread.java:2725)
10-01 15:08:16.794 2901 2901 W System.err: at android.app.ActivityThread.-wrap14(ActivityThread.java)
10-01 15:08:16.794 2901 2901 W System.err: at android.app.ActivityThread$H.handleMessage(ActivityThread.java:1421)
10-01 15:08:16.794 2901 2901 W System.err: at android.os.Handler.dispatchMessage(Handler.java:102)
10-01 15:08:16.794 2901 2901 W System.err: at android.os.Looper.loop(Looper.java:148)
10-01 15:08:16.794 2901 2901 W System.err: at android.app.ActivityThread.main(ActivityThread.java:5417)
10-01 15:08:16.794 2901 2901 W System.err: at java.lang.reflect.Method.invoke(Native Method)
10-01 15:08:16.794 2901 2901 W System.err: at com.android.internal.os.ZygoteInit$MethodAndArgsCaller.run(ZygoteInit.java:772)
10-01 15:08:16.794 2901 2901 W System.err: at com.android.internal.os.ZygoteInit.main(ZygoteInit.java:662)
10-01 15:08:16.811 192 192 I hwcomposer: update_to_display(): upd_data -- marker[355] waveform_mode = 255, update_mode = 0, Rect[0 0 1872 1404]
10-01 15:08:16.842 3052 3103 D Surface : Surface::final mReqUsage=a00
10-01 15:08:16.843 3052 3103 D mali_winsys: EGLint new_window_surface(egl_winsys_display*, void*, EGLSurface, EGLConfig, egl_winsys_surface**, egl_color_buffer_format*, EGLBoolean) returns 0x3000
10-01 15:08:16.857 192 192 I hwcomposer: update_to_display(): upd_data -- marker[356] waveform_mode = 255, update_mode = 0, Rect[0 0 1872 1404]
10-01 15:08:17.824 1158 1625 E NetworkScheduler: Trying to release unacquired lock: EXECUTION_CALLBACK
10-01 15:08:18.098 1158 1625 E PowerManager: WakeLock tag:*net_scheduler* from [com.google.android.gms] is forbidden
10-01 15:08:18.158 2901 3281 W com.google.protobuf.q: platform method missing - proto runtime falling back to safer methods: java.lang.NoSuchMethodException: getByte [long]
10-01 15:08:18.160 2901 3281 W com.google.protobuf.q: platform method missing - proto runtime falling back to safer methods: java.lang.NoSuchMethodException: getByte [class java.lang.Object, long]
10-01 15:08:18.217 712 722 I art : Background partial concurrent mark sweep GC freed 15914(710KB) AllocSpace objects, 5(96KB) LOS objects, 40% free, 9MB/15MB, paused 641us total 705.266ms
10-01 15:08:18.332 2901 3281 D ===AVOS Cloud===: LogUtil$avlog->d->43: onOpen()
10-01 15:08:18.415 192 192 I hwcomposer: update_to_display(): upd_data -- marker[357] waveform_mode = 255, update_mode = 0, Rect[0 0 1872 1404]
10-01 15:08:18.485 192 192 I hwcomposer: update_to_display(): upd_data -- marker[358] waveform_mode = 255, update_mode = 0, Rect[0 0 1872 1404]
10-01 15:08:18.547 192 192 I hwcomposer: update_to_display(): upd_data -- marker[359] waveform_mode = 255, update_mode = 0, Rect[0 0 1872 1404]
10-01 15:08:18.597 192 192 I hwcomposer: update_to_display(): upd_data -- marker[360] waveform_mode = 255, update_mode = 0, Rect[273 0 1599 1404]
10-01 15:08:18.654 192 192 I hwcomposer: update_to_display(): upd_data -- marker[361] waveform_mode = 255, update_mode = 0, Rect[0 0 1872 1404]
10-01 15:08:18.689 1158 1625 E PowerManager: WakeLock tag:*net_scheduler* from [com.google.android.gms] is forbidden
10-01 15:08:18.721 192 192 I hwcomposer: update_to_display(): upd_data -- marker[362] waveform_mode = 255, update_mode = 0, Rect[293 0 1579 1404]
10-01 15:08:18.838 192 192 I hwcomposer: update_to_display(): upd_data -- marker[363] waveform_mode = 255, update_mode = 0, Rect[293 0 1579 1404]
10-01 15:08:18.847 1158 1625 E PowerManager: WakeLock tag:*net_scheduler* from [com.google.android.gms] is forbidden
10-01 15:08:18.870 542 696 W pms : [com.google.android.gms] is not allowed to set wakeup alarm
10-01 15:08:18.870 1158 1625 E NetworkScheduler: Trying to release unacquired lock: CLIENT_LIB
10-01 15:08:18.870 1158 1625 E PowerManager: WakeLock tag:*net_scheduler* from [com.google.android.gms] is forbidden
10-01 15:08:18.894 542 696 W pms : [com.google.android.gms] is not allowed to set wakeup alarm
10-01 15:08:18.894 1158 1625 E NetworkScheduler: Trying to release unacquired lock: EXECUTION_CALLBACK
10-01 15:08:18.894 1158 1625 E NetworkScheduler: ignoring stale queue check message
10-01 15:08:18.902 192 192 I hwcomposer: update_to_display(): upd_data -- marker[364] waveform_mode = 255, update_mode = 0, Rect[293 0 1579 1404]
10-01 15:08:18.903 542 698 D pms : Enter idle state
10-01 15:08:18.903 542 698 D pms : ######### Switching system power mode to [standby]
10-01 15:08:18.903 542 698 I pms : ========== Setup an [300000]s alarm for standby mode ==========
10-01 15:08:18.903 542 698 D pms :
10-01 15:08:18.903 542 698 D pms :
10-01 15:08:18.903 542 698 D pms : ************** Add alarm:onyx_standby_timeout
10-01 15:08:18.903 542 698 D pms :
10-01 15:08:18.971 192 192 I hwcomposer: update_to_display(): upd_data -- marker[365] waveform_mode = 255, update_mode = 0, Rect[293 0 1579 1404]
10-01 15:08:19.244 542 542 D pms : set alarm:onyx_standby_timeout, now:1538377699244 [ 2018-10-01 15:08:19], wake:1538377998903 [2018-10-01 15:13:18]
10-01 15:08:20.136 542 1954 W ContextImpl: Calling a method in the system process without a qualified user: android.app.ContextImpl.sendBroadcast:763 android.onyx.BroadcastHelper.sendActivityFinish:384 com.android.server.am.ActivityManagerService.onActivityFinished:21098 com.android.server.am.ActivityStack.removeActivityFromHistoryLocked:3274 com.android.server.am.ActivityStack.activityDestroyedLocked:3521
10-01 15:08:20.408 1222 3289 I SpamListSync: SpamListSyncChimeraService.syncSpamList called with tag: telephonyspam.SpamListSyncOneOffTask, extras: null
10-01 15:08:20.774 1222 3289 I SpamListSync: Spam module disabled. Skipping spam list syncing.
10-01 15:08:20.775 1158 1303 E NetworkScheduler.ATC: Trying to release unacquired lock: com.google.android.gms/.telephonyspam.sync.SpamListSyncTaskService
10-01 15:08:20.776 1158 1625 E PowerManager: WakeLock tag:*net_scheduler* from [com.google.android.gms] is forbidden
10-01 15:08:21.034 1158 1625 E NetworkScheduler: Trying to release unacquired lock: EXECUTION_CALLBACK
10-01 15:08:21.035 1158 1625 E PowerManager: WakeLock tag:*net_scheduler* from [com.google.android.gms] is forbidden
10-01 15:08:21.058 1158 1625 E PowerManager: WakeLock tag:*net_scheduler* from [com.google.android.gms] is forbidden
10-01 15:08:21.080 542 697 W pms : [com.google.android.gms] is not allowed to set wakeup alarm
10-01 15:08:21.080 1158 1625 E NetworkScheduler: Trying to release unacquired lock: EXECUTION_CALLBACK
10-01 15:08:21.081 1158 3225 E acfp : Abort attempt to contact server without URL
10-01 15:08:21.247 1158 1158 I WearableService: Wearable Services not starting - Wear is not available on this device.
10-01 15:08:21.254 1158 1168 D WearableService: onGetService - Wear is not available on this device.
10-01 15:08:21.456 1158 3297 E NetworkScheduler.ATC: Trying to release unacquired lock: com.google.android.gms/.clearcut.uploader.QosUploaderService
10-01 15:08:21.457 1158 1625 E PowerManager: WakeLock tag:*net_scheduler* from [com.google.android.gms] is forbidden
10-01 15:08:21.482 192 192 I hwcomposer: update_to_display(): upd_data -- marker[366] waveform_mode = 255, update_mode = 0, Rect[0 0 1872 1404]
10-01 15:08:21.485 1158 1625 E NetworkScheduler: Trying to release unacquired lock: EXECUTION_CALLBACK
10-01 15:08:21.485 1158 1625 E PowerManager: WakeLock tag:*net_scheduler* from [com.google.android.gms] is forbidden
10-01 15:08:21.517 1158 1625 E PowerManager: WakeLock tag:*net_scheduler* from [com.google.android.gms] is forbidden
10-01 15:08:21.535 192 192 I hwcomposer: update_to_display(): upd_data -- marker[367] waveform_mode = 255, update_mode = 0, Rect[0 0 1872 1404]
10-01 15:08:21.550 542 630 W pms : [com.google.android.gms] is not allowed to set wakeup alarm
10-01 15:08:21.551 1158 1625 E NetworkScheduler: Trying to release unacquired lock: EXECUTION_CALLBACK
10-01 15:08:21.579 192 192 I hwcomposer: update_to_display(): upd_data -- marker[368] waveform_mode = 255, update_mode = 0, Rect[273 0 38 1404]
10-01 15:08:21.604 1158 3301 E NetworkScheduler.ATC: Trying to release unacquired lock: com.google.android.gms/.instantapps.routing.DomainFilterUpdateService
10-01 15:08:21.605 1158 1625 E PowerManager: WakeLock tag:*net_scheduler* from [com.google.android.gms] is forbidden
10-01 15:08:21.609 1158 1625 E NetworkScheduler: Trying to release unacquired lock: EXECUTION_CALLBACK
10-01 15:08:21.609 1158 1625 E PowerManager: WakeLock tag:*net_scheduler* from [com.google.android.gms] is forbidden
10-01 15:08:21.639 192 192 I hwcomposer: update_to_display(): upd_data -- marker[369] waveform_mode = 255, update_mode = 0, Rect[273 0 38 1404]
10-01 15:08:21.644 1158 1625 E PowerManager: WakeLock tag:*net_scheduler* from [com.google.android.gms] is forbidden
10-01 15:08:21.659 542 696 W pms : [com.google.android.gms] is not allowed to set wakeup alarm
10-01 15:08:21.659 1158 1625 E NetworkScheduler: Trying to release unacquired lock: EXECUTION_CALLBACK
10-01 15:08:21.667 1222 3306 I EventLogChimeraService: Accumulating logs since 1538376666565
10-01 15:08:21.688 192 192 I hwcomposer: update_to_display(): upd_data -- marker[370] waveform_mode = 255, update_mode = 0, Rect[273 0 38 1404]
10-01 15:08:21.740 192 192 I hwcomposer: update_to_display(): upd_data -- marker[371] waveform_mode = 255, update_mode = 0, Rect[0 0 1872 1404]
10-01 15:08:21.778 192 192 I hwcomposer: update_to_display(): upd_data -- marker[372] waveform_mode = 255, update_mode = 0, Rect[273 0 38 1404]
10-01 15:08:21.823 192 192 I hwcomposer: update_to_display(): upd_data -- marker[373] waveform_mode = 255, update_mode = 0, Rect[0 0 1872 1404]
10-01 15:08:21.842 1158 3225 I acfq : Scheduling a periodic sync task every 14400 seconds, with flex of 1800 seconds
10-01 15:08:21.854 1222 3306 I ProcessCheckinRequest: Get token from PseudonymousIdApi: null
10-01 15:08:21.854 1222 3306 I CheckinRequestBuilder: Checkin reason type: 1 attempt count: 1
10-01 15:08:21.859 1158 3225 I acfq : Scheduling adaptive one off task with window [14400, 604800] in seconds
10-01 15:08:21.877 192 192 I hwcomposer: update_to_display(): upd_data -- marker[374] waveform_mode = 255, update_mode = 0, Rect[273 0 38 1404]
10-01 15:08:21.896 1222 3306 I CheckinRequestBuilder: Unknown state of subscriptions on the device
10-01 15:08:21.938 192 192 I hwcomposer: update_to_display(): upd_data -- marker[375] waveform_mode = 255, update_mode = 0, Rect[273 0 38 1404]
10-01 15:08:21.983 192 192 I hwcomposer: update_to_display(): upd_data -- marker[376] waveform_mode = 255, update_mode = 0, Rect[0 0 1872 1404]
10-01 15:08:22.035 192 192 I hwcomposer: update_to_display(): upd_data -- marker[377] waveform_mode = 255, update_mode = 0, Rect[273 0 38 1404]
10-01 15:08:22.073 3052 3052 W BindingManager: Cannot call determinedVisibility() - never saw a connection for the pid: 3052
10-01 15:08:22.081 192 192 I hwcomposer: update_to_display(): upd_data -- marker[378] waveform_mode = 255, update_mode = 0, Rect[0 0 1872 1404]
10-01 15:08:22.130 192 192 I hwcomposer: update_to_display(): upd_data -- marker[379] waveform_mode = 255, update_mode = 0, Rect[273 0 38 1404]
10-01 15:08:22.270 192 192 I hwcomposer: update_to_display(): upd_data -- marker[380] waveform_mode = 255, update_mode = 0, Rect[112 976 181 428]
10-01 15:08:22.331 192 192 I hwcomposer: update_to_display(): upd_data -- marker[381] waveform_mode = 255, update_mode = 0, Rect[273 0 38 1404]
10-01 15:08:22.388 192 192 I hwcomposer: update_to_display(): upd_data -- marker[382] waveform_mode = 255, update_mode = 0, Rect[0 0 1872 1404]
10-01 15:08:22.468 192 192 I hwcomposer: update_to_display(): upd_data -- marker[383] waveform_mode = 255, update_mode = 0, Rect[273 0 38 1404]
10-01 15:08:22.531 192 192 I hwcomposer: update_to_display(): upd_data -- marker[384] waveform_mode = 255, update_mode = 0, Rect[0 0 1872 1404]
10-01 15:08:22.581 192 192 I hwcomposer: update_to_display(): upd_data -- marker[385] waveform_mode = 255, update_mode = 0, Rect[273 0 38 1404]
10-01 15:08:22.635 192 192 I hwcomposer: update_to_display(): upd_data -- marker[386] waveform_mode = 255, update_mode = 0, Rect[273 0 38 1404]
10-01 15:08:22.724 1158 1625 E PowerManager: WakeLock tag:*net_scheduler* from [com.google.android.gms] is forbidden
10-01 15:08:22.824 1158 3304 W Conscrypt: Could not set socket write timeout:
10-01 15:08:22.824 1158 3304 W Conscrypt: java.lang.reflect.Method.invoke(Native Method)
10-01 15:08:22.824 1158 3304 W Conscrypt: com.google.android.gms.org.conscrypt.Platform.setSocketWriteTimeout(:com.google.android.gms@11951434:13)
10-01 15:08:22.833 1158 3304 V NativeCrypto: SSL handshake aborted: ssl=0xb8665fc0: I/O error during system call, Connection reset by peer
10-01 15:08:22.847 1158 3304 W Conscrypt: Could not set socket write timeout:
10-01 15:08:22.848 1158 3304 W Conscrypt: java.lang.reflect.Method.invoke(Native Method)
10-01 15:08:22.848 1158 3304 W Conscrypt: com.google.android.gms.org.conscrypt.Platform.setSocketWriteTimeout(:com.google.android.gms@11951434:13)
10-01 15:08:22.858 1158 3304 V NativeCrypto: SSL handshake aborted: ssl=0xb8665fc0: I/O error during system call, Connection reset by peer
10-01 15:08:22.873 1158 3304 W Conscrypt: Could not set socket write timeout:
10-01 15:08:22.873 1158 3304 W Conscrypt: java.lang.reflect.Method.invoke(Native Method)
10-01 15:08:22.874 1158 3304 W Conscrypt: com.google.android.gms.org.conscrypt.Platform.setSocketWriteTimeout(:com.google.android.gms@11951434:13)
10-01 15:08:22.884 1158 3304 V NativeCrypto: SSL handshake aborted: ssl=0xb8665fc0: I/O error during system call, Connection reset by peer
10-01 15:08:22.894 542 574 I InputReader: Reconfiguring input devices. changes=0x00000010
10-01 15:08:22.895 1158 3304 W Conscrypt: Could not set socket write timeout:
10-01 15:08:22.895 1158 3304 W Conscrypt: java.lang.reflect.Method.invoke(Native Method)
10-01 15:08:22.895 1158 3304 W Conscrypt: com.google.android.gms.org.conscrypt.Platform.setSocketWriteTimeout(:com.google.android.gms@11951434:13)
10-01 15:08:22.897 1158 1158 E PowerManager: WakeLock tag:GmsChimeraWakelockManager from [com.google.android.gms] is forbidden
10-01 15:08:22.904 1158 3304 V NativeCrypto: SSL handshake aborted: ssl=0xb8665fc0: I/O error during system call, Connection reset by peer
10-01 15:08:22.918 1158 3304 W Conscrypt: Could not set socket write timeout:
10-01 15:08:22.918 1158 3304 W Conscrypt: java.lang.reflect.Method.invoke(Native Method)
10-01 15:08:22.918 1158 3304 W Conscrypt: com.google.android.gms.org.conscrypt.Platform.setSocketWriteTimeout(:com.google.android.gms@11951434:13)
10-01 15:08:22.923 1222 3230 E PowerManager: WakeLock tag:GmsChimeraWakelockManager from [com.google.android.gms] is forbidden
10-01 15:08:22.927 1158 3304 V NativeCrypto: SSL handshake aborted: ssl=0xb8665fc0: I/O error during system call, Connection reset by peer
10-01 15:08:22.930 1158 3304 W FetchTask: exception on config fetch: javax.net.ssl.SSLHandshakeException: SSL handshake aborted: ssl=0xb8665fc0: I/O error during system call, Connection reset by peer
10-01 15:08:22.930 1158 3304 W FetchTask: javax.net.ssl.SSLHandshakeException: SSL handshake aborted: ssl=0xb8665fc0: I/O error during system call, Connection reset by peer
10-01 15:08:22.930 1158 3304 W FetchTask: at com.google.android.gms.org.conscrypt.NativeCrypto.SSL_do_handshake(Native Method)
10-01 15:08:22.930 1158 3304 W FetchTask: at com.google.android.gms.org.conscrypt.SslWrapper.doHandshake(:com.google.android.gms@11951434:2)
10-01 15:08:22.930 1158 3304 W FetchTask: at com.google.android.gms.org.conscrypt.ConscryptFileDescriptorSocket.startHandshake(:com.google.android.gms@11951434:19)
10-01 15:08:22.930 1158 3304 W FetchTask: at com.google.android.gms.common.net.SSLCertificateSocketFactory.verifyHostname(:com.google.android.gms@11951434:2)
10-01 15:08:22.930 1158 3304 W FetchTask: at com.google.android.gms.common.net.SSLCertificateSocketFactory.createSocket(:com.google.android.gms@11951434:8)
10-01 15:08:22.930 1158 3304 W FetchTask: at com.android.okhttp.internal.http.SocketConnector.connectTls(SocketConnector.java:89)
10-01 15:08:22.930 1158 3304 W FetchTask: at com.android.okhttp.Connection.connect(Connection.java:143)
10-01 15:08:22.930 1158 3304 W FetchTask: at com.android.okhttp.Connection.connectAndSetOwner(Connection.java:185)
10-01 15:08:22.930 1158 3304 W FetchTask: at com.android.okhttp.OkHttpClient$1.connectAndSetOwner(OkHttpClient.java:128)
10-01 15:08:22.930 1158 3304 W FetchTask: at com.android.okhttp.internal.http.HttpEngine.nextConnection(HttpEngine.java:341)
10-01 15:08:22.930 1158 3304 W FetchTask: at com.android.okhttp.internal.http.HttpEngine.connect(HttpEngine.java:330)
10-01 15:08:22.930 1158 3304 W FetchTask: at com.android.okhttp.internal.http.HttpEngine.sendRequest(HttpEngine.java:248)
10-01 15:08:22.930 1158 3304 W FetchTask: at com.android.okhttp.internal.huc.HttpURLConnectionImpl.execute(HttpURLConnectionImpl.java:437)
10-01 15:08:22.930 1158 3304 W FetchTask: at com.android.okhttp.internal.huc.HttpURLConnectionImpl.connect(HttpURLConnectionImpl.java:114)
10-01 15:08:22.930 1158 3304 W FetchTask: at com.android.okhttp.internal.huc.HttpURLConnectionImpl.getOutputStream(HttpURLConnectionImpl.java:245)
10-01 15:08:22.930 1158 3304 W FetchTask: at com.android.okhttp.internal.huc.DelegatingHttpsURLConnection.getOutputStream(DelegatingHttpsURLConnection.java:218)
10-01 15:08:22.930 1158 3304 W FetchTask: at com.android.okhttp.internal.huc.HttpsURLConnectionImpl.getOutputStream(HttpsURLConnectionImpl.java)
10-01 15:08:22.930 1158 3304 W FetchTask: at ndd.a(:com.google.android.gms@11951434:73)
10-01 15:08:22.930 1158 3304 W FetchTask: at ndd.a(:com.google.android.gms@11951434:107)
10-01 15:08:22.930 1158 3304 W FetchTask: at ndd.run(:com.google.android.gms@11951434:1)
10-01 15:08:22.930 1158 3304 W FetchTask: at java.lang.Thread.run(Thread.java:818)
10-01 15:08:22.933 1222 1222 E PowerManager: WakeLock tag:Icing from [com.google.android.gms] is forbidden
10-01 15:08:22.934 1222 3322 D Wear_Controller: Received broadcast action=android.intent.action.PACKAGE_CHANGED and uri=com.google.android.gms
10-01 15:08:22.941 1222 1222 E PowerManager: WakeLock tag:Icing from [com.google.android.gms] is forbidden
10-01 15:08:22.944 1222 1461 E PowerManager: WakeLock tag:Icing from [com.google.android.gms] is forbidden
10-01 15:08:22.947 1222 1461 E PowerManager: WakeLock under-locked: Icing
10-01 15:08:22.952 1222 1545 E PowerManager: WakeLock tag:Icing from [com.google.android.gms] is forbidden
10-01 15:08:22.954 1222 1545 E PowerManager: WakeLock under-locked: Icing
10-01 15:08:22.956 1222 1284 E PowerManager: WakeLock tag:Icing from [com.google.android.gms] is forbidden
10-01 15:08:22.958 1222 1545 E PowerManager: WakeLock tag:Icing from [com.google.android.gms] is forbidden
10-01 15:08:22.963 1222 1284 E PowerManager: WakeLock tag:Icing from [com.google.android.gms] is forbidden
10-01 15:08:22.965 1222 1429 E PowerManager: WakeLock tag:Icing from [com.google.android.gms] is forbidden
10-01 15:08:22.967 1222 1429 E PowerManager: WakeLock under-locked: Icing
10-01 15:08:22.969 1222 1429 I Icing : IndexChimeraService.getServiceInterface callingPackage=com.google.android.gms componentName=AppsCorpus serviceId=36
10-01 15:08:22.969 1222 1529 E PowerManager: WakeLock tag:Icing from [com.google.android.gms] is forbidden
10-01 15:08:22.974 1222 1529 E PowerManager: WakeLock under-locked: Icing
10-01 15:08:22.976 1222 1529 I Icing : IndexChimeraService.getServiceInterface callingPackage=com.google.android.gms componentName=AppsCorpus serviceId=32
10-01 15:08:23.038 1222 1461 E PowerManager: WakeLock under-locked: Icing
10-01 15:08:23.044 1222 1461 E PowerManager: WakeLock tag:Icing from [com.google.android.gms] is forbidden
10-01 15:08:23.047 1222 1461 E PowerManager: WakeLock under-locked: Icing
10-01 15:08:23.311 1222 1529 E PowerManager: WakeLock tag:Icing from [com.google.android.gms] is forbidden
10-01 15:08:23.313 1222 1461 I Icing : updateResources: need to parse unr{com.google.android.gms}
10-01 15:08:23.321 1222 1529 E PowerManager: WakeLock under-locked: Icing
10-01 15:08:23.325 1222 1304 E PowerManager: WakeLock tag:Icing from [com.google.android.gms] is forbidden
10-01 15:08:23.329 1222 1545 E PowerManager: WakeLock under-locked: Icing
10-01 15:08:23.334 1222 1429 E PowerManager: WakeLock tag:Icing from [com.google.android.gms] is forbidden
10-01 15:08:23.337 1222 1529 E PowerManager: WakeLock tag:Icing from [com.google.android.gms] is forbidden
10-01 15:08:23.339 1222 1529 E PowerManager: WakeLock under-locked: Icing
10-01 15:08:23.345 1222 1429 E PowerManager: WakeLock under-locked: Icing
10-01 15:08:23.595 192 192 I hwcomposer: update_to_display(): upd_data -- marker[387] waveform_mode = 255, update_mode = 0, Rect[273 0 38 1404]
10-01 15:08:23.614 3052 3061 I art : Background sticky concurrent mark sweep GC freed 46010(2MB) AllocSpace objects, 1(20KB) LOS objects, 23% free, 8MB/10MB, paused 1.427ms total 1.064s
10-01 15:08:23.637 192 192 I hwcomposer: update_to_display(): upd_data -- marker[388] waveform_mode = 255, update_mode = 0, Rect[0 0 1872 1404]
10-01 15:08:23.689 192 192 I hwcomposer: update_to_display(): upd_data -- marker[389] waveform_mode = 255, update_mode = 0, Rect[273 0 38 1404]
10-01 15:08:23.723 1222 1529 E PowerManager: WakeLock under-locked: Icing
10-01 15:08:23.728 192 192 I hwcomposer: update_to_display(): upd_data -- marker[390] waveform_mode = 255, update_mode = 0, Rect[0 0 1872 1404]
10-01 15:08:23.752 1222 1304 E PowerManager: WakeLock tag:Icing from [com.google.android.gms] is forbidden
10-01 15:08:23.777 192 192 I hwcomposer: update_to_display(): upd_data -- marker[391] waveform_mode = 255, update_mode = 0, Rect[273 0 38 1404]
10-01 15:08:23.845 192 192 I hwcomposer: update_to_display(): upd_data -- marker[392] waveform_mode = 255, update_mode = 0, Rect[273 0 38 1404]
10-01 15:08:23.887 192 192 I hwcomposer: update_to_display(): upd_data -- marker[393] waveform_mode = 255, update_mode = 0, Rect[0 0 1872 1404]
10-01 15:08:23.933 192 192 I hwcomposer: update_to_display(): upd_data -- marker[394] waveform_mode = 255, update_mode = 0, Rect[273 0 38 1404]
10-01 15:08:23.979 192 192 I hwcomposer: update_to_display(): upd_data -- marker[395] waveform_mode = 255, update_mode = 0, Rect[273 0 38 1404]
10-01 15:08:24.024 192 192 I hwcomposer: update_to_display(): upd_data -- marker[396] waveform_mode = 255, update_mode = 0, Rect[273 0 38 1404]
10-01 15:08:24.133 1268 1268 W Finsky : [1] com.google.android.finsky.application.d.cY(896): No account configured on this device.
10-01 15:08:24.136 1268 1268 W Finsky : [1] com.google.android.finsky.application.d.cY(896): No account configured on this device.
10-01 15:08:24.363 1268 1268 W Finsky : [1] com.google.android.finsky.application.d.cY(896): No account configured on this device.
10-01 15:08:24.547 542 554 W LocationProviderProxy-fused: com.google.android.gms resolves service com.android.location.service.FusedLocationProvider, but has wrong signature, ignoring
10-01 15:08:24.781 542 542 W BackupManagerService: Proposed transport ComponentInfo{com.google.android.gms/com.google.android.gms.backup.BackupTransportService} not whitelisted; ignoring
10-01 15:08:24.781 1494 1527 V NativeCrypto: SSL handshake aborted: ssl=0xb83fb620: I/O error during system call, Connection reset by peer
10-01 15:08:24.799 1494 1527 V NativeCrypto: SSL handshake aborted: ssl=0xb83fb620: I/O error during system call, Connection reset by peer
10-01 15:08:24.804 542 1916 W pms : [com.google.android.gms] is not allowed to set wakeup alarm
10-01 15:08:24.805 1158 1625 E NetworkScheduler: Trying to release unacquired lock: CLIENT_LIB
10-01 15:08:24.805 1158 1625 E PowerManager: WakeLock tag:*net_scheduler* from [com.google.android.gms] is forbidden
10-01 15:08:25.045 192 192 I hwcomposer: update_to_display(): upd_data -- marker[397] waveform_mode = 255, update_mode = 0, Rect[273 0 38 1404]
10-01 15:08:25.068 542 562 I pms : CurrentWakelockAvail: [0]
10-01 15:08:25.089 192 192 I hwcomposer: update_to_display(): upd_data -- marker[398] waveform_mode = 255, update_mode = 0, Rect[0 0 1872 1404]
10-01 15:08:25.134 192 192 I hwcomposer: update_to_display(): upd_data -- marker[399] waveform_mode = 255, update_mode = 0, Rect[273 0 38 1404]
10-01 15:08:25.134 542 562 I pms : Kernel Wakelocks
10-01 15:08:25.134 542 562 I pms :
10-01 15:08:25.134 542 562 I pms : name active_count event_count wakeup_count expire_count active_since total_time max_time last_change prevent_suspend_time
10-01 15:08:25.134 542 562 I pms : PowerManagerService.WakeLocks 29 29 2 0 0 145655 30075 234295 3875
10-01 15:08:25.134 542 562 I pms : TrimTask 1 1 0 0 0 842 842 33373 0
10-01 15:08:25.134 542 562 I pms : event2 0 0 0 0 0 0 0 32357 0
10-01 15:08:25.134 542 562 I pms : event1 0 0 0 0 0 0 0 32349 0
10-01 15:08:25.134 542 562 I pms : event0 578 578 0 0 0 1603 130 229437 1401
10-01 15:08:25.134 542 562 I pms : eventpoll 578 578 0 0 0 1 0 229437 0
10-01 15:08:25.134 542 562 I pms : KeyEvents 333 333 0 0 0 505 210 237944 212
10-01 15:08:25.134 542 562 I pms : PowerManagerService.Display 18 18 3 0 0 202646 59544 234004 43
10-01 15:08:25.134 542 562 I pms : NETLINK 12 12 0 0 0 103 99 35227 0
10-01 15:08:25.134 542 562 I pms : [timerfd] 0 0 0 0 0 0 0 5091 0
10-01 15:08:25.134 542 562 I pms : wlan_wd_wake 87 87 8 0 0 13111 1082 239910 4988
10-01 15:08:25.134 542 562 I pms : wlan_ctrl_wake 7 522 0 7 0 8818 1757 229490 1567
10-01 15:08:25.134 542 562 I pms : wlan_rx_wake 14 395 11 13 437 19415 4064 239681 9927
10-01 15:08:25.134 542 562 I pms : wlan_wake 1085 1085 17 0 0 1727 869 239855 356
10-01 15:08:25.134 542 562 I pms : binder 2 2 0 0 0 0 0 32056 0
10-01 15:08:25.134 542 562 I pms : eventpoll 14 14 0 0 0 0 0 35227 0
10-01 15:08:25.134 542 562 I pms : onyx_epdc 0 0 0 0 0 0 0 3619 0
10-01 15:08:25.134 542 562 I pms : epdc 100 100 1 0 0 84974 9139 240055 5079
10-01 15:08:25.134 542 562 I pms : rfkill_rk_irq_wl 0 0 0 0 0 0 0 3588 0
10-01 15:08:25.134 542 562 I pms : rfkill_wlan_wake 0 0 0 0 0 0 0 3588 0
10-01 15:08:25.134 542 562 I pms : key.37 0 0 0 0 0 0 0 2455 0
10-01 15:08:25.134 542 562 I pms : rk29-keypad 0 0 0 0 0 0 0 2455 0
10-01 15:08:25.134 542 562 I pms : alarm 11 11 0 0 0 490 74 214828 478
10-01 15:08:25.134 542 562 I pms : mmc1_detect 1 1 0 1 0 490 490 4890 0
10-01 15:08:25.134 542 562 I pms : mmc0_detect 1 1 0 1 0 491 491 2940 0
10-01 15:08:25.134 542 562 I pms : 1-0024 11 22 0 11 0 2307 242 200000 1432
10-01 15:08:25.134 542 562 I pms : usb_pcd 0 0 0 0 0 0 0 846 0
10-01 15:08:25.134 542 562 I pms : ff520000.usb 0 0 0 0 0 0 0 844 0
10-01 15:08:25.134 542 562 I pms : iep 0 0 0 0 0 0 0 664 0
10-01 15:08:25.134 542 562 I pms : alarmtimer 0 0 0 0 0 0 0 653 0
10-01 15:08:25.134 542 562 I pms : vpu 0 0 0 0 0 0 0 650 0
10-01 15:08:25.134 542 562 I pms : vpu 0 0 0 0 0 0 0 648 0
10-01 15:08:25.134 542 562 I pms : ac 3 3 0 0 0 0 0 9501 0
10-01 15:08:25.134 542 562 I pms : usb 3 3 0 0 0 0 0 9501 0
10-01 15:08:25.134 542 562 I pms : battery 4 4 0 0 0 3 2 9501 0
10-01 15:08:25.134 542 562 I pms : rk818_chg_lock 0 0 0 0 0 0 0 536 0
10-01 15:08:25.134 542 562 I pms : rk818_bat_lock 0 0 0 0 0 0 0 536 0
10-01 15:08:25.134 542 562 I pms : rga 0 0 0 0 0 0 0 324 0
10-01 15:08:25.134 542 562 I pms : rk818-rtc 0 0 0 0 0 0 0 300 0
10-01 15:08:25.134 542 562 I pms : rk818_irq_wake 0 0 0 0 0 0 0 280 0
10-01 15:08:25.134 542 562 I pms : serial-debug 1 1 0 0 0 500 500 640 0
10-01 15:08:25.134 542 562 I pms : autosleep 29 29 0 0 0 1 1 234004 1
10-01 15:08:25.134 542 562 I pms : Total Active Wakeup Source:1
10-01 15:08:25.184 192 192 I hwcomposer: update_to_display(): upd_data -- marker[400] waveform_mode = 255, update_mode = 0, Rect[273 0 38 1404]
10-01 15:08:25.231 192 192 I hwcomposer: update_to_display(): upd_data -- marker[401] waveform_mode = 255, update_mode = 0, Rect[273 0 38 1404]
10-01 15:08:25.277 192 192 I hwcomposer: update_to_display(): upd_data -- marker[402] waveform_mode = 255, update_mode = 0, Rect[0 0 1872 1404]
10-01 15:08:25.359 192 192 I hwcomposer: update_to_display(): upd_data -- marker[403] waveform_mode = 255, update_mode = 0, Rect[273 0 38 1404]
