10-01 14:50:30.802 712 828 I libstagefrighthw: OMX IL core libOMX_Core.so: declares component OMX.rk.video_decoder.vp8
10-01 14:50:30.802 712 828 I libstagefrighthw: OMX IL core libOMX_Core.so: declares component OMX.rk.video_decoder.vc1
10-01 14:50:30.802 712 828 I libstagefrighthw: OMX IL core libOMX_Core.so: declares component OMX.rk.video_decoder.wmv3
10-01 14:50:30.802 712 828 I libstagefrighthw: OMX IL core libOMX_Core.so: declares component OMX.rk.video_decoder.vp6
10-01 14:50:30.802 712 828 I libstagefrighthw: OMX IL core libOMX_Core.so: declares component OMX.rk.video_decoder.hevc
10-01 14:50:30.802 712 828 I libstagefrighthw: OMX IL core libOMX_Core.so: declares component OMX.rk.video_decoder.mjpeg
10-01 14:50:30.802 712 828 I libstagefrighthw: OMX IL core libOMX_Core.so: declares component OMX.rk.video_decoder.avc.secure
10-01 14:50:30.802 712 828 I libstagefrighthw: OMX IL core libOMX_Core.so: declares component OMX.rk.video_decoder.vp9
10-01 14:50:30.802 712 828 I libstagefrighthw: OMX IL core libOMX_Core.so: declares component OMX.rk.video_encoder.avc
10-01 14:50:30.802 712 828 I libstagefrighthw: OMX IL core libOMX_Core.so: declares component OMX.rk.video_encoder.vp8
10-01 14:50:30.802 712 828 I libstagefrighthw: OMX IL core libOMX_Core.so: contains 16 components
10-01 14:50:30.814 741 741 I art : System.exit called, status: 0
10-01 14:50:30.814 741 741 I AndroidRuntime: VM exiting with result code 0, cleanup skipped.
10-01 14:50:30.834 712 916 I OMXClient: Using client-side OMX mux.
10-01 14:50:30.840 712 916 I libstagefrighthw: OMX IL core libOMX_Core.so: declares component OMX.rk.video_decoder.avc
10-01 14:50:30.840 712 916 I libstagefrighthw: OMX IL core libOMX_Core.so: declares component OMX.rk.video_decoder.m4v
10-01 14:50:30.840 712 916 I libstagefrighthw: OMX IL core libOMX_Core.so: declares component OMX.rk.video_decoder.h263
10-01 14:50:30.840 712 916 I libstagefrighthw: OMX IL core libOMX_Core.so: declares component OMX.rk.video_decoder.flv1
10-01 14:50:30.840 712 916 I libstagefrighthw: OMX IL core libOMX_Core.so: declares component OMX.rk.video_decoder.m2v
10-01 14:50:30.840 712 916 I libstagefrighthw: OMX IL core libOMX_Core.so: declares component OMX.rk.video_decoder.rv
10-01 14:50:30.840 712 916 I libstagefrighthw: OMX IL core libOMX_Core.so: declares component OMX.rk.video_decoder.vp8
10-01 14:50:30.840 712 916 I libstagefrighthw: OMX IL core libOMX_Core.so: declares component OMX.rk.video_decoder.vc1
10-01 14:50:30.840 712 916 I libstagefrighthw: OMX IL core libOMX_Core.so: declares component OMX.rk.video_decoder.wmv3
10-01 14:50:30.840 712 916 I libstagefrighthw: OMX IL core libOMX_Core.so: declares component OMX.rk.video_decoder.vp6
10-01 14:50:30.840 712 916 I libstagefrighthw: OMX IL core libOMX_Core.so: declares component OMX.rk.video_decoder.hevc
10-01 14:50:30.840 712 916 I libstagefrighthw: OMX IL core libOMX_Core.so: declares component OMX.rk.video_decoder.mjpeg
10-01 14:50:30.840 712 916 I libstagefrighthw: OMX IL core libOMX_Core.so: declares component OMX.rk.video_decoder.avc.secure
10-01 14:50:30.840 712 916 I libstagefrighthw: OMX IL core libOMX_Core.so: declares component OMX.rk.video_decoder.vp9
10-01 14:50:30.840 712 916 I libstagefrighthw: OMX IL core libOMX_Core.so: declares component OMX.rk.video_encoder.avc
10-01 14:50:30.840 712 916 I libstagefrighthw: OMX IL core libOMX_Core.so: declares component OMX.rk.video_encoder.vp8
10-01 14:50:30.840 712 916 I libstagefrighthw: OMX IL core libOMX_Core.so: contains 16 components
10-01 14:50:30.901 542 555 I SystemServiceManager: Starting phase 600
10-01 14:50:30.904 219 592 I AudioFlinger: systemReady
10-01 14:50:30.907 542 555 I BackupManagerService: Backup enabled => false
10-01 14:50:30.910 542 555 E InputMethodManagerService: Ignoring updateSystemUiLocked due to an invalid token. uid:1000 token:null
10-01 14:50:30.926 192 192 I hwcomposer: update_to_display(): upd_data -- marker[33] waveform_mode = 255, update_mode = 0, Rect[0 0 1872 1404]
10-01 14:50:30.928 542 555 I ActivityManager: Start proc 929:com.onyx.pinyinime/u0a35 for service com.onyx.pinyinime/.PinyinIME
10-01 14:50:30.928 542 555 V InputMethodManagerService: Adding window token: android.os.Binder@3c8524c
10-01 14:50:30.934 542 555 W LocationManagerService: no network location provider found
10-01 14:50:30.939 542 555 E LocationManagerService: no geocoder provider found
10-01 14:50:30.940 542 555 E LocationManagerService: FLP HAL not supported
10-01 14:50:30.943 542 555 E LocationManagerService: Unable to bind FLP Geofence proxy.
10-01 14:50:30.944 542 555 E LocationManagerService: Hardware Activity-Recognition not supported.
10-01 14:50:30.946 542 555 E LocationManagerService: Unable to bind ActivityRecognitionProxy.
10-01 14:50:30.951 542 542 V WiredAccessoryManager: init()
10-01 14:50:30.952 542 555 I MmsServiceBroker: Delay connecting to MmsService until an API is called
10-01 14:50:30.952 542 555 I SystemServer: Onyx Device Service
10-01 14:50:30.955 542 555 I SystemServer: OECService
10-01 14:50:30.958 542 562 I pms : update StandbyTimeout [300000]
10-01 14:50:30.958 542 562 I pms : update Auto Poweroff Timeout [900000]
10-01 14:50:30.969 542 555 I ActivityManager: Start proc 942:android.process.media/u0a4 for broadcast com.android.providers.media/.MtpReceiver
10-01 14:50:30.970 542 555 I ActivityManager: Force stopping com.android.providers.media appid=10004 user=-1: vold reset
10-01 14:50:30.970 542 555 I ActivityManager: Killing 942:android.process.media/u0a4 (adj -100): stop com.android.providers.media
10-01 14:50:30.980 929 929 I .onyx.pinyinime: type=1400 audit(0.0:42): avc: denied { read } for name="lib" dev="mmcblk0p13" ino=13 scontext=u:r:untrusted_app:s0:c512,c768 tcontext=u:object_r:unlabeled:s0 tclass=lnk_file permissive=1
10-01 14:50:30.986 929 929 W System : ClassLoader referenced unknown path: /system/app/OnyxPinyinIME-release/lib/arm
10-01 14:50:30.998 542 927 I chatty : uid=1000(system) SoundPoolThread expire 1 line
10-01 14:50:31.005 542 949 I chatty : uid=1000 system_server expire 18 lines
10-01 14:50:31.008 712 948 I OMXClient: Using client-side OMX mux.
10-01 14:50:31.013 542 559 I chatty : uid=1000(system) android.io expire 1 line
10-01 14:50:31.013 712 948 I libstagefrighthw: OMX IL core libOMX_Core.so: declares component OMX.rk.video_decoder.avc
10-01 14:50:31.013 712 948 I libstagefrighthw: OMX IL core libOMX_Core.so: declares component OMX.rk.video_decoder.m4v
10-01 14:50:31.013 712 948 I libstagefrighthw: OMX IL core libOMX_Core.so: declares component OMX.rk.video_decoder.h263
10-01 14:50:31.013 712 948 I libstagefrighthw: OMX IL core libOMX_Core.so: declares component OMX.rk.video_decoder.flv1
10-01 14:50:31.013 712 948 I libstagefrighthw: OMX IL core libOMX_Core.so: declares component OMX.rk.video_decoder.m2v
10-01 14:50:31.013 712 948 I libstagefrighthw: OMX IL core libOMX_Core.so: declares component OMX.rk.video_decoder.rv
10-01 14:50:31.013 712 948 I libstagefrighthw: OMX IL core libOMX_Core.so: declares component OMX.rk.video_decoder.vp8
10-01 14:50:31.013 712 948 I libstagefrighthw: OMX IL core libOMX_Core.so: declares component OMX.rk.video_decoder.vc1
10-01 14:50:31.013 712 948 I libstagefrighthw: OMX IL core libOMX_Core.so: declares component OMX.rk.video_decoder.wmv3
10-01 14:50:31.013 712 948 I libstagefrighthw: OMX IL core libOMX_Core.so: declares component OMX.rk.video_decoder.vp6
10-01 14:50:31.013 712 948 I libstagefrighthw: OMX IL core libOMX_Core.so: declares component OMX.rk.video_decoder.hevc
10-01 14:50:31.013 712 948 I libstagefrighthw: OMX IL core libOMX_Core.so: declares component OMX.rk.video_decoder.mjpeg
10-01 14:50:31.013 712 948 I libstagefrighthw: OMX IL core libOMX_Core.so: declares component OMX.rk.video_decoder.avc.secure
10-01 14:50:31.013 712 948 I libstagefrighthw: OMX IL core libOMX_Core.so: declares component OMX.rk.video_decoder.vp9
10-01 14:50:31.013 712 948 I libstagefrighthw: OMX IL core libOMX_Core.so: declares component OMX.rk.video_encoder.avc
10-01 14:50:31.013 712 948 I libstagefrighthw: OMX IL core libOMX_Core.so: declares component OMX.rk.video_encoder.vp8
10-01 14:50:31.013 712 948 I libstagefrighthw: OMX IL core libOMX_Core.so: contains 16 components
10-01 14:50:31.016 192 192 E SurfaceFlinger: App die 942 0
10-01 14:50:31.035 542 542 I chatty : uid=1000 system_server expire 1 line
10-01 14:50:31.043 192 192 I hwcomposer: update_to_display(): upd_data -- marker[34] waveform_mode = 255, update_mode = 0, Rect[0 0 1872 1404]
10-01 14:50:31.053 712 712 I vol.Events: writeEvent collection_started
10-01 14:50:31.105 542 957 I chatty : uid=1000 system_server expire 18 lines
10-01 14:50:31.109 712 956 I vol.Events: writeEvent external_ringer_mode_changed normal
10-01 14:50:31.109 712 956 I vol.Events: writeEvent internal_ringer_mode_changed normal
10-01 14:50:31.149 542 960 I chatty : uid=1000 system_server expire 18 lines
10-01 14:50:31.185 712 956 I vol.Events: writeEvent level_changed STREAM_ALARM 6
10-01 14:50:31.185 712 956 I vol.Events: writeEvent level_changed STREAM_BLUETOOTH_SCO 7
10-01 14:50:31.188 712 956 I vol.Events: writeEvent level_changed STREAM_MUSIC 6
10-01 14:50:31.191 712 956 I vol.Events: writeEvent level_changed STREAM_RING 5
10-01 14:50:31.191 712 956 I vol.Events: writeEvent level_changed STREAM_SYSTEM 5
10-01 14:50:31.193 712 712 D StorageNotification: Notifying about private volume: VolumeInfo{private}:
10-01 14:50:31.193 712 712 D StorageNotification: type=PRIVATE diskId=null partGuid=null mountFlags=0 mountUserId=-1
10-01 14:50:31.193 712 712 D StorageNotification: state=MOUNTED
10-01 14:50:31.193 712 712 D StorageNotification: fsType=null fsUuid=null fsLabel=null
10-01 14:50:31.193 712 712 D StorageNotification: path=/data internalPath=null
10-01 14:50:31.193 712 956 I vol.Events: writeEvent level_changed STREAM_VOICE_CALL 4
10-01 14:50:31.242 542 964 I chatty : uid=1000 system_server expire 18 lines
10-01 14:50:31.255 542 613 V KeyValueBackupJob: Scheduling k/v pass in 248 minutes
10-01 14:50:31.272 542 542 I ActivityManager: Start proc 967:com.onyx/1000 for broadcast com.onyx/.applications.receiver.EACStatusChangedReceiver
10-01 14:50:31.283 542 697 I StatusBarManagerService: registerStatusBar bar=com.android.internal.statusbar.IStatusBar$Stub$Proxy@840671b
10-01 14:50:31.304 701 701 D TelephonyProvider: dbh.onCreate:+ db=SQLiteDatabase: /data/user/0/com.android.providers.telephony/databases/telephony.db
10-01 14:50:31.304 701 701 D TelephonyProvider: dbh.createSimInfoTable:+
10-01 14:50:31.306 701 701 D TelephonyProvider: dbh.createSimInfoTable:-
10-01 14:50:31.306 701 701 D TelephonyProvider: dbh.createCarriersTable: carriers
10-01 14:50:31.307 701 701 D TelephonyProvider: dbh.createCarriersTable:-
10-01 14:50:31.308 701 701 D TelephonyProvider: No APNs in OEM image = /oem/telephony/apns-conf.xml Load APNs from system image
10-01 14:50:31.308 701 701 D TelephonyProvider: No APNs in OEM image = /data/misc/apns-conf.xml Load APNs from system image
10-01 14:50:31.308 701 701 D TelephonyProvider: confFile = /system/etc/apns-conf.xml
10-01 14:50:31.358 542 979 I chatty : uid=1000 system_server expire 18 lines
10-01 14:50:31.373 542 584 D WifiService: New client listening to asynchronous messages
10-01 14:50:31.387 752 781 D ContactDirectoryManager: Found com.android.exchange.directory.provider
10-01 14:50:31.400 967 967 I chatty : uid=1000(system) com.onyx expire 1 line
10-01 14:50:31.402 542 696 I ActivityManager: Start proc 983:com.android.exchange/u0a25 for content provider com.android.exchange/.provider.ExchangeDirectoryProvider
10-01 14:50:31.406 542 988 I chatty : uid=1000 system_server expire 18 lines
10-01 14:50:31.440 967 967 I chatty : uid=1000(system) com.onyx expire 2 lines
10-01 14:50:31.571 983 983 W System : ClassLoader referenced unknown path: /system/app/Exchange2/lib/arm
10-01 14:50:31.586 542 555 I ActivityManager: Start proc 999:com.onyx.music/u0a51 for broadcast com.onyx.music/.MediaButtonIntentReceiver
10-01 14:50:31.611 999 999 W System : ClassLoader referenced unknown path: /system/app/music-release/lib/arm
10-01 14:50:31.640 542 699 I ActivityManager: Start proc 1013:android.process.media/u0a4 for content provider com.android.providers.media/.MediaProvider
10-01 14:50:31.657 1013 1013 W System : ClassLoader referenced unknown path: /system/priv-app/MediaProvider/lib/arm
10-01 14:50:31.662 1013 1013 W System : ClassLoader referenced unknown path: /system/priv-app/DownloadProvider/lib/arm
10-01 14:50:31.708 701 701 D TelephonyProvider: dbh.onCreate:- db=SQLiteDatabase: /data/user/0/com.android.providers.telephony/databases/telephony.db
10-01 14:50:31.802 542 630 I ActivityManager: Start proc 1026:com.android.email/u0a24 for content provider com.android.email/.provider.EmailProvider
10-01 14:50:31.850 752 781 I ContactDirectoryManager: deleted 0 stale rows which don't have any relevant directory
10-01 14:50:31.922 192 192 I hwcomposer: update_to_display(): upd_data -- marker[35] waveform_mode = 255, update_mode = 0, Rect[0 0 1872 1404]
10-01 14:50:32.008 542 559 I chatty : uid=1000(system) android.io expire 1 line
10-01 14:50:32.021 712 712 D LocalBluetoothProfileManager: Adding local MAP profile
10-01 14:50:32.023 1026 1026 W System : ClassLoader referenced unknown path: /system/app/Email/lib/arm
10-01 14:50:32.023 712 712 D BluetoothMap: Create BluetoothMap proxy object
10-01 14:50:32.026 712 712 D LocalBluetoothProfileManager: LocalBluetoothProfileManager construction complete
10-01 14:50:32.030 542 697 D ConnectivityService: listenForNetwork for Listen from uid/pid:10014/712 for NetworkRequest [ id=3, legacyType=-1, [] ]
10-01 14:50:32.033 701 701 D TelephonyProvider: dbh.onOpen: ok, queried table=siminfo
10-01 14:50:32.034 701 701 D TelephonyProvider: dbh.onOpen: ok, queried table=carriers
10-01 14:50:32.035 752 781 I ContactDirectoryManager: Discovered 0 contact directories in 758ms
10-01 14:50:32.042 752 781 I ContactsProvider: Upgrading aggregation algorithm
10-01 14:50:32.043 712 712 I CameraManagerGlobal: Connecting to camera service
10-01 14:50:32.046 752 781 I ContactAggregator: Marked all visible contacts for aggregation: 0 raw contacts, 3 ms
10-01 14:50:32.047 219 592 E CameraService: getCameraVendorTagDescriptor: camera hardware module doesn't exist
10-01 14:50:32.048 712 712 E CameraMetadata-JNI: CameraMetadata_setupGlobalVendorTagDescriptor: Failed to setup vendor tag descriptors, received error No such device (-19)
10-01 14:50:32.048 712 712 W CameraManagerGlobal: Failed to set up vendor tags: The camera device is removable and has been disconnected from the Android device, or the camera service has shut down the connection due to a higher-priority access request for the camera device.
10-01 14:50:32.075 712 1044 D OpenGLRenderer: Use EGL_SWAP_BEHAVIOR_PRESERVED: true
10-01 14:50:32.075 712 1044 D OpenGLRenderer: profile bars disabled
10-01 14:50:32.075 712 1044 D OpenGLRenderer: ambientRatio = 1.50
10-01 14:50:32.093 712 712 D PhoneStatusBar: disable: < expand icons alerts system_info back home recent clock search quick_settings
> 10-01 14:50:32.104 712 712 D PhoneStatusBar: heads up is enabled
10-01 14:50:32.107 712 712 D StatusBar: user hasn't seen notification about hidden notifications
10-01 14:50:32.107 712 712 D StatusBar: insecure lockscreen, skipping notification
10-01 14:50:32.146 542 553 D WindowStateAnimator: rk_debug2 com.android.systemui.ImageWallpaper_Force_To_Dual
10-01 14:50:32.155 192 192 I hwcomposer: update_to_display(): upd_data -- marker[36] waveform_mode = 255, update_mode = 0, Rect[0 0 1872 1404]
10-01 14:50:32.193 192 192 I hwcomposer: update_to_display(): upd_data -- marker[37] waveform_mode = 255, update_mode = 0, Rect[0 0 1872 1404]
10-01 14:50:32.236 712 712 I mali_so : [File] : hardware/arm/maliT760/driver/product/base/src/mali_base_kbase.c; [Line] : 928; [Func] : base_context_deal_with_version_affairs_rk_ext;
10-01 14:50:32.236 712 712 I mali_so : arm_release_ver of this mali_so is 'r12p0-04rel0', rk_so_ver is '12@0', built at '17:00:15', on 'Aug 16 2016'.
10-01 14:50:32.236 712 712 I mali_so : [File] : hardware/arm/maliT760/driver/product/base/src/mali_base_kbase.c; [Line] : 955; [Func] : base_context_deal_with_version_affairs_rk_ext;
10-01 14:50:32.236 712 712 I mali_so : mali_ver_property has been set to 'r12p0-04rel0-13-12@0', to return.
10-01 14:50:32.246 712 712 D Surface : Surface::final mReqUsage=a00
10-01 14:50:32.247 712 712 D mali_winsys: EGLint new_window_surface(egl_winsys_display*, void*, EGLSurface, EGLConfig, egl_winsys_surface**, egl_color_buffer_format*, EGLBoolean) returns 0x3000
10-01 14:50:32.275 967 967 I chatty : uid=1000(system) com.onyx expire 34 lines
10-01 14:50:32.681 701 701 D TelephonyProvider: onCreate: build id changed from to 2018-10-01_12-18_dev_8a7790b
10-01 14:50:32.930 192 192 I hwcomposer: update_to_display(): upd_data -- marker[38] waveform_mode = 255, update_mode = 0, Rect[0 0 1872 1404]
10-01 14:50:33.096 192 192 I hwcomposer: update_to_display(): upd_data -- marker[39] waveform_mode = 255, update_mode = 0, Rect[0 0 1872 1404]
10-01 14:50:33.150 1026 1065 D ActivityThread: Loading provider com.android.email.provider;com.android.email.notifier: com.android.email.provider.EmailProvider
10-01 14:50:33.152 1026 1066 D ActivityThread: Loading provider com.android.email.provider;com.android.email.notifier: com.android.email.provider.EmailProvider
10-01 14:50:33.153 1026 1067 D ActivityThread: Loading provider com.android.email.provider;com.android.email.notifier: com.android.email.provider.EmailProvider
10-01 14:50:33.154 1026 1069 D ActivityThread: Loading provider com.android.email.provider;com.android.email.notifier: com.android.email.provider.EmailProvider
10-01 14:50:33.179 1026 1066 D ActivityThread: Loading provider com.android.email.provider;com.android.email.notifier: com.android.email.provider.EmailProvider
10-01 14:50:33.254 967 967 W ActivityThread: ClassLoader.getResourceAsStream: The class loader returned by Thread.getContextClassLoader() may fail for processes that host multiple applications. You should explicitly specify a context class loader. For example: Thread.setContextClassLoader(getClass().getClassLoader());
10-01 14:50:33.299 542 697 D WindowStateAnimator: rk_debug2 StatusBar_Force_To_Dual
10-01 14:50:33.308 712 1044 I OpenGLRenderer: Initialized EGL, version 1.4
10-01 14:50:33.314 192 192 I hwcomposer: update_to_display(): upd_data -- marker[40] waveform_mode = 255, update_mode = 0, Rect[0 0 1872 1404]
10-01 14:50:33.339 712 1044 D Surface : Surface::final mReqUsage=a00
10-01 14:50:33.339 712 1044 D mali_winsys: EGLint new_window_surface(egl_winsys_display*, void*, EGLSurface, EGLConfig, egl_winsys_surface**, egl_color_buffer_format*, EGLBoolean) returns 0x3000
10-01 14:50:33.358 192 192 I hwcomposer: update_to_display(): upd_data -- marker[41] waveform_mode = 255, update_mode = 0, Rect[0 0 1872 1404]
10-01 14:50:33.386 542 584 D WifiService: New client listening to asynchronous messages
10-01 14:50:33.440 192 192 I hwcomposer: update_to_display(): upd_data -- marker[42] waveform_mode = 255, update_mode = 0, Rect[0 0 1872 1404]
10-01 14:50:33.538 701 701 D TelephonyProvider: No APNs in OEM image = /oem/telephony/apns-conf.xml Load APNs from system image
10-01 14:50:33.538 701 701 D TelephonyProvider: No APNs in OEM image = /data/misc/apns-conf.xml Load APNs from system image
10-01 14:50:33.538 701 701 D TelephonyProvider: confFile = /system/etc/apns-conf.xml
10-01 14:50:33.546 1013 1013 I MediaProvider: Upgrading media database from version 0 to 800, which will destroy all old data
10-01 14:50:33.587 752 781 I ContactsProvider: Aggregation algorithm upgraded for 0 raw contacts in 1545ms
10-01 14:50:33.603 192 192 I hwcomposer: update_to_display(): upd_data -- marker[43] waveform_mode = 255, update_mode = 0, Rect[0 0 1872 1404]
10-01 14:50:33.644 192 192 I hwcomposer: update_to_display(): upd_data -- marker[44] waveform_mode = 255, update_mode = 0, Rect[0 0 1872 1404]
10-01 14:50:33.661 1013 1013 D MediaProvider: Adjusting external storage paths to: /storage/emulated/0
10-01 14:50:33.692 752 781 I ContactsFTS: Rebuild contact search index in 82ms, 0 contacts
10-01 14:50:33.710 1013 1013 E SQLiteLog: (1) no such table: album_info
10-01 14:50:33.939 1013 1074 I DownloadManager: Upgrading downloads database from version 0 to version 109, which will destroy all old data
10-01 14:50:34.052 542 699 W ActivityManager: Unable to start service Intent { act=com.android.mail.action.BACKUP_DATA_CHANGED pkg=com.android.email } U=0: not found
10-01 14:50:34.055 192 192 I hwcomposer: update_to_display(): upd_data -- marker[45] waveform_mode = 255, update_mode = 0, Rect[0 0 1872 1404]
10-01 14:50:34.055 542 553 W ActivityManager: Unable to start service Intent { act=com.android.mail.action.BACKUP_DATA_CHANGED pkg=com.android.email } U=0: not found
10-01 14:50:34.056 542 697 W ActivityManager: Unable to start service Intent { act=com.android.mail.action.BACKUP_DATA_CHANGED pkg=com.android.email } U=0: not found
10-01 14:50:34.056 542 696 W ActivityManager: Unable to start service Intent { act=com.android.mail.action.BACKUP_DATA_CHANGED pkg=com.android.email } U=0: not found
10-01 14:50:34.057 542 552 W ActivityManager: Unable to start service Intent { act=com.android.mail.action.BACKUP_DATA_CHANGED pkg=com.android.email } U=0: not found
10-01 14:50:34.057 542 698 W ActivityManager: Unable to start service Intent { act=com.android.mail.action.BACKUP_DATA_CHANGED pkg=com.android.email } U=0: not found
10-01 14:50:34.057 542 629 W ActivityManager: Unable to start service Intent { act=com.android.mail.action.BACKUP_DATA_CHANGED pkg=com.android.email } U=0: not found
10-01 14:50:34.228 701 701 E PowerManager: WakeLock tag:GsmCellBroadcastHandler from [com.android.phone] is forbidden
10-01 14:50:34.260 542 552 I ActivityManager: Start proc 1083:com.android.smspush/u0a45 for service com.android.smspush/.WapPushManager
10-01 14:50:34.261 701 701 E PowerManager: WakeLock tag:GsmInboundSmsHandler from [com.android.phone] is forbidden
10-01 14:50:34.264 701 701 E PowerManager: WakeLock tag:CellBroadcastHandler from [com.android.phone] is forbidden
10-01 14:50:34.272 701 701 E PowerManager: WakeLock tag:CdmaInboundSmsHandler from [com.android.phone] is forbidden
10-01 14:50:34.275 701 701 E PowerManager: WakeLock tag:CdmaServiceCategoryProgramHandler from [com.android.phone] is forbidden
10-01 14:50:34.289 1083 1083 W System : ClassLoader referenced unknown path: /system/app/WAPPushManager/lib/arm
10-01 14:50:34.292 701 1103 E DcSwitchStateMachine-0: DctController is not ready
10-01 14:50:34.295 542 585 E ConnectivityService: Failed to find Messenger in unregisterNetworkFactory
10-01 14:50:34.296 542 585 D ConnectivityService: Got NetworkFactory Messenger for Telephony
10-01 14:50:34.311 701 701 E PowerManager: WakeLock tag:CallerInfoCache from [com.android.phone] is forbidden
10-01 14:50:34.321 701 701 D CarrierConfigLoader: CarrierConfigLoader has started
10-01 14:50:34.322 542 559 I chatty : uid=1000(system) android.io expire 1 line
10-01 14:50:34.356 701 701 I Telephony: TtyManager: updateUiTtyMode -1 -> 0
10-01 14:50:34.388 701 701 D TelephonyDebugService: TelephonyDebugService()
10-01 14:50:34.389 701 701 D CarrierConfigLoader: mHandler: 12 phoneId: 0
10-01 14:50:34.389 701 701 D CarrierConfigLoader: Build fingerprint changed. old: null new: Onyx/Nova/Nova:6.0.1/2018-10-01_12-18_dev_8a7790b/2633:user/release-keys
10-01 14:50:34.406 542 552 W ActivityManager: Unable to start service Intent { cmp=com.android.email/.service.AttachmentService } U=0: not found
10-01 14:50:34.407 542 697 W ActivityManager: Unable to start service Intent { cmp=com.android.email/.service.AttachmentService } U=0: not found
10-01 14:50:34.407 542 629 W ActivityManager: Unable to start service Intent { cmp=com.android.email/.service.AttachmentService } U=0: not found
10-01 14:50:34.527 542 696 W ActivityManager: Unable to start service Intent { cmp=com.android.email/.service.AttachmentService } U=0: not found
10-01 14:50:34.530 542 553 W ActivityManager: Unable to start service Intent { cmp=com.android.email/.service.AttachmentService } U=0: not found
10-01 14:50:34.533 542 697 W ActivityManager: Unable to start service Intent { cmp=com.android.email/.service.AttachmentService } U=0: not found
10-01 14:50:34.564 542 551 I chatty : uid=1000(system) HeapTaskDaemon expire 1 line
10-01 14:50:34.565 1026 1111 I Email : Observing account changes for notifications
10-01 14:50:34.572 542 697 I Telecom : PhoneAccountRegistrar: New phone account registered: [[ ] PhoneAccount: ComponentInfo{com.android.phone/com.android.services.telephony.TelephonyConnectionService}, [2be88ca4242c76e8253ac62474851065032d6833], UserHandle{0} Capabilities: 54 Schemes: tel voicemail ]
10-01 14:50:34.605 983 983 I Exchange: EasService.onCreate
10-01 14:50:34.609 983 1115 I Exchange: RestartPingTask
10-01 14:50:34.615 983 983 I Exchange: RestartPingsTask did not start any pings.
10-01 14:50:34.615 983 983 I Exchange: PSS stopIfIdle
10-01 14:50:34.615 983 983 I Exchange: PSS has no active accounts; stopping service.
10-01 14:50:34.616 983 983 I Exchange: onDestroy
10-01 14:50:34.619 542 697 I Telecom : : Sending phone-account intent as user
10-01 14:50:34.622 701 701 I Telephony: AccountEntry: Registered phoneAccount: [[ ] PhoneAccount: ComponentInfo{com.android.phone/com.android.services.telephony.TelephonyConnectionService}, [2be88ca4242c76e8253ac62474851065032d6833], UserHandle{0} Capabilities: 54 Schemes: tel voicemail ] with handle: ComponentInfo{com.android.phone/com.android.services.telephony.TelephonyConnectionService}, [2be88ca4242c76e8253ac62474851065032d6833], UserHandle{0}
10-01 14:50:34.622 701 701 I Telephony: PstnIncomingCallNotifier: Registering: Handler (com.android.internal.telephony.gsm.GSMPhone) {4da7457}
10-01 14:50:34.627 542 696 W Telecom : : No account found for the calling user
10-01 14:50:34.649 542 697 I Telecom : PhoneAccountRegistrar: [ComponentInfo{com.android.phone/com.android.services.telephony.TelephonyConnectionService}, [2be88ca4242c76e8253ac62474851065032d6833], UserHandle{0}(icon: Icon(typ=BITMAP size=36x45) -> Icon(typ=BITMAP size=36x45))]
10-01 14:50:34.659 542 697 I Telecom : : Sending phone-account intent as user
10-01 14:50:34.660 967 967 I chatty : uid=1000(system) com.onyx expire 3 lines
10-01 14:50:34.924 192 192 I hwcomposer: update_to_display(): upd_data -- marker[46] waveform_mode = 255, update_mode = 0, Rect[0 0 1872 1404]
10-01 14:50:35.380 967 1120 I chatty : uid=1000(system) com.onyx expire 3 lines
10-01 14:50:35.403 967 976 I chatty : uid=1000(system) com.onyx expire 1 line
10-01 14:50:35.440 1131 1131 I rild : type=1400 audit(0.0:46): avc: denied { read } for name="lib" dev="mmcblk0p13" ino=13 scontext=u:r:rild:s0 tcontext=u:object_r:unlabeled:s0 tclass=lnk_file permissive=1
10-01 14:50:35.444 967 1120 I chatty : uid=1000(system) com.onyx expire 44 lines
10-01 14:50:35.483 967 1123 I chatty : uid=1000(system) com.onyx expire 1 line
10-01 14:50:35.610 967 967 I chatty : uid=1000(system) com.onyx expire 7 lines
10-01 14:50:35.851 967 1120 I chatty : uid=1000(system) com.onyx expire 1 line
10-01 14:50:35.922 192 192 I hwcomposer: update_to_display(): upd_data -- marker[47] waveform_mode = 255, update_mode = 0, Rect[0 0 1872 1404]
10-01 14:50:35.990 967 1142 I chatty : uid=1000(system) com.onyx expire 1 line
10-01 14:50:36.112 967 967 I chatty : uid=1000(system) com.onyx expire 16 lines
10-01 14:50:36.133 542 629 I ActivityManager: Start proc 1144:com.android.externalstorage/u0a5 for broadcast com.android.externalstorage/.MountReceiver
10-01 14:50:36.246 1144 1144 W System : ClassLoader referenced unknown path: /system/priv-app/ExternalStorageProvider/lib/arm
10-01 14:50:36.250 1144 1144 D ExternalStorage: After updating volumes, found 1 active roots
10-01 14:50:36.282 1144 1144 D ExternalStorage: After updating volumes, found 1 active roots
10-01 14:50:36.283 1144 1144 D ExternalStorage: After updating volumes, found 1 active roots
10-01 14:50:36.577 542 580 I ActivityManager: Start proc 1158:com.google.android.gms.persistent/u0a6 for broadcast com.google.android.gms/com.google.android.location.internal.NlpNetworkProviderSettingsUpdateReceiver
10-01 14:50:36.601 967 1141 I chatty : uid=1000(system) com.onyx expire 1 line
10-01 14:50:36.700 1141 1141 I chatty : uid=1000(system) com.onyx expire 1 line
10-01 14:50:36.930 192 192 I hwcomposer: update_to_display(): upd_data -- marker[48] waveform_mode = 255, update_mode = 0, Rect[0 0 1872 1404]
10-01 14:50:37.010 1158 1158 I chatty : uid=10006 com.google.android.gms.persistent expire 29 lines
10-01 14:50:37.247 701 1080 E PowerManager: WakeLock under-locked: GsmCellBroadcastHandler
10-01 14:50:37.270 701 1094 E PowerManager: WakeLock under-locked: CellBroadcastHandler
10-01 14:50:37.282 701 1100 E PowerManager: WakeLock under-locked: CdmaServiceCategoryProgramHandler
10-01 14:50:37.863 701 1098 E PowerManager: WakeLock under-locked: CdmaInboundSmsHandler
10-01 14:50:37.863 701 1082 E PowerManager: WakeLock under-locked: GsmInboundSmsHandler
10-01 14:50:37.927 192 192 I hwcomposer: update_to_display(): upd_data -- marker[49] waveform_mode = 255, update_mode = 0, Rect[0 0 1872 1404]
10-01 14:50:38.556 542 630 I ActivityManager: Start proc 1175:com.google.process.gapps/u0a6 for content provider com.google.android.gsf/.gservices.GservicesProvider
10-01 14:50:38.665 1175 1175 I chatty : uid=10006(com.google.android.gms) com.google.process.gapps expire 2 lines
10-01 14:50:38.925 192 192 I hwcomposer: update_to_display(): upd_data -- marker[50] waveform_mode = 255, update_mode = 0, Rect[0 0 1872 1404]
10-01 14:50:39.079 542 564 I ActivityManager: Force finishing activity ActivityRecord{79c36ae u0 com.android.settings/.CryptKeeper t1 f}
10-01 14:50:39.080 542 564 W ActivityManager: Duplicate finish request for ActivityRecord{79c36ae u0 com.android.settings/.CryptKeeper t1 f}
10-01 14:50:39.100 542 574 I chatty : uid=1000(system) InputReader expire 3 lines
10-01 14:50:39.933 192 192 I hwcomposer: update_to_display(): upd_data -- marker[51] waveform_mode = 255, update_mode = 0, Rect[0 0 1872 1404]
10-01 14:50:40.131 542 555 W ContextImpl: Calling a method in the system process without a qualified user: android.app.ContextImpl.sendBroadcast:763 android.onyx.BroadcastHelper.sendActivityFinish:384 com.android.server.am.ActivityManagerService.onActivityFinished:21098 com.android.server.am.ActivityStack.removeActivityFromHistoryLocked:3274 com.android.server.am.ActivityStack.destroyActivityLocked:3490
10-01 14:50:40.143 542 555 W ActivityManager: Wtf, activity ActivityRecord{79c36ae u0 com.android.settings/.CryptKeeper t1 f} in proc activity list not using proc ProcessRecord{9aa169a 725:com.android.settings:CryptKeeper/1000}?!? Using null instead.
10-01 14:50:40.243 542 555 I ActivityManager: START u0 {act=android.intent.action.MAIN cat=[android.intent.category.HOME] flg=0x10000000 cmp=com.android.provision/.DefaultActivity} from uid 0 on display 0
10-01 14:50:40.281 542 555 W ActivityManager: Wtf, activity ActivityRecord{79c36ae u0 com.android.settings/.CryptKeeper t1 f} in proc activity list not using proc ProcessRecord{9aa169a 725:com.android.settings:CryptKeeper/1000}?!? Using null instead.
10-01 14:50:40.282 542 555 I chatty : uid=1000(system) ActivityManager expire 1 line
10-01 14:50:40.282 542 555 W KeyguardServiceDelegate: onScreenTurningOn(): no keyguard service!
10-01 14:50:40.295 542 555 I ActivityManager: Start proc 1194:com.android.provision/u0a43 for activity com.android.provision/.DefaultActivity
10-01 14:50:40.313 542 553 W ActivityManager: Wtf, activity ActivityRecord{79c36ae u0 com.android.settings/.CryptKeeper t1 f} in proc activity list not using proc ProcessRecord{9aa169a 725:com.android.settings:CryptKeeper/1000}?!? Using null instead.
10-01 14:50:40.319 542 553 W ContextImpl: Calling a method in the system process without a qualified user: android.app.ContextImpl.sendBroadcast:763 android.onyx.BroadcastHelper.sendActivityResume:370 com.android.server.am.ActivityManagerService.onActivityResumed:21088 com.android.server.am.ActivityStack.completeResumeLocked:1167 com.android.server.am.ActivityStack.minimalResumeActivityLocked:677
10-01 14:50:40.321 542 542 I chatty : uid=1000 system_server expire 2 lines
10-01 14:50:40.341 542 555 W ActivityManager: Launch timeout has expired, giving up wake lock!
10-01 14:50:40.356 542 697 I chatty : uid=1000(system) Binder_6 expire 1 line
10-01 14:50:40.358 542 560 I WindowManager: ******* TELLING SURFACE FLINGER WE ARE BOOTED!
10-01 14:50:40.358 192 952 I SurfaceFlinger: Boot is finished (40731 ms)
10-01 14:50:40.484 1194 1194 W System : ClassLoader referenced unknown path: /system/app/Provision/lib/arm
10-01 14:50:40.492 542 553 W ContextImpl: Calling a method in the system process without a qualified user: android.app.ContextImpl.sendBroadcast:763 android.onyx.BroadcastHelper.sendActivityPause:377 com.android.server.am.ActivityManagerService.onActivityPaused:21109 com.android.server.am.ActivityStack.activityPausedLocked:944 com.android.server.am.ActivityManagerService.activityPaused:6808
10-01 14:50:40.771 1158 1167 I chatty : uid=10006(com.google.android.gms) HeapTaskDaemon expire 2 lines
10-01 14:50:41.040 192 192 I hwcomposer: update_to_display(): upd_data -- marker[52] waveform_mode = 255, update_mode = 0, Rect[0 0 1872 1404]
10-01 14:50:41.149 192 192 I hwcomposer: update_to_display(): upd_data -- marker[53] waveform_mode = 255, update_mode = 0, Rect[0 0 1872 1404]
10-01 14:50:41.367 220 220 E installd: Unable to unlink boot marker at /data/dalvik-cache/arm/.booting, error=No such file or directory
10-01 14:50:41.367 542 560 E ActivityManager: Unable to mark boot complete for abi: armeabi-v7a
10-01 14:50:41.368 542 560 I SystemServiceManager: Starting phase 1000
10-01 14:50:41.451 542 555 W ActivityManager: Wtf, activity ActivityRecord{79c36ae u0 com.android.settings/.CryptKeeper t1 f} in proc activity list not using proc ProcessRecord{9aa169a 725:com.android.settings:CryptKeeper/1000}?!? Using null instead.
10-01 14:50:41.451 967 967 I chatty : uid=1000(system) com.onyx expire 1 line
10-01 14:50:41.599 542 552 W ActivityManager: Wtf, activity ActivityRecord{79c36ae u0 com.android.settings/.CryptKeeper t1 f} in proc activity list not using proc ProcessRecord{9aa169a 725:com.android.settings:CryptKeeper/1000}?!? Using null instead.
10-01 14:50:41.600 542 552 W ActivityManager: Wtf, activity ActivityRecord{79c36ae u0 com.android.settings/.CryptKeeper t1 f} in proc activity list not using proc ProcessRecord{9aa169a 725:com.android.settings:CryptKeeper/1000}?!? Using null instead.
10-01 14:50:41.711 542 560 I ActivityManager: Start proc 1208:com.android.bluetooth/1002 for on-hold
10-01 14:50:41.776 542 630 W ActivityManager: Wtf, activity ActivityRecord{79c36ae u0 com.android.settings/.CryptKeeper t1 f} in proc activity list not using proc ProcessRecord{9aa169a 725:com.android.settings:CryptKeeper/1000}?!? Using null instead.
10-01 14:50:41.783 190 190 I chatty : uid=1000(system) /system/bin/servicemanager expire 2 lines
10-01 14:50:41.860 1208 1208 I droid.bluetooth: type=1400 audit(0.0:53): avc: denied { read } for name="lib" dev="mmcblk0p13" ino=13 scontext=u:r:bluetooth:s0 tcontext=u:object_r:unlabeled:s0 tclass=lnk_file permissive=1
10-01 14:50:42.448 1208 1208 D AdapterServiceConfig: Adding HeadsetService
10-01 14:50:42.448 1208 1208 D AdapterServiceConfig: Adding A2dpService
10-01 14:50:42.448 1208 1208 D AdapterServiceConfig: Adding HidService
10-01 14:50:42.448 1208 1208 D AdapterServiceConfig: Adding HealthService
10-01 14:50:42.449 1208 1208 D AdapterServiceConfig: Adding PanService
10-01 14:50:42.449 1208 1208 D AdapterServiceConfig: Adding GattService
10-01 14:50:42.449 1208 1208 D AdapterServiceConfig: Adding BluetoothMapService
10-01 14:50:42.523 542 559 I chatty : uid=1000(system) android.io expire 1 line
10-01 14:50:42.524 1208 1208 D BluetoothAdapterState: make() - Creating AdapterState
10-01 14:50:42.526 1208 1208 I bt_bluedroid: init
10-01 14:50:42.527 1208 1220 I BluetoothAdapterState: Entering OffState
10-01 14:50:42.528 1208 1221 E bt_osi_config: config_new unable to open file '/data/misc/bluedroid/bt_config.conf': No such file or directory
10-01 14:50:42.528 1208 1221 W bt_btif_config: init unable to load config file; attempting to transcode legacy file.
10-01 14:50:42.528 1208 1221 E bt_btif_config_transcode: config_t* btif_config_transcode(const char*) unable to load XML file '/data/misc/bluedroid/bt_config.xml': 3
10-01 14:50:42.528 1208 1221 W bt_btif_config: init unable to transcode legacy file, starting unconfigured.
10-01 14:50:42.558 542 630 I ActivityManager: Start proc 1222:com.google.android.gms/u0a6 for service com.google.android.gms/.chimera.GmsIntentOperationService
10-01 14:50:42.668 1208 1221 I bt_bte_conf: bte_load_ble_conf attempt to load ble stack conf from /etc/bluetooth/ble_stack.conf
10-01 14:50:42.669 1208 1221 E bt_osi_config: config_new unable to open file '/etc/bluetooth/ble_stack.conf': No such file or directory
10-01 14:50:42.669 1208 1221 I bt_bte_conf: bte_load_ble_conf file >/etc/bluetooth/ble_stack.conf< not found
10-01 14:50:42.669 1208 1221 I bt_stack_config: init attempt to load stack conf from /etc/bluetooth/bt_stack.conf
10-01 14:50:42.671 1208 1221 E bt_btif : vendor_storage open fail
10-01 14:50:42.671 1208 1221 E bt_btif : Get local bdaddr from vflash
10-01 14:50:42.671 1208 1221 E bt_btif : btif_fetch_local_bdaddr, local bdaddr is stored in /data/misc/bluetooth/bdaddr
10-01 14:50:42.674 1208 1221 E bt_btif : No preset BDA. Generating BDA: 22:22:94:0b:8d:c8 for prop persist.service.bdroid.bdaddr
10-01 14:50:42.694 542 629 W ActivityManager: Wtf, activity ActivityRecord{79c36ae u0 com.android.settings/.CryptKeeper t1 f} in proc activity list not using proc ProcessRecord{9aa169a 725:com.android.settings:CryptKeeper/1000}?!? Using null instead.
10-01 14:50:42.926 1208 1208 I bt_bluedroid: get_profile_interface socket
10-01 14:50:42.932 1208 1236 D BluetoothAdapterProperties: Address is:22:22:94:0B:8D:C8
10-01 14:50:42.933 1208 1208 I bt_bluedroid: get_profile_interface sdp
10-01 14:50:42.936 1208 1236 D BluetoothAdapterProperties: Name is: BOOX Nova
10-01 14:50:42.944 1208 1219 I bt_bluedroid: config_hci_snoop_log
10-01 14:50:43.051 542 699 W ActivityManager: Wtf, activity ActivityRecord{79c36ae u0 com.android.settings/.CryptKeeper t1 f} in proc activity list not using proc ProcessRecord{9aa169a 725:com.android.settings:CryptKeeper/1000}?!? Using null instead.
10-01 14:50:43.052 1208 1208 W BluetoothSdpJni: Cleaning up Bluetooth SDP Interface...
10-01 14:50:43.052 1208 1208 W BluetoothSdpJni: Cleaning up Bluetooth Health object
10-01 14:50:43.053 1208 1208 I BluetoothServiceJni: cleanupNative: return from cleanup
10-01 14:50:43.053 1208 1221 D bt_stack_manager: event_clean_up_stack is cleaning up the stack.
10-01 14:50:43.055 1208 1208 I art : System.exit called, status: 0
10-01 14:50:43.055 1208 1208 I AndroidRuntime: VM exiting with result code 0, cleanup skipped.
10-01 14:50:43.075 1222 1222 I chatty : uid=10006(com.google.android.gms) expire 25 lines
10-01 14:50:43.126 542 699 I ActivityManager: Process com.android.bluetooth (pid 1208) has died
10-01 14:50:43.127 542 699 W ActivityManager: Wtf, activity ActivityRecord{79c36ae u0 com.android.settings/.CryptKeeper t1 f} in proc activity list not using proc ProcessRecord{9aa169a 725:com.android.settings:CryptKeeper/1000}?!? Using null instead.
10-01 14:50:43.128 192 192 E SurfaceFlinger: App die 1208 0
10-01 14:50:43.258 542 696 W ActivityManager: Wtf, activity ActivityRecord{79c36ae u0 com.android.settings/.CryptKeeper t1 f} in proc activity list not using proc ProcessRecord{9aa169a 725:com.android.settings:CryptKeeper/1000}?!? Using null instead.
10-01 14:50:43.688 1158 1243 I chatty : uid=10006 com.google.android.gms.persistent expire 13 lines
10-01 14:50:43.874 542 630 W ActivityManager: Wtf, activity ActivityRecord{79c36ae u0 com.android.settings/.CryptKeeper t1 f} in proc activity list not using proc ProcessRecord{9aa169a 725:com.android.settings:CryptKeeper/1000}?!? Using null instead.
10-01 14:50:43.875 542 553 W ActivityManager: Wtf, activity ActivityRecord{79c36ae u0 com.android.settings/.CryptKeeper t1 f} in proc activity list not using proc ProcessRecord{9aa169a 725:com.android.settings:CryptKeeper/1000}?!? Using null instead.
10-01 14:50:43.890 1222 1253 I chatty : uid=10006(com.google.android.gms) expire 7 lines
10-01 14:50:43.899 542 697 W ActivityManager: Wtf, activity ActivityRecord{79c36ae u0 com.android.settings/.CryptKeeper t1 f} in proc activity list not using proc ProcessRecord{9aa169a 725:com.android.settings:CryptKeeper/1000}?!? Using null instead.
10-01 14:50:43.899 542 697 W ActivityManager: Wtf, activity ActivityRecord{79c36ae u0 com.android.settings/.CryptKeeper t1 f} in proc activity list not using proc ProcessRecord{9aa169a 725:com.android.settings:CryptKeeper/1000}?!? Using null instead.
10-01 14:50:44.124 1158 1168 I chatty : uid=10006(com.google.android.gms) Binder_1 expire 7 lines
10-01 14:50:44.203 1158 1257 I chatty : uid=10006(com.google.android.gms) Binder_3 expire 6 lines
10-01 14:50:44.273 542 629 W ActivityManager: Wtf, activity ActivityRecord{79c36ae u0 com.android.settings/.CryptKeeper t1 f} in proc activity list not using proc ProcessRecord{9aa169a 725:com.android.settings:CryptKeeper/1000}?!? Using null instead.
10-01 14:50:44.281 542 553 W ActivityManager: Wtf, activity ActivityRecord{79c36ae u0 com.android.settings/.CryptKeeper t1 f} in proc activity list not using proc ProcessRecord{9aa169a 725:com.android.settings:CryptKeeper/1000}?!? Using null instead.
10-01 14:50:44.284 542 629 W ActivityManager: Wtf, activity ActivityRecord{79c36ae u0 com.android.settings/.CryptKeeper t1 f} in proc activity list not using proc ProcessRecord{9aa169a 725:com.android.settings:CryptKeeper/1000}?!? Using null instead.
10-01 14:50:44.289 542 699 W ActivityManager: Wtf, activity ActivityRecord{79c36ae u0 com.android.settings/.CryptKeeper t1 f} in proc activity list not using proc ProcessRecord{9aa169a 725:com.android.settings:CryptKeeper/1000}?!? Using null instead.
10-01 14:50:44.292 542 698 W ActivityManager: Wtf, activity ActivityRecord{79c36ae u0 com.android.settings/.CryptKeeper t1 f} in proc activity list not using proc ProcessRecord{9aa169a 725:com.android.settings:CryptKeeper/1000}?!? Using null instead.
10-01 14:50:44.294 542 552 W ActivityManager: Wtf, activity ActivityRecord{79c36ae u0 com.android.settings/.CryptKeeper t1 f} in proc activity list not using proc ProcessRecord{9aa169a 725:com.android.settings:CryptKeeper/1000}?!? Using null instead.
10-01 14:50:44.297 542 629 W ActivityManager: Wtf, activity ActivityRecord{79c36ae u0 com.android.settings/.CryptKeeper t1 f} in proc activity list not using proc ProcessRecord{9aa169a 725:com.android.settings:CryptKeeper/1000}?!? Using null instead.
10-01 14:50:44.300 542 697 W ActivityManager: Wtf, activity ActivityRecord{79c36ae u0 com.android.settings/.CryptKeeper t1 f} in proc activity list not using proc ProcessRecord{9aa169a 725:com.android.settings:CryptKeeper/1000}?!? Using null instead.
10-01 14:50:44.302 542 696 W ActivityManager: Wtf, activity ActivityRecord{79c36ae u0 com.android.settings/.CryptKeeper t1 f} in proc activity list not using proc ProcessRecord{9aa169a 725:com.android.settings:CryptKeeper/1000}?!? Using null instead.
10-01 14:50:44.305 542 553 W ActivityManager: Wtf, activity ActivityRecord{79c36ae u0 com.android.settings/.CryptKeeper t1 f} in proc activity list not using proc ProcessRecord{9aa169a 725:com.android.settings:CryptKeeper/1000}?!? Using null instead.
10-01 14:50:44.307 542 699 W ActivityManager: Wtf, activity ActivityRecord{79c36ae u0 com.android.settings/.CryptKeeper t1 f} in proc activity list not using proc ProcessRecord{9aa169a 725:com.android.settings:CryptKeeper/1000}?!? Using null instead.
10-01 14:50:44.310 542 698 W ActivityManager: Wtf, activity ActivityRecord{79c36ae u0 com.android.settings/.CryptKeeper t1 f} in proc activity list not using proc ProcessRecord{9aa169a 725:com.android.settings:CryptKeeper/1000}?!? Using null instead.
10-01 14:50:44.313 542 552 W ActivityManager: Wtf, activity ActivityRecord{79c36ae u0 com.android.settings/.CryptKeeper t1 f} in proc activity list not using proc ProcessRecord{9aa169a 725:com.android.settings:CryptKeeper/1000}?!? Using null instead.
10-01 14:50:44.316 542 629 W ActivityManager: Wtf, activity ActivityRecord{79c36ae u0 com.android.settings/.CryptKeeper t1 f} in proc activity list not using proc ProcessRecord{9aa169a 725:com.android.settings:CryptKeeper/1000}?!? Using null instead.
10-01 14:50:44.319 542 697 W ActivityManager: Wtf, activity ActivityRecord{79c36ae u0 com.android.settings/.CryptKeeper t1 f} in proc activity list not using proc ProcessRecord{9aa169a 725:com.android.settings:CryptKeeper/1000}?!? Using null instead.
10-01 14:50:44.322 542 630 W ActivityManager: Wtf, activity ActivityRecord{79c36ae u0 com.android.settings/.CryptKeeper t1 f} in proc activity list not using proc ProcessRecord{9aa169a 725:com.android.settings:CryptKeeper/1000}?!? Using null instead.
10-01 14:50:44.325 542 553 W ActivityManager: Wtf, activity ActivityRecord{79c36ae u0 com.android.settings/.CryptKeeper t1 f} in proc activity list not using proc ProcessRecord{9aa169a 725:com.android.settings:CryptKeeper/1000}?!? Using null instead.
10-01 14:50:44.328 542 699 W ActivityManager: Wtf, activity ActivityRecord{79c36ae u0 com.android.settings/.CryptKeeper t1 f} in proc activity list not using proc ProcessRecord{9aa169a 725:com.android.settings:CryptKeeper/1000}?!? Using null instead.
10-01 14:50:44.331 542 630 W ActivityManager: Wtf, activity ActivityRecord{79c36ae u0 com.android.settings/.CryptKeeper t1 f} in proc activity list not using proc ProcessRecord{9aa169a 725:com.android.settings:CryptKeeper/1000}?!? Using null instead.
10-01 14:50:44.334 542 553 W ActivityManager: Wtf, activity ActivityRecord{79c36ae u0 com.android.settings/.CryptKeeper t1 f} in proc activity list not using proc ProcessRecord{9aa169a 725:com.android.settings:CryptKeeper/1000}?!? Using null instead.
10-01 14:50:44.337 542 699 W ActivityManager: Wtf, activity ActivityRecord{79c36ae u0 com.android.settings/.CryptKeeper t1 f} in proc activity list not using proc ProcessRecord{9aa169a 725:com.android.settings:CryptKeeper/1000}?!? Using null instead.
10-01 14:50:44.340 542 630 W ActivityManager: Wtf, activity ActivityRecord{79c36ae u0 com.android.settings/.CryptKeeper t1 f} in proc activity list not using proc ProcessRecord{9aa169a 725:com.android.settings:CryptKeeper/1000}?!? Using null instead.
10-01 14:50:44.344 542 552 W ActivityManager: Wtf, activity ActivityRecord{79c36ae u0 com.android.settings/.CryptKeeper t1 f} in proc activity list not using proc ProcessRecord{9aa169a 725:com.android.settings:CryptKeeper/1000}?!? Using null instead.
10-01 14:50:44.348 542 696 W ActivityManager: Wtf, activity ActivityRecord{79c36ae u0 com.android.settings/.CryptKeeper t1 f} in proc activity list not using proc ProcessRecord{9aa169a 725:com.android.settings:CryptKeeper/1000}?!? Using null instead.
10-01 14:50:44.351 542 698 W ActivityManager: Wtf, activity ActivityRecord{79c36ae u0 com.android.settings/.CryptKeeper t1 f} in proc activity list not using proc ProcessRecord{9aa169a 725:com.android.settings:CryptKeeper/1000}?!? Using null instead.
10-01 14:50:44.355 542 629 W ActivityManager: Wtf, activity ActivityRecord{79c36ae u0 com.android.settings/.CryptKeeper t1 f} in proc activity list not using proc ProcessRecord{9aa169a 725:com.android.settings:CryptKeeper/1000}?!? Using null instead.
10-01 14:50:44.358 542 553 W ActivityManager: Wtf, activity ActivityRecord{79c36ae u0 com.android.settings/.CryptKeeper t1 f} in proc activity list not using proc ProcessRecord{9aa169a 725:com.android.settings:CryptKeeper/1000}?!? Using null instead.
10-01 14:50:44.362 542 697 W ActivityManager: Wtf, activity ActivityRecord{79c36ae u0 com.android.settings/.CryptKeeper t1 f} in proc activity list not using proc ProcessRecord{9aa169a 725:com.android.settings:CryptKeeper/1000}?!? Using null instead.
10-01 14:50:44.366 542 698 W ActivityManager: Wtf, activity ActivityRecord{79c36ae u0 com.android.settings/.CryptKeeper t1 f} in proc activity list not using proc ProcessRecord{9aa169a 725:com.android.settings:CryptKeeper/1000}?!? Using null instead.
10-01 14:50:44.369 542 699 W ActivityManager: Wtf, activity ActivityRecord{79c36ae u0 com.android.settings/.CryptKeeper t1 f} in proc activity list not using proc ProcessRecord{9aa169a 725:com.android.settings:CryptKeeper/1000}?!? Using null instead.
10-01 14:50:44.373 542 552 W ActivityManager: Wtf, activity ActivityRecord{79c36ae u0 com.android.settings/.CryptKeeper t1 f} in proc activity list not using proc ProcessRecord{9aa169a 725:com.android.settings:CryptKeeper/1000}?!? Using null instead.
10-01 14:50:44.377 542 630 W ActivityManager: Wtf, activity ActivityRecord{79c36ae u0 com.android.settings/.CryptKeeper t1 f} in proc activity list not using proc ProcessRecord{9aa169a 725:com.android.settings:CryptKeeper/1000}?!? Using null instead.
10-01 14:50:44.380 542 629 W ActivityManager: Wtf, activity ActivityRecord{79c36ae u0 com.android.settings/.CryptKeeper t1 f} in proc activity list not using proc ProcessRecord{9aa169a 725:com.android.settings:CryptKeeper/1000}?!? Using null instead.
10-01 14:50:44.499 542 630 W ActivityManager: Wtf, activity ActivityRecord{79c36ae u0 com.android.settings/.CryptKeeper t1 f} in proc activity list not using proc ProcessRecord{9aa169a 725:com.android.settings:CryptKeeper/1000}?!? Using null instead.
