10-01 14:51:11.433 1013 1863 W MediaProvider: Missing volume for /system/media/audio/ringtones/DreamTheme.ogg; assuming invalid
10-01 14:51:11.435 1013 1863 W MediaProvider: Missing volume for /system/media/audio/ringtones/Eastern_Sky.ogg; assuming invalid
10-01 14:51:11.436 1013 1863 W MediaProvider: Missing volume for /system/media/audio/ringtones/Enter_the_Nexus.ogg; assuming invalid
10-01 14:51:11.438 1013 1863 W MediaProvider: Missing volume for /system/media/audio/ringtones/Eridani.ogg; assuming invalid
10-01 14:51:11.439 1013 1863 W MediaProvider: Missing volume for /system/media/audio/ringtones/EtherShake.ogg; assuming invalid
10-01 14:51:11.440 1013 1863 W MediaProvider: Missing volume for /system/media/audio/ringtones/FreeFlight.ogg; assuming invalid
10-01 14:51:11.442 1013 1863 W MediaProvider: Missing volume for /system/media/audio/ringtones/FriendlyGhost.ogg; assuming invalid
10-01 14:51:11.443 1013 1863 W MediaProvider: Missing volume for /system/media/audio/ringtones/Funk_Yall.ogg; assuming invalid
10-01 14:51:11.444 1013 1863 W MediaProvider: Missing volume for /system/media/audio/ringtones/GameOverGuitar.ogg; assuming invalid
10-01 14:51:11.445 1158 1313 E GCM : Missing checkin config file
10-01 14:51:11.445 1158 1313 W GCM : GCM FAILED TO INITIALIZE - missing checkin
10-01 14:51:11.446 1158 1691 E GcmPushIntentOperation: Failed to subscribe to GCM: com.google.android.gms.trustlet_onbody
10-01 14:51:11.446 1158 1691 E GcmPushIntentOperation: java.io.IOException: AUTHENTICATION_FAILED
10-01 14:51:11.446 1158 1691 E GcmPushIntentOperation: at vov.b(:com.google.android.gms@11951434:39)
10-01 14:51:11.446 1158 1691 E GcmPushIntentOperation: at vov.a(:com.google.android.gms@11951434:46)
10-01 14:51:11.446 1158 1691 E GcmPushIntentOperation: at vos.b(:com.google.android.gms@11951434:11)
10-01 14:51:11.446 1158 1691 E GcmPushIntentOperation: at vos.a(:com.google.android.gms@11951434:29)
10-01 14:51:11.446 1158 1691 E GcmPushIntentOperation: at com.google.android.gms.phenotype.gcmpush.GcmPushIntentOperation.a(:com.google.android.gms@11951434:13)
10-01 14:51:11.446 1158 1691 E GcmPushIntentOperation: at com.google.android.gms.phenotype.gcmpush.GcmPushIntentOperation.onHandleIntent(:com.google.android.gms@11951434:6)
10-01 14:51:11.446 1158 1691 E GcmPushIntentOperation: at com.google.android.chimera.IntentOperation.onHandleIntent(:com.google.android.gms@11951434:2)
10-01 14:51:11.446 1158 1691 E GcmPushIntentOperation: at crr.run(:com.google.android.gms@11951434:10)
10-01 14:51:11.446 1158 1691 E GcmPushIntentOperation: at cro.run(:com.google.android.gms@11951434:9)
10-01 14:51:11.446 1158 1691 E GcmPushIntentOperation: at java.util.concurrent.ThreadPoolExecutor.runWorker(ThreadPoolExecutor.java:1113)
10-01 14:51:11.446 1158 1691 E GcmPushIntentOperation: at java.util.concurrent.ThreadPoolExecutor$Worker.run(ThreadPoolExecutor.java:588)
10-01 14:51:11.446 1158 1691 E GcmPushIntentOperation: at java.lang.Thread.run(Thread.java:818)
10-01 14:51:11.446 1013 1863 W MediaProvider: Missing volume for /system/media/audio/ringtones/Gimme_Mo_Town.ogg; assuming invalid
10-01 14:51:11.449 1013 1863 W MediaProvider: Missing volume for /system/media/audio/ringtones/Girtab.ogg; assuming invalid
10-01 14:51:11.450 1013 1863 W MediaProvider: Missing volume for /system/media/audio/ringtones/Glacial_Groove.ogg; assuming invalid
10-01 14:51:11.452 1013 1863 W MediaProvider: Missing volume for /system/media/audio/ringtones/Growl.ogg; assuming invalid
10-01 14:51:11.453 1013 1863 W MediaProvider: Missing volume for /system/media/audio/ringtones/HalfwayHome.ogg; assuming invalid
10-01 14:51:11.455 1013 1863 W MediaProvider: Missing volume for /system/media/audio/ringtones/Hydra.ogg; assuming invalid
10-01 14:51:11.456 1013 1863 W MediaProvider: Missing volume for /system/media/audio/ringtones/InsertCoin.ogg; assuming invalid
10-01 14:51:11.458 1013 1863 W MediaProvider: Missing volume for /system/media/audio/ringtones/Kuma.ogg; assuming invalid
10-01 14:51:11.459 1013 1863 W MediaProvider: Missing volume for /system/media/audio/ringtones/LoopyLounge.ogg; assuming invalid
10-01 14:51:11.461 1158 1313 E GCM : Missing checkin config file
10-01 14:51:11.461 1158 1313 W GCM : GCM FAILED TO INITIALIZE - missing checkin
10-01 14:51:11.462 1158 1691 E GcmPushIntentOperation: Failed to subscribe to GCM: com.google.android.gms.languageprofile
10-01 14:51:11.462 1158 1691 E GcmPushIntentOperation: java.io.IOException: AUTHENTICATION_FAILED
10-01 14:51:11.462 1158 1691 E GcmPushIntentOperation: at vov.b(:com.google.android.gms@11951434:39)
10-01 14:51:11.462 1158 1691 E GcmPushIntentOperation: at vov.a(:com.google.android.gms@11951434:46)
10-01 14:51:11.462 1158 1691 E GcmPushIntentOperation: at vos.b(:com.google.android.gms@11951434:11)
10-01 14:51:11.462 1158 1691 E GcmPushIntentOperation: at vos.a(:com.google.android.gms@11951434:29)
10-01 14:51:11.462 1158 1691 E GcmPushIntentOperation: at com.google.android.gms.phenotype.gcmpush.GcmPushIntentOperation.a(:com.google.android.gms@11951434:13)
10-01 14:51:11.462 1158 1691 E GcmPushIntentOperation: at com.google.android.gms.phenotype.gcmpush.GcmPushIntentOperation.onHandleIntent(:com.google.android.gms@11951434:6)
10-01 14:51:11.462 1158 1691 E GcmPushIntentOperation: at com.google.android.chimera.IntentOperation.onHandleIntent(:com.google.android.gms@11951434:2)
10-01 14:51:11.462 1158 1691 E GcmPushIntentOperation: at crr.run(:com.google.android.gms@11951434:10)
10-01 14:51:11.462 1158 1691 E GcmPushIntentOperation: at cro.run(:com.google.android.gms@11951434:9)
10-01 14:51:11.462 1158 1691 E GcmPushIntentOperation: at java.util.concurrent.ThreadPoolExecutor.runWorker(ThreadPoolExecutor.java:1113)
10-01 14:51:11.462 1158 1691 E GcmPushIntentOperation: at java.util.concurrent.ThreadPoolExecutor$Worker.run(ThreadPoolExecutor.java:588)
10-01 14:51:11.462 1158 1691 E GcmPushIntentOperation: at java.lang.Thread.run(Thread.java:818)
10-01 14:51:11.462 1013 1863 W MediaProvider: Missing volume for /system/media/audio/ringtones/LoveFlute.ogg; assuming invalid
10-01 14:51:11.464 1013 1863 W MediaProvider: Missing volume for /system/media/audio/ringtones/Lyra.ogg; assuming invalid
10-01 14:51:11.466 1013 1863 W MediaProvider: Missing volume for /system/media/audio/ringtones/Machina.ogg; assuming invalid
10-01 14:51:11.467 1013 1863 W MediaProvider: Missing volume for /system/media/audio/ringtones/MidEvilJaunt.ogg; assuming invalid
10-01 14:51:11.469 1013 1863 W MediaProvider: Missing volume for /system/media/audio/ringtones/MildlyAlarming.ogg; assuming invalid
10-01 14:51:11.470 1013 1863 W MediaProvider: Missing volume for /system/media/audio/ringtones/Nairobi.ogg; assuming invalid
10-01 14:51:11.471 1013 1863 W MediaProvider: Missing volume for /system/media/audio/ringtones/Nassau.ogg; assuming invalid
10-01 14:51:11.473 1013 1863 W MediaProvider: Missing volume for /system/media/audio/ringtones/NewPlayer.ogg; assuming invalid
10-01 14:51:11.474 1013 1863 W MediaProvider: Missing volume for /system/media/audio/ringtones/No_Limits.ogg; assuming invalid
10-01 14:51:11.476 1013 1863 W MediaProvider: Missing volume for /system/media/audio/ringtones/Noises1.ogg; assuming invalid
10-01 14:51:11.476 1158 1313 E GCM : Missing checkin config file
10-01 14:51:11.476 1158 1313 W GCM : GCM FAILED TO INITIALIZE - missing checkin
10-01 14:51:11.477 1158 1691 E GcmPushIntentOperation: Failed to subscribe to GCM: com.google.android.gms.mobile_data_plan
10-01 14:51:11.477 1158 1691 E GcmPushIntentOperation: java.io.IOException: AUTHENTICATION_FAILED
10-01 14:51:11.477 1158 1691 E GcmPushIntentOperation: at vov.b(:com.google.android.gms@11951434:39)
10-01 14:51:11.477 1158 1691 E GcmPushIntentOperation: at vov.a(:com.google.android.gms@11951434:46)
10-01 14:51:11.477 1158 1691 E GcmPushIntentOperation: at vos.b(:com.google.android.gms@11951434:11)
10-01 14:51:11.477 1158 1691 E GcmPushIntentOperation: at vos.a(:com.google.android.gms@11951434:29)
10-01 14:51:11.477 1158 1691 E GcmPushIntentOperation: at com.google.android.gms.phenotype.gcmpush.GcmPushIntentOperation.a(:com.google.android.gms@11951434:13)
10-01 14:51:11.477 1158 1691 E GcmPushIntentOperation: at com.google.android.gms.phenotype.gcmpush.GcmPushIntentOperation.onHandleIntent(:com.google.android.gms@11951434:6)
10-01 14:51:11.477 1158 1691 E GcmPushIntentOperation: at com.google.android.chimera.IntentOperation.onHandleIntent(:com.google.android.gms@11951434:2)
10-01 14:51:11.477 1158 1691 E GcmPushIntentOperation: at crr.run(:com.google.android.gms@11951434:10)
10-01 14:51:11.477 1158 1691 E GcmPushIntentOperation: at cro.run(:com.google.android.gms@11951434:9)
10-01 14:51:11.477 1158 1691 E GcmPushIntentOperation: at java.util.concurrent.ThreadPoolExecutor.runWorker(ThreadPoolExecutor.java:1113)
10-01 14:51:11.477 1158 1691 E GcmPushIntentOperation: at java.util.concurrent.ThreadPoolExecutor$Worker.run(ThreadPoolExecutor.java:588)
10-01 14:51:11.477 1158 1691 E GcmPushIntentOperation: at java.lang.Thread.run(Thread.java:818)
10-01 14:51:11.478 1013 1863 W MediaProvider: Missing volume for /system/media/audio/ringtones/Noises2.ogg; assuming invalid
10-01 14:51:11.480 1013 1863 W MediaProvider: Missing volume for /system/media/audio/ringtones/Noises3.ogg; assuming invalid
10-01 14:51:11.481 1013 1863 W MediaProvider: Missing volume for /system/media/audio/ringtones/OrganDub.ogg; assuming invalid
10-01 14:51:11.483 1013 1863 W MediaProvider: Missing volume for /system/media/audio/ringtones/Orion.ogg; assuming invalid
10-01 14:51:11.486 1013 1863 W MediaProvider: Missing volume for /system/media/audio/ringtones/PERSEUS.ogg; assuming invalid
10-01 14:51:11.487 1013 1863 W MediaProvider: Missing volume for /system/media/audio/ringtones/Paradise_Island.ogg; assuming invalid
10-01 14:51:11.489 1013 1863 W MediaProvider: Missing volume for /system/media/audio/ringtones/Pegasus.ogg; assuming invalid
10-01 14:51:11.491 1013 1863 W MediaProvider: Missing volume for /system/media/audio/ringtones/Perseus.ogg; assuming invalid
10-01 14:51:11.492 1158 1313 E GCM : Missing checkin config file
10-01 14:51:11.492 1158 1313 W GCM : GCM FAILED TO INITIALIZE - missing checkin
10-01 14:51:11.493 1158 1691 E GcmPushIntentOperation: Failed to subscribe to GCM: alt.com.google.android.gms.devicedoctor
10-01 14:51:11.493 1158 1691 E GcmPushIntentOperation: java.io.IOException: AUTHENTICATION_FAILED
10-01 14:51:11.493 1158 1691 E GcmPushIntentOperation: at vov.b(:com.google.android.gms@11951434:39)
10-01 14:51:11.493 1158 1691 E GcmPushIntentOperation: at vov.a(:com.google.android.gms@11951434:46)
10-01 14:51:11.493 1158 1691 E GcmPushIntentOperation: at vos.b(:com.google.android.gms@11951434:11)
10-01 14:51:11.493 1158 1691 E GcmPushIntentOperation: at vos.a(:com.google.android.gms@11951434:29)
10-01 14:51:11.493 1158 1691 E GcmPushIntentOperation: at com.google.android.gms.phenotype.gcmpush.GcmPushIntentOperation.a(:com.google.android.gms@11951434:13)
10-01 14:51:11.493 1158 1691 E GcmPushIntentOperation: at com.google.android.gms.phenotype.gcmpush.GcmPushIntentOperation.onHandleIntent(:com.google.android.gms@11951434:6)
10-01 14:51:11.493 1158 1691 E GcmPushIntentOperation: at com.google.android.chimera.IntentOperation.onHandleIntent(:com.google.android.gms@11951434:2)
10-01 14:51:11.493 1158 1691 E GcmPushIntentOperation: at crr.run(:com.google.android.gms@11951434:10)
10-01 14:51:11.493 1158 1691 E GcmPushIntentOperation: at cro.run(:com.google.android.gms@11951434:9)
10-01 14:51:11.493 1158 1691 E GcmPushIntentOperation: at java.util.concurrent.ThreadPoolExecutor.runWorker(ThreadPoolExecutor.java:1113)
10-01 14:51:11.493 1158 1691 E GcmPushIntentOperation: at java.util.concurrent.ThreadPoolExecutor$Worker.run(ThreadPoolExecutor.java:588)
10-01 14:51:11.493 1158 1691 E GcmPushIntentOperation: at java.lang.Thread.run(Thread.java:818)
10-01 14:51:11.493 1013 1863 W MediaProvider: Missing volume for /system/media/audio/ringtones/Playa.ogg; assuming invalid
10-01 14:51:11.496 1013 1863 W MediaProvider: Missing volume for /system/media/audio/ringtones/Pyxis.ogg; assuming invalid
10-01 14:51:11.498 1013 1863 W MediaProvider: Missing volume for /system/media/audio/ringtones/Rasalas.ogg; assuming invalid
10-01 14:51:11.499 1013 1863 W MediaProvider: Missing volume for /system/media/audio/ringtones/Revelation.ogg; assuming invalid
10-01 14:51:11.501 1013 1863 W MediaProvider: Missing volume for /system/media/audio/ringtones/Rigel.ogg; assuming invalid
10-01 14:51:11.502 219 219 E MetadataRetrieverClient: failed to extract an album art
10-01 14:51:11.503 1013 1863 W MediaProvider: Missing volume for /system/media/audio/ringtones/Ring_Classic_02.ogg; assuming invalid
10-01 14:51:11.505 1013 1863 W MediaProvider: Missing volume for /system/media/audio/ringtones/Ring_Digital_02.ogg; assuming invalid
10-01 14:51:11.507 1013 1863 W MediaProvider: Missing volume for /system/media/audio/ringtones/Ring_Synth_02.ogg; assuming invalid
10-01 14:51:11.508 1158 1313 E GCM : Missing checkin config file
10-01 14:51:11.508 1158 1313 W GCM : GCM FAILED TO INITIALIZE - missing checkin
10-01 14:51:11.509 1158 1691 E GcmPushIntentOperation: Failed to subscribe to GCM: com.google.android.gms.telephonyspam
10-01 14:51:11.509 1158 1691 E GcmPushIntentOperation: java.io.IOException: AUTHENTICATION_FAILED
10-01 14:51:11.509 1158 1691 E GcmPushIntentOperation: at vov.b(:com.google.android.gms@11951434:39)
10-01 14:51:11.509 1158 1691 E GcmPushIntentOperation: at vov.a(:com.google.android.gms@11951434:46)
10-01 14:51:11.509 1158 1691 E GcmPushIntentOperation: at vos.b(:com.google.android.gms@11951434:11)
10-01 14:51:11.509 1158 1691 E GcmPushIntentOperation: at vos.a(:com.google.android.gms@11951434:29)
10-01 14:51:11.509 1158 1691 E GcmPushIntentOperation: at com.google.android.gms.phenotype.gcmpush.GcmPushIntentOperation.a(:com.google.android.gms@11951434:13)
10-01 14:51:11.509 1158 1691 E GcmPushIntentOperation: at com.google.android.gms.phenotype.gcmpush.GcmPushIntentOperation.onHandleIntent(:com.google.android.gms@11951434:6)
10-01 14:51:11.509 1158 1691 E GcmPushIntentOperation: at com.google.android.chimera.IntentOperation.onHandleIntent(:com.google.android.gms@11951434:2)
10-01 14:51:11.509 1158 1691 E GcmPushIntentOperation: at crr.run(:com.google.android.gms@11951434:10)
10-01 14:51:11.509 1158 1691 E GcmPushIntentOperation: at cro.run(:com.google.android.gms@11951434:9)
10-01 14:51:11.509 1158 1691 E GcmPushIntentOperation: at java.util.concurrent.ThreadPoolExecutor.runWorker(ThreadPoolExecutor.java:1113)
10-01 14:51:11.509 1158 1691 E GcmPushIntentOperation: at java.util.concurrent.ThreadPoolExecutor$Worker.run(ThreadPoolExecutor.java:588)
10-01 14:51:11.509 1158 1691 E GcmPushIntentOperation: at java.lang.Thread.run(Thread.java:818)
10-01 14:51:11.516 1013 1863 W MediaProvider: Missing volume for /system/media/audio/ringtones/Ring_Synth_04.ogg; assuming invalid
10-01 14:51:11.524 1158 1313 E GCM : Missing checkin config file
10-01 14:51:11.524 1158 1313 W GCM : GCM FAILED TO INITIALIZE - missing checkin
10-01 14:51:11.525 1158 1691 E GcmPushIntentOperation: Failed to subscribe to GCM: com.google.android.gms.reachability
10-01 14:51:11.525 1158 1691 E GcmPushIntentOperation: java.io.IOException: AUTHENTICATION_FAILED
10-01 14:51:11.525 1158 1691 E GcmPushIntentOperation: at vov.b(:com.google.android.gms@11951434:39)
10-01 14:51:11.525 1158 1691 E GcmPushIntentOperation: at vov.a(:com.google.android.gms@11951434:46)
10-01 14:51:11.525 1158 1691 E GcmPushIntentOperation: at vos.b(:com.google.android.gms@11951434:11)
10-01 14:51:11.525 1158 1691 E GcmPushIntentOperation: at vos.a(:com.google.android.gms@11951434:29)
10-01 14:51:11.525 1158 1691 E GcmPushIntentOperation: at com.google.android.gms.phenotype.gcmpush.GcmPushIntentOperation.a(:com.google.android.gms@11951434:13)
10-01 14:51:11.525 1158 1691 E GcmPushIntentOperation: at com.google.android.gms.phenotype.gcmpush.GcmPushIntentOperation.onHandleIntent(:com.google.android.gms@11951434:6)
10-01 14:51:11.525 1158 1691 E GcmPushIntentOperation: at com.google.android.chimera.IntentOperation.onHandleIntent(:com.google.android.gms@11951434:2)
10-01 14:51:11.525 1158 1691 E GcmPushIntentOperation: at crr.run(:com.google.android.gms@11951434:10)
10-01 14:51:11.525 1158 1691 E GcmPushIntentOperation: at cro.run(:com.google.android.gms@11951434:9)
10-01 14:51:11.525 1158 1691 E GcmPushIntentOperation: at java.util.concurrent.ThreadPoolExecutor.runWorker(ThreadPoolExecutor.java:1113)
10-01 14:51:11.525 1158 1691 E GcmPushIntentOperation: at java.util.concurrent.ThreadPoolExecutor$Worker.run(ThreadPoolExecutor.java:588)
10-01 14:51:11.525 1158 1691 E GcmPushIntentOperation: at java.lang.Thread.run(Thread.java:818)
10-01 14:51:11.541 1158 1313 E GCM : Missing checkin config file
10-01 14:51:11.541 1158 1313 W GCM : GCM FAILED TO INITIALIZE - missing checkin
10-01 14:51:11.542 1158 1691 E GcmPushIntentOperation: Failed to subscribe to GCM: com.google.android.gms.audit
10-01 14:51:11.542 1158 1691 E GcmPushIntentOperation: java.io.IOException: AUTHENTICATION_FAILED
10-01 14:51:11.542 1158 1691 E GcmPushIntentOperation: at vov.b(:com.google.android.gms@11951434:39)
10-01 14:51:11.542 1158 1691 E GcmPushIntentOperation: at vov.a(:com.google.android.gms@11951434:46)
10-01 14:51:11.542 1158 1691 E GcmPushIntentOperation: at vos.b(:com.google.android.gms@11951434:11)
10-01 14:51:11.542 1158 1691 E GcmPushIntentOperation: at vos.a(:com.google.android.gms@11951434:29)
10-01 14:51:11.542 1158 1691 E GcmPushIntentOperation: at com.google.android.gms.phenotype.gcmpush.GcmPushIntentOperation.a(:com.google.android.gms@11951434:13)
10-01 14:51:11.542 1158 1691 E GcmPushIntentOperation: at com.google.android.gms.phenotype.gcmpush.GcmPushIntentOperation.onHandleIntent(:com.google.android.gms@11951434:6)
10-01 14:51:11.542 1158 1691 E GcmPushIntentOperation: at com.google.android.chimera.IntentOperation.onHandleIntent(:com.google.android.gms@11951434:2)
10-01 14:51:11.542 1158 1691 E GcmPushIntentOperation: at crr.run(:com.google.android.gms@11951434:10)
10-01 14:51:11.542 1158 1691 E GcmPushIntentOperation: at cro.run(:com.google.android.gms@11951434:9)
10-01 14:51:11.542 1158 1691 E GcmPushIntentOperation: at java.util.concurrent.ThreadPoolExecutor.runWorker(ThreadPoolExecutor.java:1113)
10-01 14:51:11.542 1158 1691 E GcmPushIntentOperation: at java.util.concurrent.ThreadPoolExecutor$Worker.run(ThreadPoolExecutor.java:588)
10-01 14:51:11.542 1158 1691 E GcmPushIntentOperation: at java.lang.Thread.run(Thread.java:818)
10-01 14:51:11.556 1158 1313 E GCM : Missing checkin config file
10-01 14:51:11.556 1158 1313 W GCM : GCM FAILED TO INITIALIZE - missing checkin
10-01 14:51:11.557 1158 1691 E GcmPushIntentOperation: Failed to subscribe to GCM: com.google.android.gms.icing
10-01 14:51:11.557 1158 1691 E GcmPushIntentOperation: java.io.IOException: AUTHENTICATION_FAILED
10-01 14:51:11.557 1158 1691 E GcmPushIntentOperation: at vov.b(:com.google.android.gms@11951434:39)
10-01 14:51:11.557 1158 1691 E GcmPushIntentOperation: at vov.a(:com.google.android.gms@11951434:46)
10-01 14:51:11.557 1158 1691 E GcmPushIntentOperation: at vos.b(:com.google.android.gms@11951434:11)
10-01 14:51:11.557 1158 1691 E GcmPushIntentOperation: at vos.a(:com.google.android.gms@11951434:29)
10-01 14:51:11.557 1158 1691 E GcmPushIntentOperation: at com.google.android.gms.phenotype.gcmpush.GcmPushIntentOperation.a(:com.google.android.gms@11951434:13)
10-01 14:51:11.557 1158 1691 E GcmPushIntentOperation: at com.google.android.gms.phenotype.gcmpush.GcmPushIntentOperation.onHandleIntent(:com.google.android.gms@11951434:6)
10-01 14:51:11.557 1158 1691 E GcmPushIntentOperation: at com.google.android.chimera.IntentOperation.onHandleIntent(:com.google.android.gms@11951434:2)
10-01 14:51:11.557 1158 1691 E GcmPushIntentOperation: at crr.run(:com.google.android.gms@11951434:10)
10-01 14:51:11.557 1158 1691 E GcmPushIntentOperation: at cro.run(:com.google.android.gms@11951434:9)
10-01 14:51:11.557 1158 1691 E GcmPushIntentOperation: at java.util.concurrent.ThreadPoolExecutor.runWorker(ThreadPoolExecutor.java:1113)
10-01 14:51:11.557 1158 1691 E GcmPushIntentOperation: at java.util.concurrent.ThreadPoolExecutor$Worker.run(ThreadPoolExecutor.java:588)
10-01 14:51:11.557 1158 1691 E GcmPushIntentOperation: at java.lang.Thread.run(Thread.java:818)
10-01 14:51:11.571 1158 1313 E GCM : Missing checkin config file
10-01 14:51:11.572 1158 1313 W GCM : GCM FAILED TO INITIALIZE - missing checkin
10-01 14:51:11.572 1158 1691 E GcmPushIntentOperation: Failed to subscribe to GCM: com.google.android.gms.auth.api.credentials
10-01 14:51:11.572 1158 1691 E GcmPushIntentOperation: java.io.IOException: AUTHENTICATION_FAILED
10-01 14:51:11.572 1158 1691 E GcmPushIntentOperation: at vov.b(:com.google.android.gms@11951434:39)
10-01 14:51:11.572 1158 1691 E GcmPushIntentOperation: at vov.a(:com.google.android.gms@11951434:46)
10-01 14:51:11.572 1158 1691 E GcmPushIntentOperation: at vos.b(:com.google.android.gms@11951434:11)
10-01 14:51:11.572 1158 1691 E GcmPushIntentOperation: at vos.a(:com.google.android.gms@11951434:29)
10-01 14:51:11.572 1158 1691 E GcmPushIntentOperation: at com.google.android.gms.phenotype.gcmpush.GcmPushIntentOperation.a(:com.google.android.gms@11951434:13)
10-01 14:51:11.572 1158 1691 E GcmPushIntentOperation: at com.google.android.gms.phenotype.gcmpush.GcmPushIntentOperation.onHandleIntent(:com.google.android.gms@11951434:6)
10-01 14:51:11.572 1158 1691 E GcmPushIntentOperation: at com.google.android.chimera.IntentOperation.onHandleIntent(:com.google.android.gms@11951434:2)
10-01 14:51:11.572 1158 1691 E GcmPushIntentOperation: at crr.run(:com.google.android.gms@11951434:10)
10-01 14:51:11.572 1158 1691 E GcmPushIntentOperation: at cro.run(:com.google.android.gms@11951434:9)
10-01 14:51:11.572 1158 1691 E GcmPushIntentOperation: at java.util.concurrent.ThreadPoolExecutor.runWorker(ThreadPoolExecutor.java:1113)
10-01 14:51:11.572 1158 1691 E GcmPushIntentOperation: at java.util.concurrent.ThreadPoolExecutor$Worker.run(ThreadPoolExecutor.java:588)
10-01 14:51:11.572 1158 1691 E GcmPushIntentOperation: at java.lang.Thread.run(Thread.java:818)
10-01 14:51:11.590 1158 1313 E GCM : Missing checkin config file
10-01 14:51:11.590 1158 1313 W GCM : GCM FAILED TO INITIALIZE - missing checkin
10-01 14:51:11.591 1158 1691 E GcmPushIntentOperation: Failed to subscribe to GCM: com.google.android.gms.smartdevice
10-01 14:51:11.591 1158 1691 E GcmPushIntentOperation: java.io.IOException: AUTHENTICATION_FAILED
10-01 14:51:11.591 1158 1691 E GcmPushIntentOperation: at vov.b(:com.google.android.gms@11951434:39)
10-01 14:51:11.591 1158 1691 E GcmPushIntentOperation: at vov.a(:com.google.android.gms@11951434:46)
10-01 14:51:11.591 1158 1691 E GcmPushIntentOperation: at vos.b(:com.google.android.gms@11951434:11)
10-01 14:51:11.591 1158 1691 E GcmPushIntentOperation: at vos.a(:com.google.android.gms@11951434:29)
10-01 14:51:11.591 1158 1691 E GcmPushIntentOperation: at com.google.android.gms.phenotype.gcmpush.GcmPushIntentOperation.a(:com.google.android.gms@11951434:13)
10-01 14:51:11.591 1158 1691 E GcmPushIntentOperation: at com.google.android.gms.phenotype.gcmpush.GcmPushIntentOperation.onHandleIntent(:com.google.android.gms@11951434:6)
10-01 14:51:11.591 1158 1691 E GcmPushIntentOperation: at com.google.android.chimera.IntentOperation.onHandleIntent(:com.google.android.gms@11951434:2)
10-01 14:51:11.591 1158 1691 E GcmPushIntentOperation: at crr.run(:com.google.android.gms@11951434:10)
10-01 14:51:11.591 1158 1691 E GcmPushIntentOperation: at cro.run(:com.google.android.gms@11951434:9)
10-01 14:51:11.591 1158 1691 E GcmPushIntentOperation: at java.util.concurrent.ThreadPoolExecutor.runWorker(ThreadPoolExecutor.java:1113)
10-01 14:51:11.591 1158 1691 E GcmPushIntentOperation: at java.util.concurrent.ThreadPoolExecutor$Worker.run(ThreadPoolExecutor.java:588)
10-01 14:51:11.591 1158 1691 E GcmPushIntentOperation: at java.lang.Thread.run(Thread.java:818)
10-01 14:51:11.626 1158 1158 I WearableService: Wearable Services stopping
10-01 14:51:12.070 1986 1993 W CursorWrapperInner: Cursor finalized without prior close()
10-01 14:51:12.071 1986 1993 W CursorWrapperInner: Cursor finalized without prior close()
10-01 14:51:12.399 1013 1863 W MediaScanner: Error opening directory '/oem/media/', skipping: No such file or directory.
10-01 14:51:12.400 1013 1863 W MediaProvider: Missing volume for /system/media/audio/ui; assuming invalid
10-01 14:51:12.408 1013 1863 W MediaProvider: Missing volume for /system/media/bootanimation.zip; assuming invalid
10-01 14:51:12.414 1013 1863 W MediaProvider: Missing volume for /system/media/audio/ringtones/Road_Trip.ogg; assuming invalid
10-01 14:51:12.416 1013 1863 W MediaProvider: Missing volume for /system/media/audio/ringtones/RomancingTheTone.ogg; assuming invalid
10-01 14:51:12.419 1013 1863 W MediaProvider: Missing volume for /system/media/audio/ringtones/Safari.ogg; assuming invalid
10-01 14:51:12.421 1013 1863 W MediaProvider: Missing volume for /system/media/audio/ringtones/Savannah.ogg; assuming invalid
10-01 14:51:12.424 1013 1863 W MediaProvider: Missing volume for /system/media/audio/ringtones/Scarabaeus.ogg; assuming invalid
10-01 14:51:12.427 1013 1863 W MediaProvider: Missing volume for /system/media/audio/ringtones/Sceptrum.ogg; assuming invalid
10-01 14:51:12.429 1013 1863 W MediaProvider: Missing volume for /system/media/audio/ringtones/Seville.ogg; assuming invalid
10-01 14:51:12.432 1013 1863 W MediaProvider: Missing volume for /system/media/audio/ringtones/Shes_All_That.ogg; assuming invalid
10-01 14:51:12.434 1013 1863 W MediaProvider: Missing volume for /system/media/audio/ringtones/SilkyWay.ogg; assuming invalid
10-01 14:51:12.436 1013 1863 W MediaProvider: Missing volume for /system/media/audio/ringtones/SitarVsSitar.ogg; assuming invalid
10-01 14:51:12.439 1013 1863 W MediaProvider: Missing volume for /system/media/audio/ringtones/Solarium.ogg; assuming invalid
10-01 14:51:12.442 1013 1863 W MediaProvider: Missing volume for /system/media/audio/ringtones/SpringyJalopy.ogg; assuming invalid
10-01 14:51:12.444 1013 1863 W MediaProvider: Missing volume for /system/media/audio/ringtones/Steppin_Out.ogg; assuming invalid
10-01 14:51:12.446 1013 1863 W MediaProvider: Missing volume for /system/media/audio/ringtones/Terminated.ogg; assuming invalid
10-01 14:51:12.450 1013 1863 W MediaProvider: Missing volume for /system/media/audio/ringtones/Testudo.ogg; assuming invalid
10-01 14:51:12.453 1013 1863 W MediaProvider: Missing volume for /system/media/audio/ringtones/Themos.ogg; assuming invalid
10-01 14:51:12.455 1013 1863 W MediaProvider: Missing volume for /system/media/audio/ringtones/Third_Eye.ogg; assuming invalid
10-01 14:51:12.458 1013 1863 W MediaProvider: Missing volume for /system/media/audio/ringtones/Thunderfoot.ogg; assuming invalid
10-01 14:51:12.460 1013 1863 W MediaProvider: Missing volume for /system/media/audio/ringtones/TwirlAway.ogg; assuming invalid
10-01 14:51:12.462 1013 1863 W MediaProvider: Missing volume for /system/media/audio/ringtones/URSAMINOR.ogg; assuming invalid
10-01 14:51:12.465 1013 1863 W MediaProvider: Missing volume for /system/media/audio/ringtones/UrsaMinor.ogg; assuming invalid
10-01 14:51:12.468 1013 1863 W MediaProvider: Missing volume for /system/media/audio/ringtones/VeryAlarmed.ogg; assuming invalid
10-01 14:51:12.470 1013 1863 W MediaProvider: Missing volume for /system/media/audio/ringtones/Vespa.ogg; assuming invalid
10-01 14:51:12.472 1013 1863 W MediaProvider: Missing volume for /system/media/audio/ringtones/World.ogg; assuming invalid
10-01 14:51:12.475 1013 1863 W MediaProvider: Missing volume for /system/media/audio/ringtones/Zeta.ogg; assuming invalid
10-01 14:51:12.478 1013 1863 W MediaProvider: Missing volume for /system/media/audio/ringtones/hydra.ogg; assuming invalid
10-01 14:51:12.482 1013 1863 W MediaProvider: Missing volume for /system/media/audio/ui/Dock.ogg; assuming invalid
10-01 14:51:12.485 1013 1863 W MediaProvider: Missing volume for /system/media/audio/ui/Effect_Tick.ogg; assuming invalid
10-01 14:51:12.488 1013 1863 W MediaProvider: Missing volume for /system/media/audio/ui/KeypressDelete.ogg; assuming invalid
10-01 14:51:12.493 1013 1863 W MediaProvider: Missing volume for /system/media/audio/ui/KeypressInvalid.ogg; assuming invalid
10-01 14:51:12.496 1013 1863 W MediaProvider: Missing volume for /system/media/audio/ui/KeypressReturn.ogg; assuming invalid
10-01 14:51:12.500 1013 1863 W MediaProvider: Missing volume for /system/media/audio/ui/KeypressSpacebar.ogg; assuming invalid
10-01 14:51:12.503 1013 1863 W MediaProvider: Missing volume for /system/media/audio/ui/KeypressStandard.ogg; assuming invalid
10-01 14:51:12.503 219 219 E MetadataRetrieverClient: failed to extract an album art
10-01 14:51:12.508 1013 1863 W MediaProvider: Missing volume for /system/media/audio/ui/Lock.ogg; assuming invalid
10-01 14:51:12.512 1013 1863 W MediaProvider: Missing volume for /system/media/audio/ui/LowBattery.ogg; assuming invalid
10-01 14:51:12.515 1013 1863 W MediaProvider: Missing volume for /system/media/audio/ui/Trusted.ogg; assuming invalid
10-01 14:51:12.518 1013 1863 W MediaProvider: Missing volume for /system/media/audio/ui/Undock.ogg; assuming invalid
10-01 14:51:12.521 1013 1863 W MediaProvider: Missing volume for /system/media/audio/ui/Unlock.ogg; assuming invalid
10-01 14:51:12.524 1013 1863 W MediaProvider: Missing volume for /system/media/audio/ui/VideoRecord.ogg; assuming invalid
10-01 14:51:12.526 1013 1863 W MediaProvider: Missing volume for /system/media/audio/ui/WirelessChargingStarted.ogg; assuming invalid
10-01 14:51:12.529 1013 1863 W MediaProvider: Missing volume for /system/media/audio/ui/camera_click.ogg; assuming invalid
10-01 14:51:12.531 1013 1863 W MediaProvider: Missing volume for /system/media/audio/ui/camera_focus.ogg; assuming invalid
10-01 14:51:12.660 542 698 D pms : Enter idle state
10-01 14:51:12.661 542 698 D pms : ######### Switching system power mode to [standby]
10-01 14:51:12.661 542 698 I pms : ========== Setup an [300000]s alarm for standby mode ==========
10-01 14:51:12.662 542 698 D pms :
10-01 14:51:12.662 542 698 D pms :
10-01 14:51:12.662 542 698 D pms : ************** Add alarm:onyx_standby_timeout
10-01 14:51:12.662 542 698 D pms :
10-01 14:51:12.666 542 542 D pms : set alarm:onyx_standby_timeout, now:1538376672664 [ 2018-10-01 14:51:12], wake:1538376972661 [2018-10-01 14:56:12]
10-01 14:51:12.783 542 1469 W pms : [com.google.android.gms] is not allowed to set wakeup alarm
10-01 14:51:12.785 1222 1262 E PowerManager: WakeLock tag:wake:com.google.android.gms/com.google.android.libraries.social.mediamonitor.MediaMonitorIntentService from [com.google.android.gms] is forbidden
10-01 14:51:12.925 1222 2684 I UploadsDatabaseHelper: Creating database tables at version 33
10-01 14:51:13.034 1222 2684 I iu.UploadsManager: #reloadSettings(); account: -1; IU: disabled; IS: disabled; IS account: -1; photoWiFi: true; videoWiFi: true; roam: false; battery: true; size: STANDARD; maxMobile: 157286400
10-01 14:51:13.093 1222 2684 I iu.UploadsManager: End new media; added: 0, uploading: 0, time: 59 ms
10-01 14:51:13.181 1013 1863 V MediaScanner: pruneDeadThumbnailFiles... android.database.sqlite.SQLiteCursor@1e1b020
10-01 14:51:13.182 1013 1863 V MediaScanner: /pruneDeadThumbnailFiles... android.database.sqlite.SQLiteCursor@1e1b020
10-01 14:53:32.071 542 573 D pms : ######### Switching system power mode to [off]
10-01 14:53:32.072 542 542 D pms : ************** cancel alarm:onyx_standby_timeout
10-01 14:53:32.072 542 542 D pms : ************** cancel alarm:onyx_auto_poweroff
10-01 14:53:32.270 192 192 I hwcomposer: onyx_epdc_update_to_display(): dither mode
10-01 14:53:32.270 192 192 I hwcomposer: update_to_display(): upd_data -- marker[66] waveform_mode = 4, update_mode = 0, Rect[0 0 1872 1404]
10-01 14:53:32.331 192 192 I hwcomposer: onyx_epdc_update_to_display(): dither mode
10-01 14:53:32.331 192 192 I hwcomposer: update_to_display(): upd_data -- marker[67] waveform_mode = 4, update_mode = 0, Rect[0 0 1872 1404]
10-01 14:53:32.344 1222 1549 W System : ClassLoader referenced unknown path: /system/priv-app/GmsCore/lib/arm
10-01 14:53:32.374 1222 1549 W System : ClassLoader referenced unknown path: /system/priv-app/GmsCore/lib/arm
10-01 14:53:32.387 192 192 I hwcomposer: onyx_epdc_update_to_display(): dither mode
10-01 14:53:32.387 192 192 I hwcomposer: update_to_display(): upd_data -- marker[68] waveform_mode = 4, update_mode = 0, Rect[0 0 1872 1404]
10-01 14:53:32.437 192 192 I hwcomposer: onyx_epdc_update_to_display(): dither mode
10-01 14:53:32.437 192 192 I hwcomposer: update_to_display(): upd_data -- marker[69] waveform_mode = 4, update_mode = 0, Rect[0 0 1872 1404]
10-01 14:53:32.794 1751 2489 I GlobalDismissManager: no sender configured
10-01 14:53:32.795 1751 2489 D AlertService: Beginning updateAlertNotification
10-01 14:53:32.848 1751 2489 D AlertService: No fired or scheduled alerts
10-01 14:53:32.856 1751 2489 D AlertService: Scheduling next alarm with AlarmScheduler. sEventReminderReceived: null
10-01 14:53:32.864 1751 2489 D AlarmScheduler: No events found starting within 1 week.
10-01 14:53:33.494 542 574 I InputReader: Reconfiguring input devices. changes=0x00000010
10-01 14:53:33.497 542 574 I InputReader: Reconfiguring input devices. changes=0x00000010
10-01 14:53:33.499 542 574 I InputReader: Reconfiguring input devices. changes=0x00000010
10-01 14:53:33.509 542 574 I InputReader: Reconfiguring input devices. changes=0x00000010
10-01 14:53:33.512 1158 1158 E PowerManager: WakeLock tag:GmsChimeraWakelockManager from [com.google.android.gms] is forbidden
10-01 14:53:33.516 1222 1252 E PowerManager: WakeLock tag:GmsChimeraWakelockManager from [com.google.android.gms] is forbidden
10-01 14:53:33.531 1268 1268 W Finsky : [1] com.google.android.finsky.application.d.cY(896): No account configured on this device.
10-01 14:53:33.532 1222 2698 D Wear_Controller: Received broadcast action=android.intent.action.PACKAGE_CHANGED and uri=com.onyx.latinime
10-01 14:53:33.536 1268 1268 W Finsky : [1] com.google.android.finsky.application.d.cY(896): No account configured on this device.
10-01 14:53:33.539 542 542 W BackupManagerService: Proposed transport ComponentInfo{com.google.android.gms/com.google.android.gms.backup.BackupTransportService} not whitelisted; ignoring
10-01 14:53:33.541 1222 1222 E PowerManager: WakeLock tag:Icing from [com.google.android.gms] is forbidden
10-01 14:53:33.543 1268 1268 W Finsky : [1] com.google.android.finsky.application.d.cY(896): No account configured on this device.
10-01 14:53:33.546 1222 1435 E PowerManager: WakeLock tag:Icing from [com.google.android.gms] is forbidden
10-01 14:53:33.554 1222 1435 E PowerManager: WakeLock under-locked: Icing
10-01 14:53:33.562 1222 1435 E PowerManager: WakeLock tag:Icing from [com.google.android.gms] is forbidden
10-01 14:53:33.563 1158 1158 E PowerManager: WakeLock tag:GmsChimeraWakelockManager from [com.google.android.gms] is forbidden
10-01 14:53:33.572 1222 1435 E PowerManager: WakeLock under-locked: Icing
10-01 14:53:33.578 1268 1268 W Finsky : [1] com.google.android.finsky.application.d.cY(896): No account configured on this device.
10-01 14:53:33.582 1268 1268 W Finsky : [1] com.google.android.finsky.application.d.cY(896): No account configured on this device.
10-01 14:53:33.583 542 554 W LocationProviderProxy-fused: com.google.android.gms resolves service com.android.location.service.FusedLocationProvider, but has wrong signature, ignoring
10-01 14:53:33.585 1268 1268 W Finsky : [1] com.google.android.finsky.application.d.cY(896): No account configured on this device.
10-01 14:53:33.594 1222 1296 E PowerManager: WakeLock tag:Icing from [com.google.android.gms] is forbidden
10-01 14:53:33.596 542 554 W LocationProviderProxy-fused: com.google.android.gms resolves service com.android.location.service.FusedLocationProvider, but has wrong signature, ignoring
10-01 14:53:33.599 1222 1296 E PowerManager: WakeLock under-locked: Icing
10-01 14:53:33.601 1222 1252 E PowerManager: WakeLock tag:GmsChimeraWakelockManager from [com.google.android.gms] is forbidden
10-01 14:53:33.602 1158 1158 E PowerManager: WakeLock tag:GmsChimeraWakelockManager from [com.google.android.gms] is forbidden
10-01 14:53:33.608 542 554 W LocationProviderProxy-fused: com.google.android.gms resolves service com.android.location.service.FusedLocationProvider, but has wrong signature, ignoring
10-01 14:53:33.609 1222 2698 D Wear_Controller: Received broadcast action=android.intent.action.PACKAGE_CHANGED and uri=com.google.android.gms
10-01 14:53:33.612 1222 1269 E PowerManager: WakeLock tag:Icing from [com.google.android.gms] is forbidden
10-01 14:53:33.617 1222 1222 E PowerManager: WakeLock tag:Icing from [com.google.android.gms] is forbidden
10-01 14:53:33.622 1222 1296 E PowerManager: WakeLock under-locked: Icing
10-01 14:53:33.624 1222 1252 E PowerManager: WakeLock tag:GmsChimeraWakelockManager from [com.google.android.gms] is forbidden
10-01 14:53:33.625 542 554 W LocationProviderProxy-fused: com.google.android.gms resolves service com.android.location.service.FusedLocationProvider, but has wrong signature, ignoring
10-01 14:53:33.626 1268 1268 W Finsky : [1] com.google.android.finsky.application.d.cY(896): No account configured on this device.
10-01 14:53:33.629 1268 1268 W Finsky : [1] com.google.android.finsky.application.d.cY(896): No account configured on this device.
10-01 14:53:33.632 1268 1268 W Finsky : [1] com.google.android.finsky.application.d.cY(896): No account configured on this device.
10-01 14:53:33.633 1222 1269 E PowerManager: WakeLock tag:Icing from [com.google.android.gms] is forbidden
10-01 14:53:33.709 1222 2701 D Wear_Controller: Received broadcast action=android.intent.action.PACKAGE_CHANGED and uri=com.google.android.gsf
10-01 14:53:33.710 1222 1545 E PowerManager: WakeLock tag:Icing from [com.google.android.gms] is forbidden
10-01 14:53:33.719 1222 1545 E PowerManager: WakeLock under-locked: Icing
10-01 14:53:33.720 192 192 I hwcomposer: onyx_epdc_update_to_display(): dither mode
10-01 14:53:33.720 192 192 I hwcomposer: update_to_display(): upd_data -- marker[70] waveform_mode = 4, update_mode = 0, Rect[0 0 1872 1404]
10-01 14:53:33.725 1222 1545 I Icing : IndexChimeraService.getServiceInterface callingPackage=com.google.android.gms componentName=AppsCorpus serviceId=32
10-01 14:53:33.725 1158 1158 E PowerManager: WakeLock tag:GmsChimeraWakelockManager from [com.google.android.gms] is forbidden
10-01 14:53:33.725 1222 1529 E PowerManager: WakeLock tag:Icing from [com.google.android.gms] is forbidden
10-01 14:53:33.729 1222 1529 E PowerManager: WakeLock under-locked: Icing
10-01 14:53:33.735 1222 1222 E PowerManager: WakeLock tag:Icing from [com.google.android.gms] is forbidden
10-01 14:53:33.739 1222 1435 E PowerManager: WakeLock tag:Icing from [com.google.android.gms] is forbidden
10-01 14:53:33.739 1268 1268 W Finsky : [1] com.google.android.finsky.application.d.cY(896): No account configured on this device.
10-01 14:53:33.743 1268 1268 W Finsky : [1] com.google.android.finsky.application.d.cY(896): No account configured on this device.
10-01 14:53:33.745 1268 1268 W Finsky : [1] com.google.android.finsky.application.d.cY(896): No account configured on this device.
10-01 14:53:33.746 542 551 I art : Background sticky concurrent mark sweep GC freed 41701(4MB) AllocSpace objects, 2(40KB) LOS objects, 28% free, 13MB/18MB, paused 1.413ms total 111.426ms
10-01 14:53:33.751 1222 1435 E PowerManager: WakeLock under-locked: Icing
10-01 14:53:33.754 1222 1252 E PowerManager: WakeLock tag:GmsChimeraWakelockManager from [com.google.android.gms] is forbidden
10-01 14:53:33.756 1222 1435 I Icing : IndexChimeraService.getServiceInterface callingPackage=com.google.android.gms componentName=AppsCorpus serviceId=36
10-01 14:53:33.756 1222 1545 E PowerManager: WakeLock tag:Icing from [com.google.android.gms] is forbidden
10-01 14:53:33.762 1222 2701 D Wear_Controller: Received broadcast action=android.intent.action.PACKAGE_CHANGED and uri=com.android.email
10-01 14:53:33.764 1222 1429 E PowerManager: WakeLock tag:Icing from [com.google.android.gms] is forbidden
10-01 14:53:33.770 1222 1429 E PowerManager: WakeLock under-locked: Icing
10-01 14:53:33.772 1222 1529 E PowerManager: WakeLock tag:Icing from [com.google.android.gms] is forbidden
10-01 14:53:33.775 1222 1435 E PowerManager: WakeLock tag:Icing from [com.google.android.gms] is forbidden
10-01 14:53:33.777 1222 1222 E PowerManager: WakeLock tag:Icing from [com.google.android.gms] is forbidden
10-01 14:53:33.781 1222 1429 E PowerManager: WakeLock tag:Icing from [com.google.android.gms] is forbidden
10-01 14:53:33.786 1222 1545 E PowerManager: WakeLock under-locked: Icing
10-01 14:53:33.788 1222 1304 E PowerManager: WakeLock tag:Icing from [com.google.android.gms] is forbidden
10-01 14:53:33.790 1222 1304 E PowerManager: WakeLock under-locked: Icing
10-01 14:53:33.792 1222 1435 E PowerManager: WakeLock under-locked: Icing
10-01 14:53:33.797 1222 1461 E PowerManager: WakeLock tag:Icing from [com.google.android.gms] is forbidden
10-01 14:53:33.799 1222 1529 E PowerManager: WakeLock under-locked: Icing
10-01 14:53:33.804 1222 1429 E PowerManager: WakeLock under-locked: Icing
10-01 14:53:33.812 1158 1625 E PowerManager: WakeLock tag:*net_scheduler* from [com.google.android.gms] is forbidden
10-01 14:53:33.812 1222 1545 E PowerManager: WakeLock tag:Icing from [com.google.android.gms] is forbidden
10-01 14:53:33.814 1222 1304 I Icing : Usage reports ok 0, Failed Usage reports 0, indexed 0, rejected 0, imm upload false
10-01 14:53:33.816 1222 1545 E PowerManager: WakeLock under-locked: Icing
10-01 14:53:33.818 1222 1545 E PowerManager: WakeLock tag:Icing from [com.google.android.gms] is forbidden
10-01 14:53:33.820 1222 1304 E PowerManager: WakeLock under-locked: Icing
10-01 14:53:33.822 1222 1304 E PowerManager: WakeLock tag:Icing from [com.google.android.gms] is forbidden
10-01 14:53:33.823 1222 1304 E PowerManager: WakeLock under-locked: Icing
10-01 14:53:33.825 1222 1545 E PowerManager: WakeLock under-locked: Icing
10-01 14:53:33.828 1222 1304 I Icing : updateResources: need to parse unr{com.google.android.gms}
10-01 14:53:33.845 1222 1545 E PowerManager: WakeLock tag:Icing from [com.google.android.gms] is forbidden
10-01 14:53:33.847 192 192 I hwcomposer: update_to_display(): upd_data -- marker[71] waveform_mode = 2, update_mode = 1, Rect[0 0 1872 1404]
10-01 14:53:33.848 1222 1545 E PowerManager: WakeLock under-locked: Icing
10-01 14:53:33.854 1222 1545 E PowerManager: WakeLock under-locked: Icing
10-01 14:53:33.858 1222 1461 E PowerManager: WakeLock tag:Icing from [com.google.android.gms] is forbidden
10-01 14:53:33.882 1158 1625 E PowerManager: WakeLock tag:*net_scheduler* from [com.google.android.gms] is forbidden
10-01 14:53:33.892 192 192 I hwcomposer: update_to_display(): upd_data -- marker[72] waveform_mode = 255, update_mode = 0, Rect[2 144 79 79]
10-01 14:53:33.902 542 552 W pms : [com.google.android.gms] is not allowed to set wakeup alarm
10-01 14:53:33.902 1158 1625 E NetworkScheduler: Trying to release unacquired lock: CLIENT_LIB
10-01 14:53:33.937 1158 1464 E NetworkScheduler.ATC: Trying to release unacquired lock: com.google.android.gms/.udc.service.UdcContextInitService
10-01 14:53:33.937 1158 1625 E PowerManager: WakeLock tag:*net_scheduler* from [com.google.android.gms] is forbidden
10-01 14:53:33.959 192 192 I hwcomposer: update_to_display(): upd_data -- marker[73] waveform_mode = 255, update_mode = 0, Rect[2 144 79 79]
10-01 14:53:34.014 1222 1304 E PowerManager: WakeLock under-locked: Icing
10-01 14:53:34.015 1158 1625 E NetworkScheduler: Trying to release unacquired lock: EXECUTION_CALLBACK
10-01 14:53:34.015 1158 1625 E PowerManager: WakeLock tag:*net_scheduler* from [com.google.android.gms] is forbidden
10-01 14:53:34.019 1222 1304 E PowerManager: WakeLock tag:Icing from [com.google.android.gms] is forbidden
10-01 14:53:34.021 1222 1304 E PowerManager: WakeLock under-locked: Icing
10-01 14:53:34.027 1222 1304 I Icing : Usage reports ok 0, Failed Usage reports 0, indexed 0, rejected 0, imm upload false
10-01 14:53:34.027 1222 1304 E PowerManager: WakeLock under-locked: Icing
10-01 14:53:34.029 1222 1304 E PowerManager: WakeLock tag:Icing from [com.google.android.gms] is forbidden
10-01 14:53:34.030 1222 1304 E PowerManager: WakeLock under-locked: Icing
10-01 14:53:34.034 1158 1625 E PowerManager: WakeLock tag:*net_scheduler* from [com.google.android.gms] is forbidden
10-01 14:53:34.061 542 552 W pms : [com.google.android.gms] is not allowed to set wakeup alarm
10-01 14:53:34.062 1158 1625 E NetworkScheduler: Trying to release unacquired lock: EXECUTION_CALLBACK
10-01 14:53:34.063 1222 1304 E PowerManager: WakeLock under-locked: Icing
10-01 14:53:34.073 1222 1304 E PowerManager: WakeLock tag:Icing from [com.google.android.gms] is forbidden
10-01 14:53:34.075 1222 1304 E PowerManager: WakeLock under-locked: Icing
10-01 14:53:34.084 1222 1304 E PowerManager: WakeLock under-locked: Icing
10-01 14:53:34.087 1222 1304 E PowerManager: WakeLock tag:Icing from [com.google.android.gms] is forbidden
10-01 14:53:34.088 1222 1304 E PowerManager: WakeLock under-locked: Icing
10-01 14:53:34.093 1222 1304 E PowerManager: WakeLock tag:Icing from [com.google.android.gms] is forbidden
10-01 14:53:34.097 1222 1304 E PowerManager: WakeLock under-locked: Icing
10-01 14:53:34.106 1222 1284 E PowerManager: WakeLock tag:Icing from [com.google.android.gms] is forbidden
10-01 14:53:34.111 1222 1545 E PowerManager: WakeLock tag:Icing from [com.google.android.gms] is forbidden
10-01 14:53:34.120 1222 1545 E PowerManager: WakeLock under-locked: Icing
10-01 14:53:34.122 1222 1545 I Icing : IndexChimeraService.getServiceInterface callingPackage=com.google.android.gms componentName=AppsCorpus serviceId=36
10-01 14:53:34.122 1222 1284 E PowerManager: WakeLock tag:Icing from [com.google.android.gms] is forbidden
10-01 14:53:34.126 1222 1429 E PowerManager: WakeLock tag:Icing from [com.google.android.gms] is forbidden
10-01 14:53:34.131 1222 1429 E PowerManager: WakeLock under-locked: Icing
10-01 14:53:34.133 1222 1429 I Icing : IndexChimeraService.getServiceInterface callingPackage=com.google.android.gms componentName=AppsCorpus serviceId=32
10-01 14:53:34.133 1222 1545 E PowerManager: WakeLock tag:Icing from [com.google.android.gms] is forbidden
10-01 14:53:34.135 1222 1545 E PowerManager: WakeLock under-locked: Icing
10-01 14:53:34.139 1222 1429 E PowerManager: WakeLock tag:Icing from [com.google.android.gms] is forbidden
10-01 14:53:34.143 1222 1461 E PowerManager: WakeLock tag:Icing from [com.google.android.gms] is forbidden
10-01 14:53:34.145 1222 1304 E PowerManager: WakeLock tag:Icing from [com.google.android.gms] is forbidden
10-01 14:53:34.149 1222 1304 E PowerManager: WakeLock under-locked: Icing
10-01 14:53:34.154 1222 1429 E PowerManager: WakeLock under-locked: Icing
10-01 14:53:34.157 1222 1545 E PowerManager: WakeLock tag:Icing from [com.google.android.gms] is forbidden
10-01 14:53:34.161 1222 1304 I Icing : Usage reports ok 0, Failed Usage reports 0, indexed 0, rejected 0, imm upload false
10-01 14:53:34.162 1222 1545 E PowerManager: WakeLock under-locked: Icing
10-01 14:53:34.165 1158 2775 I NetRec : [409] zob.: Generating AES key
10-01 14:53:34.167 1222 1304 E PowerManager: WakeLock under-locked: Icing
10-01 14:53:34.169 1158 2775 I NetRec : [409] zob.: Generating HMAC key
10-01 14:53:34.173 1222 1545 E PowerManager: WakeLock under-locked: Icing
10-01 14:53:34.179 1222 1461 E PowerManager: WakeLock tag:Icing from [com.google.android.gms] is forbidden
10-01 14:53:34.192 1222 1304 E PowerManager: WakeLock tag:Icing from [com.google.android.gms] is forbidden
10-01 14:53:34.199 1222 1304 E PowerManager: WakeLock under-locked: Icing
10-01 14:53:34.215 1158 2775 W NetRec : [409] zof.a: Setting current/known encrypter
10-01 14:53:34.215 1158 2775 I NetRec : [409] zng.a: Running CleanupDatabaseTask GCM task
10-01 14:53:34.217 1222 1304 I Icing : Usage reports ok 0, Failed Usage reports 0, indexed 0, rejected 0, imm upload false
10-01 14:53:34.218 1222 1304 E PowerManager: WakeLock under-locked: Icing
10-01 14:53:34.225 1222 1304 E PowerManager: WakeLock tag:Icing from [com.google.android.gms] is forbidden
10-01 14:53:34.226 1222 1304 E PowerManager: WakeLock under-locked: Icing
10-01 14:53:34.236 1222 1304 E PowerManager: WakeLock tag:Icing from [com.google.android.gms] is forbidden
10-01 14:53:34.237 1222 1304 E PowerManager: WakeLock under-locked: Icing
10-01 14:53:34.242 1222 1269 E PowerManager: WakeLock tag:Icing from [com.google.android.gms] is forbidden
10-01 14:53:34.247 1222 1545 E PowerManager: WakeLock tag:Icing from [com.google.android.gms] is forbidden
10-01 14:53:34.249 1222 1545 E PowerManager: WakeLock under-locked: Icing
10-01 14:53:34.250 1222 1545 I Icing : IndexChimeraService.getServiceInterface callingPackage=com.google.android.gms componentName=AppsCorpus serviceId=36
10-01 14:53:34.250 1222 1269 E PowerManager: WakeLock tag:Icing from [com.google.android.gms] is forbidden
10-01 14:53:34.255 1222 1429 E PowerManager: WakeLock tag:Icing from [com.google.android.gms] is forbidden
10-01 14:53:34.261 1222 1429 E PowerManager: WakeLock under-locked: Icing
10-01 14:53:34.268 1222 1429 I Icing : IndexChimeraService.getServiceInterface callingPackage=com.google.android.gms componentName=AppsCorpus serviceId=32
10-01 14:53:34.269 1222 1545 E PowerManager: WakeLock tag:Icing from [com.google.android.gms] is forbidden
10-01 14:53:34.272 1222 1545 E PowerManager: WakeLock under-locked: Icing
